216.73.217.0 - - [28/Jul/2026:01:02:31 +0200] "GET /pn/%E2%96%A0%E4%B8%89%E8%8F%B1K%20SD%20%E6%B1%8E%E7%94%A8%E5%8A%A0%E5%B7%A5%E7%94%A8%20%E3%82%B9%E3%83%88%E3%83%AC%E3%83%BC%E3%83%88%E3%83%8F%E3%82%A4%E3%82%B9%E3%83%89%E3%83%AA%E3%83%AB%2012.1mm%20SDD1210(1107127)%C3%975+ver.A/pd/3379391/?mode=mark HTTP/1.1" 500 - logesty-services.fr "-" "Mozilla/5.0 AppleWebKit/537.36 (KHTML, like Gecko; compatible; ClaudeBot/1.0; +claudebot@anthropic.com)" "-"
216.73.217.0 - - [28/Jul/2026:01:02:35 +0200] "GET /buy.php HTTP/1.1" 200 120340 logesty-services.fr "-" "Mozilla/5.0 AppleWebKit/537.36 (KHTML, like Gecko; compatible; ClaudeBot/1.0; +claudebot@anthropic.com)" "-"
66.249.64.0 - - [28/Jul/2026:01:02:41 +0200] "GET /?u=6572886933 HTTP/1.1" 500 - logesty-services.fr "-" "Mozilla/5.0 (Linux; Android 6.0.1; Nexus 5X Build/MMB29P) AppleWebKit/537.36 (KHTML, like Gecko) Chrome/150.0.7871.128 Mobile Safari/537.36 (compatible; GoogleOther)" "-"
114.119.136.0 - - [28/Jul/2026:01:02:42 +0200] "GET /listing/appartement-f2-proche-disneyland-paris/?loknya=/homepages/43/d895481126/htdocs/clickandbuilds/LogestyServices/city/vaujours HTTP/1.1" 500 - logesty-services.fr "https://logesty-services.fr/listing/appartement-f2-proche-disneyland-paris/?loknya=/homepages/43/d895481126/htdocs/clickandbuilds/LogestyServices/city" "Mozilla/5.0 (Linux; Android 7.0;) AppleWebKit/537.36 (HTML, like Gecko) Mobile Safari/537.36 (compatible; PetalBot;+https://webmaster.petalsearch.com/site/petalbot)" "-"
66.249.64.0 - - [28/Jul/2026:01:02:47 +0200] "GET /?u=5841259786 HTTP/1.1" 500 - logesty-services.fr "-" "Mozilla/5.0 (Linux; Android 6.0.1; Nexus 5X Build/MMB29P) AppleWebKit/537.36 (KHTML, like Gecko) Chrome/150.0.7871.128 Mobile Safari/537.36 (compatible; Googlebot/2.1; +http://www.google.com/bot.html)" "-"
74.7.227.0 - - [28/Jul/2026:01:02:54 +0200] "GET /?u=9193092763 HTTP/1.1" 500 - logesty-services.fr "https://logesty-services.fr/?sitemap982.xml" "Mozilla/5.0 AppleWebKit/537.36 (KHTML, like Gecko; compatible; GPTBot/1.4; +https://openai.com/gptbot)" "-"
66.249.64.0 - - [28/Jul/2026:01:02:55 +0200] "GET /?u=3054050632 HTTP/1.1" 500 - logesty-services.fr "-" "Mozilla/5.0 (Linux; Android 6.0.1; Nexus 5X Build/MMB29P) AppleWebKit/537.36 (KHTML, like Gecko) Chrome/150.0.7871.128 Mobile Safari/537.36 (compatible; GoogleOther)" "-"
216.73.217.0 - - [28/Jul/2026:01:02:57 +0200] "GET /shop/health-care/religion086028713.html HTTP/1.1" 500 - logesty-services.fr "-" "Mozilla/5.0 AppleWebKit/537.36 (KHTML, like Gecko; compatible; ClaudeBot/1.0; +claudebot@anthropic.com)" "-"
66.249.64.0 - - [28/Jul/2026:01:03:54 +0200] "GET /?u=9323568158 HTTP/1.1" 500 - logesty-services.fr "-" "Mozilla/5.0 (Linux; Android 6.0.1; Nexus 5X Build/MMB29P) AppleWebKit/537.36 (KHTML, like Gecko) Chrome/150.0.7871.128 Mobile Safari/537.36 (compatible; GoogleOther)" "-"
74.7.227.0 - - [28/Jul/2026:01:04:00 +0200] "GET /?u=4632460714 HTTP/1.1" 500 - logesty-services.fr "https://logesty-services.fr/?sitemapindex.xml" "Mozilla/5.0 AppleWebKit/537.36 (KHTML, like Gecko; compatible; GPTBot/1.4; +https://openai.com/gptbot)" "-"
66.249.64.0 - - [28/Jul/2026:01:04:30 +0200] "GET /?u=6303957116 HTTP/1.1" 500 - logesty-services.fr "-" "Mozilla/5.0 (Linux; Android 6.0.1; Nexus 5X Build/MMB29P) AppleWebKit/537.36 (KHTML, like Gecko) Chrome/150.0.7871.128 Mobile Safari/537.36 (compatible; Googlebot/2.1; +http://www.google.com/bot.html)" "-"
114.119.129.0 - - [28/Jul/2026:01:04:48 +0200] "GET /listing/appartement-disneyland-paris/?loknya=/homepages/43/d895481126/htdocs/clickandbuilds/LogestyServices/wp-includes HTTP/1.1" 500 - logesty-services.fr "https://logesty-services.fr/listing/appartement-disneyland-paris/" "Mozilla/5.0 (Linux; Android 7.0;) AppleWebKit/537.36 (HTML, like Gecko) Mobile Safari/537.36 (compatible; PetalBot;+https://webmaster.petalsearch.com/site/petalbot)" "-"
66.249.64.0 - - [28/Jul/2026:01:05:02 +0200] "GET /?u=7034461347 HTTP/1.1" 500 - logesty-services.fr "-" "Mozilla/5.0 (Linux; Android 6.0.1; Nexus 5X Build/MMB29P) AppleWebKit/537.36 (KHTML, like Gecko) Chrome/150.0.7871.128 Mobile Safari/537.36 (compatible; GoogleOther)" "-"
74.7.227.0 - - [28/Jul/2026:01:05:03 +0200] "GET /?u=1443637818 HTTP/1.1" 500 - logesty-services.fr "https://logesty-services.fr/?sitemapindex.xml" "Mozilla/5.0 AppleWebKit/537.36 (KHTML, like Gecko; compatible; GPTBot/1.4; +https://openai.com/gptbot)" "-"
216.73.217.0 - - [28/Jul/2026:01:05:21 +0200] "GET /shop/alley/cultural233011576.html HTTP/1.1" 500 - logesty-services.fr "-" "Mozilla/5.0 AppleWebKit/537.36 (KHTML, like Gecko; compatible; ClaudeBot/1.0; +claudebot@anthropic.com)" "-"
66.249.64.0 - - [28/Jul/2026:01:05:34 +0200] "GET /?u=3432842315 HTTP/1.1" 500 - logesty-services.fr "-" "Mozilla/5.0 (Linux; Android 6.0.1; Nexus 5X Build/MMB29P) AppleWebKit/537.36 (KHTML, like Gecko) Chrome/150.0.7871.128 Mobile Safari/537.36 (compatible; GoogleOther)" "-"
216.73.217.0 - - [28/Jul/2026:01:05:35 +0200] "GET /shop/injury/witness060004681.html HTTP/1.1" 500 - logesty-services.fr "-" "Mozilla/5.0 AppleWebKit/537.36 (KHTML, like Gecko; compatible; ClaudeBot/1.0; +claudebot@anthropic.com)" "-"
66.249.64.0 - - [28/Jul/2026:01:05:42 +0200] "GET /?u=9834668880 HTTP/1.1" 500 - logesty-services.fr "-" "Mozilla/5.0 (Linux; Android 6.0.1; Nexus 5X Build/MMB29P) AppleWebKit/537.36 (KHTML, like Gecko) Chrome/150.0.7871.128 Mobile Safari/537.36 (compatible; GoogleOther)" "-"
66.249.64.0 - - [28/Jul/2026:01:05:44 +0200] "GET /?u=7474157882 HTTP/1.1" 500 - logesty-services.fr "-" "Mozilla/5.0 (Linux; Android 6.0.1; Nexus 5X Build/MMB29P) AppleWebKit/537.36 (KHTML, like Gecko) Chrome/150.0.7871.128 Mobile Safari/537.36 (compatible; Googlebot/2.1; +http://www.google.com/bot.html)" "-"
66.249.64.0 - - [28/Jul/2026:01:05:47 +0200] "GET /?u=470916891 HTTP/1.1" 500 - logesty-services.fr "-" "Mozilla/5.0 (Linux; Android 6.0.1; Nexus 5X Build/MMB29P) AppleWebKit/537.36 (KHTML, like Gecko) Chrome/150.0.7871.128 Mobile Safari/537.36 (compatible; Googlebot/2.1; +http://www.google.com/bot.html)" "-"
74.7.227.0 - - [28/Jul/2026:01:06:04 +0200] "GET /?u=5564076973 HTTP/1.1" 500 - logesty-services.fr "https://logesty-services.fr/?sitemap913.xml" "Mozilla/5.0 AppleWebKit/537.36 (KHTML, like Gecko; compatible; GPTBot/1.4; +https://openai.com/gptbot)" "-"
114.119.143.0 - - [28/Jul/2026:01:06:56 +0200] "GET /listing/appartement-disneyland-paris/?loknya=/homepages/43/d895481126/htdocs/clickandbuilds/LogestyServices/what-i-wish-everyone-knew-about-reservations HTTP/1.1" 500 - logesty-services.fr "https://logesty-services.fr/listing/appartement-disneyland-paris/" "Mozilla/5.0 (Linux; Android 7.0;) AppleWebKit/537.36 (HTML, like Gecko) Mobile Safari/537.36 (compatible; PetalBot;+https://webmaster.petalsearch.com/site/petalbot)" "-"
74.7.227.0 - - [28/Jul/2026:01:07:07 +0200] "GET /?u=4831426532 HTTP/1.1" 500 - logesty-services.fr "https://logesty-services.fr/?sitemap913.xml" "Mozilla/5.0 AppleWebKit/537.36 (KHTML, like Gecko; compatible; GPTBot/1.4; +https://openai.com/gptbot)" "-"
74.7.227.0 - - [28/Jul/2026:01:08:10 +0200] "GET /?u=3741104963 HTTP/1.1" 500 - logesty-services.fr "https://logesty-services.fr/?sitemap982.xml" "Mozilla/5.0 AppleWebKit/537.36 (KHTML, like Gecko; compatible; GPTBot/1.4; +https://openai.com/gptbot)" "-"
114.119.133.0 - - [28/Jul/2026:01:09:02 +0200] "GET /listing/a4-14-studio-cosy-toulouse/?loknya=/homepages/43/d895481126/htdocs/clickandbuilds/LogestyServices/what-i-wish-everyone-knew-about-reservations HTTP/1.1" 500 - logesty-services.fr "https://logesty-services.fr/listing/a4-14-studio-cosy-toulouse/" "Mozilla/5.0 (Linux; Android 7.0;) AppleWebKit/537.36 (HTML, like Gecko) Mobile Safari/537.36 (compatible; PetalBot;+https://webmaster.petalsearch.com/site/petalbot)" "-"
74.7.227.0 - - [28/Jul/2026:01:09:13 +0200] "GET /?u=9342149286 HTTP/1.1" 500 - logesty-services.fr "https://logesty-services.fr/?sitemapindex.xml" "Mozilla/5.0 AppleWebKit/537.36 (KHTML, like Gecko; compatible; GPTBot/1.4; +https://openai.com/gptbot)" "-"
74.7.227.0 - - [28/Jul/2026:01:10:17 +0200] "GET /?u=1262040428 HTTP/1.1" 500 - logesty-services.fr "https://logesty-services.fr/?sitemapindex.xml" "Mozilla/5.0 AppleWebKit/537.36 (KHTML, like Gecko; compatible; GPTBot/1.4; +https://openai.com/gptbot)" "-"
59.93.95.0 - - [28/Jul/2026:01:10:21 +0200] "GET /author/leonort5451346/ HTTP/1.1" 500 - logesty-services.fr "http://logesty-services.fr/" "Mozilla/5.0 (X11; Ubuntu; Linux x86_64; rv:138.0) Gecko/20100101 Firefox/138.0" "-"
117.221.169.0 - - [28/Jul/2026:01:10:22 +0200] "GET /author/leonort5451346/ HTTP/1.1" 500 - logesty-services.fr "http://logesty-services.fr/" "Mozilla/5.0 (X11; Ubuntu; Linux x86_64; rv:138.0) Gecko/20100101 Firefox/138.0" "-"
117.221.169.0 - - [28/Jul/2026:01:10:22 +0200] "GET /author/leonort5451346/ HTTP/1.1" 500 - logesty-services.fr "http://logesty-services.fr/" "Mozilla/5.0 (X11; Ubuntu; Linux x86_64; rv:138.0) Gecko/20100101 Firefox/138.0" "-"
216.73.217.0 - - [28/Jul/2026:01:10:45 +0200] "GET /buy.php HTTP/1.1" 200 121241 logesty-services.fr "-" "Mozilla/5.0 AppleWebKit/537.36 (KHTML, like Gecko; compatible; ClaudeBot/1.0; +claudebot@anthropic.com)" "-"
114.119.133.0 - - [28/Jul/2026:01:11:07 +0200] "GET /listing/a4-14-studio-cosy-toulouse/?loknya=/homepages/43/d895481126/htdocs HTTP/1.1" 500 - logesty-services.fr "https://logesty-services.fr/listing/a4-14-studio-cosy-toulouse/?loknya=/homepages/43/d895481126/htdocs/clickandbuilds/LogestyServices/wp-content" "Mozilla/5.0 (Linux; Android 7.0;) AppleWebKit/537.36 (HTML, like Gecko) Mobile Safari/537.36 (compatible; PetalBot;+https://webmaster.petalsearch.com/site/petalbot)" "-"
74.7.227.0 - - [28/Jul/2026:01:11:22 +0200] "GET /?u=6062308205 HTTP/1.1" 500 - logesty-services.fr "https://logesty-services.fr/?sitemap613.xml" "Mozilla/5.0 AppleWebKit/537.36 (KHTML, like Gecko; compatible; GPTBot/1.4; +https://openai.com/gptbot)" "-"
176.102.222.0 - - [28/Jul/2026:01:11:45 +0200] "GET /author/kellieq5452006 HTTP/1.1" 500 - logesty-services.fr "http://logesty-services.fr/" "Mozilla/5.0 (Macintosh; Intel Mac OS X 10_15_7) AppleWebKit/537.36 (KHTML, like Gecko) Chrome/135.0.0.0 Safari/537.36 Edg/135.0.0.0" "-"
176.102.222.0 - - [28/Jul/2026:01:11:45 +0200] "GET /author/kellieq5452006 HTTP/1.1" 500 - logesty-services.fr "http://logesty-services.fr/" "Mozilla/5.0 (Macintosh; Intel Mac OS X 10_15_7) AppleWebKit/537.36 (KHTML, like Gecko) Chrome/135.0.0.0 Safari/537.36 Edg/135.0.0.0" "-"
176.102.222.0 - - [28/Jul/2026:01:11:45 +0200] "GET /author/kellieq5452006 HTTP/1.1" 500 - logesty-services.fr "http://logesty-services.fr/" "Mozilla/5.0 (Macintosh; Intel Mac OS X 10_15_7) AppleWebKit/537.36 (KHTML, like Gecko) Chrome/135.0.0.0 Safari/537.36 Edg/135.0.0.0" "-"
74.7.227.0 - - [28/Jul/2026:01:12:23 +0200] "GET /?u=1921491877 HTTP/1.1" 500 - logesty-services.fr "https://logesty-services.fr/?sitemap982.xml" "Mozilla/5.0 AppleWebKit/537.36 (KHTML, like Gecko; compatible; GPTBot/1.4; +https://openai.com/gptbot)" "-"
114.119.129.0 - - [28/Jul/2026:01:13:16 +0200] "GET /listing/a116-appartement-disneyland-paris-parking-prive?loknya=/homepages/43/d895481126/htdocs/clickandbuilds/LogestyServices/.metadata HTTP/1.1" 500 - logesty-services.fr "https://logesty-services.fr/listing/a116-appartement-disneyland-paris-parking-prive" "Mozilla/5.0 (Linux; Android 7.0;) AppleWebKit/537.36 (HTML, like Gecko) Mobile Safari/537.36 (compatible; PetalBot;+https://webmaster.petalsearch.com/site/petalbot)" "-"
74.7.227.0 - - [28/Jul/2026:01:13:28 +0200] "GET /?u=4121014575 HTTP/1.1" 500 - logesty-services.fr "https://logesty-services.fr/?sitemap982.xml" "Mozilla/5.0 AppleWebKit/537.36 (KHTML, like Gecko; compatible; GPTBot/1.4; +https://openai.com/gptbot)" "-"
74.7.227.0 - - [28/Jul/2026:01:14:27 +0200] "GET /?u=2023577086 HTTP/1.1" 500 - logesty-services.fr "https://logesty-services.fr/?sitemapindex.xml" "Mozilla/5.0 AppleWebKit/537.36 (KHTML, like Gecko; compatible; GPTBot/1.4; +https://openai.com/gptbot)" "-"
114.119.143.0 - - [28/Jul/2026:01:15:22 +0200] "GET /listing/a116-appartement-disneyland-paris-parking-prive/?loknya=/homepages/43/d895481126/htdocs/clickandbuilds/LogestyServices/contact-us-2 HTTP/1.1" 500 - logesty-services.fr "https://logesty-services.fr/listing/a116-appartement-disneyland-paris-parking-prive/" "Mozilla/5.0 (Linux; Android 7.0;) AppleWebKit/537.36 (HTML, like Gecko) Mobile Safari/537.36 (compatible; PetalBot;+https://webmaster.petalsearch.com/site/petalbot)" "-"
74.7.227.0 - - [28/Jul/2026:01:15:32 +0200] "GET /?u=6841829008 HTTP/1.1" 500 - logesty-services.fr "https://logesty-services.fr/?sitemap982.xml" "Mozilla/5.0 AppleWebKit/537.36 (KHTML, like Gecko; compatible; GPTBot/1.4; +https://openai.com/gptbot)" "-"
74.7.227.0 - - [28/Jul/2026:01:16:37 +0200] "GET /?u=2613837165 HTTP/1.1" 500 - logesty-services.fr "https://logesty-services.fr/?sitemap982.xml" "Mozilla/5.0 AppleWebKit/537.36 (KHTML, like Gecko; compatible; GPTBot/1.4; +https://openai.com/gptbot)" "-"
114.119.133.0 - - [28/Jul/2026:01:17:27 +0200] "GET /listing/4-12-studio-cosy-toulouse/?loknya=/homepages/43 HTTP/1.1" 500 - logesty-services.fr "https://logesty-services.fr/listing/4-12-studio-cosy-toulouse/" "Mozilla/5.0 (Linux; Android 7.0;) AppleWebKit/537.36 (HTML, like Gecko) Mobile Safari/537.36 (compatible; PetalBot;+https://webmaster.petalsearch.com/site/petalbot)" "-"
74.7.227.0 - - [28/Jul/2026:01:17:38 +0200] "GET /?u=4491920682 HTTP/1.1" 500 - logesty-services.fr "https://logesty-services.fr/?sitemapindex.xml" "Mozilla/5.0 AppleWebKit/537.36 (KHTML, like Gecko; compatible; GPTBot/1.4; +https://openai.com/gptbot)" "-"
74.7.228.0 - - [28/Jul/2026:01:17:38 +0200] "GET /robots.txt HTTP/1.1" 200 403 logesty-services.fr "-" "Mozilla/5.0 (Macintosh; Intel Mac OS X 10_15_7) AppleWebKit/537.36 (KHTML, like Gecko) Chrome/131.0.0.0 Safari/537.36; compatible; OAI-SearchBot/1.4; robots.txt; +https://openai.com/searchbot" "-"
66.249.64.0 - - [28/Jul/2026:01:17:51 +0200] "GET /?u=0931996571 HTTP/1.1" 500 - logesty-services.fr "-" "Mozilla/5.0 (Linux; Android 6.0.1; Nexus 5X Build/MMB29P) AppleWebKit/537.36 (KHTML, like Gecko) Chrome/150.0.7871.128 Mobile Safari/537.36 (compatible; Googlebot/2.1; +http://www.google.com/bot.html)" "-"
74.7.227.0 - - [28/Jul/2026:01:18:38 +0200] "GET /?u=3664299036 HTTP/1.1" 500 - logesty-services.fr "https://logesty-services.fr/?sitemapindex.xml" "Mozilla/5.0 AppleWebKit/537.36 (KHTML, like Gecko; compatible; GPTBot/1.4; +https://openai.com/gptbot)" "-"
114.119.136.0 - - [28/Jul/2026:01:19:33 +0200] "GET /listing/317-studio-perpignan-cosy?loknya=/root HTTP/1.1" 500 - logesty-services.fr "https://logesty-services.fr/listing/317-studio-perpignan-cosy?loknya=/" "Mozilla/5.0 (Linux; Android 7.0;) AppleWebKit/537.36 (HTML, like Gecko) Mobile Safari/537.36 (compatible; PetalBot;+https://webmaster.petalsearch.com/site/petalbot)" "-"
74.7.227.0 - - [28/Jul/2026:01:19:43 +0200] "GET /?u=0153058431 HTTP/1.1" 500 - logesty-services.fr "https://logesty-services.fr/?sitemap982.xml" "Mozilla/5.0 AppleWebKit/537.36 (KHTML, like Gecko; compatible; GPTBot/1.4; +https://openai.com/gptbot)" "-"
74.7.227.0 - - [28/Jul/2026:01:20:47 +0200] "GET /?u=6571979520 HTTP/1.1" 500 - logesty-services.fr "https://logesty-services.fr/?sitemapindex.xml" "Mozilla/5.0 AppleWebKit/537.36 (KHTML, like Gecko; compatible; GPTBot/1.4; +https://openai.com/gptbot)" "-"
66.249.64.0 - - [28/Jul/2026:01:21:11 +0200] "GET /?u=2011012157 HTTP/1.1" 500 - logesty-services.fr "-" "Mozilla/5.0 (Linux; Android 6.0.1; Nexus 5X Build/MMB29P) AppleWebKit/537.36 (KHTML, like Gecko) Chrome/150.0.7871.128 Mobile Safari/537.36 (compatible; Googlebot/2.1; +http://www.google.com/bot.html)" "-"
66.249.64.0 - - [28/Jul/2026:01:21:35 +0200] "GET /?u=3384409302 HTTP/1.1" 500 - logesty-services.fr "-" "Mozilla/5.0 (Linux; Android 6.0.1; Nexus 5X Build/MMB29P) AppleWebKit/537.36 (KHTML, like Gecko) Chrome/150.0.7871.128 Mobile Safari/537.36 (compatible; Googlebot/2.1; +http://www.google.com/bot.html)" "-"
114.119.143.0 - - [28/Jul/2026:01:21:40 +0200] "GET /listing/317-studio-perpignan-cosy?loknya=/homepages/43/d895481126/htdocs/clickandbuilds/LogestyServices/locations-de-vacances-de-choix HTTP/1.1" 500 - logesty-services.fr "https://logesty-services.fr/listing/317-studio-perpignan-cosy" "Mozilla/5.0 (Linux; Android 7.0;) AppleWebKit/537.36 (HTML, like Gecko) Mobile Safari/537.36 (compatible; PetalBot;+https://webmaster.petalsearch.com/site/petalbot)" "-"
74.7.227.0 - - [28/Jul/2026:01:21:47 +0200] "GET /?u=3392042288 HTTP/1.1" 500 - logesty-services.fr "https://logesty-services.fr/?sitemap913.xml" "Mozilla/5.0 AppleWebKit/537.36 (KHTML, like Gecko; compatible; GPTBot/1.4; +https://openai.com/gptbot)" "-"
66.249.64.0 - - [28/Jul/2026:01:22:24 +0200] "GET /?u=4753794363 HTTP/1.1" 500 - logesty-services.fr "-" "Mozilla/5.0 (Linux; Android 6.0.1; Nexus 5X Build/MMB29P) AppleWebKit/537.36 (KHTML, like Gecko) Chrome/150.0.7871.128 Mobile Safari/537.36 (compatible; Googlebot/2.1; +http://www.google.com/bot.html)" "-"
66.249.64.0 - - [28/Jul/2026:01:22:25 +0200] "GET /?u=819871107 HTTP/1.1" 500 - logesty-services.fr "-" "Mozilla/5.0 (Linux; Android 6.0.1; Nexus 5X Build/MMB29P) AppleWebKit/537.36 (KHTML, like Gecko) Chrome/150.0.7871.128 Mobile Safari/537.36 (compatible; GoogleOther)" "-"
74.7.227.0 - - [28/Jul/2026:01:22:50 +0200] "GET /?u=5774278051 HTTP/1.1" 500 - logesty-services.fr "https://logesty-services.fr/?sitemap913.xml" "Mozilla/5.0 AppleWebKit/537.36 (KHTML, like Gecko; compatible; GPTBot/1.4; +https://openai.com/gptbot)" "-"
66.249.64.0 - - [28/Jul/2026:01:23:03 +0200] "GET /?u=5142087900 HTTP/1.1" 500 - logesty-services.fr "-" "Mozilla/5.0 (Linux; Android 6.0.1; Nexus 5X Build/MMB29P) AppleWebKit/537.36 (KHTML, like Gecko) Chrome/150.0.7871.128 Mobile Safari/537.36 (compatible; Googlebot/2.1; +http://www.google.com/bot.html)" "-"
195.63.21.0 - - [28/Jul/2026:01:23:15 +0200] "GET /author/rubenperreault/ HTTP/1.1" 500 - logesty-services.fr "http://logesty-services.fr/" "Mozilla/5.0 (Macintosh; Intel Mac OS X 10_15_7) AppleWebKit/537.36 (KHTML, like Gecko) Chrome/133.0.0.0 Safari/537.36" "-"
217.181.93.0 - - [28/Jul/2026:01:23:16 +0200] "GET /author/rubenperreault/ HTTP/1.1" 500 - logesty-services.fr "http://logesty-services.fr/" "Mozilla/5.0 (Macintosh; Intel Mac OS X 10_15_7) AppleWebKit/537.36 (KHTML, like Gecko) Chrome/133.0.0.0 Safari/537.36" "-"
195.63.28.0 - - [28/Jul/2026:01:23:16 +0200] "GET /author/rubenperreault/ HTTP/1.1" 500 - logesty-services.fr "http://logesty-services.fr/" "Mozilla/5.0 (Macintosh; Intel Mac OS X 10_15_7) AppleWebKit/537.36 (KHTML, like Gecko) Chrome/133.0.0.0 Safari/537.36" "-"
66.249.64.0 - - [28/Jul/2026:01:23:47 +0200] "GET /?u=9274095554 HTTP/1.1" 500 - logesty-services.fr "-" "Mozilla/5.0 (Linux; Android 6.0.1; Nexus 5X Build/MMB29P) AppleWebKit/537.36 (KHTML, like Gecko) Chrome/150.0.7871.128 Mobile Safari/537.36 (compatible; GoogleOther)" "-"
114.119.130.0 - - [28/Jul/2026:01:23:47 +0200] "GET /listing/317-studio-perpignan-cosy?loknya=/homepages/43/d895481126/htdocs/clickandbuilds/LogestyServices/listing/studio-proche-disneyland-paris-parking-et-wifi HTTP/1.1" 500 - logesty-services.fr "https://logesty-services.fr/listing/317-studio-perpignan-cosy?loknya=/homepages/43/d895481126/htdocs/clickandbuilds/LogestyServices/listing" "Mozilla/5.0 (Linux; Android 7.0;) AppleWebKit/537.36 (HTML, like Gecko) Mobile Safari/537.36 (compatible; PetalBot;+https://webmaster.petalsearch.com/site/petalbot)" "-"
74.7.227.0 - - [28/Jul/2026:01:23:54 +0200] "GET /?u=0964589935 HTTP/1.1" 500 - logesty-services.fr "https://logesty-services.fr/?sitemap613.xml" "Mozilla/5.0 AppleWebKit/537.36 (KHTML, like Gecko; compatible; GPTBot/1.4; +https://openai.com/gptbot)" "-"
74.7.227.0 - - [28/Jul/2026:01:24:55 +0200] "GET /?u=0264472887 HTTP/1.1" 500 - logesty-services.fr "https://logesty-services.fr/?sitemap613.xml" "Mozilla/5.0 AppleWebKit/537.36 (KHTML, like Gecko; compatible; GPTBot/1.4; +https://openai.com/gptbot)" "-"
114.119.130.0 - - [28/Jul/2026:01:25:53 +0200] "GET /listing/317-studio-perpignan-cosy?loknya=/homepages/43/d895481126/htdocs/clickandbuilds/LogestyServices/conditions-de-service HTTP/1.1" 500 - logesty-services.fr "https://logesty-services.fr/listing/317-studio-perpignan-cosy" "Mozilla/5.0 (Linux; Android 7.0;) AppleWebKit/537.36 (HTML, like Gecko) Mobile Safari/537.36 (compatible; PetalBot;+https://webmaster.petalsearch.com/site/petalbot)" "-"
74.7.227.0 - - [28/Jul/2026:01:26:00 +0200] "GET /?u=0991626089 HTTP/1.1" 500 - logesty-services.fr "https://logesty-services.fr/?sitemapindex.xml" "Mozilla/5.0 AppleWebKit/537.36 (KHTML, like Gecko; compatible; GPTBot/1.4; +https://openai.com/gptbot)" "-"
74.7.227.0 - - [28/Jul/2026:01:27:00 +0200] "GET /?u=4992428961 HTTP/1.1" 500 - logesty-services.fr "https://logesty-services.fr/?sitemap982.xml" "Mozilla/5.0 AppleWebKit/537.36 (KHTML, like Gecko; compatible; GPTBot/1.4; +https://openai.com/gptbot)" "-"
66.249.64.0 - - [28/Jul/2026:01:27:18 +0200] "GET /?u=4771544467 HTTP/1.1" 500 - logesty-services.fr "-" "Mozilla/5.0 (Linux; Android 6.0.1; Nexus 5X Build/MMB29P) AppleWebKit/537.36 (KHTML, like Gecko) Chrome/150.0.7871.128 Mobile Safari/537.36 (compatible; Googlebot/2.1; +http://www.google.com/bot.html)" "-"
114.119.130.0 - - [28/Jul/2026:01:27:59 +0200] "GET /listing/317-studio-perpignan-cosy?loknya=/homepages/43/d895481126/htdocs/clickandbuilds/LogestyServices/.metadata HTTP/1.1" 500 - logesty-services.fr "https://logesty-services.fr/listing/317-studio-perpignan-cosy" "Mozilla/5.0 (Linux; Android 7.0;) AppleWebKit/537.36 (HTML, like Gecko) Mobile Safari/537.36 (compatible; PetalBot;+https://webmaster.petalsearch.com/site/petalbot)" "-"
74.7.227.0 - - [28/Jul/2026:01:28:05 +0200] "GET /?u=1013249321 HTTP/1.1" 500 - logesty-services.fr "https://logesty-services.fr/?sitemap982.xml" "Mozilla/5.0 AppleWebKit/537.36 (KHTML, like Gecko; compatible; GPTBot/1.4; +https://openai.com/gptbot)" "-"
66.249.64.0 - - [28/Jul/2026:01:29:00 +0200] "GET /?u=143888422 HTTP/1.1" 500 - logesty-services.fr "-" "Mozilla/5.0 (Linux; Android 6.0.1; Nexus 5X Build/MMB29P) AppleWebKit/537.36 (KHTML, like Gecko) Chrome/150.0.7871.128 Mobile Safari/537.36 (compatible; Googlebot/2.1; +http://www.google.com/bot.html)" "-"
74.7.227.0 - - [28/Jul/2026:01:29:07 +0200] "GET /?u=4072489229 HTTP/1.1" 500 - logesty-services.fr "https://logesty-services.fr/?sitemap613.xml" "Mozilla/5.0 AppleWebKit/537.36 (KHTML, like Gecko; compatible; GPTBot/1.4; +https://openai.com/gptbot)" "-"
66.249.64.0 - - [28/Jul/2026:01:29:08 +0200] "GET /?u=4981534861 HTTP/1.1" 500 - logesty-services.fr "-" "Mozilla/5.0 (Linux; Android 6.0.1; Nexus 5X Build/MMB29P) AppleWebKit/537.36 (KHTML, like Gecko) Chrome/150.0.7871.128 Mobile Safari/537.36 (compatible; GoogleOther)" "-"
108.161.135.0 - - [28/Jul/2026:01:29:28 +0200] "GET /author/leonort5451346/?username=chanawilks&useremail=chana_wilks-1743%40ottopc.com®ister_pass=BpklBqpd14s_bF®ister_pass_retype=BpklBqpd14s_bF&term_condition=on&homey_register_security=94c9b64001&_wp_http_referer=%2Fauthor%2Fleonort5451346%2F&action=homey_register HTTP/1.1" 500 - logesty-services.fr "http://logesty-services.fr/" "Mozilla/5.0 (Macintosh; Intel Mac OS X 10_15_7) AppleWebKit/537.36 (KHTML, like Gecko) Chrome/134.0.0.0 Safari/537.36" "-"
66.249.64.0 - - [28/Jul/2026:01:30:04 +0200] "GET /?u=3363447420 HTTP/1.1" 500 - logesty-services.fr "-" "Mozilla/5.0 (Linux; Android 6.0.1; Nexus 5X Build/MMB29P) AppleWebKit/537.36 (KHTML, like Gecko) Chrome/150.0.7871.128 Mobile Safari/537.36 (compatible; Googlebot/2.1; +http://www.google.com/bot.html)" "-"
114.119.136.0 - - [28/Jul/2026:01:30:06 +0200] "GET /listing/317-studio-perpignan-cosy?loknya=/homepages/43/d895481126 HTTP/1.1" 500 - logesty-services.fr "https://logesty-services.fr/listing/317-studio-perpignan-cosy?loknya=/homepages/43/d895481126/htdocs/clickandbuilds/LogestyServices/louer-un-logement" "Mozilla/5.0 (Linux; Android 7.0;) AppleWebKit/537.36 (HTML, like Gecko) Mobile Safari/537.36 (compatible; PetalBot;+https://webmaster.petalsearch.com/site/petalbot)" "-"
74.7.227.0 - - [28/Jul/2026:01:30:10 +0200] "GET /?u=6741485865 HTTP/1.1" 500 - logesty-services.fr "https://logesty-services.fr/?sitemapindex.xml" "Mozilla/5.0 AppleWebKit/537.36 (KHTML, like Gecko; compatible; GPTBot/1.4; +https://openai.com/gptbot)" "-"
202.155.143.0 - - [28/Jul/2026:01:30:10 +0200] "GET /author/gidgetjvm2361/ HTTP/1.1" 500 - logesty-services.fr "http://logesty-services.fr/" "Mozilla/5.0 (Macintosh; Intel Mac OS X 10_15_7) AppleWebKit/537.36 (KHTML, like Gecko) Chrome/136.0.0.0 Safari/537.36 Edg/136.0.0.0" "-"
202.155.143.0 - - [28/Jul/2026:01:30:11 +0200] "GET /author/gidgetjvm2361/ HTTP/1.1" 500 - logesty-services.fr "http://logesty-services.fr/" "Mozilla/5.0 (Macintosh; Intel Mac OS X 10_15_7) AppleWebKit/537.36 (KHTML, like Gecko) Chrome/136.0.0.0 Safari/537.36 Edg/136.0.0.0" "-"
202.155.143.0 - - [28/Jul/2026:01:30:12 +0200] "GET /author/gidgetjvm2361/ HTTP/1.1" 500 - logesty-services.fr "http://logesty-services.fr/" "Mozilla/5.0 (Macintosh; Intel Mac OS X 10_15_7) AppleWebKit/537.36 (KHTML, like Gecko) Chrome/136.0.0.0 Safari/537.36 Edg/136.0.0.0" "-"
66.249.64.0 - - [28/Jul/2026:01:30:59 +0200] "GET /?u=43552010 HTTP/1.1" 500 - logesty-services.fr "-" "Mozilla/5.0 (Linux; Android 6.0.1; Nexus 5X Build/MMB29P) AppleWebKit/537.36 (KHTML, like Gecko) Chrome/150.0.7871.128 Mobile Safari/537.36 (compatible; Googlebot/2.1; +http://www.google.com/bot.html)" "-"
74.7.227.0 - - [28/Jul/2026:01:31:11 +0200] "GET /?u=1714182704 HTTP/1.1" 500 - logesty-services.fr "https://logesty-services.fr/?sitemap913.xml" "Mozilla/5.0 AppleWebKit/537.36 (KHTML, like Gecko; compatible; GPTBot/1.4; +https://openai.com/gptbot)" "-"
66.249.64.0 - - [28/Jul/2026:01:31:55 +0200] "GET /?u=2713858726 HTTP/1.1" 500 - logesty-services.fr "-" "Mozilla/5.0 (Linux; Android 6.0.1; Nexus 5X Build/MMB29P) AppleWebKit/537.36 (KHTML, like Gecko) Chrome/150.0.7871.128 Mobile Safari/537.36 (compatible; Googlebot/2.1; +http://www.google.com/bot.html)" "-"
114.119.130.0 - - [28/Jul/2026:01:32:12 +0200] "GET /index.php?loknya=/homepages/43/d895481126/htdocs/clickandbuilds/LogestyServices/.tmb HTTP/1.1" 500 - logesty-services.fr "https://logesty-services.fr/index.php" "Mozilla/5.0 (Linux; Android 7.0;) AppleWebKit/537.36 (HTML, like Gecko) Mobile Safari/537.36 (compatible; PetalBot;+https://webmaster.petalsearch.com/site/petalbot)" "-"
74.7.227.0 - - [28/Jul/2026:01:32:14 +0200] "GET /?u=8433178075 HTTP/1.1" 500 - logesty-services.fr "https://logesty-services.fr/?sitemap613.xml" "Mozilla/5.0 AppleWebKit/537.36 (KHTML, like Gecko; compatible; GPTBot/1.4; +https://openai.com/gptbot)" "-"
66.249.64.0 - - [28/Jul/2026:01:32:45 +0200] "GET /?u=7753189898 HTTP/1.1" 500 - logesty-services.fr "-" "Mozilla/5.0 (Linux; Android 6.0.1; Nexus 5X Build/MMB29P) AppleWebKit/537.36 (KHTML, like Gecko) Chrome/150.0.7871.128 Mobile Safari/537.36 (compatible; Googlebot/2.1; +http://www.google.com/bot.html)" "-"
74.7.227.0 - - [28/Jul/2026:01:33:20 +0200] "GET /?u=8923436392 HTTP/1.1" 500 - logesty-services.fr "https://logesty-services.fr/?sitemap613.xml" "Mozilla/5.0 AppleWebKit/537.36 (KHTML, like Gecko; compatible; GPTBot/1.4; +https://openai.com/gptbot)" "-"
66.249.64.0 - - [28/Jul/2026:01:33:28 +0200] "GET /?u=0484451202 HTTP/1.1" 500 - logesty-services.fr "-" "Mozilla/5.0 (Linux; Android 6.0.1; Nexus 5X Build/MMB29P) AppleWebKit/537.36 (KHTML, like Gecko) Chrome/150.0.7871.128 Mobile Safari/537.36 (compatible; Googlebot/2.1; +http://www.google.com/bot.html)" "-"
66.249.64.0 - - [28/Jul/2026:01:33:56 +0200] "GET /?u=8053426203 HTTP/1.1" 500 - logesty-services.fr "-" "Mozilla/5.0 (Linux; Android 6.0.1; Nexus 5X Build/MMB29P) AppleWebKit/537.36 (KHTML, like Gecko) Chrome/150.0.7871.128 Mobile Safari/537.36 (compatible; GoogleOther)" "-"
216.73.217.0 - - [28/Jul/2026:01:33:56 +0200] "GET /item/142001824 HTTP/1.1" 500 - logesty-services.fr "-" "Mozilla/5.0 AppleWebKit/537.36 (KHTML, like Gecko; compatible; ClaudeBot/1.0; +claudebot@anthropic.com)" "-"
216.73.217.0 - - [28/Jul/2026:01:33:57 +0200] "GET /item/264022546 HTTP/1.1" 500 - logesty-services.fr "-" "Mozilla/5.0 AppleWebKit/537.36 (KHTML, like Gecko; compatible; ClaudeBot/1.0; +claudebot@anthropic.com)" "-"
89.124.113.0 - - [28/Jul/2026:01:33:58 +0200] "GET /heres-what-people-are-saying-about-rentals/ HTTP/1.1" 500 - logesty-services.fr "https://logesty-services.fr/heres-what-people-are-saying-about-rentals/" "Mozilla/5.0 (Windows NT 10.0; Win64; x64) AppleWebKit/537.36 (KHTML, like Gecko) Chrome/129.0.0.0 Safari/537.36" "-"
89.124.113.0 - - [28/Jul/2026:01:33:58 +0200] "GET / HTTP/1.1" 500 - logesty-services.fr "https://logesty-services.fr/" "Mozilla/5.0 (Windows NT 10.0; Win64; x64) AppleWebKit/537.36 (KHTML, like Gecko) Chrome/129.0.0.0 Safari/537.36" "-"
114.119.130.0 - - [28/Jul/2026:01:34:19 +0200] "GET /five-facts-that-nobody-told-you-about-booking/?loknya=/homepages/43/d895481126/htdocs/clickandbuilds/LogestyServices/wp-includes HTTP/1.1" 500 - logesty-services.fr "https://logesty-services.fr/five-facts-that-nobody-told-you-about-booking/" "Mozilla/5.0 (Linux; Android 7.0;) AppleWebKit/537.36 (HTML, like Gecko) Mobile Safari/537.36 (compatible; PetalBot;+https://webmaster.petalsearch.com/site/petalbot)" "-"
74.7.227.0 - - [28/Jul/2026:01:34:20 +0200] "GET /?u=2812617513 HTTP/1.1" 500 - logesty-services.fr "https://logesty-services.fr/?sitemap613.xml" "Mozilla/5.0 AppleWebKit/537.36 (KHTML, like Gecko; compatible; GPTBot/1.4; +https://openai.com/gptbot)" "-"
66.249.64.0 - - [28/Jul/2026:01:34:21 +0200] "GET /?u=274932504 HTTP/1.1" 500 - logesty-services.fr "-" "Mozilla/5.0 (Linux; Android 6.0.1; Nexus 5X Build/MMB29P) AppleWebKit/537.36 (KHTML, like Gecko) Chrome/150.0.7871.128 Mobile Safari/537.36 (compatible; Googlebot/2.1; +http://www.google.com/bot.html)" "-"
216.73.217.0 - - [28/Jul/2026:01:34:26 +0200] "GET /shop/panic/crime103009154.html HTTP/1.1" 500 - logesty-services.fr "-" "Mozilla/5.0 AppleWebKit/537.36 (KHTML, like Gecko; compatible; ClaudeBot/1.0; +claudebot@anthropic.com)" "-"
216.73.217.0 - - [28/Jul/2026:01:34:26 +0200] "GET /item/143041327 HTTP/1.1" 500 - logesty-services.fr "-" "Mozilla/5.0 AppleWebKit/537.36 (KHTML, like Gecko; compatible; ClaudeBot/1.0; +claudebot@anthropic.com)" "-"
216.73.217.0 - - [28/Jul/2026:01:34:35 +0200] "GET /item/110013210 HTTP/1.1" 500 - logesty-services.fr "-" "Mozilla/5.0 AppleWebKit/537.36 (KHTML, like Gecko; compatible; ClaudeBot/1.0; +claudebot@anthropic.com)" "-"
216.73.217.0 - - [28/Jul/2026:01:34:36 +0200] "GET /item/240015854 HTTP/1.1" 500 - logesty-services.fr "-" "Mozilla/5.0 AppleWebKit/537.36 (KHTML, like Gecko; compatible; ClaudeBot/1.0; +claudebot@anthropic.com)" "-"
43.164.3.0 - - [28/Jul/2026:01:34:39 +0200] "GET / HTTP/1.1" 500 - logesty-services.fr "-" "Mozilla/5.0 (iPhone; CPU iPhone OS 13_2_3 like Mac OS X) AppleWebKit/605.1.15 (KHTML, like Gecko) Version/13.0.3 Mobile/15E148 Safari/604.1" "-"
66.249.64.0 - - [28/Jul/2026:01:34:56 +0200] "GET /?u=0082210277 HTTP/1.1" 500 - logesty-services.fr "-" "Mozilla/5.0 (Linux; Android 6.0.1; Nexus 5X Build/MMB29P) AppleWebKit/537.36 (KHTML, like Gecko) Chrome/150.0.7871.128 Mobile Safari/537.36 (compatible; Googlebot/2.1; +http://www.google.com/bot.html)" "-"
216.73.217.0 - - [28/Jul/2026:01:35:13 +0200] "GET /item/276021526 HTTP/1.1" 500 - logesty-services.fr "-" "Mozilla/5.0 AppleWebKit/537.36 (KHTML, like Gecko; compatible; ClaudeBot/1.0; +claudebot@anthropic.com)" "-"
216.73.217.0 - - [28/Jul/2026:01:35:13 +0200] "GET /item/137037159 HTTP/1.1" 500 - logesty-services.fr "-" "Mozilla/5.0 AppleWebKit/537.36 (KHTML, like Gecko; compatible; ClaudeBot/1.0; +claudebot@anthropic.com)" "-"
216.73.217.0 - - [28/Jul/2026:01:35:24 +0200] "GET /item/230010942 HTTP/1.1" 500 - logesty-services.fr "-" "Mozilla/5.0 AppleWebKit/537.36 (KHTML, like Gecko; compatible; ClaudeBot/1.0; +claudebot@anthropic.com)" "-"
216.73.217.0 - - [28/Jul/2026:01:35:24 +0200] "GET /shop/weed/third096044883.html HTTP/1.1" 500 - logesty-services.fr "-" "Mozilla/5.0 AppleWebKit/537.36 (KHTML, like Gecko; compatible; ClaudeBot/1.0; +claudebot@anthropic.com)" "-"
74.7.227.0 - - [28/Jul/2026:01:35:26 +0200] "GET /?u=6342321021 HTTP/1.1" 500 - logesty-services.fr "https://logesty-services.fr/?sitemap613.xml" "Mozilla/5.0 AppleWebKit/537.36 (KHTML, like Gecko; compatible; GPTBot/1.4; +https://openai.com/gptbot)" "-"
216.73.217.0 - - [28/Jul/2026:01:35:45 +0200] "GET /item/142023526 HTTP/1.1" 500 - logesty-services.fr "-" "Mozilla/5.0 AppleWebKit/537.36 (KHTML, like Gecko; compatible; ClaudeBot/1.0; +claudebot@anthropic.com)" "-"
66.249.64.0 - - [28/Jul/2026:01:35:57 +0200] "GET /?u=147602497 HTTP/1.1" 500 - logesty-services.fr "-" "Mozilla/5.0 (Linux; Android 6.0.1; Nexus 5X Build/MMB29P) AppleWebKit/537.36 (KHTML, like Gecko) Chrome/150.0.7871.128 Mobile Safari/537.36 (compatible; Googlebot/2.1; +http://www.google.com/bot.html)" "-"
216.73.217.0 - - [28/Jul/2026:01:36:05 +0200] "GET /item/269026173 HTTP/1.1" 500 - logesty-services.fr "-" "Mozilla/5.0 AppleWebKit/537.36 (KHTML, like Gecko; compatible; ClaudeBot/1.0; +claudebot@anthropic.com)" "-"
216.73.217.0 - - [28/Jul/2026:01:36:17 +0200] "GET /item/112040608 HTTP/1.1" 500 - logesty-services.fr "-" "Mozilla/5.0 AppleWebKit/537.36 (KHTML, like Gecko; compatible; ClaudeBot/1.0; +claudebot@anthropic.com)" "-"
66.249.64.0 - - [28/Jul/2026:01:36:23 +0200] "GET /?u=1112112949 HTTP/1.1" 500 - logesty-services.fr "-" "Mozilla/5.0 (Linux; Android 6.0.1; Nexus 5X Build/MMB29P) AppleWebKit/537.36 (KHTML, like Gecko) Chrome/150.0.7871.128 Mobile Safari/537.36 (compatible; Googlebot/2.1; +http://www.google.com/bot.html)" "-"
216.73.217.0 - - [28/Jul/2026:01:36:25 +0200] "GET /item/103034227 HTTP/1.1" 500 - logesty-services.fr "-" "Mozilla/5.0 AppleWebKit/537.36 (KHTML, like Gecko; compatible; ClaudeBot/1.0; +claudebot@anthropic.com)" "-"
114.119.129.0 - - [28/Jul/2026:01:36:25 +0200] "GET /five-facts-that-nobody-told-you-about-booking/?loknya=/homepages/43/d895481126/htdocs/clickandbuilds/LogestyServices/wp-admin HTTP/1.1" 500 - logesty-services.fr "https://logesty-services.fr/five-facts-that-nobody-told-you-about-booking/" "Mozilla/5.0 (Linux; Android 7.0;) AppleWebKit/537.36 (HTML, like Gecko) Mobile Safari/537.36 (compatible; PetalBot;+https://webmaster.petalsearch.com/site/petalbot)" "-"
74.7.227.0 - - [28/Jul/2026:01:36:28 +0200] "GET /?u=4424025956 HTTP/1.1" 500 - logesty-services.fr "https://logesty-services.fr/?sitemapindex.xml" "Mozilla/5.0 AppleWebKit/537.36 (KHTML, like Gecko; compatible; GPTBot/1.4; +https://openai.com/gptbot)" "-"
216.73.217.0 - - [28/Jul/2026:01:36:53 +0200] "GET /item/239039027 HTTP/1.1" 500 - logesty-services.fr "-" "Mozilla/5.0 AppleWebKit/537.36 (KHTML, like Gecko; compatible; ClaudeBot/1.0; +claudebot@anthropic.com)" "-"
216.73.217.0 - - [28/Jul/2026:01:37:05 +0200] "GET /item/198007040 HTTP/1.1" 500 - logesty-services.fr "-" "Mozilla/5.0 AppleWebKit/537.36 (KHTML, like Gecko; compatible; ClaudeBot/1.0; +claudebot@anthropic.com)" "-"
74.7.227.0 - - [28/Jul/2026:01:37:29 +0200] "GET /?u=3921128195 HTTP/1.1" 500 - logesty-services.fr "https://logesty-services.fr/?sitemap913.xml" "Mozilla/5.0 AppleWebKit/537.36 (KHTML, like Gecko; compatible; GPTBot/1.4; +https://openai.com/gptbot)" "-"
66.249.64.0 - - [28/Jul/2026:01:37:31 +0200] "GET /?u=2071442440 HTTP/1.1" 500 - logesty-services.fr "-" "Mozilla/5.0 (Linux; Android 6.0.1; Nexus 5X Build/MMB29P) AppleWebKit/537.36 (KHTML, like Gecko) Chrome/150.0.7871.128 Mobile Safari/537.36 (compatible; Googlebot/2.1; +http://www.google.com/bot.html)" "-"
66.249.64.0 - - [28/Jul/2026:01:37:56 +0200] "GET /?u=4513689266 HTTP/1.1" 500 - logesty-services.fr "-" "Mozilla/5.0 (Linux; Android 6.0.1; Nexus 5X Build/MMB29P) AppleWebKit/537.36 (KHTML, like Gecko) Chrome/150.0.7871.128 Mobile Safari/537.36 (compatible; GoogleOther)" "-"
216.73.217.0 - - [28/Jul/2026:01:38:13 +0200] "GET /item/063031921 HTTP/1.1" 500 - logesty-services.fr "-" "Mozilla/5.0 AppleWebKit/537.36 (KHTML, like Gecko; compatible; ClaudeBot/1.0; +claudebot@anthropic.com)" "-"
216.73.217.0 - - [28/Jul/2026:01:38:20 +0200] "GET /item/159024307 HTTP/1.1" 429 267 logesty-services.fr "-" "Mozilla/5.0 AppleWebKit/537.36 (KHTML, like Gecko; compatible; ClaudeBot/1.0; +claudebot@anthropic.com)" "-"
66.249.64.0 - - [28/Jul/2026:01:38:22 +0200] "GET /?u=8113724151 HTTP/1.1" 500 - logesty-services.fr "-" "Mozilla/5.0 (Linux; Android 6.0.1; Nexus 5X Build/MMB29P) AppleWebKit/537.36 (KHTML, like Gecko) Chrome/150.0.7871.128 Mobile Safari/537.36 (compatible; GoogleOther)" "-"
66.249.64.0 - - [28/Jul/2026:01:38:25 +0200] "GET /?u=5504255769 HTTP/1.1" 500 - logesty-services.fr "-" "Mozilla/5.0 (Linux; Android 6.0.1; Nexus 5X Build/MMB29P) AppleWebKit/537.36 (KHTML, like Gecko) Chrome/150.0.7871.128 Mobile Safari/537.36 (compatible; Googlebot/2.1; +http://www.google.com/bot.html)" "-"
114.119.143.0 - - [28/Jul/2026:01:38:31 +0200] "GET /five-facts-that-nobody-told-you-about-booking/?loknya=/homepages/43/d895481126/htdocs/clickandbuilds/LogestyServices/contact-logesty-service HTTP/1.1" 500 - logesty-services.fr "https://logesty-services.fr/five-facts-that-nobody-told-you-about-booking/" "Mozilla/5.0 (Linux; Android 7.0;) AppleWebKit/537.36 (HTML, like Gecko) Mobile Safari/537.36 (compatible; PetalBot;+https://webmaster.petalsearch.com/site/petalbot)" "-"
66.249.64.0 - - [28/Jul/2026:01:38:33 +0200] "GET /?u=2273716633 HTTP/1.1" 500 - logesty-services.fr "-" "Mozilla/5.0 (Linux; Android 6.0.1; Nexus 5X Build/MMB29P) AppleWebKit/537.36 (KHTML, like Gecko) Chrome/150.0.7871.128 Mobile Safari/537.36 (compatible; GoogleOther)" "-"
74.7.227.0 - - [28/Jul/2026:01:38:33 +0200] "GET /?u=1694417984 HTTP/1.1" 429 267 logesty-services.fr "https://logesty-services.fr/?sitemap913.xml" "Mozilla/5.0 AppleWebKit/537.36 (KHTML, like Gecko; compatible; GPTBot/1.4; +https://openai.com/gptbot)" "-"
216.73.217.0 - - [28/Jul/2026:01:38:53 +0200] "GET / HTTP/1.1" 429 267 logesty-services.fr "-" "Mozilla/5.0 AppleWebKit/537.36 (KHTML, like Gecko; compatible; ClaudeBot/1.0; +claudebot@anthropic.com)" "-"
66.249.64.0 - - [28/Jul/2026:01:38:54 +0200] "GET /?u=941601601 HTTP/1.1" 500 - logesty-services.fr "-" "Mozilla/5.0 (Linux; Android 6.0.1; Nexus 5X Build/MMB29P) AppleWebKit/537.36 (KHTML, like Gecko) Chrome/150.0.7871.128 Mobile Safari/537.36 (compatible; Googlebot/2.1; +http://www.google.com/bot.html)" "-"
216.73.217.0 - - [28/Jul/2026:01:39:03 +0200] "GET /shop/missing/procedure134046315.html HTTP/1.1" 429 267 logesty-services.fr "-" "Mozilla/5.0 AppleWebKit/537.36 (KHTML, like Gecko; compatible; ClaudeBot/1.0; +claudebot@anthropic.com)" "-"
216.73.217.0 - - [28/Jul/2026:01:39:03 +0200] "GET /item/172042724 HTTP/1.1" 429 267 logesty-services.fr "-" "Mozilla/5.0 AppleWebKit/537.36 (KHTML, like Gecko; compatible; ClaudeBot/1.0; +claudebot@anthropic.com)" "-"
216.73.217.0 - - [28/Jul/2026:01:39:04 +0200] "GET /item/257001581 HTTP/1.1" 429 267 logesty-services.fr "-" "Mozilla/5.0 AppleWebKit/537.36 (KHTML, like Gecko; compatible; ClaudeBot/1.0; +claudebot@anthropic.com)" "-"
216.73.217.0 - - [28/Jul/2026:01:39:04 +0200] "GET /item/223009349 HTTP/1.1" 429 267 logesty-services.fr "-" "Mozilla/5.0 AppleWebKit/537.36 (KHTML, like Gecko; compatible; ClaudeBot/1.0; +claudebot@anthropic.com)" "-"
216.73.217.0 - - [28/Jul/2026:01:39:05 +0200] "GET /shop/processor/breathe016043863.html HTTP/1.1" 429 267 logesty-services.fr "-" "Mozilla/5.0 AppleWebKit/537.36 (KHTML, like Gecko; compatible; ClaudeBot/1.0; +claudebot@anthropic.com)" "-"
216.73.217.0 - - [28/Jul/2026:01:39:08 +0200] "GET /item/027033977 HTTP/1.1" 429 267 logesty-services.fr "-" "Mozilla/5.0 AppleWebKit/537.36 (KHTML, like Gecko; compatible; ClaudeBot/1.0; +claudebot@anthropic.com)" "-"
216.73.217.0 - - [28/Jul/2026:01:39:08 +0200] "GET /item/276002110 HTTP/1.1" 429 267 logesty-services.fr "-" "Mozilla/5.0 AppleWebKit/537.36 (KHTML, like Gecko; compatible; ClaudeBot/1.0; +claudebot@anthropic.com)" "-"
216.73.217.0 - - [28/Jul/2026:01:39:09 +0200] "GET /item/261043213 HTTP/1.1" 429 267 logesty-services.fr "-" "Mozilla/5.0 AppleWebKit/537.36 (KHTML, like Gecko; compatible; ClaudeBot/1.0; +claudebot@anthropic.com)" "-"
216.73.217.0 - - [28/Jul/2026:01:39:09 +0200] "GET /item/154024738 HTTP/1.1" 429 267 logesty-services.fr "-" "Mozilla/5.0 AppleWebKit/537.36 (KHTML, like Gecko; compatible; ClaudeBot/1.0; +claudebot@anthropic.com)" "-"
216.73.217.0 - - [28/Jul/2026:01:39:14 +0200] "GET /item/260002680 HTTP/1.1" 429 267 logesty-services.fr "-" "Mozilla/5.0 AppleWebKit/537.36 (KHTML, like Gecko; compatible; ClaudeBot/1.0; +claudebot@anthropic.com)" "-"
66.249.64.0 - - [28/Jul/2026:01:39:18 +0200] "GET /?u=4114058204 HTTP/1.1" 500 - logesty-services.fr "-" "Mozilla/5.0 (Linux; Android 6.0.1; Nexus 5X Build/MMB29P) AppleWebKit/537.36 (KHTML, like Gecko) Chrome/150.0.7871.128 Mobile Safari/537.36 (compatible; GoogleOther)" "-"
66.249.64.0 - - [28/Jul/2026:01:39:26 +0200] "GET /?u=6162056018 HTTP/1.1" 500 - logesty-services.fr "-" "Mozilla/5.0 (Linux; Android 6.0.1; Nexus 5X Build/MMB29P) AppleWebKit/537.36 (KHTML, like Gecko) Chrome/150.0.7871.128 Mobile Safari/537.36 (compatible; Googlebot/2.1; +http://www.google.com/bot.html)" "-"
74.7.227.0 - - [28/Jul/2026:01:39:34 +0200] "GET /?u=2593425856 HTTP/1.1" 500 - logesty-services.fr "https://logesty-services.fr/?sitemap982.xml" "Mozilla/5.0 AppleWebKit/537.36 (KHTML, like Gecko; compatible; GPTBot/1.4; +https://openai.com/gptbot)" "-"
216.73.217.0 - - [28/Jul/2026:01:39:40 +0200] "GET /item/005006143 HTTP/1.1" 500 - logesty-services.fr "-" "Mozilla/5.0 AppleWebKit/537.36 (KHTML, like Gecko; compatible; ClaudeBot/1.0; +claudebot@anthropic.com)" "-"
216.73.217.0 - - [28/Jul/2026:01:39:45 +0200] "GET /shop/clean/interval088014389.html HTTP/1.1" 500 - logesty-services.fr "-" "Mozilla/5.0 AppleWebKit/537.36 (KHTML, like Gecko; compatible; ClaudeBot/1.0; +claudebot@anthropic.com)" "-"
66.249.64.0 - - [28/Jul/2026:01:39:46 +0200] "GET /?u=3864131835 HTTP/1.1" 500 - logesty-services.fr "-" "Mozilla/5.0 (Linux; Android 6.0.1; Nexus 5X Build/MMB29P) AppleWebKit/537.36 (KHTML, like Gecko) Chrome/150.0.7871.128 Mobile Safari/537.36 (compatible; GoogleOther)" "-"
216.73.217.0 - - [28/Jul/2026:01:39:49 +0200] "GET /item/140042992 HTTP/1.1" 500 - logesty-services.fr "-" "Mozilla/5.0 AppleWebKit/537.36 (KHTML, like Gecko; compatible; ClaudeBot/1.0; +claudebot@anthropic.com)" "-"
216.73.217.0 - - [28/Jul/2026:01:39:54 +0200] "GET /item/137020861 HTTP/1.1" 500 - logesty-services.fr "-" "Mozilla/5.0 AppleWebKit/537.36 (KHTML, like Gecko; compatible; ClaudeBot/1.0; +claudebot@anthropic.com)" "-"
66.249.64.0 - - [28/Jul/2026:01:39:59 +0200] "GET /?u=637821132 HTTP/1.1" 500 - logesty-services.fr "-" "Mozilla/5.0 (Linux; Android 6.0.1; Nexus 5X Build/MMB29P) AppleWebKit/537.36 (KHTML, like Gecko) Chrome/150.0.7871.128 Mobile Safari/537.36 (compatible; Googlebot/2.1; +http://www.google.com/bot.html)" "-"
216.73.217.0 - - [28/Jul/2026:01:39:59 +0200] "GET /item/114025004 HTTP/1.1" 500 - logesty-services.fr "-" "Mozilla/5.0 AppleWebKit/537.36 (KHTML, like Gecko; compatible; ClaudeBot/1.0; +claudebot@anthropic.com)" "-"
66.249.64.0 - - [28/Jul/2026:01:40:33 +0200] "GET /?u=2361902733 HTTP/1.1" 500 - logesty-services.fr "-" "Mozilla/5.0 (Linux; Android 6.0.1; Nexus 5X Build/MMB29P) AppleWebKit/537.36 (KHTML, like Gecko) Chrome/150.0.7871.128 Mobile Safari/537.36 (compatible; Googlebot/2.1; +http://www.google.com/bot.html)" "-"
74.7.227.0 - - [28/Jul/2026:01:40:33 +0200] "GET /?u=4931109855 HTTP/1.1" 500 - logesty-services.fr "https://logesty-services.fr/?sitemapindex.xml" "Mozilla/5.0 AppleWebKit/537.36 (KHTML, like Gecko; compatible; GPTBot/1.4; +https://openai.com/gptbot)" "-"
66.249.64.0 - - [28/Jul/2026:01:40:44 +0200] "GET /?u=7912082025 HTTP/1.1" 500 - logesty-services.fr "-" "Mozilla/5.0 (Linux; Android 6.0.1; Nexus 5X Build/MMB29P) AppleWebKit/537.36 (KHTML, like Gecko) Chrome/150.0.7871.128 Mobile Safari/537.36 (compatible; GoogleOther)" "-"
216.73.217.0 - - [28/Jul/2026:01:40:45 +0200] "GET /robots.txt HTTP/1.1" 200 403 logesty-services.fr "-" "Mozilla/5.0 AppleWebKit/537.36 (KHTML, like Gecko; compatible; ClaudeBot/1.0; +claudebot@anthropic.com)" "-"
216.73.217.0 - - [28/Jul/2026:01:40:45 +0200] "GET /item/262031190 HTTP/1.1" 500 - logesty-services.fr "-" "Mozilla/5.0 AppleWebKit/537.36 (KHTML, like Gecko; compatible; ClaudeBot/1.0; +claudebot@anthropic.com)" "-"
114.119.130.0 - - [28/Jul/2026:01:40:46 +0200] "GET /five-facts-that-nobody-told-you-about-booking/?loknya=/homepages/43/d895481126/htdocs/clickandbuilds/LogestyServices/city/perpignan HTTP/1.1" 500 - logesty-services.fr "https://logesty-services.fr/five-facts-that-nobody-told-you-about-booking/?loknya=/homepages/43/d895481126/htdocs/clickandbuilds/LogestyServices/city" "Mozilla/5.0 (Linux; Android 7.0;) AppleWebKit/537.36 (HTML, like Gecko) Mobile Safari/537.36 (compatible; PetalBot;+https://webmaster.petalsearch.com/site/petalbot)" "-"
66.249.64.0 - - [28/Jul/2026:01:40:50 +0200] "GET /shop/science/consensus023024772.html HTTP/1.1" 500 - logesty-services.fr "-" "Mozilla/5.0 (Linux; Android 6.0.1; Nexus 5X Build/MMB29P) AppleWebKit/537.36 (KHTML, like Gecko) Chrome/150.0.7871.128 Mobile Safari/537.36 (compatible; GoogleOther)" "-"
216.73.217.0 - - [28/Jul/2026:01:40:50 +0200] "GET /shop/representation/trainer252029143.html HTTP/1.1" 500 - logesty-services.fr "-" "Mozilla/5.0 AppleWebKit/537.36 (KHTML, like Gecko; compatible; ClaudeBot/1.0; +claudebot@anthropic.com)" "-"
216.73.217.0 - - [28/Jul/2026:01:40:55 +0200] "GET /item/253041119 HTTP/1.1" 500 - logesty-services.fr "-" "Mozilla/5.0 AppleWebKit/537.36 (KHTML, like Gecko; compatible; ClaudeBot/1.0; +claudebot@anthropic.com)" "-"
66.249.64.0 - - [28/Jul/2026:01:40:56 +0200] "GET /?u=6594046250 HTTP/1.1" 500 - logesty-services.fr "-" "Mozilla/5.0 (Linux; Android 6.0.1; Nexus 5X Build/MMB29P) AppleWebKit/537.36 (KHTML, like Gecko) Chrome/150.0.7871.128 Mobile Safari/537.36 (compatible; Googlebot/2.1; +http://www.google.com/bot.html)" "-"
66.249.64.0 - - [28/Jul/2026:01:40:59 +0200] "GET /?u=4651372844 HTTP/1.1" 500 - logesty-services.fr "-" "Mozilla/5.0 (Linux; Android 6.0.1; Nexus 5X Build/MMB29P) AppleWebKit/537.36 (KHTML, like Gecko) Chrome/150.0.7871.128 Mobile Safari/537.36 (compatible; Googlebot/2.1; +http://www.google.com/bot.html)" "-"
216.73.217.0 - - [28/Jul/2026:01:41:01 +0200] "GET /item/233005005 HTTP/1.1" 500 - logesty-services.fr "-" "Mozilla/5.0 AppleWebKit/537.36 (KHTML, like Gecko; compatible; ClaudeBot/1.0; +claudebot@anthropic.com)" "-"
216.73.217.0 - - [28/Jul/2026:01:41:09 +0200] "GET /item/113006521 HTTP/1.1" 500 - logesty-services.fr "-" "Mozilla/5.0 AppleWebKit/537.36 (KHTML, like Gecko; compatible; ClaudeBot/1.0; +claudebot@anthropic.com)" "-"
216.73.217.0 - - [28/Jul/2026:01:41:11 +0200] "GET /item/180024722 HTTP/1.1" 500 - logesty-services.fr "-" "Mozilla/5.0 AppleWebKit/537.36 (KHTML, like Gecko; compatible; ClaudeBot/1.0; +claudebot@anthropic.com)" "-"
216.73.217.0 - - [28/Jul/2026:01:41:16 +0200] "GET /item/153031009 HTTP/1.1" 500 - logesty-services.fr "-" "Mozilla/5.0 AppleWebKit/537.36 (KHTML, like Gecko; compatible; ClaudeBot/1.0; +claudebot@anthropic.com)" "-"
216.73.217.0 - - [28/Jul/2026:01:41:21 +0200] "GET /shop/origin/frequency165006860.html HTTP/1.1" 500 - logesty-services.fr "-" "Mozilla/5.0 AppleWebKit/537.36 (KHTML, like Gecko; compatible; ClaudeBot/1.0; +claudebot@anthropic.com)" "-"
216.73.217.0 - - [28/Jul/2026:01:41:28 +0200] "GET /item/103048109 HTTP/1.1" 500 - logesty-services.fr "-" "Mozilla/5.0 AppleWebKit/537.36 (KHTML, like Gecko; compatible; ClaudeBot/1.0; +claudebot@anthropic.com)" "-"
216.73.217.0 - - [28/Jul/2026:01:41:31 +0200] "GET /item/153012717 HTTP/1.1" 500 - logesty-services.fr "-" "Mozilla/5.0 AppleWebKit/537.36 (KHTML, like Gecko; compatible; ClaudeBot/1.0; +claudebot@anthropic.com)" "-"
74.7.227.0 - - [28/Jul/2026:01:41:35 +0200] "GET /?u=7162701982 HTTP/1.1" 500 - logesty-services.fr "https://logesty-services.fr/?sitemap982.xml" "Mozilla/5.0 AppleWebKit/537.36 (KHTML, like Gecko; compatible; GPTBot/1.4; +https://openai.com/gptbot)" "-"
216.73.217.0 - - [28/Jul/2026:01:41:36 +0200] "GET /shop/sprinkle/guide170046091.html HTTP/1.1" 500 - logesty-services.fr "-" "Mozilla/5.0 AppleWebKit/537.36 (KHTML, like Gecko; compatible; ClaudeBot/1.0; +claudebot@anthropic.com)" "-"
216.73.217.0 - - [28/Jul/2026:01:41:42 +0200] "GET /item/058042076 HTTP/1.1" 429 267 logesty-services.fr "-" "Mozilla/5.0 AppleWebKit/537.36 (KHTML, like Gecko; compatible; ClaudeBot/1.0; +claudebot@anthropic.com)" "-"
216.73.217.0 - - [28/Jul/2026:01:41:47 +0200] "GET /shop/reading/corruption048044601.html HTTP/1.1" 429 267 logesty-services.fr "-" "Mozilla/5.0 AppleWebKit/537.36 (KHTML, like Gecko; compatible; ClaudeBot/1.0; +claudebot@anthropic.com)" "-"
216.73.217.0 - - [28/Jul/2026:01:41:52 +0200] "GET /shop/pray/explain060040247.html HTTP/1.1" 429 267 logesty-services.fr "-" "Mozilla/5.0 AppleWebKit/537.36 (KHTML, like Gecko; compatible; ClaudeBot/1.0; +claudebot@anthropic.com)" "-"
216.73.217.0 - - [28/Jul/2026:01:41:57 +0200] "GET /shop/commander/illusion033036588.html HTTP/1.1" 429 267 logesty-services.fr "-" "Mozilla/5.0 AppleWebKit/537.36 (KHTML, like Gecko; compatible; ClaudeBot/1.0; +claudebot@anthropic.com)" "-"
216.73.217.0 - - [28/Jul/2026:01:42:02 +0200] "GET /shop/beef/documentary189007526.html HTTP/1.1" 429 267 logesty-services.fr "-" "Mozilla/5.0 AppleWebKit/537.36 (KHTML, like Gecko; compatible; ClaudeBot/1.0; +claudebot@anthropic.com)" "-"
216.73.217.0 - - [28/Jul/2026:01:42:07 +0200] "GET /shop/with/compare195026166.html HTTP/1.1" 429 267 logesty-services.fr "-" "Mozilla/5.0 AppleWebKit/537.36 (KHTML, like Gecko; compatible; ClaudeBot/1.0; +claudebot@anthropic.com)" "-"
