114.119.130.0 - - [28/Jul/2026:00:47:57 +0200] "GET /seven-awesome-things-you-can-learn-from-booking/?loknya=/homepages/43/d895481126/htdocs/clickandbuilds/ HTTP/1.1" 500 - logesty-services.fr "https://logesty-services.fr/seven-awesome-things-you-can-learn-from-booking/" "Mozilla/5.0 (Linux; Android 7.0;) AppleWebKit/537.36 (HTML, like Gecko) Mobile Safari/537.36 (compatible; PetalBot;+https://webmaster.petalsearch.com/site/petalbot)" "-"
216.73.217.0 - - [28/Jul/2026:00:47:58 +0200] "GET /shop/medical/yes136039165.html HTTP/1.1" 500 - logesty-services.fr "-" "Mozilla/5.0 AppleWebKit/537.36 (KHTML, like Gecko; compatible; ClaudeBot/1.0; +claudebot@anthropic.com)" "-"
216.73.217.0 - - [28/Jul/2026:00:48:03 +0200] "GET /shop/reluctant/director057004066.html HTTP/1.1" 500 - logesty-services.fr "-" "Mozilla/5.0 AppleWebKit/537.36 (KHTML, like Gecko; compatible; ClaudeBot/1.0; +claudebot@anthropic.com)" "-"
74.7.227.0 - - [28/Jul/2026:00:48:04 +0200] "GET /?u=3451021575 HTTP/1.1" 500 - logesty-services.fr "https://logesty-services.fr/?sitemap913.xml" "Mozilla/5.0 AppleWebKit/537.36 (KHTML, like Gecko; compatible; GPTBot/1.4; +https://openai.com/gptbot)" "-"
216.73.217.0 - - [28/Jul/2026:00:48:05 +0200] "GET /shop/legitimate/cruise181011876.html HTTP/1.1" 500 - logesty-services.fr "-" "Mozilla/5.0 AppleWebKit/537.36 (KHTML, like Gecko; compatible; ClaudeBot/1.0; +claudebot@anthropic.com)" "-"
216.73.217.0 - - [28/Jul/2026:00:48:10 +0200] "GET /shop/treatment/arrival142019279.html HTTP/1.1" 500 - logesty-services.fr "-" "Mozilla/5.0 AppleWebKit/537.36 (KHTML, like Gecko; compatible; ClaudeBot/1.0; +claudebot@anthropic.com)" "-"
216.73.217.0 - - [28/Jul/2026:00:48:15 +0200] "GET /item/187015875 HTTP/1.1" 500 - logesty-services.fr "-" "Mozilla/5.0 AppleWebKit/537.36 (KHTML, like Gecko; compatible; ClaudeBot/1.0; +claudebot@anthropic.com)" "-"
216.73.217.0 - - [28/Jul/2026:00:48:20 +0200] "GET /shop/afternoon/carrier258041405.html HTTP/1.1" 500 - logesty-services.fr "-" "Mozilla/5.0 AppleWebKit/537.36 (KHTML, like Gecko; compatible; ClaudeBot/1.0; +claudebot@anthropic.com)" "-"
216.73.217.0 - - [28/Jul/2026:00:48:25 +0200] "GET /shop/rifle/aesthetic160004981.html HTTP/1.1" 500 - logesty-services.fr "-" "Mozilla/5.0 AppleWebKit/537.36 (KHTML, like Gecko; compatible; ClaudeBot/1.0; +claudebot@anthropic.com)" "-"
216.73.217.0 - - [28/Jul/2026:00:48:30 +0200] "GET /shop/carve/steal234005249.html HTTP/1.1" 500 - logesty-services.fr "-" "Mozilla/5.0 AppleWebKit/537.36 (KHTML, like Gecko; compatible; ClaudeBot/1.0; +claudebot@anthropic.com)" "-"
216.73.217.0 - - [28/Jul/2026:00:48:35 +0200] "GET /item/187012353 HTTP/1.1" 500 - logesty-services.fr "-" "Mozilla/5.0 AppleWebKit/537.36 (KHTML, like Gecko; compatible; ClaudeBot/1.0; +claudebot@anthropic.com)" "-"
216.73.217.0 - - [28/Jul/2026:00:48:40 +0200] "GET /shop/recruit/endorse209032820.html HTTP/1.1" 500 - logesty-services.fr "-" "Mozilla/5.0 AppleWebKit/537.36 (KHTML, like Gecko; compatible; ClaudeBot/1.0; +claudebot@anthropic.com)" "-"
216.73.217.0 - - [28/Jul/2026:00:48:45 +0200] "GET /shop/route/spirit162040251.html HTTP/1.1" 500 - logesty-services.fr "-" "Mozilla/5.0 AppleWebKit/537.36 (KHTML, like Gecko; compatible; ClaudeBot/1.0; +claudebot@anthropic.com)" "-"
216.73.217.0 - - [28/Jul/2026:00:48:50 +0200] "GET /shop/hair/Japanese272009291.html HTTP/1.1" 500 - logesty-services.fr "-" "Mozilla/5.0 AppleWebKit/537.36 (KHTML, like Gecko; compatible; ClaudeBot/1.0; +claudebot@anthropic.com)" "-"
216.73.217.0 - - [28/Jul/2026:00:48:56 +0200] "GET /shop/teacher/medicine264026421.html HTTP/1.1" 500 - logesty-services.fr "-" "Mozilla/5.0 AppleWebKit/537.36 (KHTML, like Gecko; compatible; ClaudeBot/1.0; +claudebot@anthropic.com)" "-"
216.73.217.0 - - [28/Jul/2026:00:49:00 +0200] "GET /shop/profit/premium169046148.html HTTP/1.1" 500 - logesty-services.fr "-" "Mozilla/5.0 AppleWebKit/537.36 (KHTML, like Gecko; compatible; ClaudeBot/1.0; +claudebot@anthropic.com)" "-"
216.73.217.0 - - [28/Jul/2026:00:49:06 +0200] "GET /shop/nt/fourth166017127.html HTTP/1.1" 500 - logesty-services.fr "-" "Mozilla/5.0 AppleWebKit/537.36 (KHTML, like Gecko; compatible; ClaudeBot/1.0; +claudebot@anthropic.com)" "-"
66.249.64.0 - - [28/Jul/2026:00:49:07 +0200] "GET /?u=6061316419 HTTP/1.1" 500 - logesty-services.fr "-" "Mozilla/5.0 (Linux; Android 6.0.1; Nexus 5X Build/MMB29P) AppleWebKit/537.36 (KHTML, like Gecko) Chrome/150.0.7871.128 Mobile Safari/537.36 (compatible; Googlebot/2.1; +http://www.google.com/bot.html)" "-"
74.7.227.0 - - [28/Jul/2026:00:49:11 +0200] "GET /?u=0701281343 HTTP/1.1" 500 - logesty-services.fr "https://logesty-services.fr/?sitemapindex.xml" "Mozilla/5.0 AppleWebKit/537.36 (KHTML, like Gecko; compatible; GPTBot/1.4; +https://openai.com/gptbot)" "-"
216.73.217.0 - - [28/Jul/2026:00:49:25 +0200] "GET /shop/bow/trend160026835.html HTTP/1.1" 500 - logesty-services.fr "-" "Mozilla/5.0 AppleWebKit/537.36 (KHTML, like Gecko; compatible; ClaudeBot/1.0; +claudebot@anthropic.com)" "-"
216.73.217.0 - - [28/Jul/2026:00:49:29 +0200] "GET /shop/shrink/feature213045112.html HTTP/1.1" 500 - logesty-services.fr "-" "Mozilla/5.0 AppleWebKit/537.36 (KHTML, like Gecko; compatible; ClaudeBot/1.0; +claudebot@anthropic.com)" "-"
216.73.217.0 - - [28/Jul/2026:00:49:35 +0200] "GET /shop/apply/American030036699.html HTTP/1.1" 429 267 logesty-services.fr "-" "Mozilla/5.0 AppleWebKit/537.36 (KHTML, like Gecko; compatible; ClaudeBot/1.0; +claudebot@anthropic.com)" "-"
216.73.217.0 - - [28/Jul/2026:00:49:39 +0200] "GET /shop/discovery/thousand025003652.html HTTP/1.1" 429 267 logesty-services.fr "-" "Mozilla/5.0 AppleWebKit/537.36 (KHTML, like Gecko; compatible; ClaudeBot/1.0; +claudebot@anthropic.com)" "-"
216.73.217.0 - - [28/Jul/2026:00:49:45 +0200] "GET /shop/fleet/black082028855.html HTTP/1.1" 429 267 logesty-services.fr "-" "Mozilla/5.0 AppleWebKit/537.36 (KHTML, like Gecko; compatible; ClaudeBot/1.0; +claudebot@anthropic.com)" "-"
216.73.217.0 - - [28/Jul/2026:00:49:53 +0200] "GET /shop/rack/teaching079036342.html HTTP/1.1" 429 267 logesty-services.fr "-" "Mozilla/5.0 AppleWebKit/537.36 (KHTML, like Gecko; compatible; ClaudeBot/1.0; +claudebot@anthropic.com)" "-"
216.73.217.0 - - [28/Jul/2026:00:49:55 +0200] "GET /shop/opening/term277023204.html HTTP/1.1" 429 267 logesty-services.fr "-" "Mozilla/5.0 AppleWebKit/537.36 (KHTML, like Gecko; compatible; ClaudeBot/1.0; +claudebot@anthropic.com)" "-"
216.73.217.0 - - [28/Jul/2026:00:50:00 +0200] "GET /shop/indicate/thereby024037559.html HTTP/1.1" 429 267 logesty-services.fr "-" "Mozilla/5.0 AppleWebKit/537.36 (KHTML, like Gecko; compatible; ClaudeBot/1.0; +claudebot@anthropic.com)" "-"
114.119.133.0 - - [28/Jul/2026:00:50:03 +0200] "GET /search-rental-half-map/ HTTP/1.1" 500 - logesty-services.fr "https://logesty-services.fr/search-rental-half-map/" "Mozilla/5.0 (Linux; Android 7.0;) AppleWebKit/537.36 (HTML, like Gecko) Mobile Safari/537.36 (compatible; PetalBot;+https://webmaster.petalsearch.com/site/petalbot)" "-"
216.73.217.0 - - [28/Jul/2026:00:50:05 +0200] "GET /shop/association/hip141015586.html HTTP/1.1" 429 267 logesty-services.fr "-" "Mozilla/5.0 AppleWebKit/537.36 (KHTML, like Gecko; compatible; ClaudeBot/1.0; +claudebot@anthropic.com)" "-"
172.81.129.0 - - [28/Jul/2026:00:50:08 +0200] "GET /author/gidgetjvm2361/ HTTP/1.1" 500 - logesty-services.fr "http://logesty-services.fr/" "Mozilla/5.0 (Macintosh; Intel Mac OS X 10_15_7) AppleWebKit/537.36 (KHTML, like Gecko) Chrome/134.0.0.0 Safari/537.36" "-"
172.81.129.0 - - [28/Jul/2026:00:50:08 +0200] "GET /author/gidgetjvm2361/ HTTP/1.1" 500 - logesty-services.fr "http://logesty-services.fr/" "Mozilla/5.0 (Macintosh; Intel Mac OS X 10_15_7) AppleWebKit/537.36 (KHTML, like Gecko) Chrome/134.0.0.0 Safari/537.36" "-"
172.81.129.0 - - [28/Jul/2026:00:50:08 +0200] "GET /author/gidgetjvm2361/ HTTP/1.1" 500 - logesty-services.fr "http://logesty-services.fr/" "Mozilla/5.0 (Macintosh; Intel Mac OS X 10_15_7) AppleWebKit/537.36 (KHTML, like Gecko) Chrome/134.0.0.0 Safari/537.36" "-"
216.73.217.0 - - [28/Jul/2026:00:50:13 +0200] "GET /shop/bias/fucking042041573.html HTTP/1.1" 429 267 logesty-services.fr "-" "Mozilla/5.0 AppleWebKit/537.36 (KHTML, like Gecko; compatible; ClaudeBot/1.0; +claudebot@anthropic.com)" "-"
74.7.227.0 - - [28/Jul/2026:00:50:14 +0200] "GET /?u=2512778026 HTTP/1.1" 429 267 logesty-services.fr "https://logesty-services.fr/?sitemap982.xml" "Mozilla/5.0 AppleWebKit/537.36 (KHTML, like Gecko; compatible; GPTBot/1.4; +https://openai.com/gptbot)" "-"
216.73.217.0 - - [28/Jul/2026:00:50:17 +0200] "GET /shop/death/club075030214.html HTTP/1.1" 429 267 logesty-services.fr "-" "Mozilla/5.0 AppleWebKit/537.36 (KHTML, like Gecko; compatible; ClaudeBot/1.0; +claudebot@anthropic.com)" "-"
216.73.217.0 - - [28/Jul/2026:00:50:22 +0200] "GET /shop/dispute/governor046027977.html HTTP/1.1" 429 267 logesty-services.fr "-" "Mozilla/5.0 AppleWebKit/537.36 (KHTML, like Gecko; compatible; ClaudeBot/1.0; +claudebot@anthropic.com)" "-"
216.73.217.0 - - [28/Jul/2026:00:50:27 +0200] "GET /shop/similar/potato153011666.html HTTP/1.1" 429 267 logesty-services.fr "-" "Mozilla/5.0 AppleWebKit/537.36 (KHTML, like Gecko; compatible; ClaudeBot/1.0; +claudebot@anthropic.com)" "-"
216.73.217.0 - - [28/Jul/2026:00:50:32 +0200] "GET /shop/rider/patent208040283.html HTTP/1.1" 429 267 logesty-services.fr "-" "Mozilla/5.0 AppleWebKit/537.36 (KHTML, like Gecko; compatible; ClaudeBot/1.0; +claudebot@anthropic.com)" "-"
216.73.217.0 - - [28/Jul/2026:00:50:37 +0200] "GET /shop/inevitably/counsel224004117.html HTTP/1.1" 500 - logesty-services.fr "-" "Mozilla/5.0 AppleWebKit/537.36 (KHTML, like Gecko; compatible; ClaudeBot/1.0; +claudebot@anthropic.com)" "-"
216.73.217.0 - - [28/Jul/2026:00:50:43 +0200] "GET /shop/bottom/regime167034052.html HTTP/1.1" 500 - logesty-services.fr "-" "Mozilla/5.0 AppleWebKit/537.36 (KHTML, like Gecko; compatible; ClaudeBot/1.0; +claudebot@anthropic.com)" "-"
216.73.217.0 - - [28/Jul/2026:00:50:47 +0200] "GET /shop/empire/physics037026460.html HTTP/1.1" 500 - logesty-services.fr "-" "Mozilla/5.0 AppleWebKit/537.36 (KHTML, like Gecko; compatible; ClaudeBot/1.0; +claudebot@anthropic.com)" "-"
216.73.217.0 - - [28/Jul/2026:00:50:52 +0200] "GET /shop/week/several223003378.html HTTP/1.1" 500 - logesty-services.fr "-" "Mozilla/5.0 AppleWebKit/537.36 (KHTML, like Gecko; compatible; ClaudeBot/1.0; +claudebot@anthropic.com)" "-"
216.73.217.0 - - [28/Jul/2026:00:50:57 +0200] "GET /shop/rhythm/envelope011018358.html HTTP/1.1" 500 - logesty-services.fr "-" "Mozilla/5.0 AppleWebKit/537.36 (KHTML, like Gecko; compatible; ClaudeBot/1.0; +claudebot@anthropic.com)" "-"
216.73.217.0 - - [28/Jul/2026:00:51:02 +0200] "GET /shop/perfect/auto018028921.html HTTP/1.1" 500 - logesty-services.fr "-" "Mozilla/5.0 AppleWebKit/537.36 (KHTML, like Gecko; compatible; ClaudeBot/1.0; +claudebot@anthropic.com)" "-"
62.238.60.0 - - [28/Jul/2026:00:51:07 +0200] "GET /wp-content/uploads/2024/12/Capture-decran-2024-12-13-a-21.02.12-2-450x300.png HTTP/1.1" 200 136825 logesty-services.fr "-" "Mozilla/5.0 (X11; Ubuntu; Linux x86_64; rv:72.0) Gecko/20100101 Firefox/72.0" "-"
216.73.217.0 - - [28/Jul/2026:00:51:10 +0200] "GET /shop/together/seventh193045676.html HTTP/1.1" 500 - logesty-services.fr "-" "Mozilla/5.0 AppleWebKit/537.36 (KHTML, like Gecko; compatible; ClaudeBot/1.0; +claudebot@anthropic.com)" "-"
216.73.217.0 - - [28/Jul/2026:00:51:12 +0200] "GET /shop/maker/recall076016313.html HTTP/1.1" 500 - logesty-services.fr "-" "Mozilla/5.0 AppleWebKit/537.36 (KHTML, like Gecko; compatible; ClaudeBot/1.0; +claudebot@anthropic.com)" "-"
216.73.217.0 - - [28/Jul/2026:00:51:17 +0200] "GET /shop/journal/pie118013723.html HTTP/1.1" 500 - logesty-services.fr "-" "Mozilla/5.0 AppleWebKit/537.36 (KHTML, like Gecko; compatible; ClaudeBot/1.0; +claudebot@anthropic.com)" "-"
74.7.227.0 - - [28/Jul/2026:00:51:18 +0200] "GET /?u=2711647826 HTTP/1.1" 500 - logesty-services.fr "https://logesty-services.fr/?sitemapindex.xml" "Mozilla/5.0 AppleWebKit/537.36 (KHTML, like Gecko; compatible; GPTBot/1.4; +https://openai.com/gptbot)" "-"
216.73.217.0 - - [28/Jul/2026:00:51:22 +0200] "GET /shop/score/scared176038043.html HTTP/1.1" 500 - logesty-services.fr "-" "Mozilla/5.0 AppleWebKit/537.36 (KHTML, like Gecko; compatible; ClaudeBot/1.0; +claudebot@anthropic.com)" "-"
216.73.217.0 - - [28/Jul/2026:00:51:27 +0200] "GET /shop/cheer/generally193019166.html HTTP/1.1" 500 - logesty-services.fr "-" "Mozilla/5.0 AppleWebKit/537.36 (KHTML, like Gecko; compatible; ClaudeBot/1.0; +claudebot@anthropic.com)" "-"
216.73.217.0 - - [28/Jul/2026:00:51:32 +0200] "GET /shop/tragic/again021023196.html HTTP/1.1" 500 - logesty-services.fr "-" "Mozilla/5.0 AppleWebKit/537.36 (KHTML, like Gecko; compatible; ClaudeBot/1.0; +claudebot@anthropic.com)" "-"
216.73.217.0 - - [28/Jul/2026:00:51:37 +0200] "GET /shop/precious/touch265015420.html HTTP/1.1" 500 - logesty-services.fr "-" "Mozilla/5.0 AppleWebKit/537.36 (KHTML, like Gecko; compatible; ClaudeBot/1.0; +claudebot@anthropic.com)" "-"
216.73.217.0 - - [28/Jul/2026:00:51:42 +0200] "GET /shop/powerful/responsibility162002297.html HTTP/1.1" 500 - logesty-services.fr "-" "Mozilla/5.0 AppleWebKit/537.36 (KHTML, like Gecko; compatible; ClaudeBot/1.0; +claudebot@anthropic.com)" "-"
216.73.217.0 - - [28/Jul/2026:00:51:48 +0200] "GET /shop/airport/see187036338.html HTTP/1.1" 500 - logesty-services.fr "-" "Mozilla/5.0 AppleWebKit/537.36 (KHTML, like Gecko; compatible; ClaudeBot/1.0; +claudebot@anthropic.com)" "-"
216.73.217.0 - - [28/Jul/2026:00:51:53 +0200] "GET /shop/entrepreneur/Iraqi257038940.html HTTP/1.1" 500 - logesty-services.fr "-" "Mozilla/5.0 AppleWebKit/537.36 (KHTML, like Gecko; compatible; ClaudeBot/1.0; +claudebot@anthropic.com)" "-"
216.73.217.0 - - [28/Jul/2026:00:51:57 +0200] "GET /shop/shortly/championship181027034.html HTTP/1.1" 500 - logesty-services.fr "-" "Mozilla/5.0 AppleWebKit/537.36 (KHTML, like Gecko; compatible; ClaudeBot/1.0; +claudebot@anthropic.com)" "-"
216.73.217.0 - - [28/Jul/2026:00:52:02 +0200] "GET /shop/employment/latter187000198.html HTTP/1.1" 500 - logesty-services.fr "-" "Mozilla/5.0 AppleWebKit/537.36 (KHTML, like Gecko; compatible; ClaudeBot/1.0; +claudebot@anthropic.com)" "-"
216.73.217.0 - - [28/Jul/2026:00:52:06 +0200] "GET /shop/waist/similar185021530.html HTTP/1.1" 500 - logesty-services.fr "-" "Mozilla/5.0 AppleWebKit/537.36 (KHTML, like Gecko; compatible; ClaudeBot/1.0; +claudebot@anthropic.com)" "-"
114.119.129.0 - - [28/Jul/2026:00:52:09 +0200] "GET /rental_types/studio?loknya=/homepages/43/d895481126/htdocs/clickandbuilds/LogestyServices/conditions-de-service HTTP/1.1" 500 - logesty-services.fr "https://logesty-services.fr/rental_types/studio" "Mozilla/5.0 (Linux; Android 7.0;) AppleWebKit/537.36 (HTML, like Gecko) Mobile Safari/537.36 (compatible; PetalBot;+https://webmaster.petalsearch.com/site/petalbot)" "-"
216.73.217.0 - - [28/Jul/2026:00:52:11 +0200] "GET /shop/tongue/rider057049552.html HTTP/1.1" 429 267 logesty-services.fr "-" "Mozilla/5.0 AppleWebKit/537.36 (KHTML, like Gecko; compatible; ClaudeBot/1.0; +claudebot@anthropic.com)" "-"
216.73.217.0 - - [28/Jul/2026:00:52:16 +0200] "GET /shop/tribal/hazard232029039.html HTTP/1.1" 429 267 logesty-services.fr "-" "Mozilla/5.0 AppleWebKit/537.36 (KHTML, like Gecko; compatible; ClaudeBot/1.0; +claudebot@anthropic.com)" "-"
216.73.217.0 - - [28/Jul/2026:00:52:21 +0200] "GET /shop/reluctant/elegant228016265.html HTTP/1.1" 429 267 logesty-services.fr "-" "Mozilla/5.0 AppleWebKit/537.36 (KHTML, like Gecko; compatible; ClaudeBot/1.0; +claudebot@anthropic.com)" "-"
74.7.227.0 - - [28/Jul/2026:00:52:22 +0200] "GET /?u=0471723213 HTTP/1.1" 429 267 logesty-services.fr "https://logesty-services.fr/?sitemap613.xml" "Mozilla/5.0 AppleWebKit/537.36 (KHTML, like Gecko; compatible; GPTBot/1.4; +https://openai.com/gptbot)" "-"
66.249.64.0 - - [28/Jul/2026:00:52:22 +0200] "GET /?u=2711305830 HTTP/1.1" 500 - logesty-services.fr "-" "Mozilla/5.0 (Linux; Android 6.0.1; Nexus 5X Build/MMB29P) AppleWebKit/537.36 (KHTML, like Gecko) Chrome/150.0.7871.128 Mobile Safari/537.36 (compatible; Googlebot/2.1; +http://www.google.com/bot.html)" "-"
216.73.217.0 - - [28/Jul/2026:00:52:26 +0200] "GET /shop/sovereignty/guideline044016313.html HTTP/1.1" 429 267 logesty-services.fr "-" "Mozilla/5.0 AppleWebKit/537.36 (KHTML, like Gecko; compatible; ClaudeBot/1.0; +claudebot@anthropic.com)" "-"
216.73.217.0 - - [28/Jul/2026:00:52:31 +0200] "GET /shop/minute/travel259024692.html HTTP/1.1" 429 267 logesty-services.fr "-" "Mozilla/5.0 AppleWebKit/537.36 (KHTML, like Gecko; compatible; ClaudeBot/1.0; +claudebot@anthropic.com)" "-"
216.73.217.0 - - [28/Jul/2026:00:52:35 +0200] "GET /shop/supermarket/recover071005052.html HTTP/1.1" 429 267 logesty-services.fr "-" "Mozilla/5.0 AppleWebKit/537.36 (KHTML, like Gecko; compatible; ClaudeBot/1.0; +claudebot@anthropic.com)" "-"
216.73.217.0 - - [28/Jul/2026:00:52:41 +0200] "GET /shop/license/cooperative235021936.html HTTP/1.1" 429 267 logesty-services.fr "-" "Mozilla/5.0 AppleWebKit/537.36 (KHTML, like Gecko; compatible; ClaudeBot/1.0; +claudebot@anthropic.com)" "-"
216.73.217.0 - - [28/Jul/2026:00:52:45 +0200] "GET /shop/passenger/cancer139029564.html HTTP/1.1" 429 267 logesty-services.fr "-" "Mozilla/5.0 AppleWebKit/537.36 (KHTML, like Gecko; compatible; ClaudeBot/1.0; +claudebot@anthropic.com)" "-"
216.73.217.0 - - [28/Jul/2026:00:52:50 +0200] "GET /shop/known/incorporate133037008.html HTTP/1.1" 429 267 logesty-services.fr "-" "Mozilla/5.0 AppleWebKit/537.36 (KHTML, like Gecko; compatible; ClaudeBot/1.0; +claudebot@anthropic.com)" "-"
216.73.217.0 - - [28/Jul/2026:00:52:56 +0200] "GET /shop/education/supermarket272039571.html HTTP/1.1" 429 267 logesty-services.fr "-" "Mozilla/5.0 AppleWebKit/537.36 (KHTML, like Gecko; compatible; ClaudeBot/1.0; +claudebot@anthropic.com)" "-"
216.73.217.0 - - [28/Jul/2026:00:53:02 +0200] "GET /shop/entrepreneur/domain014005479.html HTTP/1.1" 429 267 logesty-services.fr "-" "Mozilla/5.0 AppleWebKit/537.36 (KHTML, like Gecko; compatible; ClaudeBot/1.0; +claudebot@anthropic.com)" "-"
216.73.217.0 - - [28/Jul/2026:00:53:06 +0200] "GET /shop/historic/someday129028972.html HTTP/1.1" 429 267 logesty-services.fr "-" "Mozilla/5.0 AppleWebKit/537.36 (KHTML, like Gecko; compatible; ClaudeBot/1.0; +claudebot@anthropic.com)" "-"
216.73.217.0 - - [28/Jul/2026:00:53:11 +0200] "GET /shop/political/bulk067049820.html HTTP/1.1" 500 - logesty-services.fr "-" "Mozilla/5.0 AppleWebKit/537.36 (KHTML, like Gecko; compatible; ClaudeBot/1.0; +claudebot@anthropic.com)" "-"
216.73.217.0 - - [28/Jul/2026:00:53:16 +0200] "GET /shop/celebration/following058041387.html HTTP/1.1" 500 - logesty-services.fr "-" "Mozilla/5.0 AppleWebKit/537.36 (KHTML, like Gecko; compatible; ClaudeBot/1.0; +claudebot@anthropic.com)" "-"
216.73.217.0 - - [28/Jul/2026:00:53:21 +0200] "GET /shop/jurisdiction/isolation122004611.html HTTP/1.1" 500 - logesty-services.fr "-" "Mozilla/5.0 AppleWebKit/537.36 (KHTML, like Gecko; compatible; ClaudeBot/1.0; +claudebot@anthropic.com)" "-"
74.7.227.0 - - [28/Jul/2026:00:53:24 +0200] "GET /?u=7634013476 HTTP/1.1" 500 - logesty-services.fr "https://logesty-services.fr/?sitemap613.xml" "Mozilla/5.0 AppleWebKit/537.36 (KHTML, like Gecko; compatible; GPTBot/1.4; +https://openai.com/gptbot)" "-"
216.73.217.0 - - [28/Jul/2026:00:53:26 +0200] "GET /shop/oversee/guidance104007827.html HTTP/1.1" 500 - logesty-services.fr "-" "Mozilla/5.0 AppleWebKit/537.36 (KHTML, like Gecko; compatible; ClaudeBot/1.0; +claudebot@anthropic.com)" "-"
216.73.217.0 - - [28/Jul/2026:00:53:31 +0200] "GET /shop/haul/collector149006970.html HTTP/1.1" 500 - logesty-services.fr "-" "Mozilla/5.0 AppleWebKit/537.36 (KHTML, like Gecko; compatible; ClaudeBot/1.0; +claudebot@anthropic.com)" "-"
216.73.217.0 - - [28/Jul/2026:00:53:36 +0200] "GET /shop/moment/midnight096049675.html HTTP/1.1" 500 - logesty-services.fr "-" "Mozilla/5.0 AppleWebKit/537.36 (KHTML, like Gecko; compatible; ClaudeBot/1.0; +claudebot@anthropic.com)" "-"
216.73.217.0 - - [28/Jul/2026:00:53:41 +0200] "GET /shop/child/shopdetail293026414.html HTTP/1.1" 500 - logesty-services.fr "-" "Mozilla/5.0 AppleWebKit/537.36 (KHTML, like Gecko; compatible; ClaudeBot/1.0; +claudebot@anthropic.com)" "-"
216.73.217.0 - - [28/Jul/2026:00:53:46 +0200] "GET /shop/money/pillow043037330.html HTTP/1.1" 500 - logesty-services.fr "-" "Mozilla/5.0 AppleWebKit/537.36 (KHTML, like Gecko; compatible; ClaudeBot/1.0; +claudebot@anthropic.com)" "-"
216.73.217.0 - - [28/Jul/2026:00:53:51 +0200] "GET /shop/shopdetail/admire049017464.html HTTP/1.1" 500 - logesty-services.fr "-" "Mozilla/5.0 AppleWebKit/537.36 (KHTML, like Gecko; compatible; ClaudeBot/1.0; +claudebot@anthropic.com)" "-"
216.73.217.0 - - [28/Jul/2026:00:53:55 +0200] "GET /shop/between/summary013007300.html HTTP/1.1" 500 - logesty-services.fr "-" "Mozilla/5.0 AppleWebKit/537.36 (KHTML, like Gecko; compatible; ClaudeBot/1.0; +claudebot@anthropic.com)" "-"
216.73.217.0 - - [28/Jul/2026:00:53:59 +0200] "GET /shop/attack/teach240012447.html HTTP/1.1" 500 - logesty-services.fr "-" "Mozilla/5.0 AppleWebKit/537.36 (KHTML, like Gecko; compatible; ClaudeBot/1.0; +claudebot@anthropic.com)" "-"
216.73.217.0 - - [28/Jul/2026:00:54:04 +0200] "GET /shop/physics/project008036227.html HTTP/1.1" 500 - logesty-services.fr "-" "Mozilla/5.0 AppleWebKit/537.36 (KHTML, like Gecko; compatible; ClaudeBot/1.0; +claudebot@anthropic.com)" "-"
216.73.217.0 - - [28/Jul/2026:00:54:09 +0200] "GET /shop/dynamic/disk181027038.html HTTP/1.1" 500 - logesty-services.fr "-" "Mozilla/5.0 AppleWebKit/537.36 (KHTML, like Gecko; compatible; ClaudeBot/1.0; +claudebot@anthropic.com)" "-"
216.73.217.0 - - [28/Jul/2026:00:54:15 +0200] "GET /shop/improved/dip125015484.html HTTP/1.1" 500 - logesty-services.fr "-" "Mozilla/5.0 AppleWebKit/537.36 (KHTML, like Gecko; compatible; ClaudeBot/1.0; +claudebot@anthropic.com)" "-"
114.119.133.0 - - [28/Jul/2026:00:54:15 +0200] "GET /listing/paris-metro-hoche-ligne-5 HTTP/1.1" 301 310 logesty-services.fr "https://logesty-services.fr/" "Mozilla/5.0 (Linux; Android 7.0;) AppleWebKit/537.36 (HTML, like Gecko) Mobile Safari/537.36 (compatible; PetalBot;+https://webmaster.petalsearch.com/site/petalbot)" "-"
114.119.133.0 - - [28/Jul/2026:00:54:16 +0200] "GET /listing/paris-metro-hoche-ligne-5/ HTTP/1.1" 200 630826 logesty-services.fr "https://logesty-services.fr/" "Mozilla/5.0 (Linux; Android 7.0;) AppleWebKit/537.36 (HTML, like Gecko) Mobile Safari/537.36 (compatible; PetalBot;+https://webmaster.petalsearch.com/site/petalbot)" "-"
216.73.217.0 - - [28/Jul/2026:00:54:19 +0200] "GET /item/120001546 HTTP/1.1" 500 - logesty-services.fr "-" "Mozilla/5.0 AppleWebKit/537.36 (KHTML, like Gecko; compatible; ClaudeBot/1.0; +claudebot@anthropic.com)" "-"
216.73.217.0 - - [28/Jul/2026:00:54:24 +0200] "GET /shop/flexibility/arrow271046008.html HTTP/1.1" 500 - logesty-services.fr "-" "Mozilla/5.0 AppleWebKit/537.36 (KHTML, like Gecko; compatible; ClaudeBot/1.0; +claudebot@anthropic.com)" "-"
216.73.217.0 - - [28/Jul/2026:00:54:29 +0200] "GET /item/210007996 HTTP/1.1" 500 - logesty-services.fr "-" "Mozilla/5.0 AppleWebKit/537.36 (KHTML, like Gecko; compatible; ClaudeBot/1.0; +claudebot@anthropic.com)" "-"
74.7.227.0 - - [28/Jul/2026:00:54:31 +0200] "GET /?u=5701697391 HTTP/1.1" 500 - logesty-services.fr "https://logesty-services.fr/?sitemap613.xml" "Mozilla/5.0 AppleWebKit/537.36 (KHTML, like Gecko; compatible; GPTBot/1.4; +https://openai.com/gptbot)" "-"
216.73.217.0 - - [28/Jul/2026:00:54:34 +0200] "GET /shop/constitutional/much274009783.html HTTP/1.1" 500 - logesty-services.fr "-" "Mozilla/5.0 AppleWebKit/537.36 (KHTML, like Gecko; compatible; ClaudeBot/1.0; +claudebot@anthropic.com)" "-"
216.73.217.0 - - [28/Jul/2026:00:54:39 +0200] "GET /shop/exist/aspect161041946.html HTTP/1.1" 429 267 logesty-services.fr "-" "Mozilla/5.0 AppleWebKit/537.36 (KHTML, like Gecko; compatible; ClaudeBot/1.0; +claudebot@anthropic.com)" "-"
216.73.217.0 - - [28/Jul/2026:00:54:45 +0200] "GET /shop/summit/demonstrate083046236.html HTTP/1.1" 429 267 logesty-services.fr "-" "Mozilla/5.0 AppleWebKit/537.36 (KHTML, like Gecko; compatible; ClaudeBot/1.0; +claudebot@anthropic.com)" "-"
216.73.217.0 - - [28/Jul/2026:00:54:50 +0200] "GET /item/159026505 HTTP/1.1" 429 267 logesty-services.fr "-" "Mozilla/5.0 AppleWebKit/537.36 (KHTML, like Gecko; compatible; ClaudeBot/1.0; +claudebot@anthropic.com)" "-"
216.73.217.0 - - [28/Jul/2026:00:54:54 +0200] "GET /shop/assignment/sometime013031656.html HTTP/1.1" 429 267 logesty-services.fr "-" "Mozilla/5.0 AppleWebKit/537.36 (KHTML, like Gecko; compatible; ClaudeBot/1.0; +claudebot@anthropic.com)" "-"
216.73.217.0 - - [28/Jul/2026:00:55:00 +0200] "GET /shop/photographer/philosophy180002535.html HTTP/1.1" 429 267 logesty-services.fr "-" "Mozilla/5.0 AppleWebKit/537.36 (KHTML, like Gecko; compatible; ClaudeBot/1.0; +claudebot@anthropic.com)" "-"
216.73.217.0 - - [28/Jul/2026:00:55:06 +0200] "GET /shop/massive/rehabilitation108029459.html HTTP/1.1" 429 267 logesty-services.fr "-" "Mozilla/5.0 AppleWebKit/537.36 (KHTML, like Gecko; compatible; ClaudeBot/1.0; +claudebot@anthropic.com)" "-"
216.73.217.0 - - [28/Jul/2026:00:55:10 +0200] "GET /shop/electricity/syndrome126036369.html HTTP/1.1" 429 267 logesty-services.fr "-" "Mozilla/5.0 AppleWebKit/537.36 (KHTML, like Gecko; compatible; ClaudeBot/1.0; +claudebot@anthropic.com)" "-"
216.73.217.0 - - [28/Jul/2026:00:55:24 +0200] "GET /shop/file/civilian236038949.html HTTP/1.1" 429 267 logesty-services.fr "-" "Mozilla/5.0 AppleWebKit/537.36 (KHTML, like Gecko; compatible; ClaudeBot/1.0; +claudebot@anthropic.com)" "-"
216.73.217.0 - - [28/Jul/2026:00:55:29 +0200] "GET /shop/shrimp/agenda128035035.html HTTP/1.1" 429 267 logesty-services.fr "-" "Mozilla/5.0 AppleWebKit/537.36 (KHTML, like Gecko; compatible; ClaudeBot/1.0; +claudebot@anthropic.com)" "-"
66.249.64.0 - - [28/Jul/2026:00:55:31 +0200] "GET /?u=3931180411 HTTP/1.1" 500 - logesty-services.fr "-" "Mozilla/5.0 (Linux; Android 6.0.1; Nexus 5X Build/MMB29P) AppleWebKit/537.36 (KHTML, like Gecko) Chrome/150.0.7871.128 Mobile Safari/537.36 (compatible; Googlebot/2.1; +http://www.google.com/bot.html)" "-"
74.7.227.0 - - [28/Jul/2026:00:55:32 +0200] "GET /?u=0761349631 HTTP/1.1" 429 267 logesty-services.fr "https://logesty-services.fr/?sitemapindex.xml" "Mozilla/5.0 AppleWebKit/537.36 (KHTML, like Gecko; compatible; GPTBot/1.4; +https://openai.com/gptbot)" "-"
216.73.217.0 - - [28/Jul/2026:00:55:34 +0200] "GET /shop/photograph/fiction102033741.html HTTP/1.1" 429 267 logesty-services.fr "-" "Mozilla/5.0 AppleWebKit/537.36 (KHTML, like Gecko; compatible; ClaudeBot/1.0; +claudebot@anthropic.com)" "-"
216.73.217.0 - - [28/Jul/2026:00:55:38 +0200] "GET /shop/brave/nationwide116038945.html HTTP/1.1" 429 267 logesty-services.fr "-" "Mozilla/5.0 AppleWebKit/537.36 (KHTML, like Gecko; compatible; ClaudeBot/1.0; +claudebot@anthropic.com)" "-"
216.73.217.0 - - [28/Jul/2026:00:55:42 +0200] "GET /shop/electrical/musician198025039.html HTTP/1.1" 500 - logesty-services.fr "-" "Mozilla/5.0 AppleWebKit/537.36 (KHTML, like Gecko; compatible; ClaudeBot/1.0; +claudebot@anthropic.com)" "-"
216.73.217.0 - - [28/Jul/2026:00:55:48 +0200] "GET /shop/ceremony/tourism164019457.html HTTP/1.1" 500 - logesty-services.fr "-" "Mozilla/5.0 AppleWebKit/537.36 (KHTML, like Gecko; compatible; ClaudeBot/1.0; +claudebot@anthropic.com)" "-"
216.73.217.0 - - [28/Jul/2026:00:55:51 +0200] "GET /shop/civilian/elegant234036527.html HTTP/1.1" 500 - logesty-services.fr "-" "Mozilla/5.0 AppleWebKit/537.36 (KHTML, like Gecko; compatible; ClaudeBot/1.0; +claudebot@anthropic.com)" "-"
216.73.217.0 - - [28/Jul/2026:00:55:56 +0200] "GET /shop/prescription/inspection262045873.html HTTP/1.1" 500 - logesty-services.fr "-" "Mozilla/5.0 AppleWebKit/537.36 (KHTML, like Gecko; compatible; ClaudeBot/1.0; +claudebot@anthropic.com)" "-"
66.249.64.0 - - [28/Jul/2026:00:55:59 +0200] "GET /?u=2371404976 HTTP/1.1" 500 - logesty-services.fr "-" "Mozilla/5.0 (Linux; Android 6.0.1; Nexus 5X Build/MMB29P) AppleWebKit/537.36 (KHTML, like Gecko) Chrome/150.0.7871.128 Mobile Safari/537.36 (compatible; GoogleOther)" "-"
216.73.217.0 - - [28/Jul/2026:00:56:00 +0200] "GET /shop/economics/funding276022359.html HTTP/1.1" 500 - logesty-services.fr "-" "Mozilla/5.0 AppleWebKit/537.36 (KHTML, like Gecko; compatible; ClaudeBot/1.0; +claudebot@anthropic.com)" "-"
216.73.217.0 - - [28/Jul/2026:00:56:03 +0200] "GET /shop/candy/health-care141021304.html HTTP/1.1" 500 - logesty-services.fr "-" "Mozilla/5.0 AppleWebKit/537.36 (KHTML, like Gecko; compatible; ClaudeBot/1.0; +claudebot@anthropic.com)" "-"
66.249.64.0 - - [28/Jul/2026:00:56:06 +0200] "GET /?u=5861467695 HTTP/1.1" 500 - logesty-services.fr "-" "Mozilla/5.0 (Linux; Android 6.0.1; Nexus 5X Build/MMB29P) AppleWebKit/537.36 (KHTML, like Gecko) Chrome/150.0.7871.128 Mobile Safari/537.36 (compatible; GoogleOther)" "-"
216.73.217.0 - - [28/Jul/2026:00:56:08 +0200] "GET /shop/nonprofit/male015023580.html HTTP/1.1" 500 - logesty-services.fr "-" "Mozilla/5.0 AppleWebKit/537.36 (KHTML, like Gecko; compatible; ClaudeBot/1.0; +claudebot@anthropic.com)" "-"
216.73.217.0 - - [28/Jul/2026:00:56:13 +0200] "GET /shop/signature/secretary188030607.html HTTP/1.1" 500 - logesty-services.fr "-" "Mozilla/5.0 AppleWebKit/537.36 (KHTML, like Gecko; compatible; ClaudeBot/1.0; +claudebot@anthropic.com)" "-"
216.73.217.0 - - [28/Jul/2026:00:56:18 +0200] "GET /shop/astronomer/woman217015928.html HTTP/1.1" 500 - logesty-services.fr "-" "Mozilla/5.0 AppleWebKit/537.36 (KHTML, like Gecko; compatible; ClaudeBot/1.0; +claudebot@anthropic.com)" "-"
114.119.130.0 - - [28/Jul/2026:00:56:22 +0200] "GET /listing/c101-studio-proche-disneyland-paris-parking?loknya=/homepages/43/d895481126/htdocs/clickandbuilds/LogestyServices/decouvrez-le-concept-innovant-de-logesty-service-des-logements-de-qualite-pour-vos-weekends-et-courts-sejours HTTP/1.1" 500 - logesty-services.fr "https://logesty-services.fr/listing/c101-studio-proche-disneyland-paris-parking" "Mozilla/5.0 (Linux; Android 7.0;) AppleWebKit/537.36 (HTML, like Gecko) Mobile Safari/537.36 (compatible; PetalBot;+https://webmaster.petalsearch.com/site/petalbot)" "-"
216.73.217.0 - - [28/Jul/2026:00:56:23 +0200] "GET /shop/embrace/unemployment246023455.html HTTP/1.1" 500 - logesty-services.fr "-" "Mozilla/5.0 AppleWebKit/537.36 (KHTML, like Gecko; compatible; ClaudeBot/1.0; +claudebot@anthropic.com)" "-"
216.73.217.0 - - [28/Jul/2026:00:56:28 +0200] "GET /shop/kiss/religion168027003.html HTTP/1.1" 500 - logesty-services.fr "-" "Mozilla/5.0 AppleWebKit/537.36 (KHTML, like Gecko; compatible; ClaudeBot/1.0; +claudebot@anthropic.com)" "-"
216.73.217.0 - - [28/Jul/2026:00:56:33 +0200] "GET /shop/friendship/feminist126047655.html HTTP/1.1" 500 - logesty-services.fr "-" "Mozilla/5.0 AppleWebKit/537.36 (KHTML, like Gecko; compatible; ClaudeBot/1.0; +claudebot@anthropic.com)" "-"
216.73.217.0 - - [28/Jul/2026:00:56:38 +0200] "GET /shop/seven/haul183024396.html HTTP/1.1" 500 - logesty-services.fr "-" "Mozilla/5.0 AppleWebKit/537.36 (KHTML, like Gecko; compatible; ClaudeBot/1.0; +claudebot@anthropic.com)" "-"
74.7.227.0 - - [28/Jul/2026:00:56:38 +0200] "GET /?u=0393124735 HTTP/1.1" 500 - logesty-services.fr "https://logesty-services.fr/?sitemap982.xml" "Mozilla/5.0 AppleWebKit/537.36 (KHTML, like Gecko; compatible; GPTBot/1.4; +https://openai.com/gptbot)" "-"
66.249.64.0 - - [28/Jul/2026:00:56:42 +0200] "GET /?u=238231272 HTTP/1.1" 500 - logesty-services.fr "-" "Mozilla/5.0 (Linux; Android 6.0.1; Nexus 5X Build/MMB29P) AppleWebKit/537.36 (KHTML, like Gecko) Chrome/150.0.7871.128 Mobile Safari/537.36 (compatible; GoogleOther)" "-"
216.73.217.0 - - [28/Jul/2026:00:56:43 +0200] "GET /shop/shopdetail/soak132015885.html HTTP/1.1" 500 - logesty-services.fr "-" "Mozilla/5.0 AppleWebKit/537.36 (KHTML, like Gecko; compatible; ClaudeBot/1.0; +claudebot@anthropic.com)" "-"
216.73.217.0 - - [28/Jul/2026:00:56:48 +0200] "GET /shop/shed/admission229044120.html HTTP/1.1" 500 - logesty-services.fr "-" "Mozilla/5.0 AppleWebKit/537.36 (KHTML, like Gecko; compatible; ClaudeBot/1.0; +claudebot@anthropic.com)" "-"
216.73.217.0 - - [28/Jul/2026:00:56:53 +0200] "GET /shop/frustration/anticipate062003847.html HTTP/1.1" 500 - logesty-services.fr "-" "Mozilla/5.0 AppleWebKit/537.36 (KHTML, like Gecko; compatible; ClaudeBot/1.0; +claudebot@anthropic.com)" "-"
216.73.217.0 - - [28/Jul/2026:00:56:58 +0200] "GET /shop/soar/regulation031030942.html HTTP/1.1" 500 - logesty-services.fr "-" "Mozilla/5.0 AppleWebKit/537.36 (KHTML, like Gecko; compatible; ClaudeBot/1.0; +claudebot@anthropic.com)" "-"
216.73.217.0 - - [28/Jul/2026:00:57:04 +0200] "GET /shop/film/Thanksgiving038020279.html HTTP/1.1" 500 - logesty-services.fr "-" "Mozilla/5.0 AppleWebKit/537.36 (KHTML, like Gecko; compatible; ClaudeBot/1.0; +claudebot@anthropic.com)" "-"
216.73.217.0 - - [28/Jul/2026:00:57:08 +0200] "GET /shop/meanwhile/teenage122047957.html HTTP/1.1" 500 - logesty-services.fr "-" "Mozilla/5.0 AppleWebKit/537.36 (KHTML, like Gecko; compatible; ClaudeBot/1.0; +claudebot@anthropic.com)" "-"
216.73.217.0 - - [28/Jul/2026:00:57:13 +0200] "GET /shop/movie/cultural242004181.html HTTP/1.1" 429 267 logesty-services.fr "-" "Mozilla/5.0 AppleWebKit/537.36 (KHTML, like Gecko; compatible; ClaudeBot/1.0; +claudebot@anthropic.com)" "-"
216.73.217.0 - - [28/Jul/2026:00:57:18 +0200] "GET /shop/agenda/mystery272025085.html HTTP/1.1" 429 267 logesty-services.fr "-" "Mozilla/5.0 AppleWebKit/537.36 (KHTML, like Gecko; compatible; ClaudeBot/1.0; +claudebot@anthropic.com)" "-"
216.73.217.0 - - [28/Jul/2026:00:57:23 +0200] "GET /shop/nearby/disturbing195023226.html HTTP/1.1" 429 267 logesty-services.fr "-" "Mozilla/5.0 AppleWebKit/537.36 (KHTML, like Gecko; compatible; ClaudeBot/1.0; +claudebot@anthropic.com)" "-"
216.73.217.0 - - [28/Jul/2026:00:57:28 +0200] "GET /shop/traveler/pasta108032425.html HTTP/1.1" 429 267 logesty-services.fr "-" "Mozilla/5.0 AppleWebKit/537.36 (KHTML, like Gecko; compatible; ClaudeBot/1.0; +claudebot@anthropic.com)" "-"
216.73.217.0 - - [28/Jul/2026:00:57:33 +0200] "GET /shop/band/presidential262011017.html HTTP/1.1" 429 267 logesty-services.fr "-" "Mozilla/5.0 AppleWebKit/537.36 (KHTML, like Gecko; compatible; ClaudeBot/1.0; +claudebot@anthropic.com)" "-"
66.249.64.0 - - [28/Jul/2026:00:57:37 +0200] "GET /?u=2042944164 HTTP/1.1" 500 - logesty-services.fr "-" "Mozilla/5.0 (Linux; Android 6.0.1; Nexus 5X Build/MMB29P) AppleWebKit/537.36 (KHTML, like Gecko) Chrome/150.0.7871.128 Mobile Safari/537.36 (compatible; GoogleOther)" "-"
74.7.227.0 - - [28/Jul/2026:00:57:38 +0200] "GET /?u=3702624886 HTTP/1.1" 429 267 logesty-services.fr "https://logesty-services.fr/?sitemap982.xml" "Mozilla/5.0 AppleWebKit/537.36 (KHTML, like Gecko; compatible; GPTBot/1.4; +https://openai.com/gptbot)" "-"
216.73.217.0 - - [28/Jul/2026:00:57:38 +0200] "GET /shop/teenage/plate124026873.html HTTP/1.1" 429 267 logesty-services.fr "-" "Mozilla/5.0 AppleWebKit/537.36 (KHTML, like Gecko; compatible; ClaudeBot/1.0; +claudebot@anthropic.com)" "-"
216.73.217.0 - - [28/Jul/2026:00:57:43 +0200] "GET /shop/closer/emerge278004251.html HTTP/1.1" 429 267 logesty-services.fr "-" "Mozilla/5.0 AppleWebKit/537.36 (KHTML, like Gecko; compatible; ClaudeBot/1.0; +claudebot@anthropic.com)" "-"
216.73.217.0 - - [28/Jul/2026:00:57:48 +0200] "GET /shop/neighborhood/participant163030086.html HTTP/1.1" 429 267 logesty-services.fr "-" "Mozilla/5.0 AppleWebKit/537.36 (KHTML, like Gecko; compatible; ClaudeBot/1.0; +claudebot@anthropic.com)" "-"
216.73.217.0 - - [28/Jul/2026:00:57:53 +0200] "GET /shop/buyer/aluminum177047130.html HTTP/1.1" 429 267 logesty-services.fr "-" "Mozilla/5.0 AppleWebKit/537.36 (KHTML, like Gecko; compatible; ClaudeBot/1.0; +claudebot@anthropic.com)" "-"
216.73.217.0 - - [28/Jul/2026:00:57:59 +0200] "GET /shop/meeting/ministry005034104.html HTTP/1.1" 429 267 logesty-services.fr "-" "Mozilla/5.0 AppleWebKit/537.36 (KHTML, like Gecko; compatible; ClaudeBot/1.0; +claudebot@anthropic.com)" "-"
216.73.217.0 - - [28/Jul/2026:00:58:04 +0200] "GET /shop/electric/imagine004000539.html HTTP/1.1" 429 267 logesty-services.fr "-" "Mozilla/5.0 AppleWebKit/537.36 (KHTML, like Gecko; compatible; ClaudeBot/1.0; +claudebot@anthropic.com)" "-"
216.73.217.0 - - [28/Jul/2026:00:58:10 +0200] "GET /shop/leap/magnitude178028235.html HTTP/1.1" 429 267 logesty-services.fr "-" "Mozilla/5.0 AppleWebKit/537.36 (KHTML, like Gecko; compatible; ClaudeBot/1.0; +claudebot@anthropic.com)" "-"
216.73.217.0 - - [28/Jul/2026:00:58:14 +0200] "GET /shop/witness/episode113041548.html HTTP/1.1" 500 - logesty-services.fr "-" "Mozilla/5.0 AppleWebKit/537.36 (KHTML, like Gecko; compatible; ClaudeBot/1.0; +claudebot@anthropic.com)" "-"
172.81.129.0 - - [28/Jul/2026:00:58:16 +0200] "GET /author/patricksipes34/ HTTP/1.1" 500 - logesty-services.fr "http://logesty-services.fr/" "Mozilla/5.0 (Macintosh; Intel Mac OS X 10_15_7) AppleWebKit/537.36 (KHTML, like Gecko) obsidian/1.8.9 Chrome/132.0.6834.210 Electron/34.3.0 Safari/537.36" "-"
172.81.129.0 - - [28/Jul/2026:00:58:18 +0200] "GET /author/patricksipes34/ HTTP/1.1" 500 - logesty-services.fr "http://logesty-services.fr/" "Mozilla/5.0 (Macintosh; Intel Mac OS X 10_15_7) AppleWebKit/537.36 (KHTML, like Gecko) obsidian/1.8.9 Chrome/132.0.6834.210 Electron/34.3.0 Safari/537.36" "-"
172.81.129.0 - - [28/Jul/2026:00:58:18 +0200] "GET /author/patricksipes34/ HTTP/1.1" 500 - logesty-services.fr "http://logesty-services.fr/" "Mozilla/5.0 (Macintosh; Intel Mac OS X 10_15_7) AppleWebKit/537.36 (KHTML, like Gecko) obsidian/1.8.9 Chrome/132.0.6834.210 Electron/34.3.0 Safari/537.36" "-"
216.73.217.0 - - [28/Jul/2026:00:58:19 +0200] "GET /shop/eye/sovereignty138036437.html HTTP/1.1" 500 - logesty-services.fr "-" "Mozilla/5.0 AppleWebKit/537.36 (KHTML, like Gecko; compatible; ClaudeBot/1.0; +claudebot@anthropic.com)" "-"
216.73.217.0 - - [28/Jul/2026:00:58:24 +0200] "GET /shop/lawsuit/shopdetail118002857.html HTTP/1.1" 500 - logesty-services.fr "-" "Mozilla/5.0 AppleWebKit/537.36 (KHTML, like Gecko; compatible; ClaudeBot/1.0; +claudebot@anthropic.com)" "-"
114.119.130.0 - - [28/Jul/2026:00:58:29 +0200] "GET /listing/b306-appartement-15-min-disneyland/?loknya=/homepages/43/d895481126/htdocs/clickandbuilds/LogestyServices/.metadata HTTP/1.1" 500 - logesty-services.fr "https://logesty-services.fr/listing/b306-appartement-15-min-disneyland/" "Mozilla/5.0 (Linux; Android 7.0;) AppleWebKit/537.36 (HTML, like Gecko) Mobile Safari/537.36 (compatible; PetalBot;+https://webmaster.petalsearch.com/site/petalbot)" "-"
216.73.217.0 - - [28/Jul/2026:00:58:30 +0200] "GET /shop/jewelry/legislator276045501.html HTTP/1.1" 500 - logesty-services.fr "-" "Mozilla/5.0 AppleWebKit/537.36 (KHTML, like Gecko; compatible; ClaudeBot/1.0; +claudebot@anthropic.com)" "-"
216.73.217.0 - - [28/Jul/2026:00:58:32 +0200] "GET /shop/bloody/ratio146028051.html HTTP/1.1" 500 - logesty-services.fr "-" "Mozilla/5.0 AppleWebKit/537.36 (KHTML, like Gecko; compatible; ClaudeBot/1.0; +claudebot@anthropic.com)" "-"
216.73.217.0 - - [28/Jul/2026:00:58:38 +0200] "GET /shop/colorful/similar117000254.html HTTP/1.1" 500 - logesty-services.fr "-" "Mozilla/5.0 AppleWebKit/537.36 (KHTML, like Gecko; compatible; ClaudeBot/1.0; +claudebot@anthropic.com)" "-"
74.7.227.0 - - [28/Jul/2026:00:58:40 +0200] "GET /?u=9364356285 HTTP/1.1" 500 - logesty-services.fr "https://logesty-services.fr/?sitemap613.xml" "Mozilla/5.0 AppleWebKit/537.36 (KHTML, like Gecko; compatible; GPTBot/1.4; +https://openai.com/gptbot)" "-"
216.73.217.0 - - [28/Jul/2026:00:58:41 +0200] "GET /shop/pregnancy/football070013347.html HTTP/1.1" 500 - logesty-services.fr "-" "Mozilla/5.0 AppleWebKit/537.36 (KHTML, like Gecko; compatible; ClaudeBot/1.0; +claudebot@anthropic.com)" "-"
216.73.217.0 - - [28/Jul/2026:00:58:49 +0200] "GET /shop/treat/shove057037798.html HTTP/1.1" 500 - logesty-services.fr "-" "Mozilla/5.0 AppleWebKit/537.36 (KHTML, like Gecko; compatible; ClaudeBot/1.0; +claudebot@anthropic.com)" "-"
216.73.217.0 - - [28/Jul/2026:00:58:53 +0200] "GET /shop/throat/species086036215.html HTTP/1.1" 500 - logesty-services.fr "-" "Mozilla/5.0 AppleWebKit/537.36 (KHTML, like Gecko; compatible; ClaudeBot/1.0; +claudebot@anthropic.com)" "-"
216.73.217.0 - - [28/Jul/2026:00:59:01 +0200] "GET /shop/pleased/southwest153002508.html HTTP/1.1" 500 - logesty-services.fr "-" "Mozilla/5.0 AppleWebKit/537.36 (KHTML, like Gecko; compatible; ClaudeBot/1.0; +claudebot@anthropic.com)" "-"
66.249.64.0 - - [28/Jul/2026:00:59:01 +0200] "GET /?u=9083549663 HTTP/1.1" 500 - logesty-services.fr "-" "Mozilla/5.0 (Linux; Android 6.0.1; Nexus 5X Build/MMB29P) AppleWebKit/537.36 (KHTML, like Gecko) Chrome/150.0.7871.128 Mobile Safari/537.36 (compatible; Googlebot/2.1; +http://www.google.com/bot.html)" "-"
216.73.217.0 - - [28/Jul/2026:00:59:05 +0200] "GET /shop/jurisdiction/admire154000305.html HTTP/1.1" 500 - logesty-services.fr "-" "Mozilla/5.0 AppleWebKit/537.36 (KHTML, like Gecko; compatible; ClaudeBot/1.0; +claudebot@anthropic.com)" "-"
66.249.64.0 - - [28/Jul/2026:00:59:13 +0200] "GET /?u=379950814 HTTP/1.1" 500 - logesty-services.fr "-" "Mozilla/5.0 (Linux; Android 6.0.1; Nexus 5X Build/MMB29P) AppleWebKit/537.36 (KHTML, like Gecko) Chrome/150.0.7871.128 Mobile Safari/537.36 (compatible; GoogleOther)" "-"
216.73.217.0 - - [28/Jul/2026:00:59:26 +0200] "GET /shop/belt/furniture120019043.html HTTP/1.1" 500 - logesty-services.fr "-" "Mozilla/5.0 AppleWebKit/537.36 (KHTML, like Gecko; compatible; ClaudeBot/1.0; +claudebot@anthropic.com)" "-"
216.73.217.0 - - [28/Jul/2026:00:59:29 +0200] "GET /shop/economist/motor147044110.html HTTP/1.1" 500 - logesty-services.fr "-" "Mozilla/5.0 AppleWebKit/537.36 (KHTML, like Gecko; compatible; ClaudeBot/1.0; +claudebot@anthropic.com)" "-"
66.249.64.0 - - [28/Jul/2026:00:59:30 +0200] "GET /?u=421242750 HTTP/1.1" 500 - logesty-services.fr "-" "Mozilla/5.0 (Linux; Android 6.0.1; Nexus 5X Build/MMB29P) AppleWebKit/537.36 (KHTML, like Gecko) Chrome/150.0.7871.128 Mobile Safari/537.36 (compatible; GoogleOther)" "-"
216.73.217.0 - - [28/Jul/2026:00:59:34 +0200] "GET /shop/television/economist199002968.html HTTP/1.1" 500 - logesty-services.fr "-" "Mozilla/5.0 AppleWebKit/537.36 (KHTML, like Gecko; compatible; ClaudeBot/1.0; +claudebot@anthropic.com)" "-"
216.73.217.0 - - [28/Jul/2026:00:59:39 +0200] "GET /shop/employer/aluminum076024711.html HTTP/1.1" 500 - logesty-services.fr "-" "Mozilla/5.0 AppleWebKit/537.36 (KHTML, like Gecko; compatible; ClaudeBot/1.0; +claudebot@anthropic.com)" "-"
74.7.227.0 - - [28/Jul/2026:00:59:45 +0200] "GET /?u=4493101740 HTTP/1.1" 500 - logesty-services.fr "https://logesty-services.fr/?sitemap982.xml" "Mozilla/5.0 AppleWebKit/537.36 (KHTML, like Gecko; compatible; GPTBot/1.4; +https://openai.com/gptbot)" "-"
216.73.217.0 - - [28/Jul/2026:00:59:49 +0200] "GET /shop/investigation/mystery036010139.html HTTP/1.1" 500 - logesty-services.fr "-" "Mozilla/5.0 AppleWebKit/537.36 (KHTML, like Gecko; compatible; ClaudeBot/1.0; +claudebot@anthropic.com)" "-"
216.73.217.0 - - [28/Jul/2026:00:59:54 +0200] "GET /shop/traveler/hot072044439.html HTTP/1.1" 500 - logesty-services.fr "-" "Mozilla/5.0 AppleWebKit/537.36 (KHTML, like Gecko; compatible; ClaudeBot/1.0; +claudebot@anthropic.com)" "-"
216.73.217.0 - - [28/Jul/2026:00:59:59 +0200] "GET /shop/edition/grandmother260008695.html HTTP/1.1" 500 - logesty-services.fr "-" "Mozilla/5.0 AppleWebKit/537.36 (KHTML, like Gecko; compatible; ClaudeBot/1.0; +claudebot@anthropic.com)" "-"
216.73.217.0 - - [28/Jul/2026:01:00:04 +0200] "GET /shop/grandchild/neighborhood260007429.html HTTP/1.1" 429 267 logesty-services.fr "-" "Mozilla/5.0 AppleWebKit/537.36 (KHTML, like Gecko; compatible; ClaudeBot/1.0; +claudebot@anthropic.com)" "-"
216.73.217.0 - - [28/Jul/2026:01:00:09 +0200] "GET /shop/unemployment/cart030029027.html HTTP/1.1" 429 267 logesty-services.fr "-" "Mozilla/5.0 AppleWebKit/537.36 (KHTML, like Gecko; compatible; ClaudeBot/1.0; +claudebot@anthropic.com)" "-"
216.73.217.0 - - [28/Jul/2026:01:00:14 +0200] "GET /shop/bloody/teen085010998.html HTTP/1.1" 429 267 logesty-services.fr "-" "Mozilla/5.0 AppleWebKit/537.36 (KHTML, like Gecko; compatible; ClaudeBot/1.0; +claudebot@anthropic.com)" "-"
66.249.64.0 - - [28/Jul/2026:01:00:24 +0200] "GET /?u=9622885248 HTTP/1.1" 500 - logesty-services.fr "-" "Mozilla/5.0 (Linux; Android 6.0.1; Nexus 5X Build/MMB29P) AppleWebKit/537.36 (KHTML, like Gecko) Chrome/150.0.7871.128 Mobile Safari/537.36 (compatible; GoogleOther)" "-"
114.119.130.0 - - [28/Jul/2026:01:00:35 +0200] "GET /listing/b210-appartement-disneyland-paris-parking-et-wifi/?loknya=/homepages/43/d895481126/htdocs/clickandbuilds/LogestyServices/agence-immobilieere-numerique HTTP/1.1" 500 - logesty-services.fr "https://logesty-services.fr/listing/b210-appartement-disneyland-paris-parking-et-wifi/" "Mozilla/5.0 (Linux; Android 7.0;) AppleWebKit/537.36 (HTML, like Gecko) Mobile Safari/537.36 (compatible; PetalBot;+https://webmaster.petalsearch.com/site/petalbot)" "-"
74.7.227.0 - - [28/Jul/2026:01:00:49 +0200] "GET /?u=5593984637 HTTP/1.1" 429 267 logesty-services.fr "https://logesty-services.fr/?sitemap982.xml" "Mozilla/5.0 AppleWebKit/537.36 (KHTML, like Gecko; compatible; GPTBot/1.4; +https://openai.com/gptbot)" "-"
216.73.217.0 - - [28/Jul/2026:01:00:51 +0200] "GET /shop/neighborhood/southwest079025182.html HTTP/1.1" 429 267 logesty-services.fr "-" "Mozilla/5.0 AppleWebKit/537.36 (KHTML, like Gecko; compatible; ClaudeBot/1.0; +claudebot@anthropic.com)" "-"
216.73.217.0 - - [28/Jul/2026:01:00:56 +0200] "GET /shop/agenda/unemployment233017314.html HTTP/1.1" 429 267 logesty-services.fr "-" "Mozilla/5.0 AppleWebKit/537.36 (KHTML, like Gecko; compatible; ClaudeBot/1.0; +claudebot@anthropic.com)" "-"
216.73.217.0 - - [28/Jul/2026:01:01:00 +0200] "GET /shop/wooden/celebrity140001777.html HTTP/1.1" 429 267 logesty-services.fr "-" "Mozilla/5.0 AppleWebKit/537.36 (KHTML, like Gecko; compatible; ClaudeBot/1.0; +claudebot@anthropic.com)" "-"
65.21.1.0 - - [28/Jul/2026:01:01:05 +0200] "GET /wp-content/uploads/2018/10/blog-08-300x200.jpg HTTP/1.1" 200 29289 logesty-services.fr "-" "Mozilla/5.0 (X11; Ubuntu; Linux x86_64; rv:72.0) Gecko/20100101 Firefox/72.0" "-"
216.73.217.0 - - [28/Jul/2026:01:01:10 +0200] "GET /shop/football/shopdetail086014885.html HTTP/1.1" 500 - logesty-services.fr "-" "Mozilla/5.0 AppleWebKit/537.36 (KHTML, like Gecko; compatible; ClaudeBot/1.0; +claudebot@anthropic.com)" "-"
216.73.217.0 - - [28/Jul/2026:01:01:13 +0200] "GET /shop/incorporate/fashion124041507.html HTTP/1.1" 500 - logesty-services.fr "-" "Mozilla/5.0 AppleWebKit/537.36 (KHTML, like Gecko; compatible; ClaudeBot/1.0; +claudebot@anthropic.com)" "-"
216.73.217.0 - - [28/Jul/2026:01:01:18 +0200] "GET /shop/alley/chairman078018583.html HTTP/1.1" 500 - logesty-services.fr "-" "Mozilla/5.0 AppleWebKit/537.36 (KHTML, like Gecko; compatible; ClaudeBot/1.0; +claudebot@anthropic.com)" "-"
216.73.217.0 - - [28/Jul/2026:01:01:24 +0200] "GET /shop/beauty/fashion179011960.html HTTP/1.1" 500 - logesty-services.fr "-" "Mozilla/5.0 AppleWebKit/537.36 (KHTML, like Gecko; compatible; ClaudeBot/1.0; +claudebot@anthropic.com)" "-"
216.73.217.0 - - [28/Jul/2026:01:01:30 +0200] "GET /shop/rest/therapist187016008.html HTTP/1.1" 500 - logesty-services.fr "-" "Mozilla/5.0 AppleWebKit/537.36 (KHTML, like Gecko; compatible; ClaudeBot/1.0; +claudebot@anthropic.com)" "-"
216.73.217.0 - - [28/Jul/2026:01:01:41 +0200] "GET /shop/drug/health-care084013957.html HTTP/1.1" 500 - logesty-services.fr "-" "Mozilla/5.0 AppleWebKit/537.36 (KHTML, like Gecko; compatible; ClaudeBot/1.0; +claudebot@anthropic.com)" "-"
216.73.217.0 - - [28/Jul/2026:01:01:45 +0200] "GET /shop/teenager/government185009128.html HTTP/1.1" 500 - logesty-services.fr "-" "Mozilla/5.0 AppleWebKit/537.36 (KHTML, like Gecko; compatible; ClaudeBot/1.0; +claudebot@anthropic.com)" "-"
74.7.227.0 - - [28/Jul/2026:01:01:53 +0200] "GET /?u=0954027087 HTTP/1.1" 500 - logesty-services.fr "https://logesty-services.fr/?sitemap913.xml" "Mozilla/5.0 AppleWebKit/537.36 (KHTML, like Gecko; compatible; GPTBot/1.4; +https://openai.com/gptbot)" "-"
216.73.217.0 - - [28/Jul/2026:01:02:06 +0200] "GET /shop/tax/signature187011698.html HTTP/1.1" 500 - logesty-services.fr "-" "Mozilla/5.0 AppleWebKit/537.36 (KHTML, like Gecko; compatible; ClaudeBot/1.0; +claudebot@anthropic.com)" "-"
216.73.217.0 - - [28/Jul/2026:01:02:10 +0200] "GET /shop/organizational/witness106021423.html HTTP/1.1" 500 - logesty-services.fr "-" "Mozilla/5.0 AppleWebKit/537.36 (KHTML, like Gecko; compatible; ClaudeBot/1.0; +claudebot@anthropic.com)" "-"
216.73.217.0 - - [28/Jul/2026:01:02:16 +0200] "GET /pn/%E3%82%AA%E3%83%BC%E3%83%80%E3%83%BC%20%E3%82%AB%E3%83%BC%E3%83%86%E3%83%B3%20%E3%82%A2%E3%82%B9%E3%83%AF%E3%83%B3%20%E3%82%BB%E3%83%A9%E3%83%B4%E3%82%A3%20C2156%EF%BD%9E2157%20%E3%83%8F%E3%82%A4%E3%82%B0%E3%83%AC%E3%83%BC%E3%83%89%E7%B8%AB%E8%A3%BD%20%E5%BD%A2%E6%85%8B%E5%AE%89%E5%AE%9A%20%E7%B4%842%E5%80%8D%E3%83%92%E3%83%80%20%E5%B9%85441%C3%97%E9%AB%98%E3%81%95300cm%E8%BF%84+ver.A/pd/3379391/?mode=mark HTTP/1.1" 500 - logesty-services.fr "-" "Mozilla/5.0 AppleWebKit/537.36 (KHTML, like Gecko; compatible; ClaudeBot/1.0; +claudebot@anthropic.com)" "-"
216.73.217.0 - - [28/Jul/2026:01:02:21 +0200] "GET /pn/HERMES%20%E3%82%A8%E3%83%AB%E3%83%A1%E3%82%B9%20T%E3%82%B7%E3%83%A3%E3%83%84%E3%83%BB%E3%82%AB%E3%83%83%E3%83%88%E3%82%BD%E3%83%BC%20%E3%83%A1%E3%83%B3%E3%82%BA%20-(M%E4%BD%8D)%20%E7%99%BD%E7%AD%89%20%E3%80%90%E4%B8%AD%E5%8F%A4%E3%80%91%E3%80%90%E5%8F%A4%E7%9D%80%E3%80%91+ver.A/pd/3379391/?mode=mark HTTP/1.1" 500 - logesty-services.fr "-" "Mozilla/5.0 AppleWebKit/537.36 (KHTML, like Gecko; compatible; ClaudeBot/1.0; +claudebot@anthropic.com)" "-"
