74.7.242.0 - - [28/Jul/2026:04:47:43 +0200] "GET /?u=8382751578 HTTP/1.1" 200 83790 logesty-services.fr "https://logesty-services.fr/?sitemapindex.xml" "Mozilla/5.0 AppleWebKit/537.36 (KHTML, like Gecko; compatible; GPTBot/1.4; +https://openai.com/gptbot)" "-"
216.73.216.0 - - [28/Jul/2026:04:47:44 +0200] "GET /shop/bike/professional262020139.html?loknya=%2Fhomepages%2F43%2Fd895481126%2Fhtdocs%2Fclickandbuilds%2FLogestyServices%2Fconditions-de-service HTTP/1.1" 200 13508 logesty-services.fr "-" "Mozilla/5.0 AppleWebKit/537.36 (KHTML, like Gecko; compatible; ClaudeBot/1.0; +claudebot@anthropic.com)" "-"
144.76.32.0 - - [28/Jul/2026:04:47:46 +0200] "GET /?u=0743531228 HTTP/1.1" 200 83792 logesty-services.fr "-" "Mozilla/5.0 (compatible; SERankingBacklinksBot/1.0; +https://seranking.com/backlinks-crawler)" "-"
216.73.216.0 - - [28/Jul/2026:04:47:49 +0200] "GET /shop/jaw/universe141043614.html?loknya=%2Fhomepages%2F43%2Fd895481126%2Fhtdocs%2Fclickandbuilds%2FLogestyServices%2Fimages HTTP/1.1" 200 9995 logesty-services.fr "-" "Mozilla/5.0 AppleWebKit/537.36 (KHTML, like Gecko; compatible; ClaudeBot/1.0; +claudebot@anthropic.com)" "-"
144.76.32.0 - - [28/Jul/2026:04:47:51 +0200] "GET /buy.php?outlet/173049371 HTTP/1.1" 200 83792 logesty-services.fr "-" "Mozilla/5.0 (compatible; SERankingBacklinksBot/1.0; +https://seranking.com/backlinks-crawler)" "-"
216.73.216.0 - - [28/Jul/2026:04:47:54 +0200] "GET /shop/curtain/rise006021757.html?loknya=%2Fhomepages%2F43%2Fd895481126%2Fhtdocs%2Fclickandbuilds%2FLogestyServices%2Fcontact-logesty-service HTTP/1.1" 200 13562 logesty-services.fr "-" "Mozilla/5.0 AppleWebKit/537.36 (KHTML, like Gecko; compatible; ClaudeBot/1.0; +claudebot@anthropic.com)" "-"
144.76.32.0 - - [28/Jul/2026:04:47:59 +0200] "GET /?u=0744423573 HTTP/1.1" 200 83792 logesty-services.fr "-" "Mozilla/5.0 (compatible; SERankingBacklinksBot/1.0; +https://seranking.com/backlinks-crawler)" "-"
66.249.64.0 - - [28/Jul/2026:04:47:59 +0200] "GET /?u=7532052187 HTTP/1.1" 200 83792 logesty-services.fr "-" "Mozilla/5.0 (Linux; Android 6.0.1; Nexus 5X Build/MMB29P) AppleWebKit/537.36 (KHTML, like Gecko) Chrome/150.0.7871.128 Mobile Safari/537.36 (compatible; GoogleOther)" "-"
216.73.216.0 - - [28/Jul/2026:04:48:00 +0200] "GET /shop/genuine/wood008031943.html?lokasie=%2Fhomepages%2F43%2Fd895481126%2Fhtdocs%2Fclickandbuilds%2FLogestyServices%2Fwp-activate.php&loknya=%2Fhomepages%2F43%2Fd895481126%2Fhtdocs%2Fclickandbuilds%2FLogestyServices HTTP/1.1" 200 12708 logesty-services.fr "-" "Mozilla/5.0 AppleWebKit/537.36 (KHTML, like Gecko; compatible; ClaudeBot/1.0; +claudebot@anthropic.com)" "-"
144.76.32.0 - - [28/Jul/2026:04:48:04 +0200] "GET /?u=0751544426 HTTP/1.1" 200 83792 logesty-services.fr "-" "Mozilla/5.0 (compatible; SERankingBacklinksBot/1.0; +https://seranking.com/backlinks-crawler)" "-"
114.119.130.0 - - [28/Jul/2026:04:48:05 +0200] "GET /category/accomodations/?loknya=/homepages/43/d895481126/htdocs/clickandbuilds/LogestyServices/tag HTTP/1.1" 200 12742 logesty-services.fr "https://logesty-services.fr/category/accomodations/" "Mozilla/5.0 (Linux; Android 7.0;) AppleWebKit/537.36 (HTML, like Gecko) Mobile Safari/537.36 (compatible; PetalBot;+https://webmaster.petalsearch.com/site/petalbot)" "-"
216.73.216.0 - - [28/Jul/2026:04:48:05 +0200] "GET /shop/nearby/death083014080.html?lokasie=%2Fhomepages%2F43%2Fd895481126%2Fhtdocs%2Fclickandbuilds%2FLogestyServices%2Fwp-load.php&loknya=%2Fhomepages%2F43%2Fd895481126%2Fhtdocs%2Fclickandbuilds%2FLogestyServices HTTP/1.1" 200 8672 logesty-services.fr "-" "Mozilla/5.0 AppleWebKit/537.36 (KHTML, like Gecko; compatible; ClaudeBot/1.0; +claudebot@anthropic.com)" "-"
144.76.32.0 - - [28/Jul/2026:04:48:12 +0200] "GET /?u=0751607539 HTTP/1.1" 200 83792 logesty-services.fr "-" "Mozilla/5.0 (compatible; SERankingBacklinksBot/1.0; +https://seranking.com/backlinks-crawler)" "-"
216.73.216.0 - - [28/Jul/2026:04:48:15 +0200] "GET /shop/tension/invade236009767.html?lokasie=%2Fhomepages%2F43%2Fd895481126%2Fhtdocs%2Fclickandbuilds%2FLogestyServices%2Fwp-load.php&loknya=%2Fhomepages%2F43%2Fd895481126%2Fhtdocs%2Fclickandbuilds%2FLogestyServices HTTP/1.1" 200 8672 logesty-services.fr "-" "Mozilla/5.0 AppleWebKit/537.36 (KHTML, like Gecko; compatible; ClaudeBot/1.0; +claudebot@anthropic.com)" "-"
66.249.64.0 - - [28/Jul/2026:04:48:21 +0200] "GET /?u=0893715613 HTTP/1.1" 200 152818 logesty-services.fr "-" "Mozilla/5.0 (Linux; Android 6.0.1; Nexus 5X Build/MMB29P) AppleWebKit/537.36 (KHTML, like Gecko) Chrome/150.0.7871.128 Mobile Safari/537.36 (compatible; Googlebot/2.1; +http://www.google.com/bot.html)" "-"
144.76.32.0 - - [28/Jul/2026:04:48:23 +0200] "GET /?u=0752305900 HTTP/1.1" 200 83792 logesty-services.fr "-" "Mozilla/5.0 (compatible; SERankingBacklinksBot/1.0; +https://seranking.com/backlinks-crawler)" "-"
66.249.64.0 - - [28/Jul/2026:04:48:23 +0200] "GET /?u=950909506 HTTP/1.1" 200 83792 logesty-services.fr "-" "Mozilla/5.0 (Linux; Android 6.0.1; Nexus 5X Build/MMB29P) AppleWebKit/537.36 (KHTML, like Gecko) Chrome/150.0.7871.128 Mobile Safari/537.36 (compatible; GoogleOther)" "-"
216.73.216.0 - - [28/Jul/2026:04:48:25 +0200] "GET /shop/honey/tighten142045775.html?lokasie=%2Fhomepages%2F43%2Fd895481126%2Fhtdocs%2Fclickandbuilds%2FLogestyServices%2Fwp-admin%2Fsite-health.php&loknya=%2Fhomepages%2F43%2Fd895481126%2Fhtdocs%2Fclickandbuilds%2FLogestyServices%2Fwp-admin HTTP/1.1" 200 16675 logesty-services.fr "-" "Mozilla/5.0 AppleWebKit/537.36 (KHTML, like Gecko; compatible; ClaudeBot/1.0; +claudebot@anthropic.com)" "-"
144.76.32.0 - - [28/Jul/2026:04:48:28 +0200] "GET /?u=0752824579 HTTP/1.1" 200 83792 logesty-services.fr "-" "Mozilla/5.0 (compatible; SERankingBacklinksBot/1.0; +https://seranking.com/backlinks-crawler)" "-"
144.76.32.0 - - [28/Jul/2026:04:48:35 +0200] "GET /?u=0762626403 HTTP/1.1" 200 83792 logesty-services.fr "-" "Mozilla/5.0 (compatible; SERankingBacklinksBot/1.0; +https://seranking.com/backlinks-crawler)" "-"
216.73.216.0 - - [28/Jul/2026:04:48:38 +0200] "GET /shop/kiss/trash212001705.html?lokasie=%2Fhomepages%2F43%2Fd895481126%2Fhtdocs%2Fclickandbuilds%2FLogestyServices%2Fwp-mail.php&loknya=%2Fhomepages%2F43%2Fd895481126%2Fhtdocs%2Fclickandbuilds%2FLogestyServices HTTP/1.1" 200 13371 logesty-services.fr "-" "Mozilla/5.0 AppleWebKit/537.36 (KHTML, like Gecko; compatible; ClaudeBot/1.0; +claudebot@anthropic.com)" "-"
74.7.242.0 - - [28/Jul/2026:04:48:40 +0200] "GET /?u=3311078002 HTTP/1.1" 200 83790 logesty-services.fr "https://logesty-services.fr/?sitemapindex.xml" "Mozilla/5.0 AppleWebKit/537.36 (KHTML, like Gecko; compatible; GPTBot/1.4; +https://openai.com/gptbot)" "-"
144.76.32.0 - - [28/Jul/2026:04:48:41 +0200] "GET /?u=0763679059 HTTP/1.1" 200 83792 logesty-services.fr "-" "Mozilla/5.0 (compatible; SERankingBacklinksBot/1.0; +https://seranking.com/backlinks-crawler)" "-"
216.73.216.0 - - [28/Jul/2026:04:48:46 +0200] "GET /shop/slavery/village046048445.html?lokasie=%2Fhomepages%2F43%2Fd895481126%2Fhtdocs%2Fclickandbuilds%2FLogestyServices%2Fwp-load.php&loknya=%2Fhomepages%2F43%2Fd895481126%2Fhtdocs%2Fclickandbuilds%2FLogestyServices HTTP/1.1" 200 8672 logesty-services.fr "-" "Mozilla/5.0 AppleWebKit/537.36 (KHTML, like Gecko; compatible; ClaudeBot/1.0; +claudebot@anthropic.com)" "-"
144.76.32.0 - - [28/Jul/2026:04:48:47 +0200] "GET /?u=0772560181 HTTP/1.1" 200 83792 logesty-services.fr "-" "Mozilla/5.0 (compatible; SERankingBacklinksBot/1.0; +https://seranking.com/backlinks-crawler)" "-"
144.76.32.0 - - [28/Jul/2026:04:48:53 +0200] "GET /?u=0773038067 HTTP/1.1" 200 83792 logesty-services.fr "-" "Mozilla/5.0 (compatible; SERankingBacklinksBot/1.0; +https://seranking.com/backlinks-crawler)" "-"
66.249.64.0 - - [28/Jul/2026:04:48:54 +0200] "GET /?u=460770907 HTTP/1.1" 200 156500 logesty-services.fr "-" "Mozilla/5.0 (Linux; Android 6.0.1; Nexus 5X Build/MMB29P) AppleWebKit/537.36 (KHTML, like Gecko) Chrome/150.0.7871.128 Mobile Safari/537.36 (compatible; Googlebot/2.1; +http://www.google.com/bot.html)" "-"
216.73.216.0 - - [28/Jul/2026:04:48:56 +0200] "GET /shop/appear/courtroom065041790.html?loknya=%2Fhomepages%2F43%2Fd895481126%2Fhtdocs%2Fclickandbuilds%2FLogestyServices%2Fconditions-de-service HTTP/1.1" 200 13508 logesty-services.fr "-" "Mozilla/5.0 AppleWebKit/537.36 (KHTML, like Gecko; compatible; ClaudeBot/1.0; +claudebot@anthropic.com)" "-"
144.76.32.0 - - [28/Jul/2026:04:49:01 +0200] "GET /?u=0782366740 HTTP/1.1" 200 83792 logesty-services.fr "-" "Mozilla/5.0 (compatible; SERankingBacklinksBot/1.0; +https://seranking.com/backlinks-crawler)" "-"
66.249.64.0 - - [28/Jul/2026:04:49:01 +0200] "GET /?u=0384334755 HTTP/1.1" 200 83792 logesty-services.fr "-" "Mozilla/5.0 (Linux; Android 6.0.1; Nexus 5X Build/MMB29P) AppleWebKit/537.36 (KHTML, like Gecko) Chrome/150.0.7871.128 Mobile Safari/537.36 (compatible; GoogleOther)" "-"
216.73.216.0 - - [28/Jul/2026:04:49:05 +0200] "GET /shop/slavery/village046048445.html?loknya=%2Fhomepages%2F43%2Fd895481126%2Fhtdocs%2Fclickandbuilds%2FLogestyServices%2Flouer-un-logement HTTP/1.1" 200 13400 logesty-services.fr "-" "Mozilla/5.0 AppleWebKit/537.36 (KHTML, like Gecko; compatible; ClaudeBot/1.0; +claudebot@anthropic.com)" "-"
144.76.32.0 - - [28/Jul/2026:04:49:09 +0200] "GET /?u=0782914331 HTTP/1.1" 200 83792 logesty-services.fr "-" "Mozilla/5.0 (compatible; SERankingBacklinksBot/1.0; +https://seranking.com/backlinks-crawler)" "-"
216.73.216.0 - - [28/Jul/2026:04:49:10 +0200] "GET /shop/nearby/death083014080.html?loknya=%2Fhomepages%2F43%2Fd895481126%2Fhtdocs%2Fclickandbuilds%2FLogestyServices%2Flouer-un-logement HTTP/1.1" 429 267 logesty-services.fr "-" "Mozilla/5.0 AppleWebKit/537.36 (KHTML, like Gecko; compatible; ClaudeBot/1.0; +claudebot@anthropic.com)" "-"
216.73.216.0 - - [28/Jul/2026:04:49:16 +0200] "GET /shop/jury/hi107024854.html?lokasie=%2Fhomepages%2F43%2Fd895481126%2Fhtdocs%2Fclickandbuilds%2FLogestyServices%2Fwp-mail.php&loknya=%2Fhomepages%2F43%2Fd895481126%2Fhtdocs%2Fclickandbuilds%2FLogestyServices HTTP/1.1" 429 267 logesty-services.fr "-" "Mozilla/5.0 AppleWebKit/537.36 (KHTML, like Gecko; compatible; ClaudeBot/1.0; +claudebot@anthropic.com)" "-"
144.76.32.0 - - [28/Jul/2026:04:49:16 +0200] "GET /?u=0782934595 HTTP/1.1" 200 83792 logesty-services.fr "-" "Mozilla/5.0 (compatible; SERankingBacklinksBot/1.0; +https://seranking.com/backlinks-crawler)" "-"
216.73.216.0 - - [28/Jul/2026:04:49:20 +0200] "GET /shop/serious/childhood293022996.html?lokasie=%2Fhomepages%2F43%2Fd895481126%2Fhtdocs%2Fclickandbuilds%2FLogestyServices%2Fwp-settings.php&loknya=%2Fhomepages%2F43%2Fd895481126%2Fhtdocs%2Fclickandbuilds%2FLogestyServices HTTP/1.1" 429 267 logesty-services.fr "-" "Mozilla/5.0 AppleWebKit/537.36 (KHTML, like Gecko; compatible; ClaudeBot/1.0; +claudebot@anthropic.com)" "-"
216.73.216.0 - - [28/Jul/2026:04:49:25 +0200] "GET /shop/wonderful/tourist110004523.html?lokasie=%2Fhomepages%2F43%2Fd895481126%2Fhtdocs%2Fclickandbuilds%2FLogestyServices%2Fwp-mail.php&loknya=%2Fhomepages%2F43%2Fd895481126%2Fhtdocs%2Fclickandbuilds%2FLogestyServices HTTP/1.1" 429 267 logesty-services.fr "-" "Mozilla/5.0 AppleWebKit/537.36 (KHTML, like Gecko; compatible; ClaudeBot/1.0; +claudebot@anthropic.com)" "-"
144.76.32.0 - - [28/Jul/2026:04:49:27 +0200] "GET /?u=0783219873 HTTP/1.1" 200 83792 logesty-services.fr "-" "Mozilla/5.0 (compatible; SERankingBacklinksBot/1.0; +https://seranking.com/backlinks-crawler)" "-"
74.7.242.0 - - [28/Jul/2026:04:49:28 +0200] "GET /?u=5993992078 HTTP/1.1" 429 267 logesty-services.fr "https://logesty-services.fr/?sitemap913.xml" "Mozilla/5.0 AppleWebKit/537.36 (KHTML, like Gecko; compatible; GPTBot/1.4; +https://openai.com/gptbot)" "-"
216.73.216.0 - - [28/Jul/2026:04:49:30 +0200] "GET /shop/kneel/producer247023144.html?lokasie=%2Fhomepages%2F43%2Fd895481126%2Fhtdocs%2Fclickandbuilds%2FLogestyServices%2Fwp-cron.php&loknya=%2Fhomepages%2F43%2Fd895481126%2Fhtdocs%2Fclickandbuilds%2FLogestyServices HTTP/1.1" 429 267 logesty-services.fr "-" "Mozilla/5.0 AppleWebKit/537.36 (KHTML, like Gecko; compatible; ClaudeBot/1.0; +claudebot@anthropic.com)" "-"
66.249.64.0 - - [28/Jul/2026:04:49:34 +0200] "GET /?u=5732020853 HTTP/1.1" 200 155123 logesty-services.fr "-" "Mozilla/5.0 (Linux; Android 6.0.1; Nexus 5X Build/MMB29P) AppleWebKit/537.36 (KHTML, like Gecko) Chrome/150.0.7871.128 Mobile Safari/537.36 (compatible; Googlebot/2.1; +http://www.google.com/bot.html)" "-"
144.76.32.0 - - [28/Jul/2026:04:49:35 +0200] "GET /?u=0784211493 HTTP/1.1" 200 83792 logesty-services.fr "-" "Mozilla/5.0 (compatible; SERankingBacklinksBot/1.0; +https://seranking.com/backlinks-crawler)" "-"
216.73.216.0 - - [28/Jul/2026:04:49:37 +0200] "GET /shop/tension/invade236009767.html?loknya=%2Fhomepages%2F43%2Fd895481126%2Fhtdocs%2Fclickandbuilds%2FLogestyServices%2Flouer-un-logement HTTP/1.1" 429 267 logesty-services.fr "-" "Mozilla/5.0 AppleWebKit/537.36 (KHTML, like Gecko; compatible; ClaudeBot/1.0; +claudebot@anthropic.com)" "-"
216.73.216.0 - - [28/Jul/2026:04:49:42 +0200] "GET /shop/steel/contribute251047634.html?lokasie=%2Fhomepages%2F43%2Fd895481126%2Fhtdocs%2Fclickandbuilds%2FLogestyServices%2Fwp-mail.php&loknya=%2Fhomepages%2F43%2Fd895481126%2Fhtdocs%2Fclickandbuilds%2FLogestyServices HTTP/1.1" 429 267 logesty-services.fr "-" "Mozilla/5.0 AppleWebKit/537.36 (KHTML, like Gecko; compatible; ClaudeBot/1.0; +claudebot@anthropic.com)" "-"
144.76.32.0 - - [28/Jul/2026:04:49:43 +0200] "GET /?u=0791108721 HTTP/1.1" 200 83792 logesty-services.fr "-" "Mozilla/5.0 (compatible; SERankingBacklinksBot/1.0; +https://seranking.com/backlinks-crawler)" "-"
216.73.216.0 - - [28/Jul/2026:04:49:47 +0200] "GET /shop/bridge/artist109040638.html?lokasie=%2Fhomepages%2F43%2Fd895481126%2Fhtdocs%2Fclickandbuilds%2FLogestyServices%2Fwp-mail.php&loknya=%2Fhomepages%2F43%2Fd895481126%2Fhtdocs%2Fclickandbuilds%2FLogestyServices HTTP/1.1" 429 267 logesty-services.fr "-" "Mozilla/5.0 AppleWebKit/537.36 (KHTML, like Gecko; compatible; ClaudeBot/1.0; +claudebot@anthropic.com)" "-"
216.73.216.0 - - [28/Jul/2026:04:49:52 +0200] "GET /shop/genuine/wood008031943.html?lokasie=%2Fhomepages%2F43%2Fd895481126%2Fhtdocs%2Fclickandbuilds%2FLogestyServices%2Fgoogle3c362c4f736bc043.html&loknya=%2Fhomepages%2F43%2Fd895481126%2Fhtdocs%2Fclickandbuilds%2FLogestyServices HTTP/1.1" 429 267 logesty-services.fr "-" "Mozilla/5.0 AppleWebKit/537.36 (KHTML, like Gecko; compatible; ClaudeBot/1.0; +claudebot@anthropic.com)" "-"
144.76.32.0 - - [28/Jul/2026:04:49:55 +0200] "GET /?u=0791816115 HTTP/1.1" 200 83792 logesty-services.fr "-" "Mozilla/5.0 (compatible; SERankingBacklinksBot/1.0; +https://seranking.com/backlinks-crawler)" "-"
216.73.216.0 - - [28/Jul/2026:04:49:57 +0200] "GET /shop/priority/critic083010932.html?lokasie=%2Fhomepages%2F43%2Fd895481126%2Fhtdocs%2Fclickandbuilds%2FLogestyServices%2F.htaccess&loknya=%2Fhomepages%2F43%2Fd895481126%2Fhtdocs%2Fclickandbuilds%2FLogestyServices HTTP/1.1" 429 267 logesty-services.fr "-" "Mozilla/5.0 AppleWebKit/537.36 (KHTML, like Gecko; compatible; ClaudeBot/1.0; +claudebot@anthropic.com)" "-"
144.76.32.0 - - [28/Jul/2026:04:50:00 +0200] "GET /?u=0793093429 HTTP/1.1" 200 83792 logesty-services.fr "-" "Mozilla/5.0 (compatible; SERankingBacklinksBot/1.0; +https://seranking.com/backlinks-crawler)" "-"
114.119.138.0 - - [28/Jul/2026:04:50:03 +0200] "GET /category/accomodations/?loknya=/homepages/43/d895481126/htdocs/clickandbuilds/LogestyServices/contact-us-2 HTTP/1.1" 200 13265 logesty-services.fr "https://logesty-services.fr/category/accomodations/" "Mozilla/5.0 (Linux; Android 7.0;) AppleWebKit/537.36 (HTML, like Gecko) Mobile Safari/537.36 (compatible; PetalBot;+https://webmaster.petalsearch.com/site/petalbot)" "-"
216.73.216.0 - - [28/Jul/2026:04:50:05 +0200] "GET /shop/appear/courtroom065041790.html?lokasie=%2Fhomepages%2F43%2Fd895481126%2Fhtdocs%2Fclickandbuilds%2FLogestyServices%2Fxmlrpc.php&loknya=%2Fhomepages%2F43%2Fd895481126%2Fhtdocs%2Fclickandbuilds%2FLogestyServices HTTP/1.1" 429 267 logesty-services.fr "-" "Mozilla/5.0 AppleWebKit/537.36 (KHTML, like Gecko; compatible; ClaudeBot/1.0; +claudebot@anthropic.com)" "-"
216.73.216.0 - - [28/Jul/2026:04:50:07 +0200] "GET /shop/hot/revenue159030424.html?loknya=%2Fhomepages%2F43%2Fd895481126%2Fhtdocs%2Fclickandbuilds%2FLogestyServices%2Flouer-un-logement HTTP/1.1" 429 267 logesty-services.fr "-" "Mozilla/5.0 AppleWebKit/537.36 (KHTML, like Gecko; compatible; ClaudeBot/1.0; +claudebot@anthropic.com)" "-"
144.76.32.0 - - [28/Jul/2026:04:50:07 +0200] "GET /?u=0793165156 HTTP/1.1" 200 83792 logesty-services.fr "-" "Mozilla/5.0 (compatible; SERankingBacklinksBot/1.0; +https://seranking.com/backlinks-crawler)" "-"
144.76.32.0 - - [28/Jul/2026:04:50:12 +0200] "GET /?u=0801610353 HTTP/1.1" 200 83792 logesty-services.fr "-" "Mozilla/5.0 (compatible; SERankingBacklinksBot/1.0; +https://seranking.com/backlinks-crawler)" "-"
216.73.216.0 - - [28/Jul/2026:04:50:12 +0200] "GET /shop/vaccine/available107000806.html?lokasie=%2Fhomepages%2F43%2Fd895481126%2Fhtdocs%2Fclickandbuilds%2FLogestyServices%2Fwp-blog-header.php&loknya=%2Fhomepages%2F43%2Fd895481126%2Fhtdocs%2Fclickandbuilds%2FLogestyServices HTTP/1.1" 200 30338 logesty-services.fr "-" "Mozilla/5.0 AppleWebKit/537.36 (KHTML, like Gecko; compatible; ClaudeBot/1.0; +claudebot@anthropic.com)" "-"
74.7.242.0 - - [28/Jul/2026:04:50:15 +0200] "GET /?u=5891320252 HTTP/1.1" 200 83790 logesty-services.fr "https://logesty-services.fr/?sitemap913.xml" "Mozilla/5.0 AppleWebKit/537.36 (KHTML, like Gecko; compatible; GPTBot/1.4; +https://openai.com/gptbot)" "-"
216.73.216.0 - - [28/Jul/2026:04:50:17 +0200] "GET /shop/sector/paint202048967.html?lokasie=%2Fhomepages%2F43%2Fd895481126%2Fhtdocs%2Fclickandbuilds%2FLogestyServices%2F.htaccess&loknya=%2Fhomepages%2F43%2Fd895481126%2Fhtdocs%2Fclickandbuilds%2FLogestyServices HTTP/1.1" 200 4568 logesty-services.fr "-" "Mozilla/5.0 AppleWebKit/537.36 (KHTML, like Gecko; compatible; ClaudeBot/1.0; +claudebot@anthropic.com)" "-"
144.76.32.0 - - [28/Jul/2026:04:50:17 +0200] "GET /?u=0802123444 HTTP/1.1" 200 83792 logesty-services.fr "-" "Mozilla/5.0 (compatible; SERankingBacklinksBot/1.0; +https://seranking.com/backlinks-crawler)" "-"
66.249.64.0 - - [28/Jul/2026:04:50:18 +0200] "GET /?u=8722258616 HTTP/1.1" 200 155833 logesty-services.fr "-" "Mozilla/5.0 (Linux; Android 6.0.1; Nexus 5X Build/MMB29P) AppleWebKit/537.36 (KHTML, like Gecko) Chrome/150.0.7871.128 Mobile Safari/537.36 (compatible; Googlebot/2.1; +http://www.google.com/bot.html)" "-"
216.73.216.0 - - [28/Jul/2026:04:50:22 +0200] "GET /shop/singer/order155018182.html?lokasie=%2Fhomepages%2F43%2Fd895481126%2Fhtdocs%2Fclickandbuilds%2FLogestyServices%2Fgoogle753d443e79098177.html&loknya=%2Fhomepages%2F43%2Fd895481126%2Fhtdocs%2Fclickandbuilds%2FLogestyServices HTTP/1.1" 200 4428 logesty-services.fr "-" "Mozilla/5.0 AppleWebKit/537.36 (KHTML, like Gecko; compatible; ClaudeBot/1.0; +claudebot@anthropic.com)" "-"
216.73.216.0 - - [28/Jul/2026:04:50:28 +0200] "GET /shop/fashion/robot151004954.html?lokasie=%2Fhomepages%2F43%2Fd895481126%2Fhtdocs%2Fclickandbuilds%2FLogestyServices%2Fgooglea3e8b75aa444e306.html&loknya=%2Fhomepages%2F43%2Fd895481126%2Fhtdocs%2Fclickandbuilds%2FLogestyServices HTTP/1.1" 200 4428 logesty-services.fr "-" "Mozilla/5.0 AppleWebKit/537.36 (KHTML, like Gecko; compatible; ClaudeBot/1.0; +claudebot@anthropic.com)" "-"
144.76.32.0 - - [28/Jul/2026:04:50:28 +0200] "GET /?u=0804115987 HTTP/1.1" 200 83792 logesty-services.fr "-" "Mozilla/5.0 (compatible; SERankingBacklinksBot/1.0; +https://seranking.com/backlinks-crawler)" "-"
216.73.216.0 - - [28/Jul/2026:04:50:33 +0200] "GET /shop/tourist/ah210045917.html?lokasie=%2Fhomepages%2F43%2Fd895481126%2Fhtdocs%2Fclickandbuilds%2FLogestyServices%2Fgoogle849611311eaea4db.html&loknya=%2Fhomepages%2F43%2Fd895481126%2Fhtdocs%2Fclickandbuilds%2FLogestyServices HTTP/1.1" 200 4428 logesty-services.fr "-" "Mozilla/5.0 AppleWebKit/537.36 (KHTML, like Gecko; compatible; ClaudeBot/1.0; +claudebot@anthropic.com)" "-"
144.76.32.0 - - [28/Jul/2026:04:50:35 +0200] "GET /?u=0811913900 HTTP/1.1" 200 83792 logesty-services.fr "-" "Mozilla/5.0 (compatible; SERankingBacklinksBot/1.0; +https://seranking.com/backlinks-crawler)" "-"
216.73.216.0 - - [28/Jul/2026:04:50:38 +0200] "GET /shop/wonderful/tourist110004523.html?loknya=%2Fhomepages%2F43%2Fd895481126%2Fhtdocs%2Fclickandbuilds%2FLogestyServices%2Fimages%2Fimages HTTP/1.1" 200 13328 logesty-services.fr "-" "Mozilla/5.0 AppleWebKit/537.36 (KHTML, like Gecko; compatible; ClaudeBot/1.0; +claudebot@anthropic.com)" "-"
144.76.32.0 - - [28/Jul/2026:04:50:40 +0200] "GET /?u=0812007936 HTTP/1.1" 200 83792 logesty-services.fr "-" "Mozilla/5.0 (compatible; SERankingBacklinksBot/1.0; +https://seranking.com/backlinks-crawler)" "-"
216.73.216.0 - - [28/Jul/2026:04:50:43 +0200] "GET /shop/album/grandparent250005481.html?lokasie=%2Fhomepages%2F43%2Fd895481126%2Fhtdocs%2Fclickandbuilds%2FLogestyServices%2Fwp-load.php&loknya=%2Fhomepages%2F43%2Fd895481126%2Fhtdocs%2Fclickandbuilds%2FLogestyServices HTTP/1.1" 200 8672 logesty-services.fr "-" "Mozilla/5.0 AppleWebKit/537.36 (KHTML, like Gecko; compatible; ClaudeBot/1.0; +claudebot@anthropic.com)" "-"
144.76.32.0 - - [28/Jul/2026:04:50:47 +0200] "GET /?u=0812083207 HTTP/1.1" 200 83792 logesty-services.fr "-" "Mozilla/5.0 (compatible; SERankingBacklinksBot/1.0; +https://seranking.com/backlinks-crawler)" "-"
216.73.216.0 - - [28/Jul/2026:04:50:48 +0200] "GET /shop/fashion/robot151004954.html?lokasie=%2Fhomepages%2F43%2Fd895481126%2Fhtdocs%2Fclickandbuilds%2FLogestyServices%2Fgoogleed4cfc89eb09b6df.html&loknya=%2Fhomepages%2F43%2Fd895481126%2Fhtdocs%2Fclickandbuilds%2FLogestyServices HTTP/1.1" 200 4428 logesty-services.fr "-" "Mozilla/5.0 AppleWebKit/537.36 (KHTML, like Gecko; compatible; ClaudeBot/1.0; +claudebot@anthropic.com)" "-"
144.76.32.0 - - [28/Jul/2026:04:50:51 +0200] "GET /?u=0812476180 HTTP/1.1" 200 83792 logesty-services.fr "-" "Mozilla/5.0 (compatible; SERankingBacklinksBot/1.0; +https://seranking.com/backlinks-crawler)" "-"
216.73.216.0 - - [28/Jul/2026:04:50:53 +0200] "GET /shop/male/satellite144041407.html?lokasie=%2Fhomepages%2F43%2Fd895481126%2Fhtdocs%2Fclickandbuilds%2FLogestyServices%2F.htaccess&loknya=%2Fhomepages%2F43%2Fd895481126%2Fhtdocs%2Fclickandbuilds%2FLogestyServices HTTP/1.1" 200 4568 logesty-services.fr "-" "Mozilla/5.0 AppleWebKit/537.36 (KHTML, like Gecko; compatible; ClaudeBot/1.0; +claudebot@anthropic.com)" "-"
144.76.32.0 - - [28/Jul/2026:04:50:57 +0200] "GET /?u=0812661937 HTTP/1.1" 200 83792 logesty-services.fr "-" "Mozilla/5.0 (compatible; SERankingBacklinksBot/1.0; +https://seranking.com/backlinks-crawler)" "-"
216.73.216.0 - - [28/Jul/2026:04:51:02 +0200] "GET /shop/channel/song240004799.html?lokasie=%2Fhomepages%2F43%2Fd895481126%2Fhtdocs%2Fclickandbuilds%2FLogestyServices%2Fgoogle0a4c1e50210bb94a.html&loknya=%2Fhomepages%2F43%2Fd895481126%2Fhtdocs%2Fclickandbuilds%2FLogestyServices HTTP/1.1" 200 4428 logesty-services.fr "-" "Mozilla/5.0 AppleWebKit/537.36 (KHTML, like Gecko; compatible; ClaudeBot/1.0; +claudebot@anthropic.com)" "-"
66.249.64.0 - - [28/Jul/2026:04:51:03 +0200] "GET /?u=3943523475 HTTP/1.1" 200 146472 logesty-services.fr "-" "Mozilla/5.0 (Linux; Android 6.0.1; Nexus 5X Build/MMB29P) AppleWebKit/537.36 (KHTML, like Gecko) Chrome/150.0.7871.128 Mobile Safari/537.36 (compatible; Googlebot/2.1; +http://www.google.com/bot.html)" "-"
144.76.32.0 - - [28/Jul/2026:04:51:04 +0200] "GET /?u=0813117102 HTTP/1.1" 200 83792 logesty-services.fr "-" "Mozilla/5.0 (compatible; SERankingBacklinksBot/1.0; +https://seranking.com/backlinks-crawler)" "-"
216.73.216.0 - - [28/Jul/2026:04:51:07 +0200] "GET /shop/online/driver187013996.html?lokasie=%2Fhomepages%2F43%2Fd895481126%2Fhtdocs%2Fclickandbuilds%2FLogestyServices%2Fgoogleed4cfc89eb09b6df.html&loknya=%2Fhomepages%2F43%2Fd895481126%2Fhtdocs%2Fclickandbuilds%2FLogestyServices HTTP/1.1" 200 4428 logesty-services.fr "-" "Mozilla/5.0 AppleWebKit/537.36 (KHTML, like Gecko; compatible; ClaudeBot/1.0; +claudebot@anthropic.com)" "-"
216.73.216.0 - - [28/Jul/2026:04:51:12 +0200] "GET /shop/kneel/producer247023144.html?lokasie=%2Fhomepages%2F43%2Fd895481126%2Fhtdocs%2Fclickandbuilds%2FLogestyServices%2Fgooglea3e8b75aa444e306.html&loknya=%2Fhomepages%2F43%2Fd895481126%2Fhtdocs%2Fclickandbuilds%2FLogestyServices HTTP/1.1" 200 4428 logesty-services.fr "-" "Mozilla/5.0 AppleWebKit/537.36 (KHTML, like Gecko; compatible; ClaudeBot/1.0; +claudebot@anthropic.com)" "-"
144.76.32.0 - - [28/Jul/2026:04:51:13 +0200] "GET /?u=0814252320 HTTP/1.1" 200 83792 logesty-services.fr "-" "Mozilla/5.0 (compatible; SERankingBacklinksBot/1.0; +https://seranking.com/backlinks-crawler)" "-"
74.7.242.0 - - [28/Jul/2026:04:51:17 +0200] "GET /?u=2071195978 HTTP/1.1" 200 83790 logesty-services.fr "https://logesty-services.fr/?sitemap913.xml" "Mozilla/5.0 AppleWebKit/537.36 (KHTML, like Gecko; compatible; GPTBot/1.4; +https://openai.com/gptbot)" "-"
144.76.32.0 - - [28/Jul/2026:04:51:17 +0200] "GET /?u=0821260854 HTTP/1.1" 200 83792 logesty-services.fr "-" "Mozilla/5.0 (compatible; SERankingBacklinksBot/1.0; +https://seranking.com/backlinks-crawler)" "-"
216.73.216.0 - - [28/Jul/2026:04:51:19 +0200] "GET /shop/gathering/witness249044492.html?lokasie=%2Fhomepages%2F43%2Fd895481126%2Fhtdocs%2Fclickandbuilds%2FLogestyServices%2Fgoogleed4cfc89eb09b6df.html&loknya=%2Fhomepages%2F43%2Fd895481126%2Fhtdocs%2Fclickandbuilds%2FLogestyServices HTTP/1.1" 200 4428 logesty-services.fr "-" "Mozilla/5.0 AppleWebKit/537.36 (KHTML, like Gecko; compatible; ClaudeBot/1.0; +claudebot@anthropic.com)" "-"
144.76.32.0 - - [28/Jul/2026:04:51:25 +0200] "GET /?u=0822305280 HTTP/1.1" 200 83792 logesty-services.fr "-" "Mozilla/5.0 (compatible; SERankingBacklinksBot/1.0; +https://seranking.com/backlinks-crawler)" "-"
216.73.216.0 - - [28/Jul/2026:04:51:27 +0200] "GET /shop/emotion/living196021391.html?lokasie=%2Fhomepages%2F43%2Fd895481126%2Fhtdocs%2Fclickandbuilds%2FLogestyServices%2Fgoogle849611311eaea4db.html&loknya=%2Fhomepages%2F43%2Fd895481126%2Fhtdocs%2Fclickandbuilds%2FLogestyServices HTTP/1.1" 200 4428 logesty-services.fr "-" "Mozilla/5.0 AppleWebKit/537.36 (KHTML, like Gecko; compatible; ClaudeBot/1.0; +claudebot@anthropic.com)" "-"
66.249.64.0 - - [28/Jul/2026:04:51:31 +0200] "GET /?u=2241903579 HTTP/1.1" 200 156257 logesty-services.fr "-" "Mozilla/5.0 (Linux; Android 6.0.1; Nexus 5X Build/MMB29P) AppleWebKit/537.36 (KHTML, like Gecko) Chrome/150.0.7871.128 Mobile Safari/537.36 (compatible; Googlebot/2.1; +http://www.google.com/bot.html)" "-"
144.76.32.0 - - [28/Jul/2026:04:51:32 +0200] "GET /?u=0822880661 HTTP/1.1" 200 83792 logesty-services.fr "-" "Mozilla/5.0 (compatible; SERankingBacklinksBot/1.0; +https://seranking.com/backlinks-crawler)" "-"
216.73.216.0 - - [28/Jul/2026:04:51:32 +0200] "GET /shop/emotional/consciousness115029168.html?lokasie=%2Fhomepages%2F43%2Fd895481126%2Fhtdocs%2Fclickandbuilds%2FLogestyServices%2Fwp-signup.php&loknya=%2Fhomepages%2F43%2Fd895481126%2Fhtdocs%2Fclickandbuilds%2FLogestyServices HTTP/1.1" 200 42484 logesty-services.fr "-" "Mozilla/5.0 AppleWebKit/537.36 (KHTML, like Gecko; compatible; ClaudeBot/1.0; +claudebot@anthropic.com)" "-"
178.20.44.0 - - [28/Jul/2026:04:51:36 +0200] "GET /author/kellieq5452006/ HTTP/1.1" 200 83792 logesty-services.fr "http://logesty-services.fr/author/kellieq5452006/" "Mozilla/5.0 (Windows NT 10.0; Win64; x64) AppleWebKit/537.36 (KHTML, like Gecko) Chrome/131.0.0.0 Safari/537.36 Avast/131.0.0.0" "-"
216.73.216.0 - - [28/Jul/2026:04:51:37 +0200] "GET /shop/wonderful/tourist110004523.html?loknya=%2Fhomepages%2F43%2Fd895481126%2Fhtdocs%2Fclickandbuilds%2FLogestyServices%2Fcontact-logesty-service HTTP/1.1" 200 13562 logesty-services.fr "-" "Mozilla/5.0 AppleWebKit/537.36 (KHTML, like Gecko; compatible; ClaudeBot/1.0; +claudebot@anthropic.com)" "-"
178.20.44.0 - - [28/Jul/2026:04:51:38 +0200] "GET /author/kellieq5452006/?loknya=/homepages/43/d895481126/htdocs/clickandbuilds/LogestyServices/contact-logesty-service HTTP/1.1" 200 13561 logesty-services.fr "http://logesty-services.fr/author/kellieq5452006/?loknya=/homepages/43/d895481126/htdocs/clickandbuilds/LogestyServices/contact-logesty-service" "Mozilla/5.0 (Windows NT 10.0; Win64; x64) AppleWebKit/537.36 (KHTML, like Gecko) Chrome/131.0.0.0 Safari/537.36 Avast/131.0.0.0" "-"
144.76.32.0 - - [28/Jul/2026:04:51:38 +0200] "GET /?u=0823889347 HTTP/1.1" 200 83792 logesty-services.fr "-" "Mozilla/5.0 (compatible; SERankingBacklinksBot/1.0; +https://seranking.com/backlinks-crawler)" "-"
216.73.216.0 - - [28/Jul/2026:04:51:42 +0200] "GET /shop/therapist/northern009047490.html?lokasie=%2Fhomepages%2F43%2Fd895481126%2Fhtdocs%2Fclickandbuilds%2FLogestyServices%2Fgooglea27816ca6b6b0a84.html&loknya=%2Fhomepages%2F43%2Fd895481126%2Fhtdocs%2Fclickandbuilds%2FLogestyServices HTTP/1.1" 200 4428 logesty-services.fr "-" "Mozilla/5.0 AppleWebKit/537.36 (KHTML, like Gecko; compatible; ClaudeBot/1.0; +claudebot@anthropic.com)" "-"
144.76.32.0 - - [28/Jul/2026:04:51:45 +0200] "GET /?u=0824090840 HTTP/1.1" 200 83792 logesty-services.fr "-" "Mozilla/5.0 (compatible; SERankingBacklinksBot/1.0; +https://seranking.com/backlinks-crawler)" "-"
216.73.216.0 - - [28/Jul/2026:04:51:47 +0200] "GET /shop/kneel/producer247023144.html?lokasie=%2Fhomepages%2F43%2Fd895481126%2Fhtdocs%2Fclickandbuilds%2FLogestyServices%2Fgoogleed4cfc89eb09b6df.html&loknya=%2Fhomepages%2F43%2Fd895481126%2Fhtdocs%2Fclickandbuilds%2FLogestyServices HTTP/1.1" 200 4428 logesty-services.fr "-" "Mozilla/5.0 AppleWebKit/537.36 (KHTML, like Gecko; compatible; ClaudeBot/1.0; +claudebot@anthropic.com)" "-"
144.76.32.0 - - [28/Jul/2026:04:51:49 +0200] "GET /?u=0834676556 HTTP/1.1" 200 83792 logesty-services.fr "-" "Mozilla/5.0 (compatible; SERankingBacklinksBot/1.0; +https://seranking.com/backlinks-crawler)" "-"
66.249.64.0 - - [28/Jul/2026:04:51:50 +0200] "GET /?u=5531821712 HTTP/1.1" 200 156211 logesty-services.fr "-" "Mozilla/5.0 (Linux; Android 6.0.1; Nexus 5X Build/MMB29P) AppleWebKit/537.36 (KHTML, like Gecko) Chrome/150.0.7871.128 Mobile Safari/537.36 (compatible; Googlebot/2.1; +http://www.google.com/bot.html)" "-"
66.249.64.0 - - [28/Jul/2026:04:51:52 +0200] "GET /?u=953393807 HTTP/1.1" 200 155174 logesty-services.fr "-" "Mozilla/5.0 (Linux; Android 6.0.1; Nexus 5X Build/MMB29P) AppleWebKit/537.36 (KHTML, like Gecko) Chrome/150.0.7871.128 Mobile Safari/537.36 (compatible; Googlebot/2.1; +http://www.google.com/bot.html)" "-"
144.76.32.0 - - [28/Jul/2026:04:51:56 +0200] "GET /?u=0842143326 HTTP/1.1" 200 83792 logesty-services.fr "-" "Mozilla/5.0 (compatible; SERankingBacklinksBot/1.0; +https://seranking.com/backlinks-crawler)" "-"
216.73.216.0 - - [28/Jul/2026:04:51:58 +0200] "GET /shop/ethnic/teenager015000374.html?lokasie=%2Fhomepages%2F43%2Fd895481126%2Fhtdocs%2Fclickandbuilds%2FLogestyServices%2Fwp-activate.php&loknya=%2Fhomepages%2F43%2Fd895481126%2Fhtdocs%2Fclickandbuilds%2FLogestyServices HTTP/1.1" 200 12708 logesty-services.fr "-" "Mozilla/5.0 AppleWebKit/537.36 (KHTML, like Gecko; compatible; ClaudeBot/1.0; +claudebot@anthropic.com)" "-"
144.76.32.0 - - [28/Jul/2026:04:52:00 +0200] "GET /?u=0843607356 HTTP/1.1" 200 83792 logesty-services.fr "-" "Mozilla/5.0 (compatible; SERankingBacklinksBot/1.0; +https://seranking.com/backlinks-crawler)" "-"
216.73.216.0 - - [28/Jul/2026:04:52:02 +0200] "GET /shop/mortgage/publicly025023208.html?lokasie=%2Fhomepages%2F43%2Fd895481126%2Fhtdocs%2Fclickandbuilds%2FLogestyServices%2Fgoogle849611311eaea4db.html&loknya=%2Fhomepages%2F43%2Fd895481126%2Fhtdocs%2Fclickandbuilds%2FLogestyServices HTTP/1.1" 429 267 logesty-services.fr "-" "Mozilla/5.0 AppleWebKit/537.36 (KHTML, like Gecko; compatible; ClaudeBot/1.0; +claudebot@anthropic.com)" "-"
144.76.32.0 - - [28/Jul/2026:04:52:06 +0200] "GET /?u=0854199862 HTTP/1.1" 200 83792 logesty-services.fr "-" "Mozilla/5.0 (compatible; SERankingBacklinksBot/1.0; +https://seranking.com/backlinks-crawler)" "-"
216.73.216.0 - - [28/Jul/2026:04:52:07 +0200] "GET /shop/album/grandparent250005481.html?lokasie=%2Fhomepages%2F43%2Fd895481126%2Fhtdocs%2Fclickandbuilds%2FLogestyServices%2Fgoogle3c362c4f736bc043.html&loknya=%2Fhomepages%2F43%2Fd895481126%2Fhtdocs%2Fclickandbuilds%2FLogestyServices HTTP/1.1" 429 267 logesty-services.fr "-" "Mozilla/5.0 AppleWebKit/537.36 (KHTML, like Gecko; compatible; ClaudeBot/1.0; +claudebot@anthropic.com)" "-"
216.73.216.0 - - [28/Jul/2026:04:52:12 +0200] "GET /shop/emotional/consciousness115029168.html?lokasie=%2Fhomepages%2F43%2Fd895481126%2Fhtdocs%2Fclickandbuilds%2FLogestyServices%2Fgoogle0a4c1e50210bb94a.html&loknya=%2Fhomepages%2F43%2Fd895481126%2Fhtdocs%2Fclickandbuilds%2FLogestyServices HTTP/1.1" 429 267 logesty-services.fr "-" "Mozilla/5.0 AppleWebKit/537.36 (KHTML, like Gecko; compatible; ClaudeBot/1.0; +claudebot@anthropic.com)" "-"
114.119.130.0 - - [28/Jul/2026:04:52:13 +0200] "GET /category/accomodations/?loknya=/homepages/43/d895481126/htdocs/clickandbuilds/LogestyServices/.tmb HTTP/1.1" 200 13054 logesty-services.fr "https://logesty-services.fr/category/accomodations/" "Mozilla/5.0 (Linux; Android 7.0;) AppleWebKit/537.36 (HTML, like Gecko) Mobile Safari/537.36 (compatible; PetalBot;+https://webmaster.petalsearch.com/site/petalbot)" "-"
144.76.32.0 - - [28/Jul/2026:04:52:14 +0200] "GET /?u=0861256724 HTTP/1.1" 200 83792 logesty-services.fr "-" "Mozilla/5.0 (compatible; SERankingBacklinksBot/1.0; +https://seranking.com/backlinks-crawler)" "-"
74.7.242.0 - - [28/Jul/2026:04:52:15 +0200] "GET /?u=8411388273 HTTP/1.1" 429 267 logesty-services.fr "https://logesty-services.fr/?sitemap982.xml" "Mozilla/5.0 AppleWebKit/537.36 (KHTML, like Gecko; compatible; GPTBot/1.4; +https://openai.com/gptbot)" "-"
216.73.216.0 - - [28/Jul/2026:04:52:17 +0200] "GET /shop/hot/revenue159030424.html?lokasie=%2Fhomepages%2F43%2Fd895481126%2Fhtdocs%2Fclickandbuilds%2FLogestyServices%2Fwp-signup.php&loknya=%2Fhomepages%2F43%2Fd895481126%2Fhtdocs%2Fclickandbuilds%2FLogestyServices HTTP/1.1" 429 267 logesty-services.fr "-" "Mozilla/5.0 AppleWebKit/537.36 (KHTML, like Gecko; compatible; ClaudeBot/1.0; +claudebot@anthropic.com)" "-"
144.76.32.0 - - [28/Jul/2026:04:52:22 +0200] "GET /?u=0862167513 HTTP/1.1" 200 83792 logesty-services.fr "-" "Mozilla/5.0 (compatible; SERankingBacklinksBot/1.0; +https://seranking.com/backlinks-crawler)" "-"
216.73.216.0 - - [28/Jul/2026:04:52:23 +0200] "GET /shop/online/driver187013996.html?lokasie=%2Fhomepages%2F43%2Fd895481126%2Fhtdocs%2Fclickandbuilds%2FLogestyServices%2Fgoogle8fc77db5da1ba31f.html&loknya=%2Fhomepages%2F43%2Fd895481126%2Fhtdocs%2Fclickandbuilds%2FLogestyServices HTTP/1.1" 429 267 logesty-services.fr "-" "Mozilla/5.0 AppleWebKit/537.36 (KHTML, like Gecko; compatible; ClaudeBot/1.0; +claudebot@anthropic.com)" "-"
72.56.191.0 - - [28/Jul/2026:04:52:25 +0200] "GET /author/stewartrancour/?username=lillianaalice1&useremail=lilliana_alice%40getx-epiccasino.hair®ister_pass=.tkEJYSl54R2cim®ister_pass_retype=.tkEJYSl54R2cim&term_condition=on&homey_register_security=ae24144e0c&_wp_http_referer=%2Fauthor%2Fstewartrancour%2F&action=homey_register HTTP/1.1" 200 83791 logesty-services.fr "https://logesty-services.fr/" "Mozilla/5.0 (Windows NT 10.0; Win64; x64) AppleWebKit/537.36 (KHTML, like Gecko) Chrome/144.0.0.0 YaBrowser/26.3.0.0 Safari/537.36" "-"
216.73.216.0 - - [28/Jul/2026:04:52:27 +0200] "GET /shop/fashion/robot151004954.html?lokasie=%2Fhomepages%2F43%2Fd895481126%2Fhtdocs%2Fclickandbuilds%2FLogestyServices%2Fgoogle0b9da7a83b9ad7a4.html&loknya=%2Fhomepages%2F43%2Fd895481126%2Fhtdocs%2Fclickandbuilds%2FLogestyServices HTTP/1.1" 429 267 logesty-services.fr "-" "Mozilla/5.0 AppleWebKit/537.36 (KHTML, like Gecko; compatible; ClaudeBot/1.0; +claudebot@anthropic.com)" "-"
216.73.216.0 - - [28/Jul/2026:04:52:32 +0200] "GET /shop/center/government282038713.html?lokasie=%2Fhomepages%2F43%2Fd895481126%2Fhtdocs%2Fclickandbuilds%2FLogestyServices%2Freadme.html&loknya=%2Fhomepages%2F43%2Fd895481126%2Fhtdocs%2Fclickandbuilds%2FLogestyServices HTTP/1.1" 429 267 logesty-services.fr "-" "Mozilla/5.0 AppleWebKit/537.36 (KHTML, like Gecko; compatible; ClaudeBot/1.0; +claudebot@anthropic.com)" "-"
144.76.32.0 - - [28/Jul/2026:04:52:32 +0200] "GET /?u=0862396437 HTTP/1.1" 200 83792 logesty-services.fr "-" "Mozilla/5.0 (compatible; SERankingBacklinksBot/1.0; +https://seranking.com/backlinks-crawler)" "-"
66.249.64.0 - - [28/Jul/2026:04:52:33 +0200] "GET /?u=6444312373 HTTP/1.1" 200 148293 logesty-services.fr "-" "Mozilla/5.0 (Linux; Android 6.0.1; Nexus 5X Build/MMB29P) AppleWebKit/537.36 (KHTML, like Gecko) Chrome/150.0.7871.128 Mobile Safari/537.36 (compatible; Googlebot/2.1; +http://www.google.com/bot.html)" "-"
72.56.191.0 - - [28/Jul/2026:04:52:35 +0200] "GET /author/stewartrancour/?lokasie=/homepages/43/d895481126/htdocs/clickandbuilds/LogestyServices/wp-login.php&loknya=/homepages/43/d895481126/htdocs/clickandbuilds/LogestyServices HTTP/1.1" 200 61738 logesty-services.fr "https://logesty-services.fr/author/stewartrancour/?username=lillianaalice1&useremail=lilliana_alice%40getx-epiccasino.hair®ister_pass=.tkEJYSl54R2cim®ister_pass_retype=.tkEJYSl54R2cim&term_condition=on&homey_register_security=ae24144e0c&_wp_http_referer=%2Fauthor%2Fstewartrancour%2F&action=homey_register" "Mozilla/5.0 (Windows NT 6.3; Win64; x64) AppleWebKit/537.36 (KHTML, like Gecko) Chrome/103.0.0.0 Safari/537.36" "-"
216.73.216.0 - - [28/Jul/2026:04:52:37 +0200] "GET /shop/palm/childhood241046172.html?lokasie=%2Fhomepages%2F43%2Fd895481126%2Fhtdocs%2Fclickandbuilds%2FLogestyServices%2Fgoogle6d53c9bb80416c3a.html&loknya=%2Fhomepages%2F43%2Fd895481126%2Fhtdocs%2Fclickandbuilds%2FLogestyServices HTTP/1.1" 429 267 logesty-services.fr "-" "Mozilla/5.0 AppleWebKit/537.36 (KHTML, like Gecko; compatible; ClaudeBot/1.0; +claudebot@anthropic.com)" "-"
216.73.216.0 - - [28/Jul/2026:04:52:42 +0200] "GET /shop/channel/song240004799.html?loknya=%2Fhomepages%2F43%2Fd895481126%2Fhtdocs%2Fclickandbuilds%2FLogestyServices%2Fagence-immobilieere-numerique HTTP/1.1" 429 267 logesty-services.fr "-" "Mozilla/5.0 AppleWebKit/537.36 (KHTML, like Gecko; compatible; ClaudeBot/1.0; +claudebot@anthropic.com)" "-"
216.73.216.0 - - [28/Jul/2026:04:52:47 +0200] "GET /shop/hot/revenue159030424.html?lokasie=%2Fhomepages%2F43%2Fd895481126%2Fhtdocs%2Fclickandbuilds%2FLogestyServices%2Fgoogle0a4c1e50210bb94a.html&loknya=%2Fhomepages%2F43%2Fd895481126%2Fhtdocs%2Fclickandbuilds%2FLogestyServices HTTP/1.1" 429 267 logesty-services.fr "-" "Mozilla/5.0 AppleWebKit/537.36 (KHTML, like Gecko; compatible; ClaudeBot/1.0; +claudebot@anthropic.com)" "-"
66.249.64.0 - - [28/Jul/2026:04:52:50 +0200] "GET /?u=4962440209 HTTP/1.1" 200 83792 logesty-services.fr "-" "Mozilla/5.0 (Linux; Android 6.0.1; Nexus 5X Build/MMB29P) AppleWebKit/537.36 (KHTML, like Gecko) Chrome/150.0.7871.128 Mobile Safari/537.36 (compatible; GoogleOther)" "-"
216.73.216.0 - - [28/Jul/2026:04:52:52 +0200] "GET /shop/tension/invade236009767.html?lokasie=%2Fhomepages%2F43%2Fd895481126%2Fhtdocs%2Fclickandbuilds%2FLogestyServices%2Fwp-signup.php&loknya=%2Fhomepages%2F43%2Fd895481126%2Fhtdocs%2Fclickandbuilds%2FLogestyServices HTTP/1.1" 429 267 logesty-services.fr "-" "Mozilla/5.0 AppleWebKit/537.36 (KHTML, like Gecko; compatible; ClaudeBot/1.0; +claudebot@anthropic.com)" "-"
216.73.216.0 - - [28/Jul/2026:04:52:57 +0200] "GET /shop/gathering/witness249044492.html?lokasie=%2Fhomepages%2F43%2Fd895481126%2Fhtdocs%2Fclickandbuilds%2FLogestyServices%2Fgoogle8fc77db5da1ba31f.html&loknya=%2Fhomepages%2F43%2Fd895481126%2Fhtdocs%2Fclickandbuilds%2FLogestyServices HTTP/1.1" 429 267 logesty-services.fr "-" "Mozilla/5.0 AppleWebKit/537.36 (KHTML, like Gecko; compatible; ClaudeBot/1.0; +claudebot@anthropic.com)" "-"
216.73.216.0 - - [28/Jul/2026:04:53:02 +0200] "GET /shop/civil/sustainable153007822.html?lokasie=%2Fhomepages%2F43%2Fd895481126%2Fhtdocs%2Fclickandbuilds%2FLogestyServices%2Findex.php&loknya=%2Fhomepages%2F43%2Fd895481126%2Fhtdocs%2Fclickandbuilds%2FLogestyServices HTTP/1.1" 200 26594 logesty-services.fr "-" "Mozilla/5.0 AppleWebKit/537.36 (KHTML, like Gecko; compatible; ClaudeBot/1.0; +claudebot@anthropic.com)" "-"
74.7.242.0 - - [28/Jul/2026:04:53:03 +0200] "GET /?u=6352854277 HTTP/1.1" 200 83790 logesty-services.fr "https://logesty-services.fr/?sitemapindex.xml" "Mozilla/5.0 AppleWebKit/537.36 (KHTML, like Gecko; compatible; GPTBot/1.4; +https://openai.com/gptbot)" "-"
43.164.1.0 - - [28/Jul/2026:04:53:06 +0200] "GET /?lokasie=/homepages/43/d895481126/htdocs/clickandbuilds/LogestyServices/wp-activate.php&loknya=/homepages/43/d895481126/htdocs/clickandbuilds/LogestyServices HTTP/1.1" 200 12706 logesty-services.fr "-" "Mozilla/5.0 (iPhone; CPU iPhone OS 13_2_3 like Mac OS X) AppleWebKit/605.1.15 (KHTML, like Gecko) Version/13.0.3 Mobile/15E148 Safari/604.1" "-"
216.73.216.0 - - [28/Jul/2026:04:53:07 +0200] "GET /shop/online/driver187013996.html?lokasie=%2Fhomepages%2F43%2Fd895481126%2Fhtdocs%2Fclickandbuilds%2FLogestyServices%2Ffilefuns.php&loknya=%2Fhomepages%2F43%2Fd895481126%2Fhtdocs%2Fclickandbuilds%2FLogestyServices HTTP/1.1" 200 10366 logesty-services.fr "-" "Mozilla/5.0 AppleWebKit/537.36 (KHTML, like Gecko; compatible; ClaudeBot/1.0; +claudebot@anthropic.com)" "-"
66.249.64.0 - - [28/Jul/2026:04:53:09 +0200] "GET /?u=8152321162 HTTP/1.1" 200 157946 logesty-services.fr "-" "Mozilla/5.0 (Linux; Android 6.0.1; Nexus 5X Build/MMB29P) AppleWebKit/537.36 (KHTML, like Gecko) Chrome/150.0.7871.128 Mobile Safari/537.36 (compatible; Googlebot/2.1; +http://www.google.com/bot.html)" "-"
216.73.216.0 - - [28/Jul/2026:04:53:12 +0200] "GET /shop/bike/professional262020139.html?lokasie=%2Fhomepages%2F43%2Fd895481126%2Fhtdocs%2Fclickandbuilds%2FLogestyServices%2Freadme.html&loknya=%2Fhomepages%2F43%2Fd895481126%2Fhtdocs%2Fclickandbuilds%2FLogestyServices HTTP/1.1" 200 13665 logesty-services.fr "-" "Mozilla/5.0 AppleWebKit/537.36 (KHTML, like Gecko; compatible; ClaudeBot/1.0; +claudebot@anthropic.com)" "-"
66.249.64.0 - - [28/Jul/2026:04:53:17 +0200] "GET /?u=3271442966 HTTP/1.1" 200 155287 logesty-services.fr "-" "Mozilla/5.0 (Linux; Android 6.0.1; Nexus 5X Build/MMB29P) AppleWebKit/537.36 (KHTML, like Gecko) Chrome/150.0.7871.128 Mobile Safari/537.36 (compatible; Googlebot/2.1; +http://www.google.com/bot.html)" "-"
216.73.216.0 - - [28/Jul/2026:04:53:17 +0200] "GET /shop/wonderful/tourist110004523.html?lokasie=%2Fhomepages%2F43%2Fd895481126%2Fhtdocs%2Fclickandbuilds%2FLogestyServices%2Fgoogle2f9bcd6e666eef97.html&loknya=%2Fhomepages%2F43%2Fd895481126%2Fhtdocs%2Fclickandbuilds%2FLogestyServices HTTP/1.1" 200 4428 logesty-services.fr "-" "Mozilla/5.0 AppleWebKit/537.36 (KHTML, like Gecko; compatible; ClaudeBot/1.0; +claudebot@anthropic.com)" "-"
216.73.216.0 - - [28/Jul/2026:04:53:22 +0200] "GET /shop/emotional/consciousness115029168.html?loknya=%2Fhomepages%2F43%2Fd895481126%2Fhtdocs%2Fclickandbuilds%2FLogestyServices%2Fagence-immobilieere-numerique HTTP/1.1" 200 13724 logesty-services.fr "-" "Mozilla/5.0 AppleWebKit/537.36 (KHTML, like Gecko; compatible; ClaudeBot/1.0; +claudebot@anthropic.com)" "-"
216.73.216.0 - - [28/Jul/2026:04:53:27 +0200] "GET /shop/slavery/village046048445.html?lokasie=%2Fhomepages%2F43%2Fd895481126%2Fhtdocs%2Fclickandbuilds%2FLogestyServices%2Fwp-signup.php&loknya=%2Fhomepages%2F43%2Fd895481126%2Fhtdocs%2Fclickandbuilds%2FLogestyServices HTTP/1.1" 200 42484 logesty-services.fr "-" "Mozilla/5.0 AppleWebKit/537.36 (KHTML, like Gecko; compatible; ClaudeBot/1.0; +claudebot@anthropic.com)" "-"
66.249.64.0 - - [28/Jul/2026:04:53:30 +0200] "GET /?u=9602719841 HTTP/1.1" 200 149355 logesty-services.fr "-" "Mozilla/5.0 (Linux; Android 6.0.1; Nexus 5X Build/MMB29P) AppleWebKit/537.36 (KHTML, like Gecko) Chrome/150.0.7871.128 Mobile Safari/537.36 (compatible; Googlebot/2.1; +http://www.google.com/bot.html)" "-"
216.73.216.0 - - [28/Jul/2026:04:53:33 +0200] "GET /shop/tension/invade236009767.html?lokasie=%2Fhomepages%2F43%2Fd895481126%2Fhtdocs%2Fclickandbuilds%2FLogestyServices%2Fgoogle0a4c1e50210bb94a.html&loknya=%2Fhomepages%2F43%2Fd895481126%2Fhtdocs%2Fclickandbuilds%2FLogestyServices HTTP/1.1" 200 4428 logesty-services.fr "-" "Mozilla/5.0 AppleWebKit/537.36 (KHTML, like Gecko; compatible; ClaudeBot/1.0; +claudebot@anthropic.com)" "-"
216.73.216.0 - - [28/Jul/2026:04:53:37 +0200] "GET /shop/airport/mm-hmm132017123.html?lokasie=%2Fhomepages%2F43%2Fd895481126%2Fhtdocs%2Fclickandbuilds%2FLogestyServices%2Fgooglea27816ca6b6b0a84.html&loknya=%2Fhomepages%2F43%2Fd895481126%2Fhtdocs%2Fclickandbuilds%2FLogestyServices HTTP/1.1" 200 4428 logesty-services.fr "-" "Mozilla/5.0 AppleWebKit/537.36 (KHTML, like Gecko; compatible; ClaudeBot/1.0; +claudebot@anthropic.com)" "-"
216.73.216.0 - - [28/Jul/2026:04:53:42 +0200] "GET /shop/sell/land149037584.html?lokasie=%2Fhomepages%2F43%2Fd895481126%2Fhtdocs%2Fclickandbuilds%2FLogestyServices%2Freadme.html&loknya=%2Fhomepages%2F43%2Fd895481126%2Fhtdocs%2Fclickandbuilds%2FLogestyServices HTTP/1.1" 200 13665 logesty-services.fr "-" "Mozilla/5.0 AppleWebKit/537.36 (KHTML, like Gecko; compatible; ClaudeBot/1.0; +claudebot@anthropic.com)" "-"
216.73.216.0 - - [28/Jul/2026:04:53:47 +0200] "GET /shop/kneel/producer247023144.html?lokasie=%2Fhomepages%2F43%2Fd895481126%2Fhtdocs%2Fclickandbuilds%2FLogestyServices%2Fgoogle8fc77db5da1ba31f.html&loknya=%2Fhomepages%2F43%2Fd895481126%2Fhtdocs%2Fclickandbuilds%2FLogestyServices HTTP/1.1" 200 4428 logesty-services.fr "-" "Mozilla/5.0 AppleWebKit/537.36 (KHTML, like Gecko; compatible; ClaudeBot/1.0; +claudebot@anthropic.com)" "-"
216.73.216.0 - - [28/Jul/2026:04:53:52 +0200] "GET /shop/gathering/witness249044492.html?lokasie=%2Fhomepages%2F43%2Fd895481126%2Fhtdocs%2Fclickandbuilds%2FLogestyServices%2Ffilefuns.php&loknya=%2Fhomepages%2F43%2Fd895481126%2Fhtdocs%2Fclickandbuilds%2FLogestyServices HTTP/1.1" 200 10366 logesty-services.fr "-" "Mozilla/5.0 AppleWebKit/537.36 (KHTML, like Gecko; compatible; ClaudeBot/1.0; +claudebot@anthropic.com)" "-"
216.73.216.0 - - [28/Jul/2026:04:53:57 +0200] "GET /shop/jaw/universe141043614.html?lokasie=%2Fhomepages%2F43%2Fd895481126%2Fhtdocs%2Fclickandbuilds%2FLogestyServices%2Fgooglea3e8b75aa444e306.html&loknya=%2Fhomepages%2F43%2Fd895481126%2Fhtdocs%2Fclickandbuilds%2FLogestyServices HTTP/1.1" 200 4428 logesty-services.fr "-" "Mozilla/5.0 AppleWebKit/537.36 (KHTML, like Gecko; compatible; ClaudeBot/1.0; +claudebot@anthropic.com)" "-"
216.73.216.0 - - [28/Jul/2026:04:54:02 +0200] "GET /shop/appear/courtroom065041790.html?lokasie=%2Fhomepages%2F43%2Fd895481126%2Fhtdocs%2Fclickandbuilds%2FLogestyServices%2Fgooglea3e8b75aa444e306.html&loknya=%2Fhomepages%2F43%2Fd895481126%2Fhtdocs%2Fclickandbuilds%2FLogestyServices HTTP/1.1" 200 4428 logesty-services.fr "-" "Mozilla/5.0 AppleWebKit/537.36 (KHTML, like Gecko; compatible; ClaudeBot/1.0; +claudebot@anthropic.com)" "-"
74.7.242.0 - - [28/Jul/2026:04:54:07 +0200] "GET /?u=8274219428 HTTP/1.1" 200 83790 logesty-services.fr "https://logesty-services.fr/?sitemap982.xml" "Mozilla/5.0 AppleWebKit/537.36 (KHTML, like Gecko; compatible; GPTBot/1.4; +https://openai.com/gptbot)" "-"
66.249.64.0 - - [28/Jul/2026:04:54:11 +0200] "GET /?u=5022845700 HTTP/1.1" 200 151962 logesty-services.fr "-" "Mozilla/5.0 (Linux; Android 6.0.1; Nexus 5X Build/MMB29P) AppleWebKit/537.36 (KHTML, like Gecko) Chrome/150.0.7871.128 Mobile Safari/537.36 (compatible; Googlebot/2.1; +http://www.google.com/bot.html)" "-"
216.73.216.0 - - [28/Jul/2026:04:54:12 +0200] "GET /shop/wonderful/tourist110004523.html?lokasie=%2Fhomepages%2F43%2Fd895481126%2Fhtdocs%2Fclickandbuilds%2FLogestyServices%2Fwp-login.php&loknya=%2Fhomepages%2F43%2Fd895481126%2Fhtdocs%2Fclickandbuilds%2FLogestyServices HTTP/1.1" 200 61740 logesty-services.fr "-" "Mozilla/5.0 AppleWebKit/537.36 (KHTML, like Gecko; compatible; ClaudeBot/1.0; +claudebot@anthropic.com)" "-"
216.73.216.0 - - [28/Jul/2026:04:54:17 +0200] "GET /shop/kneel/producer247023144.html?lokasie=%2Fhomepages%2F43%2Fd895481126%2Fhtdocs%2Fclickandbuilds%2FLogestyServices%2Ffilefuns.php&loknya=%2Fhomepages%2F43%2Fd895481126%2Fhtdocs%2Fclickandbuilds%2FLogestyServices HTTP/1.1" 200 10366 logesty-services.fr "-" "Mozilla/5.0 AppleWebKit/537.36 (KHTML, like Gecko; compatible; ClaudeBot/1.0; +claudebot@anthropic.com)" "-"
114.119.130.0 - - [28/Jul/2026:04:54:18 +0200] "GET /category/accomodations/?loknya=/homepages/43/d895481126 HTTP/1.1" 200 21730 logesty-services.fr "https://logesty-services.fr/category/accomodations/" "Mozilla/5.0 (Linux; Android 7.0;) AppleWebKit/537.36 (HTML, like Gecko) Mobile Safari/537.36 (compatible; PetalBot;+https://webmaster.petalsearch.com/site/petalbot)" "-"
216.73.216.0 - - [28/Jul/2026:04:54:27 +0200] "GET /shop/center/government282038713.html?lokasie=%2Fhomepages%2F43%2Fd895481126%2Fhtdocs%2Fclickandbuilds%2FLogestyServices%2Fgoogle6d53c9bb80416c3a.html&loknya=%2Fhomepages%2F43%2Fd895481126%2Fhtdocs%2Fclickandbuilds%2FLogestyServices HTTP/1.1" 200 4428 logesty-services.fr "-" "Mozilla/5.0 AppleWebKit/537.36 (KHTML, like Gecko; compatible; ClaudeBot/1.0; +claudebot@anthropic.com)" "-"
216.73.216.0 - - [28/Jul/2026:04:54:37 +0200] "GET /shop/slavery/village046048445.html?lokasie=%2Fhomepages%2F43%2Fd895481126%2Fhtdocs%2Fclickandbuilds%2FLogestyServices%2Fgoogle0a4c1e50210bb94a.html&loknya=%2Fhomepages%2F43%2Fd895481126%2Fhtdocs%2Fclickandbuilds%2FLogestyServices HTTP/1.1" 200 4428 logesty-services.fr "-" "Mozilla/5.0 AppleWebKit/537.36 (KHTML, like Gecko; compatible; ClaudeBot/1.0; +claudebot@anthropic.com)" "-"
66.249.64.0 - - [28/Jul/2026:04:54:42 +0200] "GET /?u=9212068016 HTTP/1.1" 200 156757 logesty-services.fr "-" "Mozilla/5.0 (Linux; Android 6.0.1; Nexus 5X Build/MMB29P) AppleWebKit/537.36 (KHTML, like Gecko) Chrome/150.0.7871.128 Mobile Safari/537.36 (compatible; Googlebot/2.1; +http://www.google.com/bot.html)" "-"
