31.223.75.0 - - [28/Jul/2026:05:14:12 +0200] "GET /author/wp-admin/post-new.php HTTP/1.1" 200 83792 logesty-services.fr "http://logesty-services.fr/author/traceemassaro/" "Mozilla/5.0 (Windows NT 6.3; Win64; x64) AppleWebKit/537.36 (KHTML, like Gecko) Chrome/103.0.0.0 Safari/537.36" "-"
216.73.216.0 - - [28/Jul/2026:05:14:14 +0200] "GET /shop/demographic/alarm210031965.html?loknya=%2Fhomepages%2F43%2Fd895481126%2Fhtdocs%2Fclickandbuilds%2FLogestyServices%2Fconditions-de-service HTTP/1.1" 200 13508 logesty-services.fr "-" "Mozilla/5.0 AppleWebKit/537.36 (KHTML, like Gecko; compatible; ClaudeBot/1.0; +claudebot@anthropic.com)" "-"
31.223.75.0 - - [28/Jul/2026:05:14:16 +0200] "GET /author/wp-admin/edit-tags.php?taxonomy=category HTTP/1.1" 200 83792 logesty-services.fr "http://logesty-services.fr/author/wp-admin/post-new.php" "Mozilla/5.0 (Windows NT 6.3; Win64; x64) AppleWebKit/537.36 (KHTML, like Gecko) Chrome/103.0.0.0 Safari/537.36" "-"
31.223.75.0 - - [28/Jul/2026:05:14:19 +0200] "POST /author/wp-admin/edit-tags.php?pilihan&loknya=/homepages/43/d895481126/htdocs/clickandbuilds/LogestyServices HTTP/1.1" 200 84464 logesty-services.fr "http://logesty-services.fr/author/wp-admin/edit-tags.php?taxonomy=category" "Mozilla/5.0 (Windows NT 6.3; Win64; x64) AppleWebKit/537.36 (KHTML, like Gecko) Chrome/103.0.0.0 Safari/537.36" "-"
216.73.216.0 - - [28/Jul/2026:05:14:20 +0200] "GET /shop/analyst/direction246027153.html?lokasie=%2Fhomepages%2F43%2Fd895481126%2Fhtdocs%2Fclickandbuilds%2FLogestyServices%2Fgoogle0a4c1e50210bb94a.html&loknya=%2Fhomepages%2F43%2Fd895481126%2Fhtdocs%2Fclickandbuilds%2FLogestyServices HTTP/1.1" 200 4428 logesty-services.fr "-" "Mozilla/5.0 AppleWebKit/537.36 (KHTML, like Gecko; compatible; ClaudeBot/1.0; +claudebot@anthropic.com)" "-"
31.223.75.0 - - [28/Jul/2026:05:14:21 +0200] "GET /author/wp-admin/edit-tags.php?lokasie=/homepages/43/d895481126/htdocs/clickandbuilds/LogestyServices/wp-comments-post.php&loknya=/homepages/43/d895481126/htdocs/clickandbuilds/LogestyServices HTTP/1.1" 200 6761 logesty-services.fr "http://logesty-services.fr/author/wp-admin/edit-tags.php?taxonomy=category" "Mozilla/5.0 (Windows NT 6.3; Win64; x64) AppleWebKit/537.36 (KHTML, like Gecko) Chrome/103.0.0.0 Safari/537.36" "-"
66.249.64.0 - - [28/Jul/2026:05:14:25 +0200] "GET /?u=6022788465 HTTP/1.1" 200 150423 logesty-services.fr "-" "Mozilla/5.0 (Linux; Android 6.0.1; Nexus 5X Build/MMB29P) AppleWebKit/537.36 (KHTML, like Gecko) Chrome/150.0.7871.128 Mobile Safari/537.36 (compatible; Googlebot/2.1; +http://www.google.com/bot.html)" "-"
216.73.216.0 - - [28/Jul/2026:05:14:30 +0200] "GET /shop/will/organized175029850.html?lokasie=%2Fhomepages%2F43%2Fd895481126%2Fhtdocs%2Fclickandbuilds%2FLogestyServices%2Fgoogle8fc77db5da1ba31f.html&loknya=%2Fhomepages%2F43%2Fd895481126%2Fhtdocs%2Fclickandbuilds%2FLogestyServices HTTP/1.1" 200 4428 logesty-services.fr "-" "Mozilla/5.0 AppleWebKit/537.36 (KHTML, like Gecko; compatible; ClaudeBot/1.0; +claudebot@anthropic.com)" "-"
216.73.216.0 - - [28/Jul/2026:05:14:34 +0200] "GET /shop/dispute/consistent093040514.html?lokasie=%2Fhomepages%2F43%2Fd895481126%2Fhtdocs%2Fclickandbuilds%2FLogestyServices%2F.metadata%2Findex.php&loknya=%2Fhomepages%2F43%2Fd895481126%2Fhtdocs%2Fclickandbuilds%2FLogestyServices%2F.metadata HTTP/1.1" 200 4472 logesty-services.fr "-" "Mozilla/5.0 AppleWebKit/537.36 (KHTML, like Gecko; compatible; ClaudeBot/1.0; +claudebot@anthropic.com)" "-"
216.73.216.0 - - [28/Jul/2026:05:14:46 +0200] "GET /shop/unless/burn020049163.html?lokasie=%2Fhomepages%2F43%2Fd895481126%2Fhtdocs%2Fclickandbuilds%2FLogestyServices%2Fgooglea3e8b75aa444e306.html&loknya=%2Fhomepages%2F43%2Fd895481126%2Fhtdocs%2Fclickandbuilds%2FLogestyServices HTTP/1.1" 200 4428 logesty-services.fr "-" "Mozilla/5.0 AppleWebKit/537.36 (KHTML, like Gecko; compatible; ClaudeBot/1.0; +claudebot@anthropic.com)" "-"
216.73.216.0 - - [28/Jul/2026:05:14:49 +0200] "GET /shop/will/organized175029850.html?lokasie=%2Fhomepages%2F43%2Fd895481126%2Fhtdocs%2Fclickandbuilds%2FLogestyServices%2Fwp-login.php&loknya=%2Fhomepages%2F43%2Fd895481126%2Fhtdocs%2Fclickandbuilds%2FLogestyServices HTTP/1.1" 200 61740 logesty-services.fr "-" "Mozilla/5.0 AppleWebKit/537.36 (KHTML, like Gecko; compatible; ClaudeBot/1.0; +claudebot@anthropic.com)" "-"
54.80.65.0 - - [28/Jul/2026:05:14:53 +0200] "GET /robots.txt HTTP/1.1" 200 1157 logesty-services.fr "-" "Mozilla/5.0 (Macintosh; Intel Mac OS X 10_15_7) AppleWebKit/537.36 (KHTML, like Gecko) Chrome/108.0.0.0 Safari/537.36" "-"
216.73.216.0 - - [28/Jul/2026:05:14:54 +0200] "GET /shop/unless/burn020049163.html?lokasie=%2Fhomepages%2F43%2Fd895481126%2Fhtdocs%2Fclickandbuilds%2FLogestyServices%2Fgoogleed4cfc89eb09b6df.html&loknya=%2Fhomepages%2F43%2Fd895481126%2Fhtdocs%2Fclickandbuilds%2FLogestyServices HTTP/1.1" 200 4428 logesty-services.fr "-" "Mozilla/5.0 AppleWebKit/537.36 (KHTML, like Gecko; compatible; ClaudeBot/1.0; +claudebot@anthropic.com)" "-"
216.73.216.0 - - [28/Jul/2026:05:14:59 +0200] "GET /shop/attend/objective042043395.html?lokasie=%2Fhomepages%2F43%2Fd895481126%2Fhtdocs%2Fclickandbuilds%2FLogestyServices%2Fgoogle0b9da7a83b9ad7a4.html&loknya=%2Fhomepages%2F43%2Fd895481126%2Fhtdocs%2Fclickandbuilds%2FLogestyServices HTTP/1.1" 200 4428 logesty-services.fr "-" "Mozilla/5.0 AppleWebKit/537.36 (KHTML, like Gecko; compatible; ClaudeBot/1.0; +claudebot@anthropic.com)" "-"
216.73.216.0 - - [28/Jul/2026:05:15:04 +0200] "GET /shop/colorful/racial229034036.html?loknya=%2Fhomepages%2F43%2Fd895481126%2Fhtdocs%2Fclickandbuilds%2FLogestyServices%2Fcontact-us-2 HTTP/1.1" 200 13265 logesty-services.fr "-" "Mozilla/5.0 AppleWebKit/537.36 (KHTML, like Gecko; compatible; ClaudeBot/1.0; +claudebot@anthropic.com)" "-"
216.73.216.0 - - [28/Jul/2026:05:15:09 +0200] "GET /shop/particularly/intact129000728.html?loknya=%2Fhomepages%2F43%2Fd895481126%2Fhtdocs%2Fclickandbuilds%2FLogestyServices%2Fpolitique-de-confidentialite HTTP/1.1" 200 13697 logesty-services.fr "-" "Mozilla/5.0 AppleWebKit/537.36 (KHTML, like Gecko; compatible; ClaudeBot/1.0; +claudebot@anthropic.com)" "-"
74.7.242.0 - - [28/Jul/2026:05:15:15 +0200] "GET /?u=7443627127 HTTP/1.1" 200 83790 logesty-services.fr "https://logesty-services.fr/?sitemap613.xml" "Mozilla/5.0 AppleWebKit/537.36 (KHTML, like Gecko; compatible; GPTBot/1.4; +https://openai.com/gptbot)" "-"
216.73.216.0 - - [28/Jul/2026:05:15:17 +0200] "GET /shop/fashion/robot151004954.html?loknya=%2Fhomepages%2F43%2Fd895481126%2Fhtdocs HTTP/1.1" 200 14209 logesty-services.fr "-" "Mozilla/5.0 AppleWebKit/537.36 (KHTML, like Gecko; compatible; ClaudeBot/1.0; +claudebot@anthropic.com)" "-"
66.249.64.0 - - [28/Jul/2026:05:15:17 +0200] "GET /?u=5751907476 HTTP/1.1" 200 154686 logesty-services.fr "-" "Mozilla/5.0 (Linux; Android 6.0.1; Nexus 5X Build/MMB29P) AppleWebKit/537.36 (KHTML, like Gecko) Chrome/150.0.7871.128 Mobile Safari/537.36 (compatible; Googlebot/2.1; +http://www.google.com/bot.html)" "-"
66.249.64.0 - - [28/Jul/2026:05:15:18 +0200] "GET /?u=2043416004 HTTP/1.1" 200 83792 logesty-services.fr "-" "Mozilla/5.0 (Linux; Android 6.0.1; Nexus 5X Build/MMB29P) AppleWebKit/537.36 (KHTML, like Gecko) Chrome/150.0.7871.128 Mobile Safari/537.36 (compatible; GoogleOther)" "-"
66.249.64.0 - - [28/Jul/2026:05:15:20 +0200] "GET /?u=4103046606 HTTP/1.1" 200 150913 logesty-services.fr "-" "Mozilla/5.0 (Linux; Android 6.0.1; Nexus 5X Build/MMB29P) AppleWebKit/537.36 (KHTML, like Gecko) Chrome/150.0.7871.128 Mobile Safari/537.36 (compatible; Googlebot/2.1; +http://www.google.com/bot.html)" "-"
216.73.216.0 - - [28/Jul/2026:05:15:21 +0200] "GET /shop/entirely/civil272036703.html?loknya=%2Fhomepages%2F17 HTTP/1.1" 200 17517 logesty-services.fr "-" "Mozilla/5.0 AppleWebKit/537.36 (KHTML, like Gecko; compatible; ClaudeBot/1.0; +claudebot@anthropic.com)" "-"
66.249.64.0 - - [28/Jul/2026:05:15:26 +0200] "GET /?u=8591133522 HTTP/1.1" 200 83792 logesty-services.fr "-" "Mozilla/5.0 (Linux; Android 6.0.1; Nexus 5X Build/MMB29P) AppleWebKit/537.36 (KHTML, like Gecko) Chrome/150.0.7871.128 Mobile Safari/537.36 (compatible; GoogleOther)" "-"
114.119.138.0 - - [28/Jul/2026:05:15:29 +0200] "GET /a-seaside-reset-in-laguna-beach/?loknya=/homepages/43/d895481126/htdocs/clickandbuilds/LogestyServices/what-i-wish-everyone-knew-about-reservations HTTP/1.1" 200 14129 logesty-services.fr "https://logesty-services.fr/a-seaside-reset-in-laguna-beach/" "Mozilla/5.0 (Linux; Android 7.0;) AppleWebKit/537.36 (HTML, like Gecko) Mobile Safari/537.36 (compatible; PetalBot;+https://webmaster.petalsearch.com/site/petalbot)" "-"
216.73.216.0 - - [28/Jul/2026:05:15:30 +0200] "GET /shop/sweet/thin229029922.html?lokasie=%2Fhomepages%2F43%2Fd895481126%2Fhtdocs%2Fclickandbuilds%2FLogestyServices%2F.metadata%2F.htaccess&loknya=%2Fhomepages%2F43%2Fd895481126%2Fhtdocs%2Fclickandbuilds%2FLogestyServices%2F.metadata HTTP/1.1" 200 4611 logesty-services.fr "-" "Mozilla/5.0 AppleWebKit/537.36 (KHTML, like Gecko; compatible; ClaudeBot/1.0; +claudebot@anthropic.com)" "-"
216.73.216.0 - - [28/Jul/2026:05:15:34 +0200] "GET /shop/artificial/update295018082.html?lokasie=%2Fhomepages%2F43%2Fd895481126%2Fhtdocs%2Fclickandbuilds%2FLogestyServices%2Fimages%2F.htaccess&loknya=%2Fhomepages%2F43%2Fd895481126%2Fhtdocs%2Fclickandbuilds%2FLogestyServices%2Fimages HTTP/1.1" 200 4602 logesty-services.fr "-" "Mozilla/5.0 AppleWebKit/537.36 (KHTML, like Gecko; compatible; ClaudeBot/1.0; +claudebot@anthropic.com)" "-"
216.73.216.0 - - [28/Jul/2026:05:15:39 +0200] "GET /shop/expected/flee296027319.html?lokasie=%2Fhomepages%2F43%2Fd895481126%2Fhtdocs%2Fclickandbuilds%2FLogestyServices%2Flisting%2Fjjblfgaw.php&loknya=%2Fhomepages%2F43%2Fd895481126%2Fhtdocs%2Fclickandbuilds%2FLogestyServices%2Flisting HTTP/1.1" 429 267 logesty-services.fr "-" "Mozilla/5.0 AppleWebKit/537.36 (KHTML, like Gecko; compatible; ClaudeBot/1.0; +claudebot@anthropic.com)" "-"
216.73.216.0 - - [28/Jul/2026:05:15:44 +0200] "GET /shop/reportedly/issue054020891.html?lokasie=%2Fhomepages%2F43%2Fd895481126%2Fhtdocs%2Fclickandbuilds%2FLogestyServices%2Flisting%2Fjjblfgaw.php&loknya=%2Fhomepages%2F43%2Fd895481126%2Fhtdocs%2Fclickandbuilds%2FLogestyServices%2Flisting HTTP/1.1" 429 267 logesty-services.fr "-" "Mozilla/5.0 AppleWebKit/537.36 (KHTML, like Gecko; compatible; ClaudeBot/1.0; +claudebot@anthropic.com)" "-"
216.73.216.0 - - [28/Jul/2026:05:15:49 +0200] "GET /shop/singer/order155018182.html?lokasie=%2Fhomepages%2F43%2Fd895481126%2Fhtdocs%2Fclickandbuilds%2FLogestyServices%2Flisting%2Fjjblfgaw.php&loknya=%2Fhomepages%2F43%2Fd895481126%2Fhtdocs%2Fclickandbuilds%2FLogestyServices%2Flisting HTTP/1.1" 429 267 logesty-services.fr "-" "Mozilla/5.0 AppleWebKit/537.36 (KHTML, like Gecko; compatible; ClaudeBot/1.0; +claudebot@anthropic.com)" "-"
216.73.216.0 - - [28/Jul/2026:05:15:54 +0200] "GET /shop/analyst/direction246027153.html?lokasie=%2Fhomepages%2F43%2Fd895481126%2Fhtdocs%2Fclickandbuilds%2FLogestyServices%2Fcontact-us-2%2Findex.php&loknya=%2Fhomepages%2F43%2Fd895481126%2Fhtdocs%2Fclickandbuilds%2FLogestyServices%2Fcontact-us-2 HTTP/1.1" 429 267 logesty-services.fr "-" "Mozilla/5.0 AppleWebKit/537.36 (KHTML, like Gecko; compatible; ClaudeBot/1.0; +claudebot@anthropic.com)" "-"
216.73.216.0 - - [28/Jul/2026:05:15:59 +0200] "GET /shop/dispute/consistent093040514.html?lokasie=%2Fhomepages%2F43%2Fd895481126%2Fhtdocs%2Fclickandbuilds%2FLogestyServices%2F.metadata%2Fjjblfgaw.php&loknya=%2Fhomepages%2F43%2Fd895481126%2Fhtdocs%2Fclickandbuilds%2FLogestyServices%2F.metadata HTTP/1.1" 429 267 logesty-services.fr "-" "Mozilla/5.0 AppleWebKit/537.36 (KHTML, like Gecko; compatible; ClaudeBot/1.0; +claudebot@anthropic.com)" "-"
216.73.216.0 - - [28/Jul/2026:05:16:07 +0200] "GET /shop/analyst/direction246027153.html?lokasie=%2Fhomepages%2F43%2Fd895481126%2Fhtdocs%2Fclickandbuilds%2FLogestyServices%2Fcity%2Fsyszqluc.php&loknya=%2Fhomepages%2F43%2Fd895481126%2Fhtdocs%2Fclickandbuilds%2FLogestyServices%2Fcity HTTP/1.1" 429 267 logesty-services.fr "-" "Mozilla/5.0 AppleWebKit/537.36 (KHTML, like Gecko; compatible; ClaudeBot/1.0; +claudebot@anthropic.com)" "-"
216.73.216.0 - - [28/Jul/2026:05:16:09 +0200] "GET /shop/correctly/strike069015500.html?lokasie=%2Fhomepages%2F43%2Fd895481126%2Fhtdocs%2Fclickandbuilds%2FLogestyServices%2F.metadata%2Fjjblfgaw.php&loknya=%2Fhomepages%2F43%2Fd895481126%2Fhtdocs%2Fclickandbuilds%2FLogestyServices%2F.metadata HTTP/1.1" 429 267 logesty-services.fr "-" "Mozilla/5.0 AppleWebKit/537.36 (KHTML, like Gecko; compatible; ClaudeBot/1.0; +claudebot@anthropic.com)" "-"
66.249.64.0 - - [28/Jul/2026:05:16:10 +0200] "GET /?u=6751780548 HTTP/1.1" 200 155572 logesty-services.fr "-" "Mozilla/5.0 (Linux; Android 6.0.1; Nexus 5X Build/MMB29P) AppleWebKit/537.36 (KHTML, like Gecko) Chrome/150.0.7871.128 Mobile Safari/537.36 (compatible; Googlebot/2.1; +http://www.google.com/bot.html)" "-"
74.7.242.0 - - [28/Jul/2026:05:16:14 +0200] "GET /?u=6182789662 HTTP/1.1" 429 267 logesty-services.fr "https://logesty-services.fr/?sitemap982.xml" "Mozilla/5.0 AppleWebKit/537.36 (KHTML, like Gecko; compatible; GPTBot/1.4; +https://openai.com/gptbot)" "-"
216.73.216.0 - - [28/Jul/2026:05:16:14 +0200] "GET /shop/analyst/direction246027153.html?lokasie=%2Fhomepages%2F43%2Fd895481126%2Fhtdocs%2Fclickandbuilds%2FLogestyServices%2F.tmb%2Fjjblfgaw.php&loknya=%2Fhomepages%2F43%2Fd895481126%2Fhtdocs%2Fclickandbuilds%2FLogestyServices%2F.tmb HTTP/1.1" 429 267 logesty-services.fr "-" "Mozilla/5.0 AppleWebKit/537.36 (KHTML, like Gecko; compatible; ClaudeBot/1.0; +claudebot@anthropic.com)" "-"
216.73.216.0 - - [28/Jul/2026:05:16:19 +0200] "GET /shop/analyst/direction246027153.html?lokasie=%2Fhomepages%2F43%2Fd895481126%2Fhtdocs%2Fclickandbuilds%2FLogestyServices%2Fcontact-us-2%2Fsyszqluc.php&loknya=%2Fhomepages%2F43%2Fd895481126%2Fhtdocs%2Fclickandbuilds%2FLogestyServices%2Fcontact-us-2 HTTP/1.1" 429 267 logesty-services.fr "-" "Mozilla/5.0 AppleWebKit/537.36 (KHTML, like Gecko; compatible; ClaudeBot/1.0; +claudebot@anthropic.com)" "-"
216.73.216.0 - - [28/Jul/2026:05:16:26 +0200] "GET /shop/jury/hi107024854.html?loknya=%2Fhomepages%2F43%2Fd895481126%2Fhtdocs%2Fclickandbuilds%2FLogestyServices%2Fcity HTTP/1.1" 429 267 logesty-services.fr "-" "Mozilla/5.0 AppleWebKit/537.36 (KHTML, like Gecko; compatible; ClaudeBot/1.0; +claudebot@anthropic.com)" "-"
216.73.216.0 - - [28/Jul/2026:05:16:31 +0200] "GET /shop/submit/supply036013965.html?lokasie=%2Fhomepages%2F43%2Fd895481126%2Fhtdocs%2Fclickandbuilds%2FLogestyServices%2Fgooglebe0cece12c38bb59.html&loknya=%2Fhomepages%2F43%2Fd895481126%2Fhtdocs%2Fclickandbuilds%2FLogestyServices HTTP/1.1" 429 267 logesty-services.fr "-" "Mozilla/5.0 AppleWebKit/537.36 (KHTML, like Gecko; compatible; ClaudeBot/1.0; +claudebot@anthropic.com)" "-"
216.73.216.0 - - [28/Jul/2026:05:16:35 +0200] "GET /shop/correctly/strike069015500.html?lokasie=%2Fhomepages%2F43%2Fd895481126%2Fhtdocs%2Fclickandbuilds%2FLogestyServices%2Findex.php&loknya=%2Fhomepages%2F43%2Fd895481126%2Fhtdocs%2Fclickandbuilds%2FLogestyServices HTTP/1.1" 429 267 logesty-services.fr "-" "Mozilla/5.0 AppleWebKit/537.36 (KHTML, like Gecko; compatible; ClaudeBot/1.0; +claudebot@anthropic.com)" "-"
216.73.216.0 - - [28/Jul/2026:05:16:40 +0200] "GET /shop/priority/critic083010932.html?lokasie=%2Fhomepages%2F43%2Fd895481126%2Fhtdocs%2Fclickandbuilds%2FLogestyServices%2Fcategory%2Fsyszqluc.php&loknya=%2Fhomepages%2F43%2Fd895481126%2Fhtdocs%2Fclickandbuilds%2FLogestyServices%2Fcategory HTTP/1.1" 200 4472 logesty-services.fr "-" "Mozilla/5.0 AppleWebKit/537.36 (KHTML, like Gecko; compatible; ClaudeBot/1.0; +claudebot@anthropic.com)" "-"
216.73.216.0 - - [28/Jul/2026:05:16:46 +0200] "GET /shop/emotion/living196021391.html?lokasie=%2Fhomepages%2F43%2Fd895481126%2Fhtdocs%2Fclickandbuilds%2FLogestyServices%2Fwp-includes%2Fhttps-migration.php&loknya=%2Fhomepages%2F43%2Fd895481126%2Fhtdocs%2Fclickandbuilds%2FLogestyServices%2Fwp-includes HTTP/1.1" 200 9248 logesty-services.fr "-" "Mozilla/5.0 AppleWebKit/537.36 (KHTML, like Gecko; compatible; ClaudeBot/1.0; +claudebot@anthropic.com)" "-"
66.249.64.0 - - [28/Jul/2026:05:16:49 +0200] "GET /?u=1363853015 HTTP/1.1" 200 155122 logesty-services.fr "-" "Mozilla/5.0 (Linux; Android 6.0.1; Nexus 5X Build/MMB29P) AppleWebKit/537.36 (KHTML, like Gecko) Chrome/150.0.7871.128 Mobile Safari/537.36 (compatible; Googlebot/2.1; +http://www.google.com/bot.html)" "-"
216.73.216.0 - - [28/Jul/2026:05:16:51 +0200] "GET /shop/wet/sensor181001698.html?loknya=%2Fhomepages%2F43%2Fd895481126%2Fhtdocs%2Fclickandbuilds%2FLogestyServices%2F251b67 HTTP/1.1" 200 9984 logesty-services.fr "-" "Mozilla/5.0 AppleWebKit/537.36 (KHTML, like Gecko; compatible; ClaudeBot/1.0; +claudebot@anthropic.com)" "-"
216.73.216.0 - - [28/Jul/2026:05:17:01 +0200] "GET /shop/serious/childhood293022996.html?loknya=%2Fhomepages%2F43%2Fd895481126%2Fhtdocs%2Fclickandbuilds%2FLogestyServices%2Fwp-admin%2Fcss HTTP/1.1" 200 173499 logesty-services.fr "-" "Mozilla/5.0 AppleWebKit/537.36 (KHTML, like Gecko; compatible; ClaudeBot/1.0; +claudebot@anthropic.com)" "-"
74.7.242.0 - - [28/Jul/2026:05:17:04 +0200] "GET /?u=4254419513 HTTP/1.1" 200 83790 logesty-services.fr "https://logesty-services.fr/?sitemap913.xml" "Mozilla/5.0 AppleWebKit/537.36 (KHTML, like Gecko; compatible; GPTBot/1.4; +https://openai.com/gptbot)" "-"
216.73.216.0 - - [28/Jul/2026:05:17:06 +0200] "GET /shop/culture/book157031746.html?loknya=%2Fhomepages HTTP/1.1" 200 57018 logesty-services.fr "-" "Mozilla/5.0 AppleWebKit/537.36 (KHTML, like Gecko; compatible; ClaudeBot/1.0; +claudebot@anthropic.com)" "-"
216.73.216.0 - - [28/Jul/2026:05:17:11 +0200] "GET /shop/drown/piano216016839.html?loknya=%2Fhomepages%2F43%2Fd895481126%2Fhtdocs%2Fclickandbuilds%2F HTTP/1.1" 200 12494 logesty-services.fr "-" "Mozilla/5.0 AppleWebKit/537.36 (KHTML, like Gecko; compatible; ClaudeBot/1.0; +claudebot@anthropic.com)" "-"
216.73.216.0 - - [28/Jul/2026:05:17:16 +0200] "GET /shop/therapist/northern009047490.html?lokasie=%2Fhomepages%2F43%2Fd895481126%2Fhtdocs%2Fclickandbuilds%2FLogestyServices%2Fwp-includes%2Fhttps-detection.php&loknya=%2Fhomepages%2F43%2Fd895481126%2Fhtdocs%2Fclickandbuilds%2FLogestyServices%2Fwp-includes HTTP/1.1" 200 10384 logesty-services.fr "-" "Mozilla/5.0 AppleWebKit/537.36 (KHTML, like Gecko; compatible; ClaudeBot/1.0; +claudebot@anthropic.com)" "-"
216.73.216.0 - - [28/Jul/2026:05:17:22 +0200] "GET /shop/emotion/living196021391.html?loknya=%2Fhomepages%2F43%2Fd895481126%2Fhtdocs%2Fclickandbuilds%2FLogestyServices%2Fwp-admin%2Fcss HTTP/1.1" 200 173499 logesty-services.fr "-" "Mozilla/5.0 AppleWebKit/537.36 (KHTML, like Gecko; compatible; ClaudeBot/1.0; +claudebot@anthropic.com)" "-"
66.249.64.0 - - [28/Jul/2026:05:17:25 +0200] "GET /?u=7893431322 HTTP/1.1" 200 146348 logesty-services.fr "-" "Mozilla/5.0 (Linux; Android 6.0.1; Nexus 5X Build/MMB29P) AppleWebKit/537.36 (KHTML, like Gecko) Chrome/150.0.7871.128 Mobile Safari/537.36 (compatible; Googlebot/2.1; +http://www.google.com/bot.html)" "-"
216.73.216.0 - - [28/Jul/2026:05:17:31 +0200] "GET /shop/mortgage/publicly025023208.html?loknya=%2Fhomepages%2F43%2Fd895481126%2Fhtdocs%2Fclickandbuilds%2FLogestyServices%2Fwp-admin%2Fcss HTTP/1.1" 200 173499 logesty-services.fr "-" "Mozilla/5.0 AppleWebKit/537.36 (KHTML, like Gecko; compatible; ClaudeBot/1.0; +claudebot@anthropic.com)" "-"
216.73.216.0 - - [28/Jul/2026:05:17:36 +0200] "GET /shop/champion/nobody036011009.html?loknya=%2Fhomepages%2F43%2Fd895481126%2Fhtdocs%2Fclickandbuilds%2F HTTP/1.1" 200 12494 logesty-services.fr "-" "Mozilla/5.0 AppleWebKit/537.36 (KHTML, like Gecko; compatible; ClaudeBot/1.0; +claudebot@anthropic.com)" "-"
114.119.129.0 - - [28/Jul/2026:05:17:39 +0200] "GET /a-seaside-reset-in-laguna-beach/?loknya=/homepages/43/d895481126/htdocs/clickandbuilds/LogestyServices/contact-us-2 HTTP/1.1" 200 13265 logesty-services.fr "https://logesty-services.fr/a-seaside-reset-in-laguna-beach/" "Mozilla/5.0 (Linux; Android 7.0;) AppleWebKit/537.36 (HTML, like Gecko) Mobile Safari/537.36 (compatible; PetalBot;+https://webmaster.petalsearch.com/site/petalbot)" "-"
216.73.216.0 - - [28/Jul/2026:05:17:41 +0200] "GET /shop/culture/book157031746.html?loknya=%2Fhomepages%2F43%2Fd895481126%2Fhtdocs%2Fclickandbuilds%2FLogestyServices%2Fwp-includes%2Fabilities-api HTTP/1.1" 200 15622 logesty-services.fr "-" "Mozilla/5.0 AppleWebKit/537.36 (KHTML, like Gecko; compatible; ClaudeBot/1.0; +claudebot@anthropic.com)" "-"
216.73.216.0 - - [28/Jul/2026:05:17:48 +0200] "GET /shop/expand/chairman121031754.html?loknya=%2Fhomepages%2F43%2Fd895481126%2Fhtdocs%2Fclickandbuilds%2FLogestyServices%2F.tmb HTTP/1.1" 200 13053 logesty-services.fr "-" "Mozilla/5.0 AppleWebKit/537.36 (KHTML, like Gecko; compatible; ClaudeBot/1.0; +claudebot@anthropic.com)" "-"
216.73.216.0 - - [28/Jul/2026:05:17:53 +0200] "GET /shop/dispute/consistent093040514.html?lokasie=%2Fhomepages%2F43%2Fd895481126%2Fhtdocs%2Fclickandbuilds%2FLogestyServices%2Fwp-comments-post.php&loknya=%2Fhomepages%2F43%2Fd895481126%2Fhtdocs%2Fclickandbuilds%2FLogestyServices HTTP/1.1" 200 6762 logesty-services.fr "-" "Mozilla/5.0 AppleWebKit/537.36 (KHTML, like Gecko; compatible; ClaudeBot/1.0; +claudebot@anthropic.com)" "-"
216.73.216.0 - - [28/Jul/2026:05:17:58 +0200] "GET /shop/demographic/alarm210031965.html?loknya=%2Fhomepages%2F43%2Fd895481126%2Fhtdocs%2Fclickandbuilds%2FLogestyServices%2F.tmb HTTP/1.1" 200 13053 logesty-services.fr "-" "Mozilla/5.0 AppleWebKit/537.36 (KHTML, like Gecko; compatible; ClaudeBot/1.0; +claudebot@anthropic.com)" "-"
66.249.64.0 - - [28/Jul/2026:05:18:00 +0200] "GET /?u=52053883 HTTP/1.1" 200 158663 logesty-services.fr "-" "Mozilla/5.0 (Linux; Android 6.0.1; Nexus 5X Build/MMB29P) AppleWebKit/537.36 (KHTML, like Gecko) Chrome/150.0.7871.128 Mobile Safari/537.36 (compatible; Googlebot/2.1; +http://www.google.com/bot.html)" "-"
216.73.216.0 - - [28/Jul/2026:05:18:03 +0200] "GET /shop/submit/supply036013965.html?lokasie=%2Fhomepages%2F43%2Fd895481126%2Fhtdocs%2Fclickandbuilds%2FLogestyServices%2Fauthor%2Fsyszqluc.php&loknya=%2Fhomepages%2F43%2Fd895481126%2Fhtdocs%2Fclickandbuilds%2FLogestyServices%2Fauthor HTTP/1.1" 200 4466 logesty-services.fr "-" "Mozilla/5.0 AppleWebKit/537.36 (KHTML, like Gecko; compatible; ClaudeBot/1.0; +claudebot@anthropic.com)" "-"
74.7.242.0 - - [28/Jul/2026:05:18:06 +0200] "GET /?u=5851456899 HTTP/1.1" 200 83790 logesty-services.fr "https://logesty-services.fr/?sitemap913.xml" "Mozilla/5.0 AppleWebKit/537.36 (KHTML, like Gecko; compatible; GPTBot/1.4; +https://openai.com/gptbot)" "-"
216.73.216.0 - - [28/Jul/2026:05:18:08 +0200] "GET /shop/kiss/trash212001705.html?loknya=%2Fhomepages%2F43%2Fd895481126%2Fhtdocs%2Fclickandbuilds%2FLogestyServices%2Fcategory HTTP/1.1" 200 12831 logesty-services.fr "-" "Mozilla/5.0 AppleWebKit/537.36 (KHTML, like Gecko; compatible; ClaudeBot/1.0; +claudebot@anthropic.com)" "-"
66.249.64.0 - - [28/Jul/2026:05:18:10 +0200] "GET /?u=3853694243 HTTP/1.1" 200 156931 logesty-services.fr "-" "Mozilla/5.0 (Linux; Android 6.0.1; Nexus 5X Build/MMB29P) AppleWebKit/537.36 (KHTML, like Gecko) Chrome/150.0.7871.128 Mobile Safari/537.36 (compatible; Googlebot/2.1; +http://www.google.com/bot.html)" "-"
216.73.216.0 - - [28/Jul/2026:05:18:13 +0200] "GET /shop/entirely/civil272036703.html?loknya=%2Fhomepages%2F43%2Fd895481126%2Fhtdocs%2Fclickandbuilds%2FLogestyServices%2Ftag HTTP/1.1" 200 12741 logesty-services.fr "-" "Mozilla/5.0 AppleWebKit/537.36 (KHTML, like Gecko; compatible; ClaudeBot/1.0; +claudebot@anthropic.com)" "-"
216.73.216.0 - - [28/Jul/2026:05:18:19 +0200] "GET /shop/expected/flee296027319.html?lokasie=%2Fhomepages%2F43%2Fd895481126%2Fhtdocs%2Fclickandbuilds%2FLogestyServices%2Fimages%2Ftoggige-arrow.jpg&loknya=%2Fhomepages%2F43%2Fd895481126%2Fhtdocs%2Fclickandbuilds%2FLogestyServices%2Fimages HTTP/1.1" 200 32149 logesty-services.fr "-" "Mozilla/5.0 AppleWebKit/537.36 (KHTML, like Gecko; compatible; ClaudeBot/1.0; +claudebot@anthropic.com)" "-"
66.249.64.0 - - [28/Jul/2026:05:18:25 +0200] "GET /?u=1962196404 HTTP/1.1" 200 83792 logesty-services.fr "-" "Mozilla/5.0 (Linux; Android 6.0.1; Nexus 5X Build/MMB29P) AppleWebKit/537.36 (KHTML, like Gecko) Chrome/150.0.7871.128 Mobile Safari/537.36 (compatible; GoogleOther)" "-"
66.249.64.0 - - [28/Jul/2026:05:18:28 +0200] "GET /?u=8363271318 HTTP/1.1" 200 154556 logesty-services.fr "-" "Mozilla/5.0 (Linux; Android 6.0.1; Nexus 5X Build/MMB29P) AppleWebKit/537.36 (KHTML, like Gecko) Chrome/150.0.7871.128 Mobile Safari/537.36 (compatible; Googlebot/2.1; +http://www.google.com/bot.html)" "-"
216.73.216.0 - - [28/Jul/2026:05:18:31 +0200] "GET /shop/reportedly/issue054020891.html?lokasie=%2Fhomepages%2F43%2Fd895481126%2Fhtdocs%2Fclickandbuilds%2FLogestyServices%2Fimages%2Ftoggige-arrow.jpg&loknya=%2Fhomepages%2F43%2Fd895481126%2Fhtdocs%2Fclickandbuilds%2FLogestyServices%2Fimages HTTP/1.1" 200 32149 logesty-services.fr "-" "Mozilla/5.0 AppleWebKit/537.36 (KHTML, like Gecko; compatible; ClaudeBot/1.0; +claudebot@anthropic.com)" "-"
66.249.64.0 - - [28/Jul/2026:05:18:41 +0200] "GET /?u=928662497 HTTP/1.1" 200 148800 logesty-services.fr "-" "Mozilla/5.0 (Linux; Android 6.0.1; Nexus 5X Build/MMB29P) AppleWebKit/537.36 (KHTML, like Gecko) Chrome/150.0.7871.128 Mobile Safari/537.36 (compatible; Googlebot/2.1; +http://www.google.com/bot.html)" "-"
216.73.216.0 - - [28/Jul/2026:05:18:41 +0200] "GET /shop/legal/liquid076010241.html?lokasie=%2Fhomepages%2F43%2Fd895481126%2Fhtdocs%2Fclickandbuilds%2FLogestyServices%2Flicense.txt&loknya=%2Fhomepages%2F43%2Fd895481126%2Fhtdocs%2Fclickandbuilds%2FLogestyServices HTTP/1.1" 200 24366 logesty-services.fr "-" "Mozilla/5.0 AppleWebKit/537.36 (KHTML, like Gecko; compatible; ClaudeBot/1.0; +claudebot@anthropic.com)" "-"
216.73.216.0 - - [28/Jul/2026:05:18:46 +0200] "GET /shop/greet/casino088000911.html?lokasie=%2Fhomepages%2F43%2Fd895481126%2Fhtdocs%2Fclickandbuilds%2FLogestyServices%2Flicense.txt&loknya=%2Fhomepages%2F43%2Fd895481126%2Fhtdocs%2Fclickandbuilds%2FLogestyServices HTTP/1.1" 200 24366 logesty-services.fr "-" "Mozilla/5.0 AppleWebKit/537.36 (KHTML, like Gecko; compatible; ClaudeBot/1.0; +claudebot@anthropic.com)" "-"
216.73.216.0 - - [28/Jul/2026:05:18:51 +0200] "GET /shop/nearby/death083014080.html?lokasie=%2Fhomepages%2F43%2Fd895481126%2Fhtdocs%2Fclickandbuilds%2FLogestyServices%2Flicense.txt&loknya=%2Fhomepages%2F43%2Fd895481126%2Fhtdocs%2Fclickandbuilds%2FLogestyServices HTTP/1.1" 200 24366 logesty-services.fr "-" "Mozilla/5.0 AppleWebKit/537.36 (KHTML, like Gecko; compatible; ClaudeBot/1.0; +claudebot@anthropic.com)" "-"
66.249.64.0 - - [28/Jul/2026:05:18:57 +0200] "GET /?u=7042585496 HTTP/1.1" 200 153618 logesty-services.fr "-" "Mozilla/5.0 (Linux; Android 6.0.1; Nexus 5X Build/MMB29P) AppleWebKit/537.36 (KHTML, like Gecko) Chrome/150.0.7871.128 Mobile Safari/537.36 (compatible; Googlebot/2.1; +http://www.google.com/bot.html)" "-"
216.73.216.0 - - [28/Jul/2026:05:19:01 +0200] "GET /shop/demographic/alarm210031965.html?lokasie=%2Fhomepages%2F43%2Fd895481126%2Fhtdocs%2Fclickandbuilds%2FLogestyServices%2Flicense.txt&loknya=%2Fhomepages%2F43%2Fd895481126%2Fhtdocs%2Fclickandbuilds%2FLogestyServices HTTP/1.1" 429 267 logesty-services.fr "-" "Mozilla/5.0 AppleWebKit/537.36 (KHTML, like Gecko; compatible; ClaudeBot/1.0; +claudebot@anthropic.com)" "-"
74.7.242.0 - - [28/Jul/2026:05:19:05 +0200] "GET /?u=9203249197 HTTP/1.1" 429 267 logesty-services.fr "https://logesty-services.fr/?sitemapindex.xml" "Mozilla/5.0 AppleWebKit/537.36 (KHTML, like Gecko; compatible; GPTBot/1.4; +https://openai.com/gptbot)" "-"
216.73.216.0 - - [28/Jul/2026:05:19:06 +0200] "GET /shop/jury/hi107024854.html?lokasie=%2Fhomepages%2F43%2Fd895481126%2Fhtdocs%2Fclickandbuilds%2FLogestyServices%2Flicense.txt&loknya=%2Fhomepages%2F43%2Fd895481126%2Fhtdocs%2Fclickandbuilds%2FLogestyServices HTTP/1.1" 429 267 logesty-services.fr "-" "Mozilla/5.0 AppleWebKit/537.36 (KHTML, like Gecko; compatible; ClaudeBot/1.0; +claudebot@anthropic.com)" "-"
216.73.216.0 - - [28/Jul/2026:05:19:14 +0200] "GET /shop/bridge/artist109040638.html?lokasie=%2Fhomepages%2F43%2Fd895481126%2Fhtdocs%2Fclickandbuilds%2FLogestyServices%2Flicense.txt&loknya=%2Fhomepages%2F43%2Fd895481126%2Fhtdocs%2Fclickandbuilds%2FLogestyServices HTTP/1.1" 429 267 logesty-services.fr "-" "Mozilla/5.0 AppleWebKit/537.36 (KHTML, like Gecko; compatible; ClaudeBot/1.0; +claudebot@anthropic.com)" "-"
216.73.216.0 - - [28/Jul/2026:05:19:17 +0200] "GET /shop/expand/chairman121031754.html?lokasie=%2Fhomepages%2F43%2Fd895481126%2Fhtdocs%2Fclickandbuilds%2FLogestyServices%2Flicense.txt&loknya=%2Fhomepages%2F43%2Fd895481126%2Fhtdocs%2Fclickandbuilds%2FLogestyServices HTTP/1.1" 429 267 logesty-services.fr "-" "Mozilla/5.0 AppleWebKit/537.36 (KHTML, like Gecko; compatible; ClaudeBot/1.0; +claudebot@anthropic.com)" "-"
216.73.216.0 - - [28/Jul/2026:05:19:21 +0200] "GET /shop/kiss/trash212001705.html?lokasie=%2Fhomepages%2F43%2Fd895481126%2Fhtdocs%2Fclickandbuilds%2FLogestyServices%2Flicense.txt&loknya=%2Fhomepages%2F43%2Fd895481126%2Fhtdocs%2Fclickandbuilds%2FLogestyServices HTTP/1.1" 429 267 logesty-services.fr "-" "Mozilla/5.0 AppleWebKit/537.36 (KHTML, like Gecko; compatible; ClaudeBot/1.0; +claudebot@anthropic.com)" "-"
66.249.64.0 - - [28/Jul/2026:05:19:25 +0200] "GET /?u=6702274805 HTTP/1.1" 200 155634 logesty-services.fr "-" "Mozilla/5.0 (Linux; Android 6.0.1; Nexus 5X Build/MMB29P) AppleWebKit/537.36 (KHTML, like Gecko) Chrome/150.0.7871.128 Mobile Safari/537.36 (compatible; Googlebot/2.1; +http://www.google.com/bot.html)" "-"
216.73.216.0 - - [28/Jul/2026:05:19:26 +0200] "GET /shop/steel/contribute251047634.html?lokasie=%2Fhomepages%2F43%2Fd895481126%2Fhtdocs%2Fclickandbuilds%2FLogestyServices%2Flicense.txt&loknya=%2Fhomepages%2F43%2Fd895481126%2Fhtdocs%2Fclickandbuilds%2FLogestyServices HTTP/1.1" 429 267 logesty-services.fr "-" "Mozilla/5.0 AppleWebKit/537.36 (KHTML, like Gecko; compatible; ClaudeBot/1.0; +claudebot@anthropic.com)" "-"
216.73.216.0 - - [28/Jul/2026:05:19:31 +0200] "GET /shop/colorful/racial229034036.html?lokasie=%2Fhomepages%2F43%2Fd895481126%2Fhtdocs%2Fclickandbuilds%2FLogestyServices%2Flicense.txt&loknya=%2Fhomepages%2F43%2Fd895481126%2Fhtdocs%2Fclickandbuilds%2FLogestyServices HTTP/1.1" 429 267 logesty-services.fr "-" "Mozilla/5.0 AppleWebKit/537.36 (KHTML, like Gecko; compatible; ClaudeBot/1.0; +claudebot@anthropic.com)" "-"
66.249.64.0 - - [28/Jul/2026:05:19:33 +0200] "GET /?u=6771107634 HTTP/1.1" 200 152990 logesty-services.fr "-" "Mozilla/5.0 (Linux; Android 6.0.1; Nexus 5X Build/MMB29P) AppleWebKit/537.36 (KHTML, like Gecko) Chrome/150.0.7871.128 Mobile Safari/537.36 (compatible; Googlebot/2.1; +http://www.google.com/bot.html)" "-"
216.73.216.0 - - [28/Jul/2026:05:19:36 +0200] "GET /shop/legal/liquid076010241.html?lokasie=%2Fhomepages%2F43%2Fd895481126%2Fhtdocs%2Fclickandbuilds%2FLogestyServices%2Frobots.txt&loknya=%2Fhomepages%2F43%2Fd895481126%2Fhtdocs%2Fclickandbuilds%2FLogestyServices HTTP/1.1" 429 267 logesty-services.fr "-" "Mozilla/5.0 AppleWebKit/537.36 (KHTML, like Gecko; compatible; ClaudeBot/1.0; +claudebot@anthropic.com)" "-"
216.73.216.0 - - [28/Jul/2026:05:19:41 +0200] "GET /shop/clothing/dismiss258037963.html?lokasie=%2Fhomepages%2F43%2Fd895481126%2Fhtdocs%2Fclickandbuilds%2FLogestyServices%2Flicense.txt&loknya=%2Fhomepages%2F43%2Fd895481126%2Fhtdocs%2Fclickandbuilds%2FLogestyServices HTTP/1.1" 429 267 logesty-services.fr "-" "Mozilla/5.0 AppleWebKit/537.36 (KHTML, like Gecko; compatible; ClaudeBot/1.0; +claudebot@anthropic.com)" "-"
66.249.64.0 - - [28/Jul/2026:05:19:42 +0200] "GET /?u=2194276463 HTTP/1.1" 200 83792 logesty-services.fr "-" "Mozilla/5.0 (Linux; Android 6.0.1; Nexus 5X Build/MMB29P) AppleWebKit/537.36 (KHTML, like Gecko) Chrome/150.0.7871.128 Mobile Safari/537.36 (compatible; GoogleOther)" "-"
114.119.136.0 - - [28/Jul/2026:05:19:43 +0200] "GET /a-seaside-reset-in-laguna-beach/?loknya=/homepages/43/d895481126/htdocs/clickandbuilds/LogestyServices/category HTTP/1.1" 200 12832 logesty-services.fr "https://logesty-services.fr/a-seaside-reset-in-laguna-beach/" "Mozilla/5.0 (Linux; Android 7.0;) AppleWebKit/537.36 (HTML, like Gecko) Mobile Safari/537.36 (compatible; PetalBot;+https://webmaster.petalsearch.com/site/petalbot)" "-"
216.73.216.0 - - [28/Jul/2026:05:19:46 +0200] "GET /shop/genuine/wood008031943.html?lokasie=%2Fhomepages%2F43%2Fd895481126%2Fhtdocs%2Fclickandbuilds%2FLogestyServices%2Flicense.txt&loknya=%2Fhomepages%2F43%2Fd895481126%2Fhtdocs%2Fclickandbuilds%2FLogestyServices HTTP/1.1" 429 267 logesty-services.fr "-" "Mozilla/5.0 AppleWebKit/537.36 (KHTML, like Gecko; compatible; ClaudeBot/1.0; +claudebot@anthropic.com)" "-"
216.73.216.0 - - [28/Jul/2026:05:19:51 +0200] "GET /item/212017360?lokasie=%2Fhomepages%2F43%2Fd895481126%2Flast_traffic&loknya=%2Fhomepages%2F43%2Fd895481126 HTTP/1.1" 429 267 logesty-services.fr "-" "Mozilla/5.0 AppleWebKit/537.36 (KHTML, like Gecko; compatible; ClaudeBot/1.0; +claudebot@anthropic.com)" "-"
216.73.216.0 - - [28/Jul/2026:05:19:57 +0200] "GET /shop/bulb/gay182021129.html?lokasie=%2Fhomepages%2F43%2Fd895481126%2Fhtdocs%2Fclickandbuilds%2FLogestyServices%2Flicense.txt&loknya=%2Fhomepages%2F43%2Fd895481126%2Fhtdocs%2Fclickandbuilds%2FLogestyServices HTTP/1.1" 429 267 logesty-services.fr "-" "Mozilla/5.0 AppleWebKit/537.36 (KHTML, like Gecko; compatible; ClaudeBot/1.0; +claudebot@anthropic.com)" "-"
74.7.242.0 - - [28/Jul/2026:05:19:58 +0200] "GET /?u=0314093961 HTTP/1.1" 429 267 logesty-services.fr "https://logesty-services.fr/?sitemap913.xml" "Mozilla/5.0 AppleWebKit/537.36 (KHTML, like Gecko; compatible; GPTBot/1.4; +https://openai.com/gptbot)" "-"
66.249.64.0 - - [28/Jul/2026:05:20:01 +0200] "GET /?u=4073091565 HTTP/1.1" 200 149404 logesty-services.fr "-" "Mozilla/5.0 (Linux; Android 6.0.1; Nexus 5X Build/MMB29P) AppleWebKit/537.36 (KHTML, like Gecko) Chrome/150.0.7871.128 Mobile Safari/537.36 (compatible; Googlebot/2.1; +http://www.google.com/bot.html)" "-"
216.73.216.0 - - [28/Jul/2026:05:20:01 +0200] "GET /shop/greet/casino088000911.html?lokasie=%2Fhomepages%2F43%2Fd895481126%2Fhtdocs%2Fclickandbuilds%2FLogestyServices%2Frobots.txt&loknya=%2Fhomepages%2F43%2Fd895481126%2Fhtdocs%2Fclickandbuilds%2FLogestyServices HTTP/1.1" 200 5515 logesty-services.fr "-" "Mozilla/5.0 AppleWebKit/537.36 (KHTML, like Gecko; compatible; ClaudeBot/1.0; +claudebot@anthropic.com)" "-"
216.73.216.0 - - [28/Jul/2026:05:20:06 +0200] "GET /shop/artificial/update295018082.html?lokasie=%2Fhomepages%2F43%2Fd895481126%2Fhtdocs%2Fclickandbuilds%2FLogestyServices%2Fimages%2Ftoggige-arrow.jpg&loknya=%2Fhomepages%2F43%2Fd895481126%2Fhtdocs%2Fclickandbuilds%2FLogestyServices%2Fimages HTTP/1.1" 200 32149 logesty-services.fr "-" "Mozilla/5.0 AppleWebKit/537.36 (KHTML, like Gecko; compatible; ClaudeBot/1.0; +claudebot@anthropic.com)" "-"
216.73.216.0 - - [28/Jul/2026:05:20:11 +0200] "GET /shop/nearby/death083014080.html?lokasie=%2Fhomepages%2F43%2Fd895481126%2Fhtdocs%2Fclickandbuilds%2FLogestyServices%2Frobots.txt&loknya=%2Fhomepages%2F43%2Fd895481126%2Fhtdocs%2Fclickandbuilds%2FLogestyServices HTTP/1.1" 200 5515 logesty-services.fr "-" "Mozilla/5.0 AppleWebKit/537.36 (KHTML, like Gecko; compatible; ClaudeBot/1.0; +claudebot@anthropic.com)" "-"
216.73.216.0 - - [28/Jul/2026:05:20:16 +0200] "GET /shop/entirely/civil272036703.html?lokasie=%2Fhomepages%2F43%2Fd895481126%2Fhtdocs%2Fclickandbuilds%2FLogestyServices%2Flicense.txt&loknya=%2Fhomepages%2F43%2Fd895481126%2Fhtdocs%2Fclickandbuilds%2FLogestyServices HTTP/1.1" 200 24366 logesty-services.fr "-" "Mozilla/5.0 AppleWebKit/537.36 (KHTML, like Gecko; compatible; ClaudeBot/1.0; +claudebot@anthropic.com)" "-"
216.73.216.0 - - [28/Jul/2026:05:20:21 +0200] "GET /item/212017360?lokasie=%2Fhomepages%2F43%2Fd895481126%2Fhtdocs%2Fclickandbuilds%2FLogestyServices%2Flicense.txt&loknya=%2Fhomepages%2F43%2Fd895481126%2Fhtdocs%2Fclickandbuilds%2FLogestyServices HTTP/1.1" 200 24366 logesty-services.fr "-" "Mozilla/5.0 AppleWebKit/537.36 (KHTML, like Gecko; compatible; ClaudeBot/1.0; +claudebot@anthropic.com)" "-"
216.73.216.0 - - [28/Jul/2026:05:20:29 +0200] "GET /shop/festival/awareness201015130.html?lokasie=%2Fhomepages%2F43%2Fd895481126%2Fhtdocs%2Fclickandbuilds%2FLogestyServices%2Flicense.txt&loknya=%2Fhomepages%2F43%2Fd895481126%2Fhtdocs%2Fclickandbuilds%2FLogestyServices HTTP/1.1" 200 24366 logesty-services.fr "-" "Mozilla/5.0 AppleWebKit/537.36 (KHTML, like Gecko; compatible; ClaudeBot/1.0; +claudebot@anthropic.com)" "-"
66.249.64.0 - - [28/Jul/2026:05:20:35 +0200] "GET /?u=684191984 HTTP/1.1" 200 155769 logesty-services.fr "-" "Mozilla/5.0 (Linux; Android 6.0.1; Nexus 5X Build/MMB29P) AppleWebKit/537.36 (KHTML, like Gecko) Chrome/150.0.7871.128 Mobile Safari/537.36 (compatible; Googlebot/2.1; +http://www.google.com/bot.html)" "-"
216.73.216.0 - - [28/Jul/2026:05:20:36 +0200] "GET /shop/demographic/alarm210031965.html?lokasie=%2Fhomepages%2F43%2Fd895481126%2Fhtdocs%2Fclickandbuilds%2FLogestyServices%2Frobots.txt&loknya=%2Fhomepages%2F43%2Fd895481126%2Fhtdocs%2Fclickandbuilds%2FLogestyServices HTTP/1.1" 200 5515 logesty-services.fr "-" "Mozilla/5.0 AppleWebKit/537.36 (KHTML, like Gecko; compatible; ClaudeBot/1.0; +claudebot@anthropic.com)" "-"
216.73.216.0 - - [28/Jul/2026:05:20:41 +0200] "GET /shop/jury/hi107024854.html?lokasie=%2Fhomepages%2F43%2Fd895481126%2Fhtdocs%2Fclickandbuilds%2FLogestyServices%2Frobots.txt&loknya=%2Fhomepages%2F43%2Fd895481126%2Fhtdocs%2Fclickandbuilds%2FLogestyServices HTTP/1.1" 200 5515 logesty-services.fr "-" "Mozilla/5.0 AppleWebKit/537.36 (KHTML, like Gecko; compatible; ClaudeBot/1.0; +claudebot@anthropic.com)" "-"
216.73.216.0 - - [28/Jul/2026:05:20:51 +0200] "GET /shop/bridge/artist109040638.html?lokasie=%2Fhomepages%2F43%2Fd895481126%2Fhtdocs%2Fclickandbuilds%2FLogestyServices%2Frobots.txt&loknya=%2Fhomepages%2F43%2Fd895481126%2Fhtdocs%2Fclickandbuilds%2FLogestyServices HTTP/1.1" 200 5515 logesty-services.fr "-" "Mozilla/5.0 AppleWebKit/537.36 (KHTML, like Gecko; compatible; ClaudeBot/1.0; +claudebot@anthropic.com)" "-"
216.73.216.0 - - [28/Jul/2026:05:20:56 +0200] "GET /shop/expand/chairman121031754.html?lokasie=%2Fhomepages%2F43%2Fd895481126%2Fhtdocs%2Fclickandbuilds%2FLogestyServices%2Frobots.txt&loknya=%2Fhomepages%2F43%2Fd895481126%2Fhtdocs%2Fclickandbuilds%2FLogestyServices HTTP/1.1" 200 5515 logesty-services.fr "-" "Mozilla/5.0 AppleWebKit/537.36 (KHTML, like Gecko; compatible; ClaudeBot/1.0; +claudebot@anthropic.com)" "-"
74.7.242.0 - - [28/Jul/2026:05:20:59 +0200] "GET /?u=0624096657 HTTP/1.1" 200 83790 logesty-services.fr "https://logesty-services.fr/?sitemap982.xml" "Mozilla/5.0 AppleWebKit/537.36 (KHTML, like Gecko; compatible; GPTBot/1.4; +https://openai.com/gptbot)" "-"
216.73.216.0 - - [28/Jul/2026:05:21:01 +0200] "GET /shop/kiss/trash212001705.html?lokasie=%2Fhomepages%2F43%2Fd895481126%2Fhtdocs%2Fclickandbuilds%2FLogestyServices%2Frobots.txt&loknya=%2Fhomepages%2F43%2Fd895481126%2Fhtdocs%2Fclickandbuilds%2FLogestyServices HTTP/1.1" 200 5515 logesty-services.fr "-" "Mozilla/5.0 AppleWebKit/537.36 (KHTML, like Gecko; compatible; ClaudeBot/1.0; +claudebot@anthropic.com)" "-"
66.249.64.0 - - [28/Jul/2026:05:21:06 +0200] "GET /?u=5591960959 HTTP/1.1" 200 152948 logesty-services.fr "-" "Mozilla/5.0 (Linux; Android 6.0.1; Nexus 5X Build/MMB29P) AppleWebKit/537.36 (KHTML, like Gecko) Chrome/150.0.7871.128 Mobile Safari/537.36 (compatible; Googlebot/2.1; +http://www.google.com/bot.html)" "-"
216.73.216.0 - - [28/Jul/2026:05:21:06 +0200] "GET /shop/steel/contribute251047634.html?lokasie=%2Fhomepages%2F43%2Fd895481126%2Fhtdocs%2Fclickandbuilds%2FLogestyServices%2Frobots.txt&loknya=%2Fhomepages%2F43%2Fd895481126%2Fhtdocs%2Fclickandbuilds%2FLogestyServices HTTP/1.1" 200 5515 logesty-services.fr "-" "Mozilla/5.0 AppleWebKit/537.36 (KHTML, like Gecko; compatible; ClaudeBot/1.0; +claudebot@anthropic.com)" "-"
216.73.216.0 - - [28/Jul/2026:05:21:12 +0200] "GET /shop/colorful/racial229034036.html?lokasie=%2Fhomepages%2F43%2Fd895481126%2Fhtdocs%2Fclickandbuilds%2FLogestyServices%2Frobots.txt&loknya=%2Fhomepages%2F43%2Fd895481126%2Fhtdocs%2Fclickandbuilds%2FLogestyServices HTTP/1.1" 200 5515 logesty-services.fr "-" "Mozilla/5.0 AppleWebKit/537.36 (KHTML, like Gecko; compatible; ClaudeBot/1.0; +claudebot@anthropic.com)" "-"
216.73.216.0 - - [28/Jul/2026:05:21:16 +0200] "GET /shop/absence/buyer103039334.html?lokasie=%2Fhomepages%2F43%2Fd895481126%2Fhtdocs%2Fclickandbuilds%2FLogestyServices%2Flicense.txt&loknya=%2Fhomepages%2F43%2Fd895481126%2Fhtdocs%2Fclickandbuilds%2FLogestyServices HTTP/1.1" 200 24366 logesty-services.fr "-" "Mozilla/5.0 AppleWebKit/537.36 (KHTML, like Gecko; compatible; ClaudeBot/1.0; +claudebot@anthropic.com)" "-"
216.73.216.0 - - [28/Jul/2026:05:21:21 +0200] "GET /shop/absence/buyer103039334.html?lokasie=%2Fhomepages%2F43%2Fd895481126%2Flast_traffic&loknya=%2Fhomepages%2F43%2Fd895481126 HTTP/1.1" 200 4074 logesty-services.fr "-" "Mozilla/5.0 AppleWebKit/537.36 (KHTML, like Gecko; compatible; ClaudeBot/1.0; +claudebot@anthropic.com)" "-"
216.73.216.0 - - [28/Jul/2026:05:21:26 +0200] "GET /shop/clothing/dismiss258037963.html?lokasie=%2Fhomepages%2F43%2Fd895481126%2Fhtdocs%2Fclickandbuilds%2FLogestyServices%2Frobots.txt&loknya=%2Fhomepages%2F43%2Fd895481126%2Fhtdocs%2Fclickandbuilds%2FLogestyServices HTTP/1.1" 200 5515 logesty-services.fr "-" "Mozilla/5.0 AppleWebKit/537.36 (KHTML, like Gecko; compatible; ClaudeBot/1.0; +claudebot@anthropic.com)" "-"
66.249.64.0 - - [28/Jul/2026:05:21:29 +0200] "GET /?u=4481429160 HTTP/1.1" 200 83792 logesty-services.fr "-" "Mozilla/5.0 (Linux; Android 6.0.1; Nexus 5X Build/MMB29P) AppleWebKit/537.36 (KHTML, like Gecko) Chrome/150.0.7871.128 Mobile Safari/537.36 (compatible; GoogleOther)" "-"
216.73.216.0 - - [28/Jul/2026:05:21:31 +0200] "GET /shop/genuine/wood008031943.html?lokasie=%2Fhomepages%2F43%2Fd895481126%2Fhtdocs%2Fclickandbuilds%2FLogestyServices%2Frobots.txt&loknya=%2Fhomepages%2F43%2Fd895481126%2Fhtdocs%2Fclickandbuilds%2FLogestyServices HTTP/1.1" 200 5515 logesty-services.fr "-" "Mozilla/5.0 AppleWebKit/537.36 (KHTML, like Gecko; compatible; ClaudeBot/1.0; +claudebot@anthropic.com)" "-"
66.249.64.0 - - [28/Jul/2026:05:21:34 +0200] "GET /?u=4251690958 HTTP/1.1" 200 153649 logesty-services.fr "-" "Mozilla/5.0 (Linux; Android 6.0.1; Nexus 5X Build/MMB29P) AppleWebKit/537.36 (KHTML, like Gecko) Chrome/150.0.7871.128 Mobile Safari/537.36 (compatible; Googlebot/2.1; +http://www.google.com/bot.html)" "-"
216.73.216.0 - - [28/Jul/2026:05:21:36 +0200] "GET /shop/bulb/gay182021129.html?lokasie=%2Fhomepages%2F43%2Fd895481126%2Fhtdocs%2Fclickandbuilds%2FLogestyServices%2Frobots.txt&loknya=%2Fhomepages%2F43%2Fd895481126%2Fhtdocs%2Fclickandbuilds%2FLogestyServices HTTP/1.1" 200 5515 logesty-services.fr "-" "Mozilla/5.0 AppleWebKit/537.36 (KHTML, like Gecko; compatible; ClaudeBot/1.0; +claudebot@anthropic.com)" "-"
216.73.216.0 - - [28/Jul/2026:05:21:41 +0200] "GET /shop/entirely/civil272036703.html?lokasie=%2Fhomepages%2F43%2Fd895481126%2Fhtdocs%2Fclickandbuilds%2FLogestyServices%2Frobots.txt&loknya=%2Fhomepages%2F43%2Fd895481126%2Fhtdocs%2Fclickandbuilds%2FLogestyServices HTTP/1.1" 200 5515 logesty-services.fr "-" "Mozilla/5.0 AppleWebKit/537.36 (KHTML, like Gecko; compatible; ClaudeBot/1.0; +claudebot@anthropic.com)" "-"
216.73.216.0 - - [28/Jul/2026:05:21:46 +0200] "GET /shop/festival/awareness201015130.html?lokasie=%2Fhomepages%2F43%2Fd895481126%2Fhtdocs%2Fclickandbuilds%2FLogestyServices%2Frobots.txt&loknya=%2Fhomepages%2F43%2Fd895481126%2Fhtdocs%2Fclickandbuilds%2FLogestyServices HTTP/1.1" 200 5515 logesty-services.fr "-" "Mozilla/5.0 AppleWebKit/537.36 (KHTML, like Gecko; compatible; ClaudeBot/1.0; +claudebot@anthropic.com)" "-"
114.119.136.0 - - [28/Jul/2026:05:21:49 +0200] "GET /a-seaside-reset-in-laguna-beach/?loknya=/homepages/43/d895481126/htdocs/clickandbuilds/LogestyServices/.wp-cli HTTP/1.1" 200 11569 logesty-services.fr "https://logesty-services.fr/a-seaside-reset-in-laguna-beach/" "Mozilla/5.0 (Linux; Android 7.0;) AppleWebKit/537.36 (HTML, like Gecko) Mobile Safari/537.36 (compatible; PetalBot;+https://webmaster.petalsearch.com/site/petalbot)" "-"
216.73.216.0 - - [28/Jul/2026:05:21:54 +0200] "GET /shop/festival/awareness201015130.html?lokasie=%2Fhomepages%2F43%2Fd895481126%2Fhtdocs%2Fclickandbuilds%2FLogestyServices%2Fcontact-logesty-service%2Fjjblfgaw.php&loknya=%2Fhomepages%2F43%2Fd895481126%2Fhtdocs%2Fclickandbuilds%2FLogestyServices%2Fcontact-logesty-service HTTP/1.1" 429 267 logesty-services.fr "-" "Mozilla/5.0 AppleWebKit/537.36 (KHTML, like Gecko; compatible; ClaudeBot/1.0; +claudebot@anthropic.com)" "-"
216.73.216.0 - - [28/Jul/2026:05:21:58 +0200] "GET /shop/festival/awareness201015130.html?lokasie=%2Fhomepages%2F43%2Fd895481126%2Fhtdocs%2Fclickandbuilds%2FLogestyServices%2Fcontact-logesty-service%2F.htaccess&loknya=%2Fhomepages%2F43%2Fd895481126%2Fhtdocs%2Fclickandbuilds%2FLogestyServices%2Fcontact-logesty-service HTTP/1.1" 429 267 logesty-services.fr "-" "Mozilla/5.0 AppleWebKit/537.36 (KHTML, like Gecko; compatible; ClaudeBot/1.0; +claudebot@anthropic.com)" "-"
216.73.216.0 - - [28/Jul/2026:05:22:03 +0200] "GET /shop/bridge/artist109040638.html?lokasie=%2Fhomepages%2F43%2Fd895481126%2Fhtdocs%2Fclickandbuilds%2FLogestyServices%2Flouer-un-logement%2Fjjblfgaw.php&loknya=%2Fhomepages%2F43%2Fd895481126%2Fhtdocs%2Fclickandbuilds%2FLogestyServices%2Flouer-un-logement HTTP/1.1" 429 267 logesty-services.fr "-" "Mozilla/5.0 AppleWebKit/537.36 (KHTML, like Gecko; compatible; ClaudeBot/1.0; +claudebot@anthropic.com)" "-"
66.249.64.0 - - [28/Jul/2026:05:22:03 +0200] "GET /?u=5721175608 HTTP/1.1" 200 158471 logesty-services.fr "-" "Mozilla/5.0 (Linux; Android 6.0.1; Nexus 5X Build/MMB29P) AppleWebKit/537.36 (KHTML, like Gecko) Chrome/150.0.7871.128 Mobile Safari/537.36 (compatible; Googlebot/2.1; +http://www.google.com/bot.html)" "-"
74.7.242.0 - - [28/Jul/2026:05:22:04 +0200] "GET /?u=4151428836 HTTP/1.1" 429 267 logesty-services.fr "https://logesty-services.fr/?sitemap613.xml" "Mozilla/5.0 AppleWebKit/537.36 (KHTML, like Gecko; compatible; GPTBot/1.4; +https://openai.com/gptbot)" "-"
216.73.216.0 - - [28/Jul/2026:05:22:12 +0200] "GET /shop/channel/song240004799.html?lokasie=%2Fhomepages%2F43%2Fd895481126%2Fhtdocs%2Fclickandbuilds%2FLogestyServices%2Fwp-admin%2Fexport.php&loknya=%2Fhomepages%2F43%2Fd895481126%2Fhtdocs%2Fclickandbuilds%2FLogestyServices%2Fwp-admin HTTP/1.1" 429 267 logesty-services.fr "-" "Mozilla/5.0 AppleWebKit/537.36 (KHTML, like Gecko; compatible; ClaudeBot/1.0; +claudebot@anthropic.com)" "-"
216.73.216.0 - - [28/Jul/2026:05:22:16 +0200] "GET /shop/emotional/consciousness115029168.html?lokasie=%2Fhomepages%2F43%2Fd895481126%2Fhtdocs%2Fclickandbuilds%2FLogestyServices%2Fwp-admin%2Fedit-form-blocks.php&loknya=%2Fhomepages%2F43%2Fd895481126%2Fhtdocs%2Fclickandbuilds%2FLogestyServices%2Fwp-admin HTTP/1.1" 429 267 logesty-services.fr "-" "Mozilla/5.0 AppleWebKit/537.36 (KHTML, like Gecko; compatible; ClaudeBot/1.0; +claudebot@anthropic.com)" "-"
216.73.216.0 - - [28/Jul/2026:05:22:21 +0200] "GET /shop/culture/book157031746.html?lokasie=%2Fhomepages%2F43%2Fd895481126%2Fhtdocs%2Fclickandbuilds%2FLogestyServices%2Fwp-includes%2Fsession.php&loknya=%2Fhomepages%2F43%2Fd895481126%2Fhtdocs%2Fclickandbuilds%2FLogestyServices%2Fwp-includes HTTP/1.1" 429 267 logesty-services.fr "-" "Mozilla/5.0 AppleWebKit/537.36 (KHTML, like Gecko; compatible; ClaudeBot/1.0; +claudebot@anthropic.com)" "-"
216.73.216.0 - - [28/Jul/2026:05:22:26 +0200] "GET /shop/emotion/living196021391.html?lokasie=%2Fhomepages%2F43%2Fd895481126%2Fhtdocs%2Fclickandbuilds%2FLogestyServices%2Fwp-admin%2Fuser-edit.php&loknya=%2Fhomepages%2F43%2Fd895481126%2Fhtdocs%2Fclickandbuilds%2FLogestyServices%2Fwp-admin HTTP/1.1" 429 267 logesty-services.fr "-" "Mozilla/5.0 AppleWebKit/537.36 (KHTML, like Gecko; compatible; ClaudeBot/1.0; +claudebot@anthropic.com)" "-"
66.249.64.0 - - [28/Jul/2026:05:22:26 +0200] "GET /?u=6244540684 HTTP/1.1" 200 155479 logesty-services.fr "-" "Mozilla/5.0 (Linux; Android 6.0.1; Nexus 5X Build/MMB29P) AppleWebKit/537.36 (KHTML, like Gecko) Chrome/150.0.7871.128 Mobile Safari/537.36 (compatible; Googlebot/2.1; +http://www.google.com/bot.html)" "-"
148.113.128.0 - - [28/Jul/2026:05:22:28 +0200] "GET /robots.txt HTTP/1.1" 200 1157 logesty-services.fr "-" "Mozilla/5.0 (compatible; AhrefsBot/7.0; +http://ahrefs.com/robot/)" "-"
216.73.216.0 - - [28/Jul/2026:05:22:31 +0200] "GET /shop/mortgage/publicly025023208.html?lokasie=%2Fhomepages%2F43%2Fd895481126%2Fhtdocs%2Fclickandbuilds%2FLogestyServices%2Fwp-admin%2Fuser-edit.php&loknya=%2Fhomepages%2F43%2Fd895481126%2Fhtdocs%2Fclickandbuilds%2FLogestyServices%2Fwp-admin HTTP/1.1" 429 267 logesty-services.fr "-" "Mozilla/5.0 AppleWebKit/537.36 (KHTML, like Gecko; compatible; ClaudeBot/1.0; +claudebot@anthropic.com)" "-"
51.161.65.0 - - [28/Jul/2026:05:22:32 +0200] "GET /sitemap-hot-2976038.xml HTTP/1.1" 200 167013 logesty-services.fr "-" "Mozilla/5.0 (compatible; AhrefsBot/7.0; +http://ahrefs.com/robot/)" "-"
216.73.216.0 - - [28/Jul/2026:05:22:36 +0200] "GET /shop/emotion/living196021391.html?lokasie=%2Fhomepages%2F43%2Fd895481126%2Fhtdocs%2Fclickandbuilds%2FLogestyServices%2Fwp-includes%2Fmeta.php&loknya=%2Fhomepages%2F43%2Fd895481126%2Fhtdocs%2Fclickandbuilds%2FLogestyServices%2Fwp-includes HTTP/1.1" 429 267 logesty-services.fr "-" "Mozilla/5.0 AppleWebKit/537.36 (KHTML, like Gecko; compatible; ClaudeBot/1.0; +claudebot@anthropic.com)" "-"
216.73.216.0 - - [28/Jul/2026:05:22:41 +0200] "GET /shop/magnitude/trend178020401.html?loknya=%2Fhomepages%2F43%2Fd895481126%2Fhtdocs%2Fclickandbuilds%2FLogestyServices%2Fconditions-de-service HTTP/1.1" 429 267 logesty-services.fr "-" "Mozilla/5.0 AppleWebKit/537.36 (KHTML, like Gecko; compatible; ClaudeBot/1.0; +claudebot@anthropic.com)" "-"
