216.73.216.0 - - [28/Jul/2026:00:13:17 +0200] "GET /pn/%E3%83%89%E3%83%B3%E3%82%B1%E3%83%AB%20DONKEL%20%E5%AE%89%E5%85%A8%E9%9D%B4%20%E5%8D%8A%E9%95%B7%E9%9D%B4%20%E3%82%A6%E3%83%AC%E3%82%BF%E3%83%B3%E4%BA%8C%E5%B1%A4%E5%BA%95%2027.0cm%20(1%E8%B6%B3)%20D7006N-270+ver.A/pd/3379391/?mode=mark HTTP/1.1" 429 267 logesty-services.fr "-" "Mozilla/5.0 AppleWebKit/537.36 (KHTML, like Gecko; compatible; ClaudeBot/1.0; +claudebot@anthropic.com)" "-"
66.249.64.0 - - [28/Jul/2026:00:13:19 +0200] "GET /?u=3161331900 HTTP/1.1" 500 - logesty-services.fr "-" "Mozilla/5.0 (Linux; Android 6.0.1; Nexus 5X Build/MMB29P) AppleWebKit/537.36 (KHTML, like Gecko) Chrome/150.0.7871.128 Mobile Safari/537.36 (compatible; Googlebot/2.1; +http://www.google.com/bot.html)" "-"
216.73.216.0 - - [28/Jul/2026:00:13:22 +0200] "GET /pn/%E3%80%90I%E3%80%91%E3%80%90%E6%B3%95%E4%BA%BA%E9%99%90%E5%AE%9A%E3%80%91%E3%83%AA%E3%83%83%E3%83%81%E3%82%A7%E3%83%AB%20%E3%82%BF%E3%82%A6%E3%83%B3%E3%83%97%E3%83%A9%E3%83%B3%E3%82%BF%E3%83%BCWS%20100%E5%9E%8B%20%E3%81%8F%E3%81%97%E3%81%B3%E3%81%8D%20%E3%82%B5%E3%83%B3%E3%83%89%E3%82%B0%E3%83%AC%E3%83%BC%20%E5%A4%A7%E5%AE%B9%E9%87%8F%20%E5%BA%95%E9%9D%A2%E7%B5%A6%E6%B0%B4%E6%A9%9F%E8%83%BD%E4%BB%98%E3%81%8D%E3%80%90%E5%8C%97%E6%B5%B7%E9%81%93%E3%83%BB%E6%B2%96%E7%B8%84%E3%83%BB%E9%9B%A2%E5%B3%B6%20%E9%85%8D%E9%80%81%E4%B8%8D%E5%8F%AF%E3%80%91+ver.A/pd/3379391/?mode=mark HTTP/1.1" 429 267 logesty-services.fr "-" "Mozilla/5.0 AppleWebKit/537.36 (KHTML, like Gecko; compatible; ClaudeBot/1.0; +claudebot@anthropic.com)" "-"
74.7.227.0 - - [28/Jul/2026:00:13:25 +0200] "GET /?u=3422841737 HTTP/1.1" 429 267 logesty-services.fr "https://logesty-services.fr/?sitemapindex.xml" "Mozilla/5.0 AppleWebKit/537.36 (KHTML, like Gecko; compatible; GPTBot/1.4; +https://openai.com/gptbot)" "-"
216.73.216.0 - - [28/Jul/2026:00:13:26 +0200] "GET /shop/species/magnitude177049914.html HTTP/1.1" 429 267 logesty-services.fr "-" "Mozilla/5.0 AppleWebKit/537.36 (KHTML, like Gecko; compatible; ClaudeBot/1.0; +claudebot@anthropic.com)" "-"
216.73.216.0 - - [28/Jul/2026:00:13:31 +0200] "GET /shop/cousin/unemployment054034421.html HTTP/1.1" 429 267 logesty-services.fr "-" "Mozilla/5.0 AppleWebKit/537.36 (KHTML, like Gecko; compatible; ClaudeBot/1.0; +claudebot@anthropic.com)" "-"
114.119.138.0 - - [28/Jul/2026:00:13:43 +0200] "GET /listing/appartement-f2-proche-disneyland-paris/?loknya=/homepages/43/d895481126 HTTP/1.1" 500 - logesty-services.fr "https://logesty-services.fr/listing/appartement-f2-proche-disneyland-paris/?loknya=/homepages/43/d895481126/htdocs/clickandbuilds/LogestyServices/type" "Mozilla/5.0 (Linux; Android 7.0;) AppleWebKit/537.36 (HTML, like Gecko) Mobile Safari/537.36 (compatible; PetalBot;+https://webmaster.petalsearch.com/site/petalbot)" "-"
74.7.227.0 - - [28/Jul/2026:00:14:30 +0200] "GET /?u=9621185061 HTTP/1.1" 500 - logesty-services.fr "https://logesty-services.fr/?sitemap913.xml" "Mozilla/5.0 AppleWebKit/537.36 (KHTML, like Gecko; compatible; GPTBot/1.4; +https://openai.com/gptbot)" "-"
74.7.227.0 - - [28/Jul/2026:00:15:35 +0200] "GET /?u=5071760988 HTTP/1.1" 500 - logesty-services.fr "https://logesty-services.fr/?sitemapindex.xml" "Mozilla/5.0 AppleWebKit/537.36 (KHTML, like Gecko; compatible; GPTBot/1.4; +https://openai.com/gptbot)" "-"
114.119.136.0 - - [28/Jul/2026:00:15:51 +0200] "GET /search-rental-half-map HTTP/1.1" 500 - logesty-services.fr "https://logesty-services.fr/search-rental-half-map/page/2" "Mozilla/5.0 (Linux; Android 7.0;) AppleWebKit/537.36 (HTML, like Gecko) Mobile Safari/537.36 (compatible; PetalBot;+https://webmaster.petalsearch.com/site/petalbot)" "-"
74.7.227.0 - - [28/Jul/2026:00:16:37 +0200] "GET /?u=0431630135 HTTP/1.1" 500 - logesty-services.fr "https://logesty-services.fr/?sitemap613.xml" "Mozilla/5.0 AppleWebKit/537.36 (KHTML, like Gecko; compatible; GPTBot/1.4; +https://openai.com/gptbot)" "-"
74.7.227.0 - - [28/Jul/2026:00:17:43 +0200] "GET /?u=0461377600 HTTP/1.1" 500 - logesty-services.fr "https://logesty-services.fr/?sitemap613.xml" "Mozilla/5.0 AppleWebKit/537.36 (KHTML, like Gecko; compatible; GPTBot/1.4; +https://openai.com/gptbot)" "-"
114.119.143.0 - - [28/Jul/2026:00:17:55 +0200] "GET /listing/studio-3-places-a-proximite-de-l-aeroport-d-orly/ HTTP/1.1" 500 - logesty-services.fr "https://logesty-services.fr/st_location/studio-3-places-a-proximite-de-l-aeroport-d-orly" "Mozilla/5.0 (Linux; Android 7.0;) AppleWebKit/537.36 (HTML, like Gecko) Mobile Safari/537.36 (compatible; PetalBot;+https://webmaster.petalsearch.com/site/petalbot)" "-"
66.249.64.0 - - [28/Jul/2026:00:18:12 +0200] "GET /?u=9874347352 HTTP/1.1" 500 - logesty-services.fr "-" "Mozilla/5.0 (Linux; Android 6.0.1; Nexus 5X Build/MMB29P) AppleWebKit/537.36 (KHTML, like Gecko) Chrome/150.0.7871.128 Mobile Safari/537.36 (compatible; Googlebot/2.1; +http://www.google.com/bot.html)" "-"
74.7.227.0 - - [28/Jul/2026:00:18:45 +0200] "GET /?u=3314530668 HTTP/1.1" 500 - logesty-services.fr "https://logesty-services.fr/?sitemap913.xml" "Mozilla/5.0 AppleWebKit/537.36 (KHTML, like Gecko; compatible; GPTBot/1.4; +https://openai.com/gptbot)" "-"
74.7.227.0 - - [28/Jul/2026:00:19:47 +0200] "GET /?u=2843422351 HTTP/1.1" 500 - logesty-services.fr "https://logesty-services.fr/?sitemap613.xml" "Mozilla/5.0 AppleWebKit/537.36 (KHTML, like Gecko; compatible; GPTBot/1.4; +https://openai.com/gptbot)" "-"
114.119.143.0 - - [28/Jul/2026:00:20:02 +0200] "GET /listing/b309-appartement-proche-disney-paris-parking-prive?loknya=/homepages/43/d895481126/htdocs/clickandbuilds/LogestyServices/category HTTP/1.1" 500 - logesty-services.fr "https://logesty-services.fr/listing/b309-appartement-proche-disney-paris-parking-prive" "Mozilla/5.0 (Linux; Android 7.0;) AppleWebKit/537.36 (HTML, like Gecko) Mobile Safari/537.36 (compatible; PetalBot;+https://webmaster.petalsearch.com/site/petalbot)" "-"
66.249.64.0 - - [28/Jul/2026:00:20:23 +0200] "GET /?u=7751197093 HTTP/1.1" 500 - logesty-services.fr "-" "Mozilla/5.0 (Linux; Android 6.0.1; Nexus 5X Build/MMB29P) AppleWebKit/537.36 (KHTML, like Gecko) Chrome/150.0.7871.128 Mobile Safari/537.36 (compatible; Googlebot/2.1; +http://www.google.com/bot.html)" "-"
74.7.227.0 - - [28/Jul/2026:00:20:52 +0200] "GET /?u=5451068651 HTTP/1.1" 500 - logesty-services.fr "https://logesty-services.fr/?sitemap613.xml" "Mozilla/5.0 AppleWebKit/537.36 (KHTML, like Gecko; compatible; GPTBot/1.4; +https://openai.com/gptbot)" "-"
66.249.64.0 - - [28/Jul/2026:00:21:23 +0200] "GET /?u=422105037 HTTP/1.1" 500 - logesty-services.fr "-" "Mozilla/5.0 (Linux; Android 6.0.1; Nexus 5X Build/MMB29P) AppleWebKit/537.36 (KHTML, like Gecko) Chrome/150.0.7871.128 Mobile Safari/537.36 (compatible; Googlebot/2.1; +http://www.google.com/bot.html)" "-"
74.7.227.0 - - [28/Jul/2026:00:21:54 +0200] "GET /?u=8654551319 HTTP/1.1" 500 - logesty-services.fr "https://logesty-services.fr/?sitemap982.xml" "Mozilla/5.0 AppleWebKit/537.36 (KHTML, like Gecko; compatible; GPTBot/1.4; +https://openai.com/gptbot)" "-"
114.119.130.0 - - [28/Jul/2026:00:22:08 +0200] "GET /listing/b210-appartement-disneyland-paris-parking-et-wifi/?loknya=/homepages/43/d895481126/htdocs HTTP/1.1" 500 - logesty-services.fr "https://logesty-services.fr/listing/b210-appartement-disneyland-paris-parking-et-wifi/" "Mozilla/5.0 (Linux; Android 7.0;) AppleWebKit/537.36 (HTML, like Gecko) Mobile Safari/537.36 (compatible; PetalBot;+https://webmaster.petalsearch.com/site/petalbot)" "-"
74.7.227.0 - - [28/Jul/2026:00:22:55 +0200] "GET /?u=1191897247 HTTP/1.1" 500 - logesty-services.fr "https://logesty-services.fr/?sitemap613.xml" "Mozilla/5.0 AppleWebKit/537.36 (KHTML, like Gecko; compatible; GPTBot/1.4; +https://openai.com/gptbot)" "-"
74.7.227.0 - - [28/Jul/2026:00:23:57 +0200] "GET /?u=6893391563 HTTP/1.1" 500 - logesty-services.fr "https://logesty-services.fr/?sitemap913.xml" "Mozilla/5.0 AppleWebKit/537.36 (KHTML, like Gecko; compatible; GPTBot/1.4; +https://openai.com/gptbot)" "-"
114.119.136.0 - - [28/Jul/2026:00:24:14 +0200] "GET /listing/appartement-disneyland-paris/?loknya=/homepages/43/d895481126/htdocs HTTP/1.1" 500 - logesty-services.fr "https://logesty-services.fr/listing/appartement-disneyland-paris/?loknya=/homepages/43/d895481126/htdocs/clickandbuilds/LogestyServices/conditions-de-service" "Mozilla/5.0 (Linux; Android 7.0;) AppleWebKit/537.36 (HTML, like Gecko) Mobile Safari/537.36 (compatible; PetalBot;+https://webmaster.petalsearch.com/site/petalbot)" "-"
74.7.227.0 - - [28/Jul/2026:00:24:57 +0200] "GET /?u=5663269775 HTTP/1.1" 500 - logesty-services.fr "https://logesty-services.fr/?sitemapindex.xml" "Mozilla/5.0 AppleWebKit/537.36 (KHTML, like Gecko; compatible; GPTBot/1.4; +https://openai.com/gptbot)" "-"
165.231.159.0 - - [28/Jul/2026:00:25:55 +0200] "GET /author/patricksipes34/?username=tameramcpherson&useremail=tamera.mcpherson96%40wecare.opentravellersrest.click®ister_pass=jtX2x3BRP-dWHP®ister_pass_retype=jtX2x3BRP-dWHP&term_condition=on&homey_register_security=ec9ecf1ff7&_wp_http_referer=%2Fauthor%2Fpatricksipes34%2F&action=homey_register HTTP/1.1" 500 - logesty-services.fr "http://logesty-services.fr/" "Mozilla/5.0 (Windows NT 10.0; Win64; x64) AppleWebKit/537.36 (KHTML, like Gecko) Chrome/132.0.0.0 Safari/537.36 OPR/117.0.0.0" "-"
5.157.32.0 - - [28/Jul/2026:00:25:55 +0200] "GET /author/patricksipes34/?username=tameramcpherson&useremail=tamera.mcpherson96%40wecare.opentravellersrest.click®ister_pass=jtX2x3BRP-dWHP®ister_pass_retype=jtX2x3BRP-dWHP&term_condition=on&homey_register_security=ec9ecf1ff7&_wp_http_referer=%2Fauthor%2Fpatricksipes34%2F&action=homey_register HTTP/1.1" 500 - logesty-services.fr "http://logesty-services.fr/" "Mozilla/5.0 (Windows NT 10.0; Win64; x64) AppleWebKit/537.36 (KHTML, like Gecko) Chrome/132.0.0.0 Safari/537.36 OPR/117.0.0.0" "-"
23.83.90.0 - - [28/Jul/2026:00:25:55 +0200] "GET /author/patricksipes34/?username=tameramcpherson&useremail=tamera.mcpherson96%40wecare.opentravellersrest.click®ister_pass=jtX2x3BRP-dWHP®ister_pass_retype=jtX2x3BRP-dWHP&term_condition=on&homey_register_security=ec9ecf1ff7&_wp_http_referer=%2Fauthor%2Fpatricksipes34%2F&action=homey_register HTTP/1.1" 500 - logesty-services.fr "http://logesty-services.fr/" "Mozilla/5.0 (Windows NT 10.0; Win64; x64) AppleWebKit/537.36 (KHTML, like Gecko) Chrome/132.0.0.0 Safari/537.36 OPR/117.0.0.0" "-"
74.7.227.0 - - [28/Jul/2026:00:25:59 +0200] "GET /?u=8573540051 HTTP/1.1" 500 - logesty-services.fr "https://logesty-services.fr/?sitemapindex.xml" "Mozilla/5.0 AppleWebKit/537.36 (KHTML, like Gecko; compatible; GPTBot/1.4; +https://openai.com/gptbot)" "-"
114.119.129.0 - - [28/Jul/2026:00:26:20 +0200] "GET /listing/a4-16-studio-cosy-toulouse?loknya=/homepages/43/d895481126/htdocs/clickandbuilds/LogestyServices/contact-logesty-service HTTP/1.1" 500 - logesty-services.fr "https://logesty-services.fr/listing/a4-16-studio-cosy-toulouse" "Mozilla/5.0 (Linux; Android 7.0;) AppleWebKit/537.36 (HTML, like Gecko) Mobile Safari/537.36 (compatible; PetalBot;+https://webmaster.petalsearch.com/site/petalbot)" "-"
74.7.227.0 - - [28/Jul/2026:00:27:05 +0200] "GET /?u=3602649279 HTTP/1.1" 500 - logesty-services.fr "https://logesty-services.fr/?sitemap613.xml" "Mozilla/5.0 AppleWebKit/537.36 (KHTML, like Gecko; compatible; GPTBot/1.4; +https://openai.com/gptbot)" "-"
66.249.64.0 - - [28/Jul/2026:00:27:34 +0200] "GET /?u=0671647214 HTTP/1.1" 500 - logesty-services.fr "-" "Mozilla/5.0 (Linux; Android 6.0.1; Nexus 5X Build/MMB29P) AppleWebKit/537.36 (KHTML, like Gecko) Chrome/150.0.7871.128 Mobile Safari/537.36 (compatible; Googlebot/2.1; +http://www.google.com/bot.html)" "-"
74.7.227.0 - - [28/Jul/2026:00:28:07 +0200] "GET /?u=3003718284 HTTP/1.1" 500 - logesty-services.fr "https://logesty-services.fr/?sitemapindex.xml" "Mozilla/5.0 AppleWebKit/537.36 (KHTML, like Gecko; compatible; GPTBot/1.4; +https://openai.com/gptbot)" "-"
114.119.136.0 - - [28/Jul/2026:00:28:27 +0200] "GET /listing/a4-14-studio-cosy-toulouse/?loknya=/homepages/43/d895481126/htdocs/clickandbuilds/LogestyServices/author HTTP/1.1" 500 - logesty-services.fr "https://logesty-services.fr/listing/a4-14-studio-cosy-toulouse/" "Mozilla/5.0 (Linux; Android 7.0;) AppleWebKit/537.36 (HTML, like Gecko) Mobile Safari/537.36 (compatible; PetalBot;+https://webmaster.petalsearch.com/site/petalbot)" "-"
74.7.228.0 - - [28/Jul/2026:00:28:28 +0200] "GET /robots.txt HTTP/1.1" 200 403 logesty-services.fr "-" "Mozilla/5.0 (Macintosh; Intel Mac OS X 10_15_7) AppleWebKit/537.36 (KHTML, like Gecko) Chrome/131.0.0.0 Safari/537.36; compatible; OAI-SearchBot/1.4; robots.txt; +https://openai.com/searchbot" "-"
165.101.18.0 - - [28/Jul/2026:00:28:46 +0200] "GET /author/gidgetjvm2361/ HTTP/1.1" 500 - logesty-services.fr "http://logesty-services.fr/" "Mozilla/5.0 (Macintosh; Intel Mac OS X 10_15_7) AppleWebKit/537.36 (KHTML, like Gecko) obsidian/1.8.9 Chrome/132.0.6834.210 Electron/34.3.0 Safari/537.36" "-"
165.101.18.0 - - [28/Jul/2026:00:28:46 +0200] "GET /author/gidgetjvm2361/ HTTP/1.1" 500 - logesty-services.fr "http://logesty-services.fr/" "Mozilla/5.0 (Macintosh; Intel Mac OS X 10_15_7) AppleWebKit/537.36 (KHTML, like Gecko) obsidian/1.8.9 Chrome/132.0.6834.210 Electron/34.3.0 Safari/537.36" "-"
165.101.18.0 - - [28/Jul/2026:00:28:47 +0200] "GET /author/gidgetjvm2361/ HTTP/1.1" 500 - logesty-services.fr "http://logesty-services.fr/" "Mozilla/5.0 (Macintosh; Intel Mac OS X 10_15_7) AppleWebKit/537.36 (KHTML, like Gecko) obsidian/1.8.9 Chrome/132.0.6834.210 Electron/34.3.0 Safari/537.36" "-"
74.7.227.0 - - [28/Jul/2026:00:29:11 +0200] "GET /?u=5521009286 HTTP/1.1" 500 - logesty-services.fr "https://logesty-services.fr/?sitemap913.xml" "Mozilla/5.0 AppleWebKit/537.36 (KHTML, like Gecko; compatible; GPTBot/1.4; +https://openai.com/gptbot)" "-"
87.199.207.0 - - [28/Jul/2026:00:29:41 +0200] "GET /author/berenicemeride/ HTTP/1.1" 500 - logesty-services.fr "http://logesty-services.fr/" "Mozilla/5.0 (X11; Linux x86_64; rv:109.0) Gecko/20100101 Firefox/119.0" "-"
87.199.207.0 - - [28/Jul/2026:00:29:41 +0200] "GET /author/berenicemeride/ HTTP/1.1" 500 - logesty-services.fr "http://logesty-services.fr/" "Mozilla/5.0 (X11; Linux x86_64; rv:109.0) Gecko/20100101 Firefox/119.0" "-"
87.199.207.0 - - [28/Jul/2026:00:29:41 +0200] "GET /author/berenicemeride/ HTTP/1.1" 500 - logesty-services.fr "http://logesty-services.fr/" "Mozilla/5.0 (X11; Linux x86_64; rv:109.0) Gecko/20100101 Firefox/119.0" "-"
74.7.227.0 - - [28/Jul/2026:00:30:11 +0200] "GET /?u=2962048074 HTTP/1.1" 500 - logesty-services.fr "https://logesty-services.fr/?sitemapindex.xml" "Mozilla/5.0 AppleWebKit/537.36 (KHTML, like Gecko; compatible; GPTBot/1.4; +https://openai.com/gptbot)" "-"
114.119.130.0 - - [28/Jul/2026:00:30:33 +0200] "GET /listing/a4-14-studio-cosy-toulouse/?loknya=/homepages/43 HTTP/1.1" 500 - logesty-services.fr "https://logesty-services.fr/listing/a4-14-studio-cosy-toulouse/?loknya=/homepages/43/d895481126/htdocs/clickandbuilds/LogestyServices/wp-content" "Mozilla/5.0 (Linux; Android 7.0;) AppleWebKit/537.36 (HTML, like Gecko) Mobile Safari/537.36 (compatible; PetalBot;+https://webmaster.petalsearch.com/site/petalbot)" "-"
66.249.64.0 - - [28/Jul/2026:00:30:45 +0200] "GET /?u=7871567136 HTTP/1.1" 500 - logesty-services.fr "-" "Mozilla/5.0 (Linux; Android 6.0.1; Nexus 5X Build/MMB29P) AppleWebKit/537.36 (KHTML, like Gecko) Chrome/150.0.7871.128 Mobile Safari/537.36 (compatible; Googlebot/2.1; +http://www.google.com/bot.html)" "-"
92.222.104.0 - - [28/Jul/2026:00:30:54 +0200] "GET /buy.php?sitemap231.xml HTTP/1.1" 200 16 logesty-services.fr "-" "Mozilla/5.0 (compatible; AhrefsBot/7.0; +http://ahrefs.com/robot/)" "-"
185.231.155.0 - - [28/Jul/2026:00:31:08 +0200] "GET /author/brentonharo923/ HTTP/1.1" 500 - logesty-services.fr "http://logesty-services.fr/author/brentonharo923/" "Mozilla/5.0 (Windows NT 10.0; Win64; x64) AppleWebKit/537.36 (KHTML, like Gecko) Chrome/130.0.0.0 Safari/537.36" "-"
185.231.155.0 - - [28/Jul/2026:00:31:08 +0200] "GET / HTTP/1.1" 500 - logesty-services.fr "http://logesty-services.fr/" "Mozilla/5.0 (Windows NT 10.0; Win64; x64) AppleWebKit/537.36 (KHTML, like Gecko) Chrome/130.0.0.0 Safari/537.36" "-"
74.7.227.0 - - [28/Jul/2026:00:31:13 +0200] "GET /?u=6003377231 HTTP/1.1" 500 - logesty-services.fr "https://logesty-services.fr/?sitemap982.xml" "Mozilla/5.0 AppleWebKit/537.36 (KHTML, like Gecko; compatible; GPTBot/1.4; +https://openai.com/gptbot)" "-"
66.249.64.0 - - [28/Jul/2026:00:31:40 +0200] "GET /?u=1301437623 HTTP/1.1" 500 - logesty-services.fr "-" "Mozilla/5.0 (Linux; Android 6.0.1; Nexus 5X Build/MMB29P) AppleWebKit/537.36 (KHTML, like Gecko) Chrome/150.0.7871.128 Mobile Safari/537.36 (compatible; Googlebot/2.1; +http://www.google.com/bot.html)" "-"
74.7.227.0 - - [28/Jul/2026:00:32:17 +0200] "GET /?u=0771833253 HTTP/1.1" 500 - logesty-services.fr "https://logesty-services.fr/?sitemap982.xml" "Mozilla/5.0 AppleWebKit/537.36 (KHTML, like Gecko; compatible; GPTBot/1.4; +https://openai.com/gptbot)" "-"
114.119.130.0 - - [28/Jul/2026:00:32:40 +0200] "GET /listing/a4-11-studio-cosy-toulouse/?loknya=/homepages/43/d895481126/htdocs/clickandbuilds/LogestyServices/wp-content/plugins HTTP/1.1" 200 631185 logesty-services.fr "https://logesty-services.fr/listing/a4-14-studio-cosy-toulouse/?loknya=/homepages/43/d895481126/htdocs/clickandbuilds/LogestyServices/wp-content/plugins" "Mozilla/5.0 (Linux; Android 7.0;) AppleWebKit/537.36 (HTML, like Gecko) Mobile Safari/537.36 (compatible; PetalBot;+https://webmaster.petalsearch.com/site/petalbot)" "-"
66.249.64.0 - - [28/Jul/2026:00:32:58 +0200] "GET /?u=364888519 HTTP/1.1" 500 - logesty-services.fr "-" "Mozilla/5.0 (Linux; Android 6.0.1; Nexus 5X Build/MMB29P) AppleWebKit/537.36 (KHTML, like Gecko) Chrome/150.0.7871.128 Mobile Safari/537.36 (compatible; Googlebot/2.1; +http://www.google.com/bot.html)" "-"
74.7.227.0 - - [28/Jul/2026:00:33:19 +0200] "GET /?u=1172363410 HTTP/1.1" 500 - logesty-services.fr "https://logesty-services.fr/?sitemap913.xml" "Mozilla/5.0 AppleWebKit/537.36 (KHTML, like Gecko; compatible; GPTBot/1.4; +https://openai.com/gptbot)" "-"
191.101.114.0 - - [28/Jul/2026:00:33:41 +0200] "GET /author/antonyv3988858/?username=tamikamairinger&useremail=tamikamairinger80%40wing.milkgg.com®ister_pass=Gdvq3zgO9V9F_t®ister_pass_retype=Gdvq3zgO9V9F_t&term_condition=on&homey_register_security=7af238c334&_wp_http_referer=%2Fauthor%2Fantonyv3988858%2F&action=homey_register HTTP/1.1" 500 - logesty-services.fr "http://logesty-services.fr/" "Mozilla/5.0 (Windows NT 10.0; Win64; x64) AppleWebKit/537.36 (KHTML, like Gecko) Chrome/122.0.0.0 Safari/537.36" "-"
102.165.54.0 - - [28/Jul/2026:00:33:41 +0200] "GET /author/antonyv3988858/?username=tamikamairinger&useremail=tamikamairinger80%40wing.milkgg.com®ister_pass=Gdvq3zgO9V9F_t®ister_pass_retype=Gdvq3zgO9V9F_t&term_condition=on&homey_register_security=7af238c334&_wp_http_referer=%2Fauthor%2Fantonyv3988858%2F&action=homey_register HTTP/1.1" 500 - logesty-services.fr "http://logesty-services.fr/" "Mozilla/5.0 (Windows NT 10.0; Win64; x64) AppleWebKit/537.36 (KHTML, like Gecko) Chrome/122.0.0.0 Safari/537.36" "-"
102.165.54.0 - - [28/Jul/2026:00:33:42 +0200] "GET /author/antonyv3988858/?username=tamikamairinger&useremail=tamikamairinger80%40wing.milkgg.com®ister_pass=Gdvq3zgO9V9F_t®ister_pass_retype=Gdvq3zgO9V9F_t&term_condition=on&homey_register_security=7af238c334&_wp_http_referer=%2Fauthor%2Fantonyv3988858%2F&action=homey_register HTTP/1.1" 500 - logesty-services.fr "http://logesty-services.fr/" "Mozilla/5.0 (Windows NT 10.0; Win64; x64) AppleWebKit/537.36 (KHTML, like Gecko) Chrome/122.0.0.0 Safari/537.36" "-"
40.77.167.0 - - [28/Jul/2026:00:34:11 +0200] "GET /?sitemap389.xml HTTP/1.1" 500 - logesty-services.fr "-" "Mozilla/5.0 AppleWebKit/537.36 (KHTML, like Gecko; compatible; bingbot/2.0; +http://www.bing.com/bingbot.htm) Chrome/116.0.1938.76 Safari/537.36" "-"
74.7.227.0 - - [28/Jul/2026:00:34:23 +0200] "GET /?u=5462779432 HTTP/1.1" 500 - logesty-services.fr "https://logesty-services.fr/?sitemap913.xml" "Mozilla/5.0 AppleWebKit/537.36 (KHTML, like Gecko; compatible; GPTBot/1.4; +https://openai.com/gptbot)" "-"
74.7.227.0 - - [28/Jul/2026:00:35:25 +0200] "GET /?u=3394187975 HTTP/1.1" 500 - logesty-services.fr "https://logesty-services.fr/?sitemap982.xml" "Mozilla/5.0 AppleWebKit/537.36 (KHTML, like Gecko; compatible; GPTBot/1.4; +https://openai.com/gptbot)" "-"
66.249.64.0 - - [28/Jul/2026:00:35:48 +0200] "GET /?u=6612238072 HTTP/1.1" 500 - logesty-services.fr "-" "Mozilla/5.0 (Linux; Android 6.0.1; Nexus 5X Build/MMB29P) AppleWebKit/537.36 (KHTML, like Gecko) Chrome/150.0.7871.128 Mobile Safari/537.36 (compatible; Googlebot/2.1; +http://www.google.com/bot.html)" "-"
74.7.227.0 - - [28/Jul/2026:00:36:26 +0200] "GET /?u=6091920163 HTTP/1.1" 500 - logesty-services.fr "https://logesty-services.fr/?sitemap982.xml" "Mozilla/5.0 AppleWebKit/537.36 (KHTML, like Gecko; compatible; GPTBot/1.4; +https://openai.com/gptbot)" "-"
66.249.64.0 - - [28/Jul/2026:00:37:16 +0200] "GET /?u=7192918566 HTTP/1.1" 500 - logesty-services.fr "-" "Mozilla/5.0 (Linux; Android 6.0.1; Nexus 5X Build/MMB29P) AppleWebKit/537.36 (KHTML, like Gecko) Chrome/150.0.7871.128 Mobile Safari/537.36 (compatible; Googlebot/2.1; +http://www.google.com/bot.html)" "-"
89.124.113.0 - - [28/Jul/2026:00:37:27 +0200] "GET /city-spotlight-philadelphia/ HTTP/1.1" 500 - logesty-services.fr "https://logesty-services.fr/city-spotlight-philadelphia/" "Mozilla/5.0 (Windows NT 10.0; Win64; x64) AppleWebKit/537.36 (KHTML, like Gecko) Chrome/131.0.0.0 Safari/537.36 Avast/131.0.0.0" "-"
89.124.113.0 - - [28/Jul/2026:00:37:27 +0200] "GET / HTTP/1.1" 500 - logesty-services.fr "https://logesty-services.fr/" "Mozilla/5.0 (Windows NT 10.0; Win64; x64) AppleWebKit/537.36 (KHTML, like Gecko) Chrome/131.0.0.0 Safari/537.36 Avast/131.0.0.0" "-"
74.7.227.0 - - [28/Jul/2026:00:37:29 +0200] "GET /?u=8161205325 HTTP/1.1" 500 - logesty-services.fr "https://logesty-services.fr/?sitemap613.xml" "Mozilla/5.0 AppleWebKit/537.36 (KHTML, like Gecko; compatible; GPTBot/1.4; +https://openai.com/gptbot)" "-"
74.7.227.0 - - [28/Jul/2026:00:38:36 +0200] "GET /?u=6632615412 HTTP/1.1" 500 - logesty-services.fr "https://logesty-services.fr/?sitemapindex.xml" "Mozilla/5.0 AppleWebKit/537.36 (KHTML, like Gecko; compatible; GPTBot/1.4; +https://openai.com/gptbot)" "-"
43.229.135.0 - - [28/Jul/2026:00:39:32 +0200] "GET /author/patricksipes34/ HTTP/1.1" 500 - logesty-services.fr "http://logesty-services.fr/" "Mozilla/5.0 (Windows NT 10.0; Win64; x64) AppleWebKit/537.36 (KHTML, like Gecko) Chrome/148.0.0.0 Safari/537.36" "-"
43.229.135.0 - - [28/Jul/2026:00:39:33 +0200] "GET /author/patricksipes34/ HTTP/1.1" 500 - logesty-services.fr "http://logesty-services.fr/" "Mozilla/5.0 (Windows NT 10.0; Win64; x64) AppleWebKit/537.36 (KHTML, like Gecko) Chrome/148.0.0.0 Safari/537.36" "-"
43.229.135.0 - - [28/Jul/2026:00:39:33 +0200] "GET /author/patricksipes34/ HTTP/1.1" 500 - logesty-services.fr "http://logesty-services.fr/" "Mozilla/5.0 (Windows NT 10.0; Win64; x64) AppleWebKit/537.36 (KHTML, like Gecko) Chrome/148.0.0.0 Safari/537.36" "-"
74.7.227.0 - - [28/Jul/2026:00:39:41 +0200] "GET /?u=8162604146 HTTP/1.1" 500 - logesty-services.fr "https://logesty-services.fr/?sitemap613.xml" "Mozilla/5.0 AppleWebKit/537.36 (KHTML, like Gecko; compatible; GPTBot/1.4; +https://openai.com/gptbot)" "-"
114.119.133.0 - - [28/Jul/2026:00:39:51 +0200] "GET /the-castle-on-the-cliff-majestic-magic-manoir?loknya=/homepages/43/d895481126/htdocs/clickandbuilds/LogestyServices/listing/studio-propre-et-equipe-de-wifi HTTP/1.1" 500 - logesty-services.fr "https://logesty-services.fr/the-castle-on-the-cliff-majestic-magic-manoir?loknya=/homepages/43/d895481126/htdocs/clickandbuilds/LogestyServices/listing" "Mozilla/5.0 (Linux; Android 7.0;) AppleWebKit/537.36 (HTML, like Gecko) Mobile Safari/537.36 (compatible; PetalBot;+https://webmaster.petalsearch.com/site/petalbot)" "-"
216.73.217.0 - - [28/Jul/2026:00:40:12 +0200] "GET /robots.txt HTTP/1.1" 200 403 logesty-services.fr "-" "Mozilla/5.0 AppleWebKit/537.36 (KHTML, like Gecko; compatible; ClaudeBot/1.0; +claudebot@anthropic.com)" "-"
216.73.217.0 - - [28/Jul/2026:00:40:13 +0200] "GET /item/233049123 HTTP/1.1" 500 - logesty-services.fr "-" "Mozilla/5.0 AppleWebKit/537.36 (KHTML, like Gecko; compatible; ClaudeBot/1.0; +claudebot@anthropic.com)" "-"
216.73.217.0 - - [28/Jul/2026:00:40:14 +0200] "GET /shop/although/host179033746.html HTTP/1.1" 500 - logesty-services.fr "-" "Mozilla/5.0 AppleWebKit/537.36 (KHTML, like Gecko; compatible; ClaudeBot/1.0; +claudebot@anthropic.com)" "-"
216.73.217.0 - - [28/Jul/2026:00:40:14 +0200] "GET /item/236022118 HTTP/1.1" 500 - logesty-services.fr "-" "Mozilla/5.0 AppleWebKit/537.36 (KHTML, like Gecko; compatible; ClaudeBot/1.0; +claudebot@anthropic.com)" "-"
216.73.217.0 - - [28/Jul/2026:00:40:14 +0200] "GET /item/264024388 HTTP/1.1" 500 - logesty-services.fr "-" "Mozilla/5.0 AppleWebKit/537.36 (KHTML, like Gecko; compatible; ClaudeBot/1.0; +claudebot@anthropic.com)" "-"
216.73.217.0 - - [28/Jul/2026:00:40:15 +0200] "GET /item/104022456 HTTP/1.1" 500 - logesty-services.fr "-" "Mozilla/5.0 AppleWebKit/537.36 (KHTML, like Gecko; compatible; ClaudeBot/1.0; +claudebot@anthropic.com)" "-"
216.73.217.0 - - [28/Jul/2026:00:40:15 +0200] "GET /item/167003745 HTTP/1.1" 500 - logesty-services.fr "-" "Mozilla/5.0 AppleWebKit/537.36 (KHTML, like Gecko; compatible; ClaudeBot/1.0; +claudebot@anthropic.com)" "-"
216.73.217.0 - - [28/Jul/2026:00:40:29 +0200] "GET /item/279040015 HTTP/1.1" 500 - logesty-services.fr "-" "Mozilla/5.0 AppleWebKit/537.36 (KHTML, like Gecko; compatible; ClaudeBot/1.0; +claudebot@anthropic.com)" "-"
216.73.217.0 - - [28/Jul/2026:00:40:30 +0200] "GET /item/222047978 HTTP/1.1" 500 - logesty-services.fr "-" "Mozilla/5.0 AppleWebKit/537.36 (KHTML, like Gecko; compatible; ClaudeBot/1.0; +claudebot@anthropic.com)" "-"
216.73.217.0 - - [28/Jul/2026:00:40:31 +0200] "GET /item/264006748 HTTP/1.1" 500 - logesty-services.fr "-" "Mozilla/5.0 AppleWebKit/537.36 (KHTML, like Gecko; compatible; ClaudeBot/1.0; +claudebot@anthropic.com)" "-"
216.73.217.0 - - [28/Jul/2026:00:40:31 +0200] "GET /item/292042208 HTTP/1.1" 500 - logesty-services.fr "-" "Mozilla/5.0 AppleWebKit/537.36 (KHTML, like Gecko; compatible; ClaudeBot/1.0; +claudebot@anthropic.com)" "-"
216.73.217.0 - - [28/Jul/2026:00:40:31 +0200] "GET /item/193002533 HTTP/1.1" 500 - logesty-services.fr "-" "Mozilla/5.0 AppleWebKit/537.36 (KHTML, like Gecko; compatible; ClaudeBot/1.0; +claudebot@anthropic.com)" "-"
216.73.217.0 - - [28/Jul/2026:00:40:32 +0200] "GET /item/236045316 HTTP/1.1" 500 - logesty-services.fr "-" "Mozilla/5.0 AppleWebKit/537.36 (KHTML, like Gecko; compatible; ClaudeBot/1.0; +claudebot@anthropic.com)" "-"
74.7.227.0 - - [28/Jul/2026:00:40:42 +0200] "GET /?u=7673143409 HTTP/1.1" 500 - logesty-services.fr "https://logesty-services.fr/?sitemap613.xml" "Mozilla/5.0 AppleWebKit/537.36 (KHTML, like Gecko; compatible; GPTBot/1.4; +https://openai.com/gptbot)" "-"
216.73.217.0 - - [28/Jul/2026:00:40:47 +0200] "GET /shop/reader/output268002795.html HTTP/1.1" 500 - logesty-services.fr "-" "Mozilla/5.0 AppleWebKit/537.36 (KHTML, like Gecko; compatible; ClaudeBot/1.0; +claudebot@anthropic.com)" "-"
216.73.217.0 - - [28/Jul/2026:00:40:47 +0200] "GET /item/155040089 HTTP/1.1" 500 - logesty-services.fr "-" "Mozilla/5.0 AppleWebKit/537.36 (KHTML, like Gecko; compatible; ClaudeBot/1.0; +claudebot@anthropic.com)" "-"
216.73.217.0 - - [28/Jul/2026:00:40:53 +0200] "GET /item/071011837 HTTP/1.1" 500 - logesty-services.fr "-" "Mozilla/5.0 AppleWebKit/537.36 (KHTML, like Gecko; compatible; ClaudeBot/1.0; +claudebot@anthropic.com)" "-"
216.73.217.0 - - [28/Jul/2026:00:40:57 +0200] "GET /shop/expression/small150042543.html HTTP/1.1" 500 - logesty-services.fr "-" "Mozilla/5.0 AppleWebKit/537.36 (KHTML, like Gecko; compatible; ClaudeBot/1.0; +claudebot@anthropic.com)" "-"
216.73.217.0 - - [28/Jul/2026:00:41:02 +0200] "GET /item/177044073 HTTP/1.1" 500 - logesty-services.fr "-" "Mozilla/5.0 AppleWebKit/537.36 (KHTML, like Gecko; compatible; ClaudeBot/1.0; +claudebot@anthropic.com)" "-"
216.73.217.0 - - [28/Jul/2026:00:41:08 +0200] "GET /shop/input/apply213019978.html HTTP/1.1" 500 - logesty-services.fr "-" "Mozilla/5.0 AppleWebKit/537.36 (KHTML, like Gecko; compatible; ClaudeBot/1.0; +claudebot@anthropic.com)" "-"
216.73.217.0 - - [28/Jul/2026:00:41:12 +0200] "GET /item/234025230 HTTP/1.1" 500 - logesty-services.fr "-" "Mozilla/5.0 AppleWebKit/537.36 (KHTML, like Gecko; compatible; ClaudeBot/1.0; +claudebot@anthropic.com)" "-"
216.73.217.0 - - [28/Jul/2026:00:41:18 +0200] "GET /item/278039812 HTTP/1.1" 500 - logesty-services.fr "-" "Mozilla/5.0 AppleWebKit/537.36 (KHTML, like Gecko; compatible; ClaudeBot/1.0; +claudebot@anthropic.com)" "-"
216.73.217.0 - - [28/Jul/2026:00:41:22 +0200] "GET /item/015049315 HTTP/1.1" 429 267 logesty-services.fr "-" "Mozilla/5.0 AppleWebKit/537.36 (KHTML, like Gecko; compatible; ClaudeBot/1.0; +claudebot@anthropic.com)" "-"
216.73.217.0 - - [28/Jul/2026:00:41:27 +0200] "GET /shop/critic/script122024049.html HTTP/1.1" 429 267 logesty-services.fr "-" "Mozilla/5.0 AppleWebKit/537.36 (KHTML, like Gecko; compatible; ClaudeBot/1.0; +claudebot@anthropic.com)" "-"
216.73.217.0 - - [28/Jul/2026:00:41:33 +0200] "GET /item/286038036 HTTP/1.1" 429 267 logesty-services.fr "-" "Mozilla/5.0 AppleWebKit/537.36 (KHTML, like Gecko; compatible; ClaudeBot/1.0; +claudebot@anthropic.com)" "-"
114.119.138.0 - - [28/Jul/2026:00:41:36 +0200] "GET /the-castle-on-the-cliff-majestic-magic-manoir?loknya=/homepages/43/d895481126/htdocs/clickandbuilds/LogestyServices/city HTTP/1.1" 500 - logesty-services.fr "https://logesty-services.fr/the-castle-on-the-cliff-majestic-magic-manoir" "Mozilla/5.0 (Linux; Android 7.0;) AppleWebKit/537.36 (HTML, like Gecko) Mobile Safari/537.36 (compatible; PetalBot;+https://webmaster.petalsearch.com/site/petalbot)" "-"
74.7.227.0 - - [28/Jul/2026:00:41:43 +0200] "GET /?u=8732113157 HTTP/1.1" 429 267 logesty-services.fr "https://logesty-services.fr/?sitemapindex.xml" "Mozilla/5.0 AppleWebKit/537.36 (KHTML, like Gecko; compatible; GPTBot/1.4; +https://openai.com/gptbot)" "-"
216.73.217.0 - - [28/Jul/2026:00:42:06 +0200] "GET /item/114008858 HTTP/1.1" 429 267 logesty-services.fr "-" "Mozilla/5.0 AppleWebKit/537.36 (KHTML, like Gecko; compatible; ClaudeBot/1.0; +claudebot@anthropic.com)" "-"
216.73.217.0 - - [28/Jul/2026:00:42:10 +0200] "GET /item/030027364 HTTP/1.1" 429 267 logesty-services.fr "-" "Mozilla/5.0 AppleWebKit/537.36 (KHTML, like Gecko; compatible; ClaudeBot/1.0; +claudebot@anthropic.com)" "-"
216.73.217.0 - - [28/Jul/2026:00:42:15 +0200] "GET /item/025027431 HTTP/1.1" 429 267 logesty-services.fr "-" "Mozilla/5.0 AppleWebKit/537.36 (KHTML, like Gecko; compatible; ClaudeBot/1.0; +claudebot@anthropic.com)" "-"
216.73.217.0 - - [28/Jul/2026:00:42:20 +0200] "GET /item/187036427 HTTP/1.1" 429 267 logesty-services.fr "-" "Mozilla/5.0 AppleWebKit/537.36 (KHTML, like Gecko; compatible; ClaudeBot/1.0; +claudebot@anthropic.com)" "-"
216.73.217.0 - - [28/Jul/2026:00:42:25 +0200] "GET /item/262030836 HTTP/1.1" 500 - logesty-services.fr "-" "Mozilla/5.0 AppleWebKit/537.36 (KHTML, like Gecko; compatible; ClaudeBot/1.0; +claudebot@anthropic.com)" "-"
40.77.167.0 - - [28/Jul/2026:00:42:27 +0200] "GET /listing/paris-metro-hoche-ligne-5/ HTTP/1.1" 200 630826 logesty-services.fr "-" "Mozilla/5.0 AppleWebKit/537.36 (KHTML, like Gecko; compatible; bingbot/2.0; +http://www.bing.com/bingbot.htm) Chrome/116.0.1938.76 Safari/537.36" "-"
216.73.217.0 - - [28/Jul/2026:00:42:30 +0200] "GET /item/263041877 HTTP/1.1" 500 - logesty-services.fr "-" "Mozilla/5.0 AppleWebKit/537.36 (KHTML, like Gecko; compatible; ClaudeBot/1.0; +claudebot@anthropic.com)" "-"
216.73.217.0 - - [28/Jul/2026:00:42:35 +0200] "GET /shop/forget/specialize152018535.html HTTP/1.1" 500 - logesty-services.fr "-" "Mozilla/5.0 AppleWebKit/537.36 (KHTML, like Gecko; compatible; ClaudeBot/1.0; +claudebot@anthropic.com)" "-"
216.73.217.0 - - [28/Jul/2026:00:42:40 +0200] "GET /item/151021769 HTTP/1.1" 500 - logesty-services.fr "-" "Mozilla/5.0 AppleWebKit/537.36 (KHTML, like Gecko; compatible; ClaudeBot/1.0; +claudebot@anthropic.com)" "-"
216.73.217.0 - - [28/Jul/2026:00:42:45 +0200] "GET /item/279047917 HTTP/1.1" 500 - logesty-services.fr "-" "Mozilla/5.0 AppleWebKit/537.36 (KHTML, like Gecko; compatible; ClaudeBot/1.0; +claudebot@anthropic.com)" "-"
74.7.227.0 - - [28/Jul/2026:00:42:46 +0200] "GET /?u=1723397550 HTTP/1.1" 500 - logesty-services.fr "https://logesty-services.fr/?sitemap613.xml" "Mozilla/5.0 AppleWebKit/537.36 (KHTML, like Gecko; compatible; GPTBot/1.4; +https://openai.com/gptbot)" "-"
216.73.217.0 - - [28/Jul/2026:00:42:51 +0200] "GET /item/154027368 HTTP/1.1" 500 - logesty-services.fr "-" "Mozilla/5.0 AppleWebKit/537.36 (KHTML, like Gecko; compatible; ClaudeBot/1.0; +claudebot@anthropic.com)" "-"
216.73.217.0 - - [28/Jul/2026:00:42:56 +0200] "GET /item/040007924 HTTP/1.1" 500 - logesty-services.fr "-" "Mozilla/5.0 AppleWebKit/537.36 (KHTML, like Gecko; compatible; ClaudeBot/1.0; +claudebot@anthropic.com)" "-"
216.73.217.0 - - [28/Jul/2026:00:43:00 +0200] "GET /shop/thin/begin114021719.html HTTP/1.1" 500 - logesty-services.fr "-" "Mozilla/5.0 AppleWebKit/537.36 (KHTML, like Gecko; compatible; ClaudeBot/1.0; +claudebot@anthropic.com)" "-"
216.73.217.0 - - [28/Jul/2026:00:43:05 +0200] "GET /item/263006959 HTTP/1.1" 500 - logesty-services.fr "-" "Mozilla/5.0 AppleWebKit/537.36 (KHTML, like Gecko; compatible; ClaudeBot/1.0; +claudebot@anthropic.com)" "-"
216.73.217.0 - - [28/Jul/2026:00:43:10 +0200] "GET /item/029010599 HTTP/1.1" 500 - logesty-services.fr "-" "Mozilla/5.0 AppleWebKit/537.36 (KHTML, like Gecko; compatible; ClaudeBot/1.0; +claudebot@anthropic.com)" "-"
216.73.217.0 - - [28/Jul/2026:00:43:16 +0200] "GET /item/108046530 HTTP/1.1" 500 - logesty-services.fr "-" "Mozilla/5.0 AppleWebKit/537.36 (KHTML, like Gecko; compatible; ClaudeBot/1.0; +claudebot@anthropic.com)" "-"
216.73.217.0 - - [28/Jul/2026:00:43:21 +0200] "GET /item/152045106 HTTP/1.1" 500 - logesty-services.fr "-" "Mozilla/5.0 AppleWebKit/537.36 (KHTML, like Gecko; compatible; ClaudeBot/1.0; +claudebot@anthropic.com)" "-"
66.249.64.0 - - [28/Jul/2026:00:43:24 +0200] "GET /?u=6543763770 HTTP/1.1" 500 - logesty-services.fr "-" "Mozilla/5.0 (Linux; Android 6.0.1; Nexus 5X Build/MMB29P) AppleWebKit/537.36 (KHTML, like Gecko) Chrome/150.0.7871.128 Mobile Safari/537.36 (compatible; Googlebot/2.1; +http://www.google.com/bot.html)" "-"
216.73.217.0 - - [28/Jul/2026:00:43:26 +0200] "GET /item/255003817 HTTP/1.1" 500 - logesty-services.fr "-" "Mozilla/5.0 AppleWebKit/537.36 (KHTML, like Gecko; compatible; ClaudeBot/1.0; +claudebot@anthropic.com)" "-"
216.73.217.0 - - [28/Jul/2026:00:43:31 +0200] "GET /shop/gallery/consistent281045856.html HTTP/1.1" 500 - logesty-services.fr "-" "Mozilla/5.0 AppleWebKit/537.36 (KHTML, like Gecko; compatible; ClaudeBot/1.0; +claudebot@anthropic.com)" "-"
212.192.55.0 - - [28/Jul/2026:00:43:33 +0200] "GET /author/kellieq5452006/ HTTP/1.1" 500 - logesty-services.fr "http://logesty-services.fr/" "Mozilla/5.0 (X11; Ubuntu; Linux x86_64; rv:136.0) Gecko/20100101 Firefox/136.0" "-"
212.192.55.0 - - [28/Jul/2026:00:43:33 +0200] "GET /author/kellieq5452006/ HTTP/1.1" 500 - logesty-services.fr "http://logesty-services.fr/" "Mozilla/5.0 (X11; Ubuntu; Linux x86_64; rv:136.0) Gecko/20100101 Firefox/136.0" "-"
212.192.55.0 - - [28/Jul/2026:00:43:33 +0200] "GET /author/kellieq5452006/ HTTP/1.1" 500 - logesty-services.fr "http://logesty-services.fr/" "Mozilla/5.0 (X11; Ubuntu; Linux x86_64; rv:136.0) Gecko/20100101 Firefox/136.0" "-"
216.73.217.0 - - [28/Jul/2026:00:43:36 +0200] "GET /item/064001496 HTTP/1.1" 500 - logesty-services.fr "-" "Mozilla/5.0 AppleWebKit/537.36 (KHTML, like Gecko; compatible; ClaudeBot/1.0; +claudebot@anthropic.com)" "-"
216.73.217.0 - - [28/Jul/2026:00:43:42 +0200] "GET /item/192043230 HTTP/1.1" 500 - logesty-services.fr "-" "Mozilla/5.0 AppleWebKit/537.36 (KHTML, like Gecko; compatible; ClaudeBot/1.0; +claudebot@anthropic.com)" "-"
114.119.133.0 - - [28/Jul/2026:00:43:45 +0200] "GET /the-castle-on-the-cliff-majestic-magic-manoir?loknya=/homepages/43/d895481126/htdocs/clickandbuilds/LogestyServices/agence-immobilieere-numerique HTTP/1.1" 500 - logesty-services.fr "https://logesty-services.fr/the-castle-on-the-cliff-majestic-magic-manoir" "Mozilla/5.0 (Linux; Android 7.0;) AppleWebKit/537.36 (HTML, like Gecko) Mobile Safari/537.36 (compatible; PetalBot;+https://webmaster.petalsearch.com/site/petalbot)" "-"
216.73.217.0 - - [28/Jul/2026:00:43:46 +0200] "GET /item/171030455 HTTP/1.1" 500 - logesty-services.fr "-" "Mozilla/5.0 AppleWebKit/537.36 (KHTML, like Gecko; compatible; ClaudeBot/1.0; +claudebot@anthropic.com)" "-"
74.7.227.0 - - [28/Jul/2026:00:43:51 +0200] "GET /?u=8542973427 HTTP/1.1" 500 - logesty-services.fr "https://logesty-services.fr/?sitemap613.xml" "Mozilla/5.0 AppleWebKit/537.36 (KHTML, like Gecko; compatible; GPTBot/1.4; +https://openai.com/gptbot)" "-"
216.73.217.0 - - [28/Jul/2026:00:43:51 +0200] "GET /item/109002031 HTTP/1.1" 500 - logesty-services.fr "-" "Mozilla/5.0 AppleWebKit/537.36 (KHTML, like Gecko; compatible; ClaudeBot/1.0; +claudebot@anthropic.com)" "-"
216.73.217.0 - - [28/Jul/2026:00:43:56 +0200] "GET /item/013002921 HTTP/1.1" 500 - logesty-services.fr "-" "Mozilla/5.0 AppleWebKit/537.36 (KHTML, like Gecko; compatible; ClaudeBot/1.0; +claudebot@anthropic.com)" "-"
165.227.202.0 - - [28/Jul/2026:00:44:01 +0200] "GET /wp-content/uploads/2023/06/Salon-balcon-306-scaled-1-375x500.jpg HTTP/1.1" 200 59362 logesty-services.fr "https://logesty-services.fr/" "Mozilla/5.0 (Windows NT 10.0; Win64; x64) AppleWebKit/537.36 (KHTML, like Gecko) Chrome/120.0.0.0 Safari/537.36" "-"
216.73.217.0 - - [28/Jul/2026:00:44:01 +0200] "GET /item/213008119 HTTP/1.1" 429 267 logesty-services.fr "-" "Mozilla/5.0 AppleWebKit/537.36 (KHTML, like Gecko; compatible; ClaudeBot/1.0; +claudebot@anthropic.com)" "-"
216.73.217.0 - - [28/Jul/2026:00:44:07 +0200] "GET /item/153017215 HTTP/1.1" 429 267 logesty-services.fr "-" "Mozilla/5.0 AppleWebKit/537.36 (KHTML, like Gecko; compatible; ClaudeBot/1.0; +claudebot@anthropic.com)" "-"
216.73.217.0 - - [28/Jul/2026:00:44:11 +0200] "GET /item/246027570 HTTP/1.1" 429 267 logesty-services.fr "-" "Mozilla/5.0 AppleWebKit/537.36 (KHTML, like Gecko; compatible; ClaudeBot/1.0; +claudebot@anthropic.com)" "-"
176.102.222.0 - - [28/Jul/2026:00:44:14 +0200] "GET /author/patricksipes34/ HTTP/1.1" 500 - logesty-services.fr "http://logesty-services.fr/" "Mozilla/5.0 (Macintosh; Intel Mac OS X 10.15; rv:137.0) Gecko/20100101 Firefox/137.0" "-"
176.102.222.0 - - [28/Jul/2026:00:44:14 +0200] "GET /author/patricksipes34/ HTTP/1.1" 500 - logesty-services.fr "http://logesty-services.fr/" "Mozilla/5.0 (Macintosh; Intel Mac OS X 10.15; rv:137.0) Gecko/20100101 Firefox/137.0" "-"
176.102.222.0 - - [28/Jul/2026:00:44:15 +0200] "GET /author/patricksipes34/ HTTP/1.1" 500 - logesty-services.fr "http://logesty-services.fr/" "Mozilla/5.0 (Macintosh; Intel Mac OS X 10.15; rv:137.0) Gecko/20100101 Firefox/137.0" "-"
216.73.217.0 - - [28/Jul/2026:00:44:16 +0200] "GET /item/277012031 HTTP/1.1" 429 267 logesty-services.fr "-" "Mozilla/5.0 AppleWebKit/537.36 (KHTML, like Gecko; compatible; ClaudeBot/1.0; +claudebot@anthropic.com)" "-"
216.73.217.0 - - [28/Jul/2026:00:44:21 +0200] "GET /shop/isolate/indicate097040782.html HTTP/1.1" 429 267 logesty-services.fr "-" "Mozilla/5.0 AppleWebKit/537.36 (KHTML, like Gecko; compatible; ClaudeBot/1.0; +claudebot@anthropic.com)" "-"
216.73.217.0 - - [28/Jul/2026:00:44:28 +0200] "GET /item/133005497 HTTP/1.1" 429 267 logesty-services.fr "-" "Mozilla/5.0 AppleWebKit/537.36 (KHTML, like Gecko; compatible; ClaudeBot/1.0; +claudebot@anthropic.com)" "-"
216.73.217.0 - - [28/Jul/2026:00:44:32 +0200] "GET /item/153005073 HTTP/1.1" 429 267 logesty-services.fr "-" "Mozilla/5.0 AppleWebKit/537.36 (KHTML, like Gecko; compatible; ClaudeBot/1.0; +claudebot@anthropic.com)" "-"
66.249.64.0 - - [28/Jul/2026:00:44:38 +0200] "GET /?u=9991989193 HTTP/1.1" 500 - logesty-services.fr "-" "Mozilla/5.0 (Linux; Android 6.0.1; Nexus 5X Build/MMB29P) AppleWebKit/537.36 (KHTML, like Gecko) Chrome/150.0.7871.128 Mobile Safari/537.36 (compatible; Googlebot/2.1; +http://www.google.com/bot.html)" "-"
216.73.217.0 - - [28/Jul/2026:00:44:51 +0200] "GET /item/153039569 HTTP/1.1" 429 267 logesty-services.fr "-" "Mozilla/5.0 AppleWebKit/537.36 (KHTML, like Gecko; compatible; ClaudeBot/1.0; +claudebot@anthropic.com)" "-"
74.7.227.0 - - [28/Jul/2026:00:44:54 +0200] "GET /?u=1901955724 HTTP/1.1" 429 267 logesty-services.fr "https://logesty-services.fr/?sitemap982.xml" "Mozilla/5.0 AppleWebKit/537.36 (KHTML, like Gecko; compatible; GPTBot/1.4; +https://openai.com/gptbot)" "-"
216.73.217.0 - - [28/Jul/2026:00:44:55 +0200] "GET /item/117028817 HTTP/1.1" 429 267 logesty-services.fr "-" "Mozilla/5.0 AppleWebKit/537.36 (KHTML, like Gecko; compatible; ClaudeBot/1.0; +claudebot@anthropic.com)" "-"
216.73.217.0 - - [28/Jul/2026:00:45:00 +0200] "GET /shop/circle/representative263023530.html HTTP/1.1" 429 267 logesty-services.fr "-" "Mozilla/5.0 AppleWebKit/537.36 (KHTML, like Gecko; compatible; ClaudeBot/1.0; +claudebot@anthropic.com)" "-"
216.73.217.0 - - [28/Jul/2026:00:45:05 +0200] "GET /item/161023821 HTTP/1.1" 500 - logesty-services.fr "-" "Mozilla/5.0 AppleWebKit/537.36 (KHTML, like Gecko; compatible; ClaudeBot/1.0; +claudebot@anthropic.com)" "-"
216.73.217.0 - - [28/Jul/2026:00:45:11 +0200] "GET /shop/factor/ought017003788.html HTTP/1.1" 500 - logesty-services.fr "-" "Mozilla/5.0 AppleWebKit/537.36 (KHTML, like Gecko; compatible; ClaudeBot/1.0; +claudebot@anthropic.com)" "-"
216.73.217.0 - - [28/Jul/2026:00:45:17 +0200] "GET /shop/given/poverty190023975.html HTTP/1.1" 500 - logesty-services.fr "-" "Mozilla/5.0 AppleWebKit/537.36 (KHTML, like Gecko; compatible; ClaudeBot/1.0; +claudebot@anthropic.com)" "-"
156.253.14.0 - - [28/Jul/2026:00:45:19 +0200] "GET /sxallsitemap.xml HTTP/1.1" 500 - logesty-services.fr "-" "req/v3 (https://github.com/imroc/req)" "-"
156.253.14.0 - - [28/Jul/2026:00:45:19 +0200] "GET /allsitemap.xml HTTP/1.1" 500 - logesty-services.fr "-" "req/v3 (https://github.com/imroc/req)" "-"
216.73.217.0 - - [28/Jul/2026:00:45:21 +0200] "GET /shop/anxious/judgment047018028.html HTTP/1.1" 500 - logesty-services.fr "-" "Mozilla/5.0 AppleWebKit/537.36 (KHTML, like Gecko; compatible; ClaudeBot/1.0; +claudebot@anthropic.com)" "-"
216.73.217.0 - - [28/Jul/2026:00:45:25 +0200] "GET /item/154039782 HTTP/1.1" 500 - logesty-services.fr "-" "Mozilla/5.0 AppleWebKit/537.36 (KHTML, like Gecko; compatible; ClaudeBot/1.0; +claudebot@anthropic.com)" "-"
216.73.217.0 - - [28/Jul/2026:00:45:29 +0200] "GET /item/115026821 HTTP/1.1" 500 - logesty-services.fr "-" "Mozilla/5.0 AppleWebKit/537.36 (KHTML, like Gecko; compatible; ClaudeBot/1.0; +claudebot@anthropic.com)" "-"
216.73.217.0 - - [28/Jul/2026:00:45:40 +0200] "GET /item/195013809 HTTP/1.1" 500 - logesty-services.fr "-" "Mozilla/5.0 AppleWebKit/537.36 (KHTML, like Gecko; compatible; ClaudeBot/1.0; +claudebot@anthropic.com)" "-"
216.73.217.0 - - [28/Jul/2026:00:45:44 +0200] "GET /shop/several/kill016026429.html HTTP/1.1" 500 - logesty-services.fr "-" "Mozilla/5.0 AppleWebKit/537.36 (KHTML, like Gecko; compatible; ClaudeBot/1.0; +claudebot@anthropic.com)" "-"
216.73.217.0 - - [28/Jul/2026:00:45:49 +0200] "GET /shop/device/juice023037030.html HTTP/1.1" 500 - logesty-services.fr "-" "Mozilla/5.0 AppleWebKit/537.36 (KHTML, like Gecko; compatible; ClaudeBot/1.0; +claudebot@anthropic.com)" "-"
114.119.133.0 - - [28/Jul/2026:00:45:50 +0200] "GET /seven-awesome-things-you-can-learn-from-booking/?loknya=/homepages/43/d895481126/htdocs/clickandbuilds/LogestyServices/decouvrez-le-concept-innovant-de-logesty-service-des-logements-de-qualite-pour-vos-weekends-et-courts-sejours HTTP/1.1" 500 - logesty-services.fr "https://logesty-services.fr/seven-awesome-things-you-can-learn-from-booking/" "Mozilla/5.0 (Linux; Android 7.0;) AppleWebKit/537.36 (HTML, like Gecko) Mobile Safari/537.36 (compatible; PetalBot;+https://webmaster.petalsearch.com/site/petalbot)" "-"
216.73.217.0 - - [28/Jul/2026:00:45:54 +0200] "GET /item/282034578 HTTP/1.1" 500 - logesty-services.fr "-" "Mozilla/5.0 AppleWebKit/537.36 (KHTML, like Gecko; compatible; ClaudeBot/1.0; +claudebot@anthropic.com)" "-"
216.73.217.0 - - [28/Jul/2026:00:46:00 +0200] "GET /shop/balloon/cop047006160.html HTTP/1.1" 500 - logesty-services.fr "-" "Mozilla/5.0 AppleWebKit/537.36 (KHTML, like Gecko; compatible; ClaudeBot/1.0; +claudebot@anthropic.com)" "-"
74.7.227.0 - - [28/Jul/2026:00:46:00 +0200] "GET /?u=3932506311 HTTP/1.1" 500 - logesty-services.fr "https://logesty-services.fr/?sitemap913.xml" "Mozilla/5.0 AppleWebKit/537.36 (KHTML, like Gecko; compatible; GPTBot/1.4; +https://openai.com/gptbot)" "-"
216.73.217.0 - - [28/Jul/2026:00:46:06 +0200] "GET /shop/high/rape084011955.html HTTP/1.1" 500 - logesty-services.fr "-" "Mozilla/5.0 AppleWebKit/537.36 (KHTML, like Gecko; compatible; ClaudeBot/1.0; +claudebot@anthropic.com)" "-"
216.73.217.0 - - [28/Jul/2026:00:46:10 +0200] "GET /shop/half/arise200033153.html HTTP/1.1" 500 - logesty-services.fr "-" "Mozilla/5.0 AppleWebKit/537.36 (KHTML, like Gecko; compatible; ClaudeBot/1.0; +claudebot@anthropic.com)" "-"
13.36.159.0 - - [28/Jul/2026:00:46:12 +0200] "GET /ical/?iCal=c46fa13f5e9902e8891e4e5447bae21b HTTP/1.1" 500 - logesty-services.fr "-" "SuperHote" "-"
216.73.217.0 - - [28/Jul/2026:00:46:15 +0200] "GET /shop/left/category092017105.html HTTP/1.1" 500 - logesty-services.fr "-" "Mozilla/5.0 AppleWebKit/537.36 (KHTML, like Gecko; compatible; ClaudeBot/1.0; +claudebot@anthropic.com)" "-"
216.73.217.0 - - [28/Jul/2026:00:46:20 +0200] "GET /shop/diagnosis/database001045798.html HTTP/1.1" 500 - logesty-services.fr "-" "Mozilla/5.0 AppleWebKit/537.36 (KHTML, like Gecko; compatible; ClaudeBot/1.0; +claudebot@anthropic.com)" "-"
216.73.217.0 - - [28/Jul/2026:00:46:26 +0200] "GET /shop/attack/matter029000828.html HTTP/1.1" 500 - logesty-services.fr "-" "Mozilla/5.0 AppleWebKit/537.36 (KHTML, like Gecko; compatible; ClaudeBot/1.0; +claudebot@anthropic.com)" "-"
216.73.217.0 - - [28/Jul/2026:00:46:31 +0200] "GET /shop/being/summit255011204.html HTTP/1.1" 500 - logesty-services.fr "-" "Mozilla/5.0 AppleWebKit/537.36 (KHTML, like Gecko; compatible; ClaudeBot/1.0; +claudebot@anthropic.com)" "-"
13.36.159.0 - - [28/Jul/2026:00:46:32 +0200] "GET /ical/?iCal=b9b3cf8f06b3b241f9c5e8c37744a54e HTTP/1.1" 500 - logesty-services.fr "-" "SuperHote" "-"
216.73.217.0 - - [28/Jul/2026:00:46:35 +0200] "GET /shop/discourage/bug242006915.html HTTP/1.1" 500 - logesty-services.fr "-" "Mozilla/5.0 AppleWebKit/537.36 (KHTML, like Gecko; compatible; ClaudeBot/1.0; +claudebot@anthropic.com)" "-"
216.73.217.0 - - [28/Jul/2026:00:46:40 +0200] "GET /item/047043717 HTTP/1.1" 500 - logesty-services.fr "-" "Mozilla/5.0 AppleWebKit/537.36 (KHTML, like Gecko; compatible; ClaudeBot/1.0; +claudebot@anthropic.com)" "-"
216.73.217.0 - - [28/Jul/2026:00:46:45 +0200] "GET /shop/equality/chest084026449.html HTTP/1.1" 429 267 logesty-services.fr "-" "Mozilla/5.0 AppleWebKit/537.36 (KHTML, like Gecko; compatible; ClaudeBot/1.0; +claudebot@anthropic.com)" "-"
216.73.217.0 - - [28/Jul/2026:00:46:50 +0200] "GET /shop/faculty/take088035787.html HTTP/1.1" 429 267 logesty-services.fr "-" "Mozilla/5.0 AppleWebKit/537.36 (KHTML, like Gecko; compatible; ClaudeBot/1.0; +claudebot@anthropic.com)" "-"
216.73.217.0 - - [28/Jul/2026:00:46:55 +0200] "GET /shop/instead/way173019190.html HTTP/1.1" 429 267 logesty-services.fr "-" "Mozilla/5.0 AppleWebKit/537.36 (KHTML, like Gecko; compatible; ClaudeBot/1.0; +claudebot@anthropic.com)" "-"
216.73.217.0 - - [28/Jul/2026:00:47:00 +0200] "GET /shop/Islam/lighting259023902.html HTTP/1.1" 429 267 logesty-services.fr "-" "Mozilla/5.0 AppleWebKit/537.36 (KHTML, like Gecko; compatible; ClaudeBot/1.0; +claudebot@anthropic.com)" "-"
74.7.227.0 - - [28/Jul/2026:00:47:04 +0200] "GET /?u=1733249538 HTTP/1.1" 429 267 logesty-services.fr "https://logesty-services.fr/?sitemapindex.xml" "Mozilla/5.0 AppleWebKit/537.36 (KHTML, like Gecko; compatible; GPTBot/1.4; +https://openai.com/gptbot)" "-"
216.73.217.0 - - [28/Jul/2026:00:47:06 +0200] "GET /shop/final/bean076034419.html HTTP/1.1" 429 267 logesty-services.fr "-" "Mozilla/5.0 AppleWebKit/537.36 (KHTML, like Gecko; compatible; ClaudeBot/1.0; +claudebot@anthropic.com)" "-"
216.73.217.0 - - [28/Jul/2026:00:47:11 +0200] "GET /shop/departure/main062021739.html HTTP/1.1" 429 267 logesty-services.fr "-" "Mozilla/5.0 AppleWebKit/537.36 (KHTML, like Gecko; compatible; ClaudeBot/1.0; +claudebot@anthropic.com)" "-"
216.73.217.0 - - [28/Jul/2026:00:47:17 +0200] "GET /shop/unhappy/muscle008023169.html HTTP/1.1" 429 267 logesty-services.fr "-" "Mozilla/5.0 AppleWebKit/537.36 (KHTML, like Gecko; compatible; ClaudeBot/1.0; +claudebot@anthropic.com)" "-"
216.73.217.0 - - [28/Jul/2026:00:47:21 +0200] "GET /shop/magnetic/radio067042100.html HTTP/1.1" 429 267 logesty-services.fr "-" "Mozilla/5.0 AppleWebKit/537.36 (KHTML, like Gecko; compatible; ClaudeBot/1.0; +claudebot@anthropic.com)" "-"
216.73.217.0 - - [28/Jul/2026:00:47:27 +0200] "GET /shop/gay/ballot102042267.html HTTP/1.1" 429 267 logesty-services.fr "-" "Mozilla/5.0 AppleWebKit/537.36 (KHTML, like Gecko; compatible; ClaudeBot/1.0; +claudebot@anthropic.com)" "-"
216.73.217.0 - - [28/Jul/2026:00:47:31 +0200] "GET /shop/music/ribbon116038723.html HTTP/1.1" 429 267 logesty-services.fr "-" "Mozilla/5.0 AppleWebKit/537.36 (KHTML, like Gecko; compatible; ClaudeBot/1.0; +claudebot@anthropic.com)" "-"
216.73.217.0 - - [28/Jul/2026:00:47:55 +0200] "GET /shop/admission/airplane134049805.html HTTP/1.1" 500 - logesty-services.fr "-" "Mozilla/5.0 AppleWebKit/537.36 (KHTML, like Gecko; compatible; ClaudeBot/1.0; +claudebot@anthropic.com)" "-"
