144.76.32.0 - - [28/Jul/2026:03:42:21 +0200] "GET /?u=294173026 HTTP/1.1" 200 83792 logesty-services.fr "-" "Mozilla/5.0 (compatible; SERankingBacklinksBot/1.0; +https://seranking.com/backlinks-crawler)" "-"
216.73.217.0 - - [28/Jul/2026:03:42:22 +0200] "GET /shop/bulb/gay182021129.html?loknya=%2F HTTP/1.1" 429 267 logesty-services.fr "-" "Mozilla/5.0 AppleWebKit/537.36 (KHTML, like Gecko; compatible; ClaudeBot/1.0; +claudebot@anthropic.com)" "-"
74.7.242.0 - - [28/Jul/2026:03:42:23 +0200] "GET /?u=7134157254 HTTP/1.1" 429 267 logesty-services.fr "https://logesty-services.fr/?sitemapindex.xml" "Mozilla/5.0 AppleWebKit/537.36 (KHTML, like Gecko; compatible; GPTBot/1.4; +https://openai.com/gptbot)" "-"
144.76.32.0 - - [28/Jul/2026:03:42:25 +0200] "GET /?u=295883141 HTTP/1.1" 200 83792 logesty-services.fr "-" "Mozilla/5.0 (compatible; SERankingBacklinksBot/1.0; +https://seranking.com/backlinks-crawler)" "-"
216.73.217.0 - - [28/Jul/2026:03:42:27 +0200] "GET /shop/analyst/direction246027153.html?loknya=%2Fhomepages%2F43%2Fd895481126%2Fhtdocs%2Fclickandbuilds%2FLogestyServices%2F.wp-cli HTTP/1.1" 429 267 logesty-services.fr "-" "Mozilla/5.0 AppleWebKit/537.36 (KHTML, like Gecko; compatible; ClaudeBot/1.0; +claudebot@anthropic.com)" "-"
144.76.32.0 - - [28/Jul/2026:03:42:29 +0200] "GET /?u=298211963 HTTP/1.1" 200 83792 logesty-services.fr "-" "Mozilla/5.0 (compatible; SERankingBacklinksBot/1.0; +https://seranking.com/backlinks-crawler)" "-"
216.73.217.0 - - [28/Jul/2026:03:42:32 +0200] "GET /shop/expand/chairman121031754.html?loknya=%2F HTTP/1.1" 429 267 logesty-services.fr "-" "Mozilla/5.0 AppleWebKit/537.36 (KHTML, like Gecko; compatible; ClaudeBot/1.0; +claudebot@anthropic.com)" "-"
144.76.32.0 - - [28/Jul/2026:03:42:34 +0200] "GET /?u=298365140 HTTP/1.1" 200 83792 logesty-services.fr "-" "Mozilla/5.0 (compatible; SERankingBacklinksBot/1.0; +https://seranking.com/backlinks-crawler)" "-"
216.73.217.0 - - [28/Jul/2026:03:42:37 +0200] "GET /goods.php?loknya=%2Fhomepages%2F43%2Fd895481126%2Fhtdocs%2Fclickandbuilds%2FLogestyServices%2F251b67 HTTP/1.1" 429 267 logesty-services.fr "-" "Mozilla/5.0 AppleWebKit/537.36 (KHTML, like Gecko; compatible; ClaudeBot/1.0; +claudebot@anthropic.com)" "-"
144.76.32.0 - - [28/Jul/2026:03:42:38 +0200] "GET /?u=300886177 HTTP/1.1" 200 83792 logesty-services.fr "-" "Mozilla/5.0 (compatible; SERankingBacklinksBot/1.0; +https://seranking.com/backlinks-crawler)" "-"
216.73.217.0 - - [28/Jul/2026:03:42:42 +0200] "GET /goods.php?loknya=%2Fhomepages%2F43%2Fd895481126%2Fhtdocs%2Fclickandbuilds%2FLogestyServices%2F.tmb HTTP/1.1" 429 267 logesty-services.fr "-" "Mozilla/5.0 AppleWebKit/537.36 (KHTML, like Gecko; compatible; ClaudeBot/1.0; +claudebot@anthropic.com)" "-"
144.76.32.0 - - [28/Jul/2026:03:42:42 +0200] "GET /?u=300911141 HTTP/1.1" 200 83792 logesty-services.fr "-" "Mozilla/5.0 (compatible; SERankingBacklinksBot/1.0; +https://seranking.com/backlinks-crawler)" "-"
144.76.32.0 - - [28/Jul/2026:03:42:46 +0200] "GET /?u=301616645 HTTP/1.1" 200 83792 logesty-services.fr "-" "Mozilla/5.0 (compatible; SERankingBacklinksBot/1.0; +https://seranking.com/backlinks-crawler)" "-"
216.73.217.0 - - [28/Jul/2026:03:42:47 +0200] "GET /shop/absence/buyer103039334.html?loknya=%2F HTTP/1.1" 429 267 logesty-services.fr "-" "Mozilla/5.0 AppleWebKit/537.36 (KHTML, like Gecko; compatible; ClaudeBot/1.0; +claudebot@anthropic.com)" "-"
144.76.32.0 - - [28/Jul/2026:03:42:50 +0200] "GET /?u=302211910 HTTP/1.1" 200 83792 logesty-services.fr "-" "Mozilla/5.0 (compatible; SERankingBacklinksBot/1.0; +https://seranking.com/backlinks-crawler)" "-"
216.73.217.0 - - [28/Jul/2026:03:42:52 +0200] "GET /shop/closed/envelope246038449.html?loknya=%2Fhomepages%2F43%2Fd895481126%2Fhtdocs%2Fclickandbuilds%2FLogestyServices%2F.wp-cli HTTP/1.1" 429 267 logesty-services.fr "-" "Mozilla/5.0 AppleWebKit/537.36 (KHTML, like Gecko; compatible; ClaudeBot/1.0; +claudebot@anthropic.com)" "-"
144.76.32.0 - - [28/Jul/2026:03:42:54 +0200] "GET /?u=304224725 HTTP/1.1" 200 83792 logesty-services.fr "-" "Mozilla/5.0 (compatible; SERankingBacklinksBot/1.0; +https://seranking.com/backlinks-crawler)" "-"
216.73.217.0 - - [28/Jul/2026:03:42:57 +0200] "GET /shop/shame/differ093005444.html?loknya=%2Fhomepages%2F43%2Fd895481126%2Fhtdocs%2Fclickandbuilds%2FLogestyServices%2F.wp-cli HTTP/1.1" 429 267 logesty-services.fr "-" "Mozilla/5.0 AppleWebKit/537.36 (KHTML, like Gecko; compatible; ClaudeBot/1.0; +claudebot@anthropic.com)" "-"
144.76.32.0 - - [28/Jul/2026:03:42:58 +0200] "GET /?u=304521198 HTTP/1.1" 200 83792 logesty-services.fr "-" "Mozilla/5.0 (compatible; SERankingBacklinksBot/1.0; +https://seranking.com/backlinks-crawler)" "-"
144.76.32.0 - - [28/Jul/2026:03:43:03 +0200] "GET /?u=305978581 HTTP/1.1" 200 83792 logesty-services.fr "-" "Mozilla/5.0 (compatible; SERankingBacklinksBot/1.0; +https://seranking.com/backlinks-crawler)" "-"
216.73.217.0 - - [28/Jul/2026:03:43:04 +0200] "GET /shop/stumble/pension194003039.html?loknya=%2Fhomepages%2F43%2Fd895481126%2Fhtdocs%2Fclickandbuilds%2FLogestyServices HTTP/1.1" 429 267 logesty-services.fr "-" "Mozilla/5.0 AppleWebKit/537.36 (KHTML, like Gecko; compatible; ClaudeBot/1.0; +claudebot@anthropic.com)" "-"
144.76.32.0 - - [28/Jul/2026:03:43:07 +0200] "GET /?u=307219152 HTTP/1.1" 200 83792 logesty-services.fr "-" "Mozilla/5.0 (compatible; SERankingBacklinksBot/1.0; +https://seranking.com/backlinks-crawler)" "-"
216.73.217.0 - - [28/Jul/2026:03:43:08 +0200] "GET /shop/jury/hi107024854.html?loknya=%2Fhomepages%2F43%2Fd895481126%2Fhtdocs%2Fclickandbuilds%2FLogestyServices%2Fwp-content HTTP/1.1" 429 267 logesty-services.fr "-" "Mozilla/5.0 AppleWebKit/537.36 (KHTML, like Gecko; compatible; ClaudeBot/1.0; +claudebot@anthropic.com)" "-"
144.76.32.0 - - [28/Jul/2026:03:43:11 +0200] "GET /?u=307600758 HTTP/1.1" 200 83792 logesty-services.fr "-" "Mozilla/5.0 (compatible; SERankingBacklinksBot/1.0; +https://seranking.com/backlinks-crawler)" "-"
66.249.64.0 - - [28/Jul/2026:03:43:11 +0200] "GET /?u=9962224405 HTTP/1.1" 200 153867 logesty-services.fr "-" "Mozilla/5.0 (Linux; Android 6.0.1; Nexus 5X Build/MMB29P) AppleWebKit/537.36 (KHTML, like Gecko) Chrome/150.0.7871.128 Mobile Safari/537.36 (compatible; Googlebot/2.1; +http://www.google.com/bot.html)" "-"
216.73.217.0 - - [28/Jul/2026:03:43:13 +0200] "GET /goods.php?lokasie=%2Fhomepages%2F43%2Fd895481126%2Fhtdocs%2Fclickandbuilds%2FLogestyServices%2Fwp-config.php&loknya=%2Fhomepages%2F43%2Fd895481126%2Fhtdocs%2Fclickandbuilds%2FLogestyServices HTTP/1.1" 429 267 logesty-services.fr "-" "Mozilla/5.0 AppleWebKit/537.36 (KHTML, like Gecko; compatible; ClaudeBot/1.0; +claudebot@anthropic.com)" "-"
66.249.64.0 - - [28/Jul/2026:03:43:13 +0200] "GET /?u=9544531240 HTTP/1.1" 200 149845 logesty-services.fr "-" "Mozilla/5.0 (Linux; Android 6.0.1; Nexus 5X Build/MMB29P) AppleWebKit/537.36 (KHTML, like Gecko) Chrome/150.0.7871.128 Mobile Safari/537.36 (compatible; Googlebot/2.1; +http://www.google.com/bot.html)" "-"
144.76.32.0 - - [28/Jul/2026:03:43:15 +0200] "GET /?u=308157673 HTTP/1.1" 200 83792 logesty-services.fr "-" "Mozilla/5.0 (compatible; SERankingBacklinksBot/1.0; +https://seranking.com/backlinks-crawler)" "-"
216.73.217.0 - - [28/Jul/2026:03:43:18 +0200] "GET /shop/singer/order155018182.html?loknya=%2Fhomepages%2F43%2Fd895481126%2Fhtdocs%2Fclickandbuilds%2FLogestyServices%2Fconditions-de-service HTTP/1.1" 200 13507 logesty-services.fr "-" "Mozilla/5.0 AppleWebKit/537.36 (KHTML, like Gecko; compatible; ClaudeBot/1.0; +claudebot@anthropic.com)" "-"
74.7.242.0 - - [28/Jul/2026:03:43:19 +0200] "GET /?u=4102560129 HTTP/1.1" 200 83790 logesty-services.fr "https://logesty-services.fr/?sitemap982.xml" "Mozilla/5.0 AppleWebKit/537.36 (KHTML, like Gecko; compatible; GPTBot/1.4; +https://openai.com/gptbot)" "-"
144.76.32.0 - - [28/Jul/2026:03:43:19 +0200] "GET /?u=310565827 HTTP/1.1" 200 83792 logesty-services.fr "-" "Mozilla/5.0 (compatible; SERankingBacklinksBot/1.0; +https://seranking.com/backlinks-crawler)" "-"
114.119.130.0 - - [28/Jul/2026:03:43:20 +0200] "GET /listing/a116-appartement-disneyland-paris-parking-prive?loknya=/homepages/43/d895481126/htdocs/clickandbuilds/LogestyServices/author HTTP/1.1" 200 11595 logesty-services.fr "https://logesty-services.fr/listing/a116-appartement-disneyland-paris-parking-prive" "Mozilla/5.0 (Linux; Android 7.0;) AppleWebKit/537.36 (HTML, like Gecko) Mobile Safari/537.36 (compatible; PetalBot;+https://webmaster.petalsearch.com/site/petalbot)" "-"
144.76.32.0 - - [28/Jul/2026:03:43:23 +0200] "GET /?u=310947514 HTTP/1.1" 200 83792 logesty-services.fr "-" "Mozilla/5.0 (compatible; SERankingBacklinksBot/1.0; +https://seranking.com/backlinks-crawler)" "-"
216.73.217.0 - - [28/Jul/2026:03:43:23 +0200] "GET /shop/arm/box221019768.html?loknya=%2Fhomepages%2F43%2Fd895481126%2Fhtdocs%2Fclickandbuilds%2FLogestyServices%2Fcontact-us-2 HTTP/1.1" 200 13264 logesty-services.fr "-" "Mozilla/5.0 AppleWebKit/537.36 (KHTML, like Gecko; compatible; ClaudeBot/1.0; +claudebot@anthropic.com)" "-"
144.76.32.0 - - [28/Jul/2026:03:43:27 +0200] "GET /?u=311823521 HTTP/1.1" 200 83792 logesty-services.fr "-" "Mozilla/5.0 (compatible; SERankingBacklinksBot/1.0; +https://seranking.com/backlinks-crawler)" "-"
216.73.217.0 - - [28/Jul/2026:03:43:28 +0200] "GET /shop/priority/critic083010932.html?loknya=%2Fhomepages%2F43%2Fd895481126%2Fhtdocs%2Fclickandbuilds%2FLogestyServices%2Fcontact-us-2 HTTP/1.1" 200 13264 logesty-services.fr "-" "Mozilla/5.0 AppleWebKit/537.36 (KHTML, like Gecko; compatible; ClaudeBot/1.0; +claudebot@anthropic.com)" "-"
144.76.32.0 - - [28/Jul/2026:03:43:32 +0200] "GET /?u=312585528 HTTP/1.1" 200 83792 logesty-services.fr "-" "Mozilla/5.0 (compatible; SERankingBacklinksBot/1.0; +https://seranking.com/backlinks-crawler)" "-"
216.73.217.0 - - [28/Jul/2026:03:43:34 +0200] "GET /shop/attend/objective042043395.html?loknya=%2Fhomepages%2F43%2Fd895481126%2Fhtdocs%2Fclickandbuilds%2FLogestyServices%2Fcity HTTP/1.1" 200 22718 logesty-services.fr "-" "Mozilla/5.0 AppleWebKit/537.36 (KHTML, like Gecko; compatible; ClaudeBot/1.0; +claudebot@anthropic.com)" "-"
144.76.32.0 - - [28/Jul/2026:03:43:36 +0200] "GET /?u=316436614 HTTP/1.1" 200 83792 logesty-services.fr "-" "Mozilla/5.0 (compatible; SERankingBacklinksBot/1.0; +https://seranking.com/backlinks-crawler)" "-"
158.173.20.0 - - [28/Jul/2026:03:43:36 +0200] "GET /author/rubychang8091/?username=salvatorethibode&useremail=christoperbourke3642%40luz26.com®ister_pass=f8pMzkFP%3A0Hzv®ister_pass_retype=f8pMzkFP%3A0Hzv&term_condition=on&homey_register_security=ed0cee05d8&_wp_http_referer=%2Fauthor%2Frubychang8091%2F&action=homey_register HTTP/1.1" 200 83793 logesty-services.fr "-" "Mozilla/5.0 (X11; Linux x86_64) AppleWebKit/537.36 (KHTML, like Gecko) Chrome/144.0.0.0 Safari/537.36" "-"
158.173.20.0 - - [28/Jul/2026:03:43:37 +0200] "GET /author/rubychang8091/?username=salvatorethibode&useremail=christoperbourke3642%40a.yertxenor.tk®ister_pass=f8pMzkFP%3A0Hzv®ister_pass_retype=f8pMzkFP%3A0Hzv&term_condition=on&homey_register_security=ed0cee05d8&_wp_http_referer=%2Fauthor%2Frubychang8091%2F&action=homey_register HTTP/1.1" 200 83793 logesty-services.fr "http://logesty-services.fr/author/rubychang8091/?username=salvatorethibode&useremail=christoperbourke3642%40luz26.com®ister_pass=f8pMzkFP%3A0Hzv®ister_pass_retype=f8pMzkFP%3A0Hzv&term_condition=on&homey_register_security=ed0cee05d8&_wp_http_referer=%2Fauthor%2Frubychang8091%2F&action=homey_register" "Mozilla/5.0 (X11; Linux x86_64) AppleWebKit/537.36 (KHTML, like Gecko) Chrome/144.0.0.0 Safari/537.36" "-"
158.173.20.0 - - [28/Jul/2026:03:43:39 +0200] "GET /author/rubychang8091/?lokasie=/homepages/43/d895481126/htdocs/clickandbuilds/LogestyServices/wp-login.php&loknya=/homepages/43/d895481126/htdocs/clickandbuilds/LogestyServices HTTP/1.1" 200 61740 logesty-services.fr "http://logesty-services.fr/author/rubychang8091/?username=salvatorethibode&useremail=christoperbourke3642%40a.yertxenor.tk®ister_pass=f8pMzkFP%3A0Hzv®ister_pass_retype=f8pMzkFP%3A0Hzv&term_condition=on&homey_register_security=ed0cee05d8&_wp_http_referer=%2Fauthor%2Frubychang8091%2F&action=homey_register" "Mozilla/5.0 (Windows NT 6.3; Win64; x64) AppleWebKit/537.36 (KHTML, like Gecko) Chrome/103.0.0.0 Safari/537.36" "-"
216.73.217.0 - - [28/Jul/2026:03:43:39 +0200] "GET /shop/jury/hi107024854.html?loknya=%2Fhomepages%2F43%2Fd895481126%2Fhtdocs%2Fclickandbuilds%2F HTTP/1.1" 200 12493 logesty-services.fr "-" "Mozilla/5.0 AppleWebKit/537.36 (KHTML, like Gecko; compatible; ClaudeBot/1.0; +claudebot@anthropic.com)" "-"
144.76.32.0 - - [28/Jul/2026:03:43:40 +0200] "GET /?u=316807037 HTTP/1.1" 200 83792 logesty-services.fr "-" "Mozilla/5.0 (compatible; SERankingBacklinksBot/1.0; +https://seranking.com/backlinks-crawler)" "-"
158.173.20.0 - - [28/Jul/2026:03:43:40 +0200] "POST /author/rubychang8091/?lokasie=/homepages/43/d895481126/htdocs/clickandbuilds/LogestyServices/wp-login.php&loknya=/homepages/43/d895481126/htdocs/clickandbuilds/LogestyServices HTTP/1.1" 200 61793 logesty-services.fr "http://logesty-services.fr/author/rubychang8091/?lokasie=/homepages/43/d895481126/htdocs/clickandbuilds/LogestyServices/wp-login.php&loknya=/homepages/43/d895481126/htdocs/clickandbuilds/LogestyServices" "Mozilla/5.0 (Windows NT 6.3; Win64; x64) AppleWebKit/537.36 (KHTML, like Gecko) Chrome/103.0.0.0 Safari/537.36" "-"
158.173.20.0 - - [28/Jul/2026:03:43:41 +0200] "GET /wp-login.php HTTP/1.1" 200 83796 logesty-services.fr "http://logesty-services.fr/author/rubychang8091/?lokasie=/homepages/43/d895481126/htdocs/clickandbuilds/LogestyServices/wp-login.php&loknya=/homepages/43/d895481126/htdocs/clickandbuilds/LogestyServices" "Mozilla/5.0 (Windows NT 6.3; Win64; x64) AppleWebKit/537.36 (KHTML, like Gecko) Chrome/103.0.0.0 Safari/537.36" "-"
216.73.217.0 - - [28/Jul/2026:03:43:44 +0200] "GET /shop/yard/narrow209017432.html?loknya=%2Fhomepages%2F43%2Fd895481126%2Fhtdocs%2Fclickandbuilds%2FLogestyServices%2Ftag HTTP/1.1" 200 12740 logesty-services.fr "-" "Mozilla/5.0 AppleWebKit/537.36 (KHTML, like Gecko; compatible; ClaudeBot/1.0; +claudebot@anthropic.com)" "-"
144.76.32.0 - - [28/Jul/2026:03:43:44 +0200] "GET /?u=317208678 HTTP/1.1" 200 83792 logesty-services.fr "-" "Mozilla/5.0 (compatible; SERankingBacklinksBot/1.0; +https://seranking.com/backlinks-crawler)" "-"
144.76.32.0 - - [28/Jul/2026:03:43:48 +0200] "GET /?u=320897067 HTTP/1.1" 200 83792 logesty-services.fr "-" "Mozilla/5.0 (compatible; SERankingBacklinksBot/1.0; +https://seranking.com/backlinks-crawler)" "-"
216.73.217.0 - - [28/Jul/2026:03:43:49 +0200] "GET /goods.php?lokasie=%2Fhomepages%2F43%2Fd895481126%2Fhtdocs%2Fclickandbuilds%2FLogestyServices%2Fxmlrpc.php&loknya=%2Fhomepages%2F43%2Fd895481126%2Fhtdocs%2Fclickandbuilds%2FLogestyServices HTTP/1.1" 200 7915 logesty-services.fr "-" "Mozilla/5.0 AppleWebKit/537.36 (KHTML, like Gecko; compatible; ClaudeBot/1.0; +claudebot@anthropic.com)" "-"
144.76.32.0 - - [28/Jul/2026:03:43:52 +0200] "GET /?u=321201028 HTTP/1.1" 200 83792 logesty-services.fr "-" "Mozilla/5.0 (compatible; SERankingBacklinksBot/1.0; +https://seranking.com/backlinks-crawler)" "-"
158.173.20.0 - - [28/Jul/2026:03:43:54 +0200] "GET /wp-login.php HTTP/1.1" 200 83796 logesty-services.fr "http://logesty-services.fr/wp-login.php" "Mozilla/5.0 (Windows NT 6.3; Win64; x64) AppleWebKit/537.36 (KHTML, like Gecko) Chrome/103.0.0.0 Safari/537.36" "-"
216.73.217.0 - - [28/Jul/2026:03:43:54 +0200] "GET /shop/sector/paint202048967.html?loknya=%2Fhomepages%2F43%2Fd895481126%2Fhtdocs%2Fclickandbuilds%2FLogestyServices%2F.tmb HTTP/1.1" 200 13052 logesty-services.fr "-" "Mozilla/5.0 AppleWebKit/537.36 (KHTML, like Gecko; compatible; ClaudeBot/1.0; +claudebot@anthropic.com)" "-"
144.76.32.0 - - [28/Jul/2026:03:43:56 +0200] "GET /?u=321413043 HTTP/1.1" 200 83792 logesty-services.fr "-" "Mozilla/5.0 (compatible; SERankingBacklinksBot/1.0; +https://seranking.com/backlinks-crawler)" "-"
216.73.217.0 - - [28/Jul/2026:03:43:59 +0200] "GET /item/212017360?loknya=%2Fhomepages%2F43%2Fd895481126%2Fhtdocs%2Fclickandbuilds%2FLogestyServices%2Ftype HTTP/1.1" 200 12746 logesty-services.fr "-" "Mozilla/5.0 AppleWebKit/537.36 (KHTML, like Gecko; compatible; ClaudeBot/1.0; +claudebot@anthropic.com)" "-"
144.76.32.0 - - [28/Jul/2026:03:44:00 +0200] "GET /?u=322139345 HTTP/1.1" 200 83792 logesty-services.fr "-" "Mozilla/5.0 (compatible; SERankingBacklinksBot/1.0; +https://seranking.com/backlinks-crawler)" "-"
66.249.64.0 - - [28/Jul/2026:03:44:03 +0200] "GET /?u=3342974640 HTTP/1.1" 200 156099 logesty-services.fr "-" "Mozilla/5.0 (Linux; Android 6.0.1; Nexus 5X Build/MMB29P) AppleWebKit/537.36 (KHTML, like Gecko) Chrome/150.0.7871.128 Mobile Safari/537.36 (compatible; Googlebot/2.1; +http://www.google.com/bot.html)" "-"
216.73.217.0 - - [28/Jul/2026:03:44:04 +0200] "GET /shop/particularly/intact129000728.html?loknya=%2Fhomepages%2F43%2Fd895481126%2Fhtdocs%2Fclickandbuilds%2FLogestyServices%2Flisting HTTP/1.1" 200 25032 logesty-services.fr "-" "Mozilla/5.0 AppleWebKit/537.36 (KHTML, like Gecko; compatible; ClaudeBot/1.0; +claudebot@anthropic.com)" "-"
144.76.32.0 - - [28/Jul/2026:03:44:04 +0200] "GET /?u=325328041 HTTP/1.1" 200 83792 logesty-services.fr "-" "Mozilla/5.0 (compatible; SERankingBacklinksBot/1.0; +https://seranking.com/backlinks-crawler)" "-"
158.173.20.0 - - [28/Jul/2026:03:44:06 +0200] "POST /wp-login.php HTTP/1.1" 200 83849 logesty-services.fr "http://logesty-services.fr/wp-login.php" "Mozilla/5.0 (Windows NT 6.3; Win64; x64) AppleWebKit/537.36 (KHTML, like Gecko) Chrome/103.0.0.0 Safari/537.36" "-"
158.173.20.0 - - [28/Jul/2026:03:44:06 +0200] "GET /author/rubychang8091/?username=salvatorethibode&useremail=christoperbourke3642%40a.yertxenor.tk®ister_pass=f8pMzkFP%3A0Hzv®ister_pass_retype=f8pMzkFP%3A0Hzv&term_condition=on&homey_register_security=ed0cee05d8&_wp_http_referer=%2Fauthor%2Frubychang8091%2F&action=homey_register HTTP/1.1" 200 83793 logesty-services.fr "http://logesty-services.fr/wp-login.php" "Mozilla/5.0 (Windows NT 6.3; Win64; x64) AppleWebKit/537.36 (KHTML, like Gecko) Chrome/103.0.0.0 Safari/537.36" "-"
158.173.20.0 - - [28/Jul/2026:03:44:07 +0200] "GET /author/rubychang8091/?username=salvatorethibode&useremail=christoperbourke3642%40a.yertxenor.tk®ister_pass=f8pMzkFP%3A0Hzv®ister_pass_retype=f8pMzkFP%3A0Hzv&term_condition=on&homey_register_security=ed0cee05d8&_wp_http_referer=%2Fauthor%2Frubychang8091%2F&action=homey_register HTTP/1.1" 200 83793 logesty-services.fr "http://logesty-services.fr/xmlrpc.php" "Mozilla/5.0 (Windows NT 6.3; Win64; x64) AppleWebKit/537.36 (KHTML, like Gecko) Chrome/103.0.0.0 Safari/537.36" "-"
158.173.20.0 - - [28/Jul/2026:03:44:08 +0200] "GET /author/wp-admin/post-new.php HTTP/1.1" 200 83793 logesty-services.fr "http://logesty-services.fr/author/rubychang8091/?username=salvatorethibode&useremail=christoperbourke3642%40a.yertxenor.tk®ister_pass=f8pMzkFP%3A0Hzv®ister_pass_retype=f8pMzkFP%3A0Hzv&term_condition=on&homey_register_security=ed0cee05d8&_wp_http_referer=%2Fauthor%2Frubychang8091%2F&action=homey_register" "Mozilla/5.0 (Windows NT 6.3; Win64; x64) AppleWebKit/537.36 (KHTML, like Gecko) Chrome/103.0.0.0 Safari/537.36" "-"
144.76.32.0 - - [28/Jul/2026:03:44:09 +0200] "GET /?u=326267610 HTTP/1.1" 200 83792 logesty-services.fr "-" "Mozilla/5.0 (compatible; SERankingBacklinksBot/1.0; +https://seranking.com/backlinks-crawler)" "-"
216.73.217.0 - - [28/Jul/2026:03:44:09 +0200] "GET /shop/sweet/thin229029922.html?loknya=%2Fhomepages%2F43%2Fd895481126%2Fhtdocs%2Fclickandbuilds%2FLogestyServices%2F.metadata HTTP/1.1" 200 16338 logesty-services.fr "-" "Mozilla/5.0 AppleWebKit/537.36 (KHTML, like Gecko; compatible; ClaudeBot/1.0; +claudebot@anthropic.com)" "-"
158.173.20.0 - - [28/Jul/2026:03:44:09 +0200] "GET /author/wp-admin/edit-tags.php?taxonomy=category HTTP/1.1" 200 83793 logesty-services.fr "http://logesty-services.fr/author/wp-admin/post-new.php" "Mozilla/5.0 (Windows NT 6.3; Win64; x64) AppleWebKit/537.36 (KHTML, like Gecko) Chrome/103.0.0.0 Safari/537.36" "-"
158.173.20.0 - - [28/Jul/2026:03:44:11 +0200] "POST /author/wp-admin/edit-tags.php?pilihan&loknya=/homepages/43/d895481126/htdocs/clickandbuilds/LogestyServices HTTP/1.1" 200 84465 logesty-services.fr "http://logesty-services.fr/author/wp-admin/edit-tags.php?taxonomy=category" "Mozilla/5.0 (Windows NT 6.3; Win64; x64) AppleWebKit/537.36 (KHTML, like Gecko) Chrome/103.0.0.0 Safari/537.36" "-"
144.76.32.0 - - [28/Jul/2026:03:44:13 +0200] "GET /?u=326593736 HTTP/1.1" 200 83792 logesty-services.fr "-" "Mozilla/5.0 (compatible; SERankingBacklinksBot/1.0; +https://seranking.com/backlinks-crawler)" "-"
216.73.217.0 - - [28/Jul/2026:03:44:14 +0200] "GET /shop/genuine/wood008031943.html?loknya=%2Fhomepages%2F43%2Fd895481126%2Fhtdocs%2Fclickandbuilds HTTP/1.1" 200 12473 logesty-services.fr "-" "Mozilla/5.0 AppleWebKit/537.36 (KHTML, like Gecko; compatible; ClaudeBot/1.0; +claudebot@anthropic.com)" "-"
158.173.20.0 - - [28/Jul/2026:03:44:16 +0200] "GET /author/wp-admin/edit-tags.php?lokasie=/homepages/43/d895481126/htdocs/clickandbuilds/LogestyServices/wp-comments-post.php&loknya=/homepages/43/d895481126/htdocs/clickandbuilds/LogestyServices HTTP/1.1" 200 6762 logesty-services.fr "http://logesty-services.fr/author/wp-admin/edit-tags.php?taxonomy=category" "Mozilla/5.0 (Windows NT 6.3; Win64; x64) AppleWebKit/537.36 (KHTML, like Gecko) Chrome/103.0.0.0 Safari/537.36" "-"
144.76.32.0 - - [28/Jul/2026:03:44:17 +0200] "GET /?u=330950099 HTTP/1.1" 200 83792 logesty-services.fr "-" "Mozilla/5.0 (compatible; SERankingBacklinksBot/1.0; +https://seranking.com/backlinks-crawler)" "-"
216.73.217.0 - - [28/Jul/2026:03:44:19 +0200] "GET /shop/arm/box221019768.html?loknya=%2Fhomepages%2F43%2Fd895481126%2Fhtdocs%2Fclickandbuilds%2FLogestyServices%2F.tmb HTTP/1.1" 200 13052 logesty-services.fr "-" "Mozilla/5.0 AppleWebKit/537.36 (KHTML, like Gecko; compatible; ClaudeBot/1.0; +claudebot@anthropic.com)" "-"
144.76.32.0 - - [28/Jul/2026:03:44:21 +0200] "GET /?u=333323216 HTTP/1.1" 200 83792 logesty-services.fr "-" "Mozilla/5.0 (compatible; SERankingBacklinksBot/1.0; +https://seranking.com/backlinks-crawler)" "-"
216.73.217.0 - - [28/Jul/2026:03:44:24 +0200] "GET /shop/genuine/wood008031943.html?loknya=%2Fhomepages%2F43%2Fd895481126%2Fhtdocs%2Fclickandbuilds%2F HTTP/1.1" 200 12493 logesty-services.fr "-" "Mozilla/5.0 AppleWebKit/537.36 (KHTML, like Gecko; compatible; ClaudeBot/1.0; +claudebot@anthropic.com)" "-"
74.7.242.0 - - [28/Jul/2026:03:44:24 +0200] "GET /?u=0584451249 HTTP/1.1" 200 83790 logesty-services.fr "https://logesty-services.fr/?sitemapindex.xml" "Mozilla/5.0 AppleWebKit/537.36 (KHTML, like Gecko; compatible; GPTBot/1.4; +https://openai.com/gptbot)" "-"
144.76.32.0 - - [28/Jul/2026:03:44:25 +0200] "GET /?u=333774244 HTTP/1.1" 200 83792 logesty-services.fr "-" "Mozilla/5.0 (compatible; SERankingBacklinksBot/1.0; +https://seranking.com/backlinks-crawler)" "-"
144.76.32.0 - - [28/Jul/2026:03:44:29 +0200] "GET /?u=334495237 HTTP/1.1" 200 83792 logesty-services.fr "-" "Mozilla/5.0 (compatible; SERankingBacklinksBot/1.0; +https://seranking.com/backlinks-crawler)" "-"
216.73.217.0 - - [28/Jul/2026:03:44:29 +0200] "GET /shop/reportedly/issue054020891.html?lokasie=%2Fhomepages%2F43%2Fd895481126%2Fhtdocs%2Fclickandbuilds%2FLogestyServices%2Fwp-trackback.php&loknya=%2Fhomepages%2F43%2Fd895481126%2Fhtdocs%2Fclickandbuilds%2FLogestyServices HTTP/1.1" 200 9868 logesty-services.fr "-" "Mozilla/5.0 AppleWebKit/537.36 (KHTML, like Gecko; compatible; ClaudeBot/1.0; +claudebot@anthropic.com)" "-"
144.76.32.0 - - [28/Jul/2026:03:44:33 +0200] "GET /?u=334785081 HTTP/1.1" 200 83792 logesty-services.fr "-" "Mozilla/5.0 (compatible; SERankingBacklinksBot/1.0; +https://seranking.com/backlinks-crawler)" "-"
216.73.217.0 - - [28/Jul/2026:03:44:34 +0200] "GET /shop/reportedly/issue054020891.html?loknya=%2Fhomepages%2F43%2Fd895481126%2Fhtdocs%2Fclickandbuilds%2FLogestyServices%2Fagence-immobilieere-numerique HTTP/1.1" 200 13723 logesty-services.fr "-" "Mozilla/5.0 AppleWebKit/537.36 (KHTML, like Gecko; compatible; ClaudeBot/1.0; +claudebot@anthropic.com)" "-"
144.76.32.0 - - [28/Jul/2026:03:44:37 +0200] "GET /?u=335216996 HTTP/1.1" 200 83792 logesty-services.fr "-" "Mozilla/5.0 (compatible; SERankingBacklinksBot/1.0; +https://seranking.com/backlinks-crawler)" "-"
216.73.217.0 - - [28/Jul/2026:03:44:39 +0200] "GET /shop/expected/flee296027319.html?lokasie=%2Fhomepages%2F43%2Fd895481126%2Fhtdocs%2Fclickandbuilds%2FLogestyServices%2Fwp-cron.php&loknya=%2Fhomepages%2F43%2Fd895481126%2Fhtdocs%2Fclickandbuilds%2FLogestyServices HTTP/1.1" 200 10045 logesty-services.fr "-" "Mozilla/5.0 AppleWebKit/537.36 (KHTML, like Gecko; compatible; ClaudeBot/1.0; +claudebot@anthropic.com)" "-"
144.76.32.0 - - [28/Jul/2026:03:44:41 +0200] "GET /?u=335290060 HTTP/1.1" 200 83792 logesty-services.fr "-" "Mozilla/5.0 (compatible; SERankingBacklinksBot/1.0; +https://seranking.com/backlinks-crawler)" "-"
216.73.217.0 - - [28/Jul/2026:03:44:44 +0200] "GET /item/212017360?loknya=%2Fhomepages%2F43%2Fd895481126%2Fhtdocs%2Fclickandbuilds%2FLogestyServices%2Fconditions-de-service HTTP/1.1" 200 13507 logesty-services.fr "-" "Mozilla/5.0 AppleWebKit/537.36 (KHTML, like Gecko; compatible; ClaudeBot/1.0; +claudebot@anthropic.com)" "-"
144.76.32.0 - - [28/Jul/2026:03:44:46 +0200] "GET /?u=335467975 HTTP/1.1" 200 83792 logesty-services.fr "-" "Mozilla/5.0 (compatible; SERankingBacklinksBot/1.0; +https://seranking.com/backlinks-crawler)" "-"
216.73.217.0 - - [28/Jul/2026:03:44:49 +0200] "GET /shop/artificial/update295018082.html?lokasie=%2Fhomepages%2F43%2Fd895481126%2Fhtdocs%2Fclickandbuilds%2FLogestyServices%2Fgooglebe0cece12c38bb59.html&loknya=%2Fhomepages%2F43%2Fd895481126%2Fhtdocs%2Fclickandbuilds%2FLogestyServices HTTP/1.1" 200 4427 logesty-services.fr "-" "Mozilla/5.0 AppleWebKit/537.36 (KHTML, like Gecko; compatible; ClaudeBot/1.0; +claudebot@anthropic.com)" "-"
144.76.32.0 - - [28/Jul/2026:03:44:50 +0200] "GET /?u=335823930 HTTP/1.1" 200 83792 logesty-services.fr "-" "Mozilla/5.0 (compatible; SERankingBacklinksBot/1.0; +https://seranking.com/backlinks-crawler)" "-"
144.76.32.0 - - [28/Jul/2026:03:44:54 +0200] "GET /?u=337502160 HTTP/1.1" 200 83792 logesty-services.fr "-" "Mozilla/5.0 (compatible; SERankingBacklinksBot/1.0; +https://seranking.com/backlinks-crawler)" "-"
216.73.217.0 - - [28/Jul/2026:03:44:54 +0200] "GET /shop/expected/flee296027319.html?lokasie=%2Fhomepages%2F43%2Fd895481126%2Fhtdocs%2Fclickandbuilds%2FLogestyServices%2Fwp-trackback.php&loknya=%2Fhomepages%2F43%2Fd895481126%2Fhtdocs%2Fclickandbuilds%2FLogestyServices HTTP/1.1" 200 9868 logesty-services.fr "-" "Mozilla/5.0 AppleWebKit/537.36 (KHTML, like Gecko; compatible; ClaudeBot/1.0; +claudebot@anthropic.com)" "-"
66.249.64.0 - - [28/Jul/2026:03:44:56 +0200] "GET /?u=9513413189 HTTP/1.1" 200 148587 logesty-services.fr "-" "Mozilla/5.0 (Linux; Android 6.0.1; Nexus 5X Build/MMB29P) AppleWebKit/537.36 (KHTML, like Gecko) Chrome/150.0.7871.128 Mobile Safari/537.36 (compatible; Googlebot/2.1; +http://www.google.com/bot.html)" "-"
144.76.32.0 - - [28/Jul/2026:03:44:58 +0200] "GET /?u=337717882 HTTP/1.1" 200 83792 logesty-services.fr "-" "Mozilla/5.0 (compatible; SERankingBacklinksBot/1.0; +https://seranking.com/backlinks-crawler)" "-"
216.73.217.0 - - [28/Jul/2026:03:44:59 +0200] "GET /shop/analyst/direction246027153.html?lokasie=%2Fhomepages%2F43%2Fd895481126%2Fhtdocs%2Fclickandbuilds%2FLogestyServices%2Fwp-config.php&loknya=%2Fhomepages%2F43%2Fd895481126%2Fhtdocs%2Fclickandbuilds%2FLogestyServices HTTP/1.1" 429 267 logesty-services.fr "-" "Mozilla/5.0 AppleWebKit/537.36 (KHTML, like Gecko; compatible; ClaudeBot/1.0; +claudebot@anthropic.com)" "-"
144.76.32.0 - - [28/Jul/2026:03:45:02 +0200] "GET /?u=338956319 HTTP/1.1" 200 83792 logesty-services.fr "-" "Mozilla/5.0 (compatible; SERankingBacklinksBot/1.0; +https://seranking.com/backlinks-crawler)" "-"
114.119.138.0 - - [28/Jul/2026:03:45:03 +0200] "GET /listing/a116-appartement-disneyland-paris-parking-prive?loknya=/homepages/43/d895481126/htdocs/clickandbuilds HTTP/1.1" 200 12474 logesty-services.fr "https://logesty-services.fr/listing/a116-appartement-disneyland-paris-parking-prive?loknya=/homepages/43/d895481126/htdocs/clickandbuilds/LogestyServices/wp-admin" "Mozilla/5.0 (Linux; Android 7.0;) AppleWebKit/537.36 (HTML, like Gecko) Mobile Safari/537.36 (compatible; PetalBot;+https://webmaster.petalsearch.com/site/petalbot)" "-"
216.73.217.0 - - [28/Jul/2026:03:45:04 +0200] "GET /shop/expected/flee296027319.html?loknya=%2Fhomepages%2F43%2Fd895481126%2Fhtdocs%2Fclickandbuilds%2FLogestyServices%2Fagence-immobilieere-numerique HTTP/1.1" 429 267 logesty-services.fr "-" "Mozilla/5.0 AppleWebKit/537.36 (KHTML, like Gecko; compatible; ClaudeBot/1.0; +claudebot@anthropic.com)" "-"
144.76.32.0 - - [28/Jul/2026:03:45:06 +0200] "GET /?u=340511890 HTTP/1.1" 200 83792 logesty-services.fr "-" "Mozilla/5.0 (compatible; SERankingBacklinksBot/1.0; +https://seranking.com/backlinks-crawler)" "-"
216.73.217.0 - - [28/Jul/2026:03:45:09 +0200] "GET /shop/shame/differ093005444.html?lokasie=%2Fhomepages%2F43%2Fd895481126%2Fhtdocs%2Fclickandbuilds%2FLogestyServices%2Fwp-login.php&loknya=%2Fhomepages%2F43%2Fd895481126%2Fhtdocs%2Fclickandbuilds%2FLogestyServices HTTP/1.1" 429 267 logesty-services.fr "-" "Mozilla/5.0 AppleWebKit/537.36 (KHTML, like Gecko; compatible; ClaudeBot/1.0; +claudebot@anthropic.com)" "-"
144.76.32.0 - - [28/Jul/2026:03:45:11 +0200] "GET /?u=340904155 HTTP/1.1" 200 83792 logesty-services.fr "-" "Mozilla/5.0 (compatible; SERankingBacklinksBot/1.0; +https://seranking.com/backlinks-crawler)" "-"
216.73.217.0 - - [28/Jul/2026:03:45:14 +0200] "GET /shop/analyst/direction246027153.html?lokasie=%2Fhomepages%2F43%2Fd895481126%2Fhtdocs%2Fclickandbuilds%2FLogestyServices%2Fwp-blog-header.php&loknya=%2Fhomepages%2F43%2Fd895481126%2Fhtdocs%2Fclickandbuilds%2FLogestyServices HTTP/1.1" 429 267 logesty-services.fr "-" "Mozilla/5.0 AppleWebKit/537.36 (KHTML, like Gecko; compatible; ClaudeBot/1.0; +claudebot@anthropic.com)" "-"
144.76.32.0 - - [28/Jul/2026:03:45:15 +0200] "GET /?u=341933876 HTTP/1.1" 200 83792 logesty-services.fr "-" "Mozilla/5.0 (compatible; SERankingBacklinksBot/1.0; +https://seranking.com/backlinks-crawler)" "-"
216.73.217.0 - - [28/Jul/2026:03:45:19 +0200] "GET /shop/correctly/strike069015500.html?lokasie=%2Fhomepages%2F43%2Fd895481126%2Fhtdocs%2Fclickandbuilds%2FLogestyServices%2Fwp-activate.php&loknya=%2Fhomepages%2F43%2Fd895481126%2Fhtdocs%2Fclickandbuilds%2FLogestyServices HTTP/1.1" 429 267 logesty-services.fr "-" "Mozilla/5.0 AppleWebKit/537.36 (KHTML, like Gecko; compatible; ClaudeBot/1.0; +claudebot@anthropic.com)" "-"
144.76.32.0 - - [28/Jul/2026:03:45:19 +0200] "GET /?u=342680915 HTTP/1.1" 200 83792 logesty-services.fr "-" "Mozilla/5.0 (compatible; SERankingBacklinksBot/1.0; +https://seranking.com/backlinks-crawler)" "-"
74.7.242.0 - - [28/Jul/2026:03:45:20 +0200] "GET /?u=2933846845 HTTP/1.1" 429 267 logesty-services.fr "https://logesty-services.fr/?sitemap613.xml" "Mozilla/5.0 AppleWebKit/537.36 (KHTML, like Gecko; compatible; GPTBot/1.4; +https://openai.com/gptbot)" "-"
144.76.32.0 - - [28/Jul/2026:03:45:23 +0200] "GET /?u=343711605 HTTP/1.1" 200 83792 logesty-services.fr "-" "Mozilla/5.0 (compatible; SERankingBacklinksBot/1.0; +https://seranking.com/backlinks-crawler)" "-"
216.73.217.0 - - [28/Jul/2026:03:45:24 +0200] "GET /shop/singer/order155018182.html?lokasie=%2Fhomepages%2F43%2Fd895481126%2Fhtdocs%2Fclickandbuilds%2FLogestyServices%2Fwp-cron.php&loknya=%2Fhomepages%2F43%2Fd895481126%2Fhtdocs%2Fclickandbuilds%2FLogestyServices HTTP/1.1" 429 267 logesty-services.fr "-" "Mozilla/5.0 AppleWebKit/537.36 (KHTML, like Gecko; compatible; ClaudeBot/1.0; +claudebot@anthropic.com)" "-"
144.76.32.0 - - [28/Jul/2026:03:45:27 +0200] "GET /?u=345930997 HTTP/1.1" 200 83792 logesty-services.fr "-" "Mozilla/5.0 (compatible; SERankingBacklinksBot/1.0; +https://seranking.com/backlinks-crawler)" "-"
216.73.217.0 - - [28/Jul/2026:03:45:29 +0200] "GET /shop/absence/buyer103039334.html?loknya=%2Fhomepages%2F43%2Fd895481126%2Fhtdocs%2Fclickandbuilds%2FLogestyServices%2Fcity HTTP/1.1" 429 267 logesty-services.fr "-" "Mozilla/5.0 AppleWebKit/537.36 (KHTML, like Gecko; compatible; ClaudeBot/1.0; +claudebot@anthropic.com)" "-"
144.76.32.0 - - [28/Jul/2026:03:45:31 +0200] "GET /?u=346118321 HTTP/1.1" 200 83792 logesty-services.fr "-" "Mozilla/5.0 (compatible; SERankingBacklinksBot/1.0; +https://seranking.com/backlinks-crawler)" "-"
66.249.64.0 - - [28/Jul/2026:03:45:32 +0200] "GET /?u=3853434556 HTTP/1.1" 200 83792 logesty-services.fr "-" "Mozilla/5.0 (Linux; Android 6.0.1; Nexus 5X Build/MMB29P) AppleWebKit/537.36 (KHTML, like Gecko) Chrome/150.0.7871.128 Mobile Safari/537.36 (compatible; GoogleOther)" "-"
216.73.217.0 - - [28/Jul/2026:03:45:34 +0200] "GET /shop/singer/order155018182.html?lokasie=%2Fhomepages%2F43%2Fd895481126%2Fhtdocs%2Fclickandbuilds%2FLogestyServices%2Fwp-trackback.php&loknya=%2Fhomepages%2F43%2Fd895481126%2Fhtdocs%2Fclickandbuilds%2FLogestyServices HTTP/1.1" 429 267 logesty-services.fr "-" "Mozilla/5.0 AppleWebKit/537.36 (KHTML, like Gecko; compatible; ClaudeBot/1.0; +claudebot@anthropic.com)" "-"
144.76.32.0 - - [28/Jul/2026:03:45:36 +0200] "GET /?u=346298037 HTTP/1.1" 200 83792 logesty-services.fr "-" "Mozilla/5.0 (compatible; SERankingBacklinksBot/1.0; +https://seranking.com/backlinks-crawler)" "-"
216.73.217.0 - - [28/Jul/2026:03:45:39 +0200] "GET /shop/correctly/strike069015500.html?lokasie=%2Fhomepages%2F43%2Fd895481126%2Fhtdocs%2Fclickandbuilds%2FLogestyServices%2Fwp-mail.php&loknya=%2Fhomepages%2F43%2Fd895481126%2Fhtdocs%2Fclickandbuilds%2FLogestyServices HTTP/1.1" 429 267 logesty-services.fr "-" "Mozilla/5.0 AppleWebKit/537.36 (KHTML, like Gecko; compatible; ClaudeBot/1.0; +claudebot@anthropic.com)" "-"
144.76.32.0 - - [28/Jul/2026:03:45:40 +0200] "GET /?u=351796020 HTTP/1.1" 200 83792 logesty-services.fr "-" "Mozilla/5.0 (compatible; SERankingBacklinksBot/1.0; +https://seranking.com/backlinks-crawler)" "-"
216.73.217.0 - - [28/Jul/2026:03:45:44 +0200] "GET /shop/closed/envelope246038449.html?lokasie=%2Fhomepages%2F43%2Fd895481126%2Fhtdocs%2Fclickandbuilds%2FLogestyServices%2Fwp-config.php&loknya=%2Fhomepages%2F43%2Fd895481126%2Fhtdocs%2Fclickandbuilds%2FLogestyServices HTTP/1.1" 429 267 logesty-services.fr "-" "Mozilla/5.0 AppleWebKit/537.36 (KHTML, like Gecko; compatible; ClaudeBot/1.0; +claudebot@anthropic.com)" "-"
144.76.32.0 - - [28/Jul/2026:03:45:44 +0200] "GET /?u=355774045 HTTP/1.1" 200 83792 logesty-services.fr "-" "Mozilla/5.0 (compatible; SERankingBacklinksBot/1.0; +https://seranking.com/backlinks-crawler)" "-"
13.36.159.0 - - [28/Jul/2026:03:45:46 +0200] "GET /ical/?iCal=c46fa13f5e9902e8891e4e5447bae21b HTTP/1.1" 200 83792 logesty-services.fr "-" "SuperHote" "-"
144.76.32.0 - - [28/Jul/2026:03:45:48 +0200] "GET /?u=356473952 HTTP/1.1" 200 83792 logesty-services.fr "-" "Mozilla/5.0 (compatible; SERankingBacklinksBot/1.0; +https://seranking.com/backlinks-crawler)" "-"
216.73.217.0 - - [28/Jul/2026:03:45:49 +0200] "GET /shop/sector/paint202048967.html?lokasie=%2Fhomepages%2F43%2Fd895481126%2Fhtdocs%2Fclickandbuilds%2FLogestyServices%2Fwp-config-sample.php&loknya=%2Fhomepages%2F43%2Fd895481126%2Fhtdocs%2Fclickandbuilds%2FLogestyServices HTTP/1.1" 429 267 logesty-services.fr "-" "Mozilla/5.0 AppleWebKit/537.36 (KHTML, like Gecko; compatible; ClaudeBot/1.0; +claudebot@anthropic.com)" "-"
66.249.64.0 - - [28/Jul/2026:03:45:51 +0200] "GET /?u=0333186105 HTTP/1.1" 200 157306 logesty-services.fr "-" "Mozilla/5.0 (Linux; Android 6.0.1; Nexus 5X Build/MMB29P) AppleWebKit/537.36 (KHTML, like Gecko) Chrome/150.0.7871.128 Mobile Safari/537.36 (compatible; Googlebot/2.1; +http://www.google.com/bot.html)" "-"
144.76.32.0 - - [28/Jul/2026:03:45:52 +0200] "GET /buy.php?outlet/171008825 HTTP/1.1" 200 83792 logesty-services.fr "-" "Mozilla/5.0 (compatible; SERankingBacklinksBot/1.0; +https://seranking.com/backlinks-crawler)" "-"
216.73.217.0 - - [28/Jul/2026:03:45:54 +0200] "GET /shop/closed/envelope246038449.html?lokasie=%2Fhomepages%2F43%2Fd895481126%2Fhtdocs%2Fclickandbuilds%2FLogestyServices%2Fwp-blog-header.php&loknya=%2Fhomepages%2F43%2Fd895481126%2Fhtdocs%2Fclickandbuilds%2FLogestyServices HTTP/1.1" 429 267 logesty-services.fr "-" "Mozilla/5.0 AppleWebKit/537.36 (KHTML, like Gecko; compatible; ClaudeBot/1.0; +claudebot@anthropic.com)" "-"
144.76.32.0 - - [28/Jul/2026:03:45:56 +0200] "GET /?u=356619406 HTTP/1.1" 200 83792 logesty-services.fr "-" "Mozilla/5.0 (compatible; SERankingBacklinksBot/1.0; +https://seranking.com/backlinks-crawler)" "-"
216.73.217.0 - - [28/Jul/2026:03:45:59 +0200] "GET /shop/attend/objective042043395.html?lokasie=%2Fhomepages%2F43%2Fd895481126%2Fhtdocs%2Fclickandbuilds%2FLogestyServices%2Findex.php&loknya=%2Fhomepages%2F43%2Fd895481126%2Fhtdocs%2Fclickandbuilds%2FLogestyServices HTTP/1.1" 200 26593 logesty-services.fr "-" "Mozilla/5.0 AppleWebKit/537.36 (KHTML, like Gecko; compatible; ClaudeBot/1.0; +claudebot@anthropic.com)" "-"
144.76.32.0 - - [28/Jul/2026:03:46:00 +0200] "GET /?u=356803656 HTTP/1.1" 200 83792 logesty-services.fr "-" "Mozilla/5.0 (compatible; SERankingBacklinksBot/1.0; +https://seranking.com/backlinks-crawler)" "-"
216.73.217.0 - - [28/Jul/2026:03:46:04 +0200] "GET /shop/singer/order155018182.html?loknya=%2Fhomepages%2F43%2Fd895481126%2Fhtdocs%2Fclickandbuilds%2FLogestyServices%2Fagence-immobilieere-numerique HTTP/1.1" 200 13723 logesty-services.fr "-" "Mozilla/5.0 AppleWebKit/537.36 (KHTML, like Gecko; compatible; ClaudeBot/1.0; +claudebot@anthropic.com)" "-"
144.76.32.0 - - [28/Jul/2026:03:46:05 +0200] "GET /?u=357900800 HTTP/1.1" 200 83792 logesty-services.fr "-" "Mozilla/5.0 (compatible; SERankingBacklinksBot/1.0; +https://seranking.com/backlinks-crawler)" "-"
144.76.32.0 - - [28/Jul/2026:03:46:09 +0200] "GET /?u=358561099 HTTP/1.1" 200 83792 logesty-services.fr "-" "Mozilla/5.0 (compatible; SERankingBacklinksBot/1.0; +https://seranking.com/backlinks-crawler)" "-"
216.73.217.0 - - [28/Jul/2026:03:46:09 +0200] "GET /shop/artificial/update295018082.html?lokasie=%2Fhomepages%2F43%2Fd895481126%2Fhtdocs%2Fclickandbuilds%2FLogestyServices%2Fgoogleed4cfc89eb09b6df.html&loknya=%2Fhomepages%2F43%2Fd895481126%2Fhtdocs%2Fclickandbuilds%2FLogestyServices HTTP/1.1" 200 4427 logesty-services.fr "-" "Mozilla/5.0 AppleWebKit/537.36 (KHTML, like Gecko; compatible; ClaudeBot/1.0; +claudebot@anthropic.com)" "-"
74.7.242.0 - - [28/Jul/2026:03:46:10 +0200] "GET /?u=5371271729 HTTP/1.1" 200 83790 logesty-services.fr "https://logesty-services.fr/?sitemap982.xml" "Mozilla/5.0 AppleWebKit/537.36 (KHTML, like Gecko; compatible; GPTBot/1.4; +https://openai.com/gptbot)" "-"
144.76.32.0 - - [28/Jul/2026:03:46:13 +0200] "GET /?u=360129275 HTTP/1.1" 200 83792 logesty-services.fr "-" "Mozilla/5.0 (compatible; SERankingBacklinksBot/1.0; +https://seranking.com/backlinks-crawler)" "-"
216.73.217.0 - - [28/Jul/2026:03:46:14 +0200] "GET /shop/sector/paint202048967.html?lokasie=%2Fhomepages%2F43%2Fd895481126%2Fhtdocs%2Fclickandbuilds%2FLogestyServices%2Fwp-settings.php&loknya=%2Fhomepages%2F43%2Fd895481126%2Fhtdocs%2Fclickandbuilds%2FLogestyServices HTTP/1.1" 200 37086 logesty-services.fr "-" "Mozilla/5.0 AppleWebKit/537.36 (KHTML, like Gecko; compatible; ClaudeBot/1.0; +claudebot@anthropic.com)" "-"
144.76.32.0 - - [28/Jul/2026:03:46:17 +0200] "GET /?u=361244759 HTTP/1.1" 200 83792 logesty-services.fr "-" "Mozilla/5.0 (compatible; SERankingBacklinksBot/1.0; +https://seranking.com/backlinks-crawler)" "-"
216.73.217.0 - - [28/Jul/2026:03:46:19 +0200] "GET /shop/artificial/update295018082.html?lokasie=%2Fhomepages%2F43%2Fd895481126%2Fhtdocs%2Fclickandbuilds%2FLogestyServices%2Fgooglea3e8b75aa444e306.html&loknya=%2Fhomepages%2F43%2Fd895481126%2Fhtdocs%2Fclickandbuilds%2FLogestyServices HTTP/1.1" 200 4427 logesty-services.fr "-" "Mozilla/5.0 AppleWebKit/537.36 (KHTML, like Gecko; compatible; ClaudeBot/1.0; +claudebot@anthropic.com)" "-"
144.76.32.0 - - [28/Jul/2026:03:46:21 +0200] "GET /?u=361435281 HTTP/1.1" 200 83792 logesty-services.fr "-" "Mozilla/5.0 (compatible; SERankingBacklinksBot/1.0; +https://seranking.com/backlinks-crawler)" "-"
216.73.217.0 - - [28/Jul/2026:03:46:24 +0200] "GET /shop/priority/critic083010932.html?lokasie=%2Fhomepages%2F43%2Fd895481126%2Fhtdocs%2Fclickandbuilds%2FLogestyServices%2Fwp-settings.php&loknya=%2Fhomepages%2F43%2Fd895481126%2Fhtdocs%2Fclickandbuilds%2FLogestyServices HTTP/1.1" 200 37086 logesty-services.fr "-" "Mozilla/5.0 AppleWebKit/537.36 (KHTML, like Gecko; compatible; ClaudeBot/1.0; +claudebot@anthropic.com)" "-"
144.76.32.0 - - [28/Jul/2026:03:46:25 +0200] "GET /?u=362163700 HTTP/1.1" 200 83792 logesty-services.fr "-" "Mozilla/5.0 (compatible; SERankingBacklinksBot/1.0; +https://seranking.com/backlinks-crawler)" "-"
66.249.64.0 - - [28/Jul/2026:03:46:28 +0200] "GET /?u=153271369 HTTP/1.1" 200 149440 logesty-services.fr "-" "Mozilla/5.0 (Linux; Android 6.0.1; Nexus 5X Build/MMB29P) AppleWebKit/537.36 (KHTML, like Gecko) Chrome/150.0.7871.128 Mobile Safari/537.36 (compatible; Googlebot/2.1; +http://www.google.com/bot.html)" "-"
216.73.217.0 - - [28/Jul/2026:03:46:29 +0200] "GET /shop/priority/critic083010932.html?lokasie=%2Fhomepages%2F43%2Fd895481126%2Fhtdocs%2Fclickandbuilds%2FLogestyServices%2Fwp-config-sample.php&loknya=%2Fhomepages%2F43%2Fd895481126%2Fhtdocs%2Fclickandbuilds%2FLogestyServices HTTP/1.1" 200 7729 logesty-services.fr "-" "Mozilla/5.0 AppleWebKit/537.36 (KHTML, like Gecko; compatible; ClaudeBot/1.0; +claudebot@anthropic.com)" "-"
13.36.159.0 - - [28/Jul/2026:03:46:29 +0200] "GET /ical/?iCal=b9b3cf8f06b3b241f9c5e8c37744a54e HTTP/1.1" 200 83792 logesty-services.fr "-" "SuperHote" "-"
156.253.14.0 - - [28/Jul/2026:03:46:29 +0200] "GET /sxallsitemap.xml HTTP/1.1" 200 167013 logesty-services.fr "-" "req/v3 (https://github.com/imroc/req)" "-"
144.76.32.0 - - [28/Jul/2026:03:46:29 +0200] "GET /?u=362640672 HTTP/1.1" 200 83792 logesty-services.fr "-" "Mozilla/5.0 (compatible; SERankingBacklinksBot/1.0; +https://seranking.com/backlinks-crawler)" "-"
156.253.14.0 - - [28/Jul/2026:03:46:31 +0200] "GET /allsitemap.xml HTTP/1.1" 200 166112 logesty-services.fr "-" "req/v3 (https://github.com/imroc/req)" "-"
144.76.32.0 - - [28/Jul/2026:03:46:33 +0200] "GET /?u=363568107 HTTP/1.1" 200 83792 logesty-services.fr "-" "Mozilla/5.0 (compatible; SERankingBacklinksBot/1.0; +https://seranking.com/backlinks-crawler)" "-"
216.73.217.0 - - [28/Jul/2026:03:46:34 +0200] "GET /shop/arm/box221019768.html?lokasie=%2Fhomepages%2F43%2Fd895481126%2Fhtdocs%2Fclickandbuilds%2FLogestyServices%2Fwp-config-sample.php&loknya=%2Fhomepages%2F43%2Fd895481126%2Fhtdocs%2Fclickandbuilds%2FLogestyServices HTTP/1.1" 200 7729 logesty-services.fr "-" "Mozilla/5.0 AppleWebKit/537.36 (KHTML, like Gecko; compatible; ClaudeBot/1.0; +claudebot@anthropic.com)" "-"
144.76.32.0 - - [28/Jul/2026:03:46:38 +0200] "GET /?u=364871495 HTTP/1.1" 200 83792 logesty-services.fr "-" "Mozilla/5.0 (compatible; SERankingBacklinksBot/1.0; +https://seranking.com/backlinks-crawler)" "-"
216.73.217.0 - - [28/Jul/2026:03:46:39 +0200] "GET /shop/sweet/thin229029922.html?lokasie=%2Fhomepages%2F43%2Fd895481126%2Fhtdocs%2Fclickandbuilds%2FLogestyServices%2Fwp-comments-post.php&loknya=%2Fhomepages%2F43%2Fd895481126%2Fhtdocs%2Fclickandbuilds%2FLogestyServices HTTP/1.1" 200 6761 logesty-services.fr "-" "Mozilla/5.0 AppleWebKit/537.36 (KHTML, like Gecko; compatible; ClaudeBot/1.0; +claudebot@anthropic.com)" "-"
144.76.32.0 - - [28/Jul/2026:03:46:42 +0200] "GET /?u=366220768 HTTP/1.1" 200 83792 logesty-services.fr "-" "Mozilla/5.0 (compatible; SERankingBacklinksBot/1.0; +https://seranking.com/backlinks-crawler)" "-"
216.73.217.0 - - [28/Jul/2026:03:46:44 +0200] "GET /item/212017360?loknya=%2Fhomepages%2F43%2Fd895481126%2Fhtdocs%2Fclickandbuilds%2FLogestyServices%2Flocations-de-vacances-de-choix HTTP/1.1" 200 13750 logesty-services.fr "-" "Mozilla/5.0 AppleWebKit/537.36 (KHTML, like Gecko; compatible; ClaudeBot/1.0; +claudebot@anthropic.com)" "-"
144.76.32.0 - - [28/Jul/2026:03:46:46 +0200] "GET /?u=366481539 HTTP/1.1" 200 83792 logesty-services.fr "-" "Mozilla/5.0 (compatible; SERankingBacklinksBot/1.0; +https://seranking.com/backlinks-crawler)" "-"
216.73.217.0 - - [28/Jul/2026:03:46:49 +0200] "GET /shop/arm/box221019768.html?lokasie=%2Fhomepages%2F43%2Fd895481126%2Fhtdocs%2Fclickandbuilds%2FLogestyServices%2Fwp-settings.php&loknya=%2Fhomepages%2F43%2Fd895481126%2Fhtdocs%2Fclickandbuilds%2FLogestyServices HTTP/1.1" 200 37086 logesty-services.fr "-" "Mozilla/5.0 AppleWebKit/537.36 (KHTML, like Gecko; compatible; ClaudeBot/1.0; +claudebot@anthropic.com)" "-"
144.76.32.0 - - [28/Jul/2026:03:46:50 +0200] "GET /?u=367395150 HTTP/1.1" 200 83792 logesty-services.fr "-" "Mozilla/5.0 (compatible; SERankingBacklinksBot/1.0; +https://seranking.com/backlinks-crawler)" "-"
216.73.217.0 - - [28/Jul/2026:03:46:54 +0200] "GET /shop/reportedly/issue054020891.html?lokasie=%2Fhomepages%2F43%2Fd895481126%2Fhtdocs%2Fclickandbuilds%2FLogestyServices%2Fgoogle3c362c4f736bc043.html&loknya=%2Fhomepages%2F43%2Fd895481126%2Fhtdocs%2Fclickandbuilds%2FLogestyServices HTTP/1.1" 200 4427 logesty-services.fr "-" "Mozilla/5.0 AppleWebKit/537.36 (KHTML, like Gecko; compatible; ClaudeBot/1.0; +claudebot@anthropic.com)" "-"
144.76.32.0 - - [28/Jul/2026:03:46:54 +0200] "GET /?u=367799958 HTTP/1.1" 200 83792 logesty-services.fr "-" "Mozilla/5.0 (compatible; SERankingBacklinksBot/1.0; +https://seranking.com/backlinks-crawler)" "-"
144.76.32.0 - - [28/Jul/2026:03:46:58 +0200] "GET /?u=368678687 HTTP/1.1" 200 83792 logesty-services.fr "-" "Mozilla/5.0 (compatible; SERankingBacklinksBot/1.0; +https://seranking.com/backlinks-crawler)" "-"
216.73.217.0 - - [28/Jul/2026:03:46:59 +0200] "GET /shop/yard/narrow209017432.html?lokasie=%2Fhomepages%2F43%2Fd895481126%2Fhtdocs%2Fclickandbuilds%2FLogestyServices%2Fwp-comments-post.php&loknya=%2Fhomepages%2F43%2Fd895481126%2Fhtdocs%2Fclickandbuilds%2FLogestyServices HTTP/1.1" 200 6761 logesty-services.fr "-" "Mozilla/5.0 AppleWebKit/537.36 (KHTML, like Gecko; compatible; ClaudeBot/1.0; +claudebot@anthropic.com)" "-"
144.76.32.0 - - [28/Jul/2026:03:47:02 +0200] "GET /?u=368948341 HTTP/1.1" 200 83792 logesty-services.fr "-" "Mozilla/5.0 (compatible; SERankingBacklinksBot/1.0; +https://seranking.com/backlinks-crawler)" "-"
216.73.217.0 - - [28/Jul/2026:03:47:04 +0200] "GET /shop/expected/flee296027319.html?lokasie=%2Fhomepages%2F43%2Fd895481126%2Fhtdocs%2Fclickandbuilds%2FLogestyServices%2Fgoogle3c362c4f736bc043.html&loknya=%2Fhomepages%2F43%2Fd895481126%2Fhtdocs%2Fclickandbuilds%2FLogestyServices HTTP/1.1" 200 4427 logesty-services.fr "-" "Mozilla/5.0 AppleWebKit/537.36 (KHTML, like Gecko; compatible; ClaudeBot/1.0; +claudebot@anthropic.com)" "-"
144.76.32.0 - - [28/Jul/2026:03:47:07 +0200] "GET /?u=370186152 HTTP/1.1" 200 83792 logesty-services.fr "-" "Mozilla/5.0 (compatible; SERankingBacklinksBot/1.0; +https://seranking.com/backlinks-crawler)" "-"
114.119.136.0 - - [28/Jul/2026:03:47:09 +0200] "GET /listing/a116-appartement-disneyland-paris-parking-prive/?loknya=/homepages/43/d895481126/htdocs/clickandbuilds/LogestyServices/wp-content HTTP/1.1" 200 30671 logesty-services.fr "https://logesty-services.fr/listing/a116-appartement-disneyland-paris-parking-prive/" "Mozilla/5.0 (Linux; Android 7.0;) AppleWebKit/537.36 (HTML, like Gecko) Mobile Safari/537.36 (compatible; PetalBot;+https://webmaster.petalsearch.com/site/petalbot)" "-"
216.73.217.0 - - [28/Jul/2026:03:47:09 +0200] "GET /shop/attend/objective042043395.html?lokasie=%2Fhomepages%2F43%2Fd895481126%2Fhtdocs%2Fclickandbuilds%2FLogestyServices%2Fwp-login.php&loknya=%2Fhomepages%2F43%2Fd895481126%2Fhtdocs%2Fclickandbuilds%2FLogestyServices HTTP/1.1" 200 61739 logesty-services.fr "-" "Mozilla/5.0 AppleWebKit/537.36 (KHTML, like Gecko; compatible; ClaudeBot/1.0; +claudebot@anthropic.com)" "-"
144.76.32.0 - - [28/Jul/2026:03:47:11 +0200] "GET /?u=370652950 HTTP/1.1" 200 83792 logesty-services.fr "-" "Mozilla/5.0 (compatible; SERankingBacklinksBot/1.0; +https://seranking.com/backlinks-crawler)" "-"
74.7.242.0 - - [28/Jul/2026:03:47:14 +0200] "GET /?u=9893600664 HTTP/1.1" 200 83790 logesty-services.fr "https://logesty-services.fr/?sitemap982.xml" "Mozilla/5.0 AppleWebKit/537.36 (KHTML, like Gecko; compatible; GPTBot/1.4; +https://openai.com/gptbot)" "-"
216.73.217.0 - - [28/Jul/2026:03:47:14 +0200] "GET /shop/reportedly/issue054020891.html?loknya=%2Fhomepages%2F43%2Fd895481126%2Fhtdocs%2Fclickandbuilds%2FLogestyServices%2Fpolitique-de-confidentialite HTTP/1.1" 200 13696 logesty-services.fr "-" "Mozilla/5.0 AppleWebKit/537.36 (KHTML, like Gecko; compatible; ClaudeBot/1.0; +claudebot@anthropic.com)" "-"
144.76.32.0 - - [28/Jul/2026:03:47:15 +0200] "GET /?u=371568419 HTTP/1.1" 200 83792 logesty-services.fr "-" "Mozilla/5.0 (compatible; SERankingBacklinksBot/1.0; +https://seranking.com/backlinks-crawler)" "-"
66.249.64.0 - - [28/Jul/2026:03:47:18 +0200] "GET /?u=6763220864 HTTP/1.1" 200 155505 logesty-services.fr "-" "Mozilla/5.0 (Linux; Android 6.0.1; Nexus 5X Build/MMB29P) AppleWebKit/537.36 (KHTML, like Gecko) Chrome/150.0.7871.128 Mobile Safari/537.36 (compatible; Googlebot/2.1; +http://www.google.com/bot.html)" "-"
216.73.217.0 - - [28/Jul/2026:03:47:19 +0200] "GET /shop/shame/differ093005444.html?lokasie=%2Fhomepages%2F43%2Fd895481126%2Fhtdocs%2Fclickandbuilds%2FLogestyServices%2Fwp-config.php&loknya=%2Fhomepages%2F43%2Fd895481126%2Fhtdocs%2Fclickandbuilds%2FLogestyServices HTTP/1.1" 503 339 logesty-services.fr "-" "Mozilla/5.0 AppleWebKit/537.36 (KHTML, like Gecko; compatible; ClaudeBot/1.0; +claudebot@anthropic.com)" "-"
144.76.32.0 - - [28/Jul/2026:03:47:19 +0200] "GET /?u=374414130 HTTP/1.1" 200 83792 logesty-services.fr "-" "Mozilla/5.0 (compatible; SERankingBacklinksBot/1.0; +https://seranking.com/backlinks-crawler)" "-"
