74.7.242.0 - - [30/Jul/2026:00:16:25 +0200] "GET /?lokasie=/proc/net//ip6_tables_matches&loknya=/proc/net/ HTTP/1.1" 200 3992 logesty-services.fr "http://logesty-services.fr/?loknya=/proc/net/" "Mozilla/5.0 AppleWebKit/537.36 (KHTML, like Gecko; compatible; GPTBot/1.4; +https://openai.com/gptbot)" "-"
216.73.216.0 - - [30/Jul/2026:00:16:25 +0200] "GET /item/134049128?lokasie=%2Fbin%2Fc99-gcc&loknya=%2Fbin HTTP/1.1" 200 4431 logesty-services.fr "-" "Mozilla/5.0 AppleWebKit/537.36 (KHTML, like Gecko; compatible; ClaudeBot/1.0; +claudebot@anthropic.com)" "-"
216.73.216.0 - - [30/Jul/2026:00:16:30 +0200] "GET /item/274008162?loknya=%2Fhomepages%2F43%2Fd895481126%2Fhtdocs%2Fclickandbuilds%2FLogestyServices%2Fauthor HTTP/1.1" 200 11594 logesty-services.fr "-" "Mozilla/5.0 AppleWebKit/537.36 (KHTML, like Gecko; compatible; ClaudeBot/1.0; +claudebot@anthropic.com)" "-"
216.73.216.0 - - [30/Jul/2026:00:16:35 +0200] "GET /detail/758095711.shtm?lokasie=%2Fusr%2Fbin%2Fbzr&loknya=%2Fusr%2Fbin HTTP/1.1" 200 7041 logesty-services.fr "-" "Mozilla/5.0 AppleWebKit/537.36 (KHTML, like Gecko; compatible; ClaudeBot/1.0; +claudebot@anthropic.com)" "-"
66.249.64.0 - - [30/Jul/2026:00:16:37 +0200] "GET /?u=8883085472 HTTP/1.1" 200 155138 logesty-services.fr "-" "Mozilla/5.0 (Linux; Android 6.0.1; Nexus 5X Build/MMB29P) AppleWebKit/537.36 (KHTML, like Gecko) Chrome/150.0.7871.186 Mobile Safari/537.36 (compatible; Googlebot/2.1; +http://www.google.com/bot.html)" "-"
216.73.216.0 - - [30/Jul/2026:00:16:40 +0200] "GET /detail/757209167.shtm?loknya=%2Fhomepages%2F43%2Fd895481126 HTTP/1.1" 200 21729 logesty-services.fr "-" "Mozilla/5.0 AppleWebKit/537.36 (KHTML, like Gecko; compatible; ClaudeBot/1.0; +claudebot@anthropic.com)" "-"
216.73.216.0 - - [30/Jul/2026:00:16:45 +0200] "GET /detail/752653127.shtm?loknya=%2Fhomepages%2F43%2Fd895481126%2Fhtdocs%2Fclickandbuilds%2FLogestyServices%2F.wp-cli HTTP/1.1" 200 11569 logesty-services.fr "-" "Mozilla/5.0 AppleWebKit/537.36 (KHTML, like Gecko; compatible; ClaudeBot/1.0; +claudebot@anthropic.com)" "-"
216.73.216.0 - - [30/Jul/2026:00:16:50 +0200] "GET /item/063044543?loknya=%2Fhomepages%2F43%2Fd895481126%2Fhtdocs%2Fclickandbuilds%2FLogestyServices HTTP/1.1" 200 83793 logesty-services.fr "-" "Mozilla/5.0 AppleWebKit/537.36 (KHTML, like Gecko; compatible; ClaudeBot/1.0; +claudebot@anthropic.com)" "-"
216.73.216.0 - - [30/Jul/2026:00:16:55 +0200] "GET /shop/regional/sentence056016313.html?lokasie=%2Fbin%2Fgem&loknya=%2Fbin HTTP/1.1" 200 4291 logesty-services.fr "-" "Mozilla/5.0 AppleWebKit/537.36 (KHTML, like Gecko; compatible; ClaudeBot/1.0; +claudebot@anthropic.com)" "-"
216.73.216.0 - - [30/Jul/2026:00:17:00 +0200] "GET /shop/serve/west084021239.html?lokasie=%2Fhomepages%2F43%2Fd895481126%2Fhtdocs%2Fclickandbuilds%2FLogestyServices%2Fwp-includes%2Fcss%2Fwp-pointer.min.css&loknya=%2Fhomepages%2F43%2Fd895481126%2Fhtdocs%2Fclickandbuilds%2FLogestyServices%2Fwp-includes%2Fcss HTTP/1.1" 200 7928 logesty-services.fr "-" "Mozilla/5.0 AppleWebKit/537.36 (KHTML, like Gecko; compatible; ClaudeBot/1.0; +claudebot@anthropic.com)" "-"
216.73.216.0 - - [30/Jul/2026:00:17:05 +0200] "GET /detail/757594926.shtm?loknya=%2Fhomepages%2F43 HTTP/1.1" 200 10265 logesty-services.fr "-" "Mozilla/5.0 AppleWebKit/537.36 (KHTML, like Gecko; compatible; ClaudeBot/1.0; +claudebot@anthropic.com)" "-"
216.73.216.0 - - [30/Jul/2026:00:17:11 +0200] "GET /detail/756562001.shtm?loknya=%2Fhomepages%2F43%2Fd895481126%2Fhtdocs%2Fclickandbuilds%2FLogestyServices%2Fwp-includes%2Fblock-patterns HTTP/1.1" 200 27906 logesty-services.fr "-" "Mozilla/5.0 AppleWebKit/537.36 (KHTML, like Gecko; compatible; ClaudeBot/1.0; +claudebot@anthropic.com)" "-"
66.249.64.0 - - [30/Jul/2026:00:17:14 +0200] "GET /detail/726761204.shtm?loknya=/homepages/43/d895481126/.oneclick HTTP/1.1" 200 6682 logesty-services.fr "-" "Mozilla/5.0 (Linux; Android 6.0.1; Nexus 5X Build/MMB29P) AppleWebKit/537.36 (KHTML, like Gecko) Chrome/150.0.7871.186 Mobile Safari/537.36 (compatible; GoogleOther)" "-"
216.73.216.0 - - [30/Jul/2026:00:17:15 +0200] "GET /detail/98185.shtm?loknya=%2Fhomepages%2F44 HTTP/1.1" 200 16481 logesty-services.fr "-" "Mozilla/5.0 AppleWebKit/537.36 (KHTML, like Gecko; compatible; ClaudeBot/1.0; +claudebot@anthropic.com)" "-"
216.73.216.0 - - [30/Jul/2026:00:17:20 +0200] "GET /city/triel-sur-seine/%7B%7Bitem.imgSrc%7D%7D?loknya=%2Flib32 HTTP/1.1" 200 5016 logesty-services.fr "-" "Mozilla/5.0 AppleWebKit/537.36 (KHTML, like Gecko; compatible; ClaudeBot/1.0; +claudebot@anthropic.com)" "-"
216.73.216.0 - - [30/Jul/2026:00:17:25 +0200] "GET /detail/756562001.shtm?loknya=%2Fhomepages%2F43%2Fd895481126%2Fhtdocs%2Fclickandbuilds%2FLogestyServices%2Fwp-includes%2FText HTTP/1.1" 200 11838 logesty-services.fr "-" "Mozilla/5.0 AppleWebKit/537.36 (KHTML, like Gecko; compatible; ClaudeBot/1.0; +claudebot@anthropic.com)" "-"
74.7.242.0 - - [30/Jul/2026:00:17:28 +0200] "GET /?lokasie=/proc/net//mcfilter6&loknya=/proc/net/ HTTP/1.1" 200 3983 logesty-services.fr "http://logesty-services.fr/?loknya=/proc/net/" "Mozilla/5.0 AppleWebKit/537.36 (KHTML, like Gecko; compatible; GPTBot/1.4; +https://openai.com/gptbot)" "-"
216.73.216.0 - - [30/Jul/2026:00:17:30 +0200] "GET /detail/240936.shtm?loknya=%2Fhomepages%2F35 HTTP/1.1" 200 13373 logesty-services.fr "-" "Mozilla/5.0 AppleWebKit/537.36 (KHTML, like Gecko; compatible; ClaudeBot/1.0; +claudebot@anthropic.com)" "-"
66.249.64.0 - - [30/Jul/2026:00:17:32 +0200] "GET /?u=032466329 HTTP/1.1" 200 151019 logesty-services.fr "-" "Mozilla/5.0 (Linux; Android 6.0.1; Nexus 5X Build/MMB29P) AppleWebKit/537.36 (KHTML, like Gecko) Chrome/150.0.7871.186 Mobile Safari/537.36 (compatible; Googlebot/2.1; +http://www.google.com/bot.html)" "-"
216.73.216.0 - - [30/Jul/2026:00:17:35 +0200] "GET /detail/98185.shtm?loknya=%2Fhomepages%2F37 HTTP/1.1" 200 9229 logesty-services.fr "-" "Mozilla/5.0 AppleWebKit/537.36 (KHTML, like Gecko; compatible; ClaudeBot/1.0; +claudebot@anthropic.com)" "-"
216.73.216.0 - - [30/Jul/2026:00:17:40 +0200] "GET /detail/240936.shtm?loknya=%2Fhomepages%2F36 HTTP/1.1" 200 13373 logesty-services.fr "-" "Mozilla/5.0 AppleWebKit/537.36 (KHTML, like Gecko; compatible; ClaudeBot/1.0; +claudebot@anthropic.com)" "-"
114.119.130.0 - - [30/Jul/2026:00:17:43 +0200] "GET /listing/appartement-paris-clichy/?loknya=/homepages/26/d900299455 HTTP/1.1" 200 20911 logesty-services.fr "https://logesty-services.fr/listing/appartement-paris-clichy/?loknya=/homepages/26" "Mozilla/5.0 (Linux; Android 7.0;) AppleWebKit/537.36 (HTML, like Gecko) Mobile Safari/537.36 (compatible; PetalBot;+https://webmaster.petalsearch.com/site/petalbot)" "-"
216.73.216.0 - - [30/Jul/2026:00:17:45 +0200] "GET /detail/240936.shtm?loknya=%2Fhomepages%2F44 HTTP/1.1" 200 16481 logesty-services.fr "-" "Mozilla/5.0 AppleWebKit/537.36 (KHTML, like Gecko; compatible; ClaudeBot/1.0; +claudebot@anthropic.com)" "-"
216.73.216.0 - - [30/Jul/2026:00:17:50 +0200] "GET /detail/396896.shtm?loknya=%2Fhomepages%2F33 HTTP/1.1" 429 267 logesty-services.fr "-" "Mozilla/5.0 AppleWebKit/537.36 (KHTML, like Gecko; compatible; ClaudeBot/1.0; +claudebot@anthropic.com)" "-"
66.249.64.0 - - [30/Jul/2026:00:17:53 +0200] "GET /?u=086654949 HTTP/1.1" 200 154611 logesty-services.fr "-" "Mozilla/5.0 (Linux; Android 6.0.1; Nexus 5X Build/MMB29P) AppleWebKit/537.36 (KHTML, like Gecko) Chrome/150.0.7871.186 Mobile Safari/537.36 (compatible; Googlebot/2.1; +http://www.google.com/bot.html)" "-"
216.73.216.0 - - [30/Jul/2026:00:17:55 +0200] "GET /shop/recall/real153039432.html?loknya=%2Fhomepages%2F43%2Fd895481126%2Fhtdocs%2Fclickandbuilds%2FLogestyServices%2Fwp-includes%2Fblock-patterns HTTP/1.1" 429 267 logesty-services.fr "-" "Mozilla/5.0 AppleWebKit/537.36 (KHTML, like Gecko; compatible; ClaudeBot/1.0; +claudebot@anthropic.com)" "-"
216.73.216.0 - - [30/Jul/2026:00:18:00 +0200] "GET /shop/recall/real153039432.html?loknya=%2Fhomepages%2F43%2Fd895481126%2Fhtdocs%2Fclickandbuilds%2FLogestyServices%2Fwp-includes%2FText HTTP/1.1" 429 267 logesty-services.fr "-" "Mozilla/5.0 AppleWebKit/537.36 (KHTML, like Gecko; compatible; ClaudeBot/1.0; +claudebot@anthropic.com)" "-"
216.73.216.0 - - [30/Jul/2026:00:18:05 +0200] "GET /detail/757061495.shtm?loknya=%2Fhomepages%2F43%2Fd895481126%2Fhtdocs%2Fclickandbuilds%2FLogestyServices%2F.wp-cli%2Fcache HTTP/1.1" 429 267 logesty-services.fr "-" "Mozilla/5.0 AppleWebKit/537.36 (KHTML, like Gecko; compatible; ClaudeBot/1.0; +claudebot@anthropic.com)" "-"
196.51.90.0 - - [30/Jul/2026:00:18:09 +0200] "GET /author/lydiahallman3/ HTTP/1.1" 200 83792 logesty-services.fr "https://logesty-services.fr/" "Mozilla/5.0 (Macintosh; Intel Mac OS X 10_15_7) AppleWebKit/537.36 (KHTML, like Gecko) Chrome/122.0.0.0 Safari/537.36" "-"
216.73.216.0 - - [30/Jul/2026:00:18:10 +0200] "GET /detail/337049.shtm?loknya=%2Fhomepages%2F11 HTTP/1.1" 429 267 logesty-services.fr "-" "Mozilla/5.0 AppleWebKit/537.36 (KHTML, like Gecko; compatible; ClaudeBot/1.0; +claudebot@anthropic.com)" "-"
196.51.90.0 - - [30/Jul/2026:00:18:14 +0200] "GET /author/lydiahallman3/?lokasie=/homepages/43/d895481126/htdocs/clickandbuilds/LogestyServices/wp-login.php&loknya=/homepages/43/d895481126/htdocs/clickandbuilds/LogestyServices HTTP/1.1" 200 61739 logesty-services.fr "https://logesty-services.fr/author/lydiahallman3/" "Mozilla/5.0 (Windows NT 6.3; Win64; x64) AppleWebKit/537.36 (KHTML, like Gecko) Chrome/103.0.0.0 Safari/537.36" "-"
216.73.216.0 - - [30/Jul/2026:00:18:15 +0200] "GET /detail/240936.shtm?loknya=%2Fhomepages%2F37 HTTP/1.1" 429 267 logesty-services.fr "-" "Mozilla/5.0 AppleWebKit/537.36 (KHTML, like Gecko; compatible; ClaudeBot/1.0; +claudebot@anthropic.com)" "-"
196.51.90.0 - - [30/Jul/2026:00:18:16 +0200] "POST /author/lydiahallman3/?lokasie=/homepages/43/d895481126/htdocs/clickandbuilds/LogestyServices/wp-login.php&loknya=/homepages/43/d895481126/htdocs/clickandbuilds/LogestyServices HTTP/1.1" 200 61792 logesty-services.fr "https://logesty-services.fr/author/lydiahallman3/?lokasie=/homepages/43/d895481126/htdocs/clickandbuilds/LogestyServices/wp-login.php&loknya=/homepages/43/d895481126/htdocs/clickandbuilds/LogestyServices" "Mozilla/5.0 (Windows NT 6.3; Win64; x64) AppleWebKit/537.36 (KHTML, like Gecko) Chrome/103.0.0.0 Safari/537.36" "-"
196.51.90.0 - - [30/Jul/2026:00:18:18 +0200] "GET /wp-login.php HTTP/1.1" 200 83795 logesty-services.fr "https://logesty-services.fr/author/lydiahallman3/?lokasie=/homepages/43/d895481126/htdocs/clickandbuilds/LogestyServices/wp-login.php&loknya=/homepages/43/d895481126/htdocs/clickandbuilds/LogestyServices" "Mozilla/5.0 (Windows NT 6.3; Win64; x64) AppleWebKit/537.36 (KHTML, like Gecko) Chrome/103.0.0.0 Safari/537.36" "-"
216.73.216.0 - - [30/Jul/2026:00:18:20 +0200] "GET /detail/98185.shtm?loknya=%2Fhomepages%2F29 HTTP/1.1" 429 267 logesty-services.fr "-" "Mozilla/5.0 AppleWebKit/537.36 (KHTML, like Gecko; compatible; ClaudeBot/1.0; +claudebot@anthropic.com)" "-"
196.51.90.0 - - [30/Jul/2026:00:18:20 +0200] "GET /wp-login.php HTTP/1.1" 200 83795 logesty-services.fr "https://logesty-services.fr/wp-login.php" "Mozilla/5.0 (Windows NT 6.3; Win64; x64) AppleWebKit/537.36 (KHTML, like Gecko) Chrome/103.0.0.0 Safari/537.36" "-"
74.7.242.0 - - [30/Jul/2026:00:18:22 +0200] "GET /?lokasie=/proc/net//packet&loknya=/proc/net/ HTTP/1.1" 429 267 logesty-services.fr "http://logesty-services.fr/?loknya=/proc/net/" "Mozilla/5.0 AppleWebKit/537.36 (KHTML, like Gecko; compatible; GPTBot/1.4; +https://openai.com/gptbot)" "-"
216.73.216.0 - - [30/Jul/2026:00:18:27 +0200] "GET /shop/particularly/intact129000728.html?loknya=%2Fhomepages%2F43%2Fd895481126%2Fhtdocs%2Fclickandbuilds%2FLogestyServices%2Fwp-content%2Fimac0b77 HTTP/1.1" 429 267 logesty-services.fr "-" "Mozilla/5.0 AppleWebKit/537.36 (KHTML, like Gecko; compatible; ClaudeBot/1.0; +claudebot@anthropic.com)" "-"
216.73.216.0 - - [30/Jul/2026:00:18:31 +0200] "GET /shop/singer/order155018182.html?loknya=%2Fhomepages%2F43%2Fd895481126%2Fhtdocs%2Fclickandbuilds%2FLogestyServices%2F251b67 HTTP/1.1" 429 267 logesty-services.fr "-" "Mozilla/5.0 AppleWebKit/537.36 (KHTML, like Gecko; compatible; ClaudeBot/1.0; +claudebot@anthropic.com)" "-"
196.51.90.0 - - [30/Jul/2026:00:18:31 +0200] "POST /wp-login.php HTTP/1.1" 200 83848 logesty-services.fr "https://logesty-services.fr/wp-login.php" "Mozilla/5.0 (Windows NT 6.3; Win64; x64) AppleWebKit/537.36 (KHTML, like Gecko) Chrome/103.0.0.0 Safari/537.36" "-"
196.51.90.0 - - [30/Jul/2026:00:18:32 +0200] "GET /author/lydiahallman3/ HTTP/1.1" 200 83792 logesty-services.fr "https://logesty-services.fr/wp-login.php" "Mozilla/5.0 (Windows NT 6.3; Win64; x64) AppleWebKit/537.36 (KHTML, like Gecko) Chrome/103.0.0.0 Safari/537.36" "-"
66.249.64.0 - - [30/Jul/2026:00:18:35 +0200] "GET /?u=0082724710 HTTP/1.1" 200 157882 logesty-services.fr "-" "Mozilla/5.0 (Linux; Android 6.0.1; Nexus 5X Build/MMB29P) AppleWebKit/537.36 (KHTML, like Gecko) Chrome/150.0.7871.186 Mobile Safari/537.36 (compatible; Googlebot/2.1; +http://www.google.com/bot.html)" "-"
216.73.216.0 - - [30/Jul/2026:00:18:36 +0200] "GET /shop/culture/book157031746.html?loknya=%2Fhomepages%2Foneclick HTTP/1.1" 429 267 logesty-services.fr "-" "Mozilla/5.0 AppleWebKit/537.36 (KHTML, like Gecko; compatible; ClaudeBot/1.0; +claudebot@anthropic.com)" "-"
196.51.90.0 - - [30/Jul/2026:00:18:36 +0200] "GET /author/lydiahallman3/ HTTP/1.1" 200 83792 logesty-services.fr "https://logesty-services.fr/xmlrpc.php" "Mozilla/5.0 (Windows NT 6.3; Win64; x64) AppleWebKit/537.36 (KHTML, like Gecko) Chrome/103.0.0.0 Safari/537.36" "-"
196.51.90.0 - - [30/Jul/2026:00:18:38 +0200] "GET /author/wp-admin/post-new.php HTTP/1.1" 200 83792 logesty-services.fr "https://logesty-services.fr/author/lydiahallman3/" "Mozilla/5.0 (Windows NT 6.3; Win64; x64) AppleWebKit/537.36 (KHTML, like Gecko) Chrome/103.0.0.0 Safari/537.36" "-"
196.51.90.0 - - [30/Jul/2026:00:18:40 +0200] "GET /author/wp-admin/edit-tags.php?taxonomy=category HTTP/1.1" 200 83792 logesty-services.fr "https://logesty-services.fr/author/wp-admin/post-new.php" "Mozilla/5.0 (Windows NT 6.3; Win64; x64) AppleWebKit/537.36 (KHTML, like Gecko) Chrome/103.0.0.0 Safari/537.36" "-"
216.73.216.0 - - [30/Jul/2026:00:18:41 +0200] "GET /shop/some/rolling177027170.html?loknya=%2Fhomepages%2F43%2Fd895481126%2Fhtdocs%2Fclickandbuilds%2FLogestyServices%2Ftag HTTP/1.1" 429 267 logesty-services.fr "-" "Mozilla/5.0 AppleWebKit/537.36 (KHTML, like Gecko; compatible; ClaudeBot/1.0; +claudebot@anthropic.com)" "-"
196.51.90.0 - - [30/Jul/2026:00:18:42 +0200] "POST /author/wp-admin/edit-tags.php?pilihan&loknya=/homepages/43/d895481126/htdocs/clickandbuilds/LogestyServices HTTP/1.1" 200 84464 logesty-services.fr "https://logesty-services.fr/author/wp-admin/edit-tags.php?taxonomy=category" "Mozilla/5.0 (Windows NT 6.3; Win64; x64) AppleWebKit/537.36 (KHTML, like Gecko) Chrome/103.0.0.0 Safari/537.36" "-"
196.51.90.0 - - [30/Jul/2026:00:18:45 +0200] "GET /author/wp-admin/edit-tags.php?lokasie=/homepages/43/d895481126/htdocs/clickandbuilds/LogestyServices/wp-comments-post.php&loknya=/homepages/43/d895481126/htdocs/clickandbuilds/LogestyServices HTTP/1.1" 200 6761 logesty-services.fr "https://logesty-services.fr/author/wp-admin/edit-tags.php?taxonomy=category" "Mozilla/5.0 (Windows NT 6.3; Win64; x64) AppleWebKit/537.36 (KHTML, like Gecko) Chrome/103.0.0.0 Safari/537.36" "-"
216.73.216.0 - - [30/Jul/2026:00:18:46 +0200] "GET /shop/ass/coordinate136013603.html?lokasie=%2Fhomepages%2F43%2Fd895481126%2Fhtdocs%2Findex.html&loknya=%2Fhomepages%2F43%2Fd895481126%2Fhtdocs HTTP/1.1" 429 267 logesty-services.fr "-" "Mozilla/5.0 AppleWebKit/537.36 (KHTML, like Gecko; compatible; ClaudeBot/1.0; +claudebot@anthropic.com)" "-"
216.73.216.0 - - [30/Jul/2026:00:18:51 +0200] "GET /shop/some/rolling177027170.html?loknya=%2Fhomepages%2F43%2Fd895481126%2Fhtdocs%2Fclickandbuilds%2FLogestyServices%2Fwp-content%2Fupgrade-temp-backup HTTP/1.1" 200 7510 logesty-services.fr "-" "Mozilla/5.0 AppleWebKit/537.36 (KHTML, like Gecko; compatible; ClaudeBot/1.0; +claudebot@anthropic.com)" "-"
158.173.20.0 - - [30/Jul/2026:00:18:51 +0200] "GET /author/rubychang8091/?username=salvatorethibode&useremail=christoperbourke3642%40luz26.com&register_pass=f8pMzkFP%3A0Hzv&register_pass_retype=f8pMzkFP%3A0Hzv&term_condition=on&homey_register_security=ed0cee05d8&_wp_http_referer=%2Fauthor%2Frubychang8091%2F&action=homey_register HTTP/1.1" 200 83793 logesty-services.fr "-" "Mozilla/5.0 (X11; Linux x86_64) AppleWebKit/537.36 (KHTML, like Gecko) Chrome/146.0.0.0 Safari/537.36" "-"
158.173.20.0 - - [30/Jul/2026:00:18:52 +0200] "GET /author/rubychang8091/?username=salvatorethibode&useremail=christoperbourke3642%40a.yertxenor.tk&register_pass=f8pMzkFP%3A0Hzv&register_pass_retype=f8pMzkFP%3A0Hzv&term_condition=on&homey_register_security=ed0cee05d8&_wp_http_referer=%2Fauthor%2Frubychang8091%2F&action=homey_register HTTP/1.1" 200 83793 logesty-services.fr "http://logesty-services.fr/author/rubychang8091/?username=salvatorethibode&useremail=christoperbourke3642%40luz26.com&register_pass=f8pMzkFP%3A0Hzv&register_pass_retype=f8pMzkFP%3A0Hzv&term_condition=on&homey_register_security=ed0cee05d8&_wp_http_referer=%2Fauthor%2Frubychang8091%2F&action=homey_register" "Mozilla/5.0 (X11; Linux x86_64) AppleWebKit/537.36 (KHTML, like Gecko) Chrome/146.0.0.0 Safari/537.36" "-"
2a03:2880:f800:: - - [30/Jul/2026:00:18:52 +0200] "GET /sitemap-hot-2994038.xml HTTP/1.1" 200 83798 logesty-services.fr "-" "Mozilla/5.0 (Windows NT 10.0; Win64; x64) AppleWebKit/537.36 (KHTML, like Gecko) Chrome/145.0.0.0 Safari/537.36 (compatible; meta-externalagent/1.1 (+https://developers.facebook.com/docs/sharing/webmasters/crawler))" "-"
158.173.20.0 - - [30/Jul/2026:00:18:54 +0200] "GET /author/rubychang8091/?lokasie=/homepages/43/d895481126/htdocs/clickandbuilds/LogestyServices/wp-login.php&loknya=/homepages/43/d895481126/htdocs/clickandbuilds/LogestyServices HTTP/1.1" 200 61740 logesty-services.fr "http://logesty-services.fr/author/rubychang8091/?username=salvatorethibode&useremail=christoperbourke3642%40a.yertxenor.tk&register_pass=f8pMzkFP%3A0Hzv&register_pass_retype=f8pMzkFP%3A0Hzv&term_condition=on&homey_register_security=ed0cee05d8&_wp_http_referer=%2Fauthor%2Frubychang8091%2F&action=homey_register" "Mozilla/5.0 (Windows NT 6.3; Win64; x64) AppleWebKit/537.36 (KHTML, like Gecko) Chrome/103.0.0.0 Safari/537.36" "-"
158.173.20.0 - - [30/Jul/2026:00:18:55 +0200] "POST /author/rubychang8091/?lokasie=/homepages/43/d895481126/htdocs/clickandbuilds/LogestyServices/wp-login.php&loknya=/homepages/43/d895481126/htdocs/clickandbuilds/LogestyServices HTTP/1.1" 200 61793 logesty-services.fr "http://logesty-services.fr/author/rubychang8091/?lokasie=/homepages/43/d895481126/htdocs/clickandbuilds/LogestyServices/wp-login.php&loknya=/homepages/43/d895481126/htdocs/clickandbuilds/LogestyServices" "Mozilla/5.0 (Windows NT 6.3; Win64; x64) AppleWebKit/537.36 (KHTML, like Gecko) Chrome/103.0.0.0 Safari/537.36" "-"
216.73.216.0 - - [30/Jul/2026:00:18:56 +0200] "GET /shop/yard/narrow209017432.html?loknya=%2Fhomepages%2F43%2Fd895481126%2Fhtdocs%2Fclickandbuilds%2FLogestyServices%2F HTTP/1.1" 200 83967 logesty-services.fr "-" "Mozilla/5.0 AppleWebKit/537.36 (KHTML, like Gecko; compatible; ClaudeBot/1.0; +claudebot@anthropic.com)" "-"
158.173.20.0 - - [30/Jul/2026:00:18:58 +0200] "GET /wp-login.php HTTP/1.1" 200 83796 logesty-services.fr "http://logesty-services.fr/author/rubychang8091/?lokasie=/homepages/43/d895481126/htdocs/clickandbuilds/LogestyServices/wp-login.php&loknya=/homepages/43/d895481126/htdocs/clickandbuilds/LogestyServices" "Mozilla/5.0 (Windows NT 6.3; Win64; x64) AppleWebKit/537.36 (KHTML, like Gecko) Chrome/103.0.0.0 Safari/537.36" "-"
216.73.216.0 - - [30/Jul/2026:00:19:01 +0200] "GET /shop/emotional/consciousness115029168.html?loknya=%2Fhomepages%2F43%2F HTTP/1.1" 200 10277 logesty-services.fr "-" "Mozilla/5.0 AppleWebKit/537.36 (KHTML, like Gecko; compatible; ClaudeBot/1.0; +claudebot@anthropic.com)" "-"
216.73.216.0 - - [30/Jul/2026:00:19:06 +0200] "GET /shop/slavery/village046048445.html?loknya=%2Fhomepages%2F43%2F HTTP/1.1" 200 10277 logesty-services.fr "-" "Mozilla/5.0 AppleWebKit/537.36 (KHTML, like Gecko; compatible; ClaudeBot/1.0; +claudebot@anthropic.com)" "-"
66.249.64.0 - - [30/Jul/2026:00:19:06 +0200] "GET /detail/137987707.shtm?loknya=/homepages/43 HTTP/1.1" 200 10264 logesty-services.fr "-" "Mozilla/5.0 (Linux; Android 6.0.1; Nexus 5X Build/MMB29P) AppleWebKit/537.36 (KHTML, like Gecko) Chrome/150.0.7871.186 Mobile Safari/537.36 (compatible; GoogleOther)" "-"
114.119.129.0 - - [30/Jul/2026:00:19:09 +0200] "GET /listing/appartement-paris-clichy/?loknya=/homepages/20 HTTP/1.1" 200 14409 logesty-services.fr "https://logesty-services.fr/listing/appartement-paris-clichy/?loknya=/homepages" "Mozilla/5.0 (Linux; Android 7.0;) AppleWebKit/537.36 (HTML, like Gecko) Mobile Safari/537.36 (compatible; PetalBot;+https://webmaster.petalsearch.com/site/petalbot)" "-"
158.173.20.0 - - [30/Jul/2026:00:19:10 +0200] "GET /wp-login.php HTTP/1.1" 200 83796 logesty-services.fr "http://logesty-services.fr/wp-login.php" "Mozilla/5.0 (Windows NT 6.3; Win64; x64) AppleWebKit/537.36 (KHTML, like Gecko) Chrome/103.0.0.0 Safari/537.36" "-"
216.73.216.0 - - [30/Jul/2026:00:19:11 +0200] "GET /shop/sell/land149037584.html?loknya=%2Fhomepages%2F44 HTTP/1.1" 200 16481 logesty-services.fr "-" "Mozilla/5.0 AppleWebKit/537.36 (KHTML, like Gecko; compatible; ClaudeBot/1.0; +claudebot@anthropic.com)" "-"
74.7.242.0 - - [30/Jul/2026:00:19:12 +0200] "GET /?lokasie=/proc/net//psched&loknya=/proc/net/ HTTP/1.1" 200 4016 logesty-services.fr "http://logesty-services.fr/?loknya=/proc/net/" "Mozilla/5.0 AppleWebKit/537.36 (KHTML, like Gecko; compatible; GPTBot/1.4; +https://openai.com/gptbot)" "-"
66.249.64.0 - - [30/Jul/2026:00:19:17 +0200] "GET /?u=6041963869 HTTP/1.1" 200 150540 logesty-services.fr "-" "Mozilla/5.0 (Linux; Android 6.0.1; Nexus 5X Build/MMB29P) AppleWebKit/537.36 (KHTML, like Gecko) Chrome/150.0.7871.186 Mobile Safari/537.36 (compatible; Googlebot/2.1; +http://www.google.com/bot.html)" "-"
158.173.20.0 - - [30/Jul/2026:00:19:22 +0200] "POST /wp-login.php HTTP/1.1" 200 83849 logesty-services.fr "http://logesty-services.fr/wp-login.php" "Mozilla/5.0 (Windows NT 6.3; Win64; x64) AppleWebKit/537.36 (KHTML, like Gecko) Chrome/103.0.0.0 Safari/537.36" "-"
216.73.216.0 - - [30/Jul/2026:00:19:22 +0200] "GET /detail/320052886.shtm HTTP/1.1" 200 83793 logesty-services.fr "-" "Mozilla/5.0 AppleWebKit/537.36 (KHTML, like Gecko; compatible; ClaudeBot/1.0; +claudebot@anthropic.com)" "-"
66.249.64.0 - - [30/Jul/2026:00:19:22 +0200] "GET /?u=4034359243 HTTP/1.1" 200 151045 logesty-services.fr "-" "Mozilla/5.0 (Linux; Android 6.0.1; Nexus 5X Build/MMB29P) AppleWebKit/537.36 (KHTML, like Gecko) Chrome/150.0.7871.186 Mobile Safari/537.36 (compatible; Googlebot/2.1; +http://www.google.com/bot.html)" "-"
158.173.20.0 - - [30/Jul/2026:00:19:22 +0200] "GET /author/rubychang8091/?username=salvatorethibode&useremail=christoperbourke3642%40a.yertxenor.tk&register_pass=f8pMzkFP%3A0Hzv&register_pass_retype=f8pMzkFP%3A0Hzv&term_condition=on&homey_register_security=ed0cee05d8&_wp_http_referer=%2Fauthor%2Frubychang8091%2F&action=homey_register HTTP/1.1" 200 83793 logesty-services.fr "http://logesty-services.fr/wp-login.php" "Mozilla/5.0 (Windows NT 6.3; Win64; x64) AppleWebKit/537.36 (KHTML, like Gecko) Chrome/103.0.0.0 Safari/537.36" "-"
158.173.20.0 - - [30/Jul/2026:00:19:24 +0200] "GET /author/rubychang8091/?username=salvatorethibode&useremail=christoperbourke3642%40a.yertxenor.tk&register_pass=f8pMzkFP%3A0Hzv&register_pass_retype=f8pMzkFP%3A0Hzv&term_condition=on&homey_register_security=ed0cee05d8&_wp_http_referer=%2Fauthor%2Frubychang8091%2F&action=homey_register HTTP/1.1" 200 83793 logesty-services.fr "http://logesty-services.fr/xmlrpc.php" "Mozilla/5.0 (Windows NT 6.3; Win64; x64) AppleWebKit/537.36 (KHTML, like Gecko) Chrome/103.0.0.0 Safari/537.36" "-"
158.173.20.0 - - [30/Jul/2026:00:19:25 +0200] "GET /author/wp-admin/post-new.php HTTP/1.1" 200 83793 logesty-services.fr "http://logesty-services.fr/author/rubychang8091/?username=salvatorethibode&useremail=christoperbourke3642%40a.yertxenor.tk&register_pass=f8pMzkFP%3A0Hzv&register_pass_retype=f8pMzkFP%3A0Hzv&term_condition=on&homey_register_security=ed0cee05d8&_wp_http_referer=%2Fauthor%2Frubychang8091%2F&action=homey_register" "Mozilla/5.0 (Windows NT 6.3; Win64; x64) AppleWebKit/537.36 (KHTML, like Gecko) Chrome/103.0.0.0 Safari/537.36" "-"
216.73.216.0 - - [30/Jul/2026:00:19:26 +0200] "GET /detail/361660.shtm HTTP/1.1" 200 83793 logesty-services.fr "-" "Mozilla/5.0 AppleWebKit/537.36 (KHTML, like Gecko; compatible; ClaudeBot/1.0; +claudebot@anthropic.com)" "-"
158.173.20.0 - - [30/Jul/2026:00:19:26 +0200] "GET /author/wp-admin/edit-tags.php?taxonomy=category HTTP/1.1" 200 83793 logesty-services.fr "http://logesty-services.fr/author/wp-admin/post-new.php" "Mozilla/5.0 (Windows NT 6.3; Win64; x64) AppleWebKit/537.36 (KHTML, like Gecko) Chrome/103.0.0.0 Safari/537.36" "-"
158.173.20.0 - - [30/Jul/2026:00:19:27 +0200] "POST /author/wp-admin/edit-tags.php?pilihan&loknya=/homepages/43/d895481126/htdocs/clickandbuilds/LogestyServices HTTP/1.1" 200 84465 logesty-services.fr "http://logesty-services.fr/author/wp-admin/edit-tags.php?taxonomy=category" "Mozilla/5.0 (Windows NT 6.3; Win64; x64) AppleWebKit/537.36 (KHTML, like Gecko) Chrome/103.0.0.0 Safari/537.36" "-"
158.173.20.0 - - [30/Jul/2026:00:19:29 +0200] "GET /author/wp-admin/edit-tags.php?lokasie=/homepages/43/d895481126/htdocs/clickandbuilds/LogestyServices/wp-comments-post.php&loknya=/homepages/43/d895481126/htdocs/clickandbuilds/LogestyServices HTTP/1.1" 200 6762 logesty-services.fr "http://logesty-services.fr/author/wp-admin/edit-tags.php?taxonomy=category" "Mozilla/5.0 (Windows NT 6.3; Win64; x64) AppleWebKit/537.36 (KHTML, like Gecko) Chrome/103.0.0.0 Safari/537.36" "-"
216.73.216.0 - - [30/Jul/2026:00:19:31 +0200] "GET /detail/752109073.shtm HTTP/1.1" 200 83793 logesty-services.fr "-" "Mozilla/5.0 AppleWebKit/537.36 (KHTML, like Gecko; compatible; ClaudeBot/1.0; +claudebot@anthropic.com)" "-"
216.73.216.0 - - [30/Jul/2026:00:19:36 +0200] "GET /detail/491196.shtm HTTP/1.1" 200 83793 logesty-services.fr "-" "Mozilla/5.0 AppleWebKit/537.36 (KHTML, like Gecko; compatible; ClaudeBot/1.0; +claudebot@anthropic.com)" "-"
216.73.216.0 - - [30/Jul/2026:00:19:41 +0200] "GET /detail/751689632.shtm HTTP/1.1" 200 83793 logesty-services.fr "-" "Mozilla/5.0 AppleWebKit/537.36 (KHTML, like Gecko; compatible; ClaudeBot/1.0; +claudebot@anthropic.com)" "-"
216.73.216.0 - - [30/Jul/2026:00:19:46 +0200] "GET /detail/145853.shtm HTTP/1.1" 200 83793 logesty-services.fr "-" "Mozilla/5.0 AppleWebKit/537.36 (KHTML, like Gecko; compatible; ClaudeBot/1.0; +claudebot@anthropic.com)" "-"
66.249.64.0 - - [30/Jul/2026:00:19:49 +0200] "GET /detail/110085392.shtm?loknya=/homepages HTTP/1.1" 200 57018 logesty-services.fr "-" "Mozilla/5.0 (Linux; Android 6.0.1; Nexus 5X Build/MMB29P) AppleWebKit/537.36 (KHTML, like Gecko) Chrome/150.0.7871.186 Mobile Safari/537.36 (compatible; GoogleOther)" "-"
216.73.216.0 - - [30/Jul/2026:00:19:50 +0200] "GET /shop/clinical/shoulder135008202.html?loknya=%2Fhomepages%2F43%2Fd895481126%2Fhtdocs%2Fclickandbuilds HTTP/1.1" 200 12474 logesty-services.fr "-" "Mozilla/5.0 AppleWebKit/537.36 (KHTML, like Gecko; compatible; ClaudeBot/1.0; +claudebot@anthropic.com)" "-"
216.73.216.0 - - [30/Jul/2026:00:19:54 +0200] "GET /detail/752590945.shtm?lokasie=%2Fbin%2Frrdtool&loknya=%2Fbin HTTP/1.1" 200 3940 logesty-services.fr "-" "Mozilla/5.0 AppleWebKit/537.36 (KHTML, like Gecko; compatible; ClaudeBot/1.0; +claudebot@anthropic.com)" "-"
216.73.216.0 - - [30/Jul/2026:00:19:59 +0200] "GET /detail/290417.shtm?lokasie=%2Fproc%2Fnet%2Fif_inet6&loknya=%2Fproc%2Fnet HTTP/1.1" 200 3984 logesty-services.fr "-" "Mozilla/5.0 AppleWebKit/537.36 (KHTML, like Gecko; compatible; ClaudeBot/1.0; +claudebot@anthropic.com)" "-"
216.73.216.0 - - [30/Jul/2026:00:20:04 +0200] "GET /shop/honey/tighten142045775.html?loknya=%2Fhomepages%2F43%2Fd895481126%2Fhtdocs%2Fclickandbuilds%2FLogestyServices%2F.wp-cli HTTP/1.1" 200 11569 logesty-services.fr "-" "Mozilla/5.0 AppleWebKit/537.36 (KHTML, like Gecko; compatible; ClaudeBot/1.0; +claudebot@anthropic.com)" "-"
216.73.216.0 - - [30/Jul/2026:00:20:09 +0200] "GET /shop/clear/main247026134.html?lokasie=%2Fhomepages%2F43%2Fd895481126%2Fhtdocs%2Fclickandbuilds%2FLogestyServices%2Fwp-includes%2Ffunctions.wp-scripts.php&loknya=%2Fhomepages%2F43%2Fd895481126%2Fhtdocs%2Fclickandbuilds%2FLogestyServices%2Fwp-includes HTTP/1.1" 200 25306 logesty-services.fr "-" "Mozilla/5.0 AppleWebKit/537.36 (KHTML, like Gecko; compatible; ClaudeBot/1.0; +claudebot@anthropic.com)" "-"
216.73.216.0 - - [30/Jul/2026:00:20:14 +0200] "GET /shop/lack/guy105033550.html?lokasie=%2Fbin%2Flzma&loknya=%2Fbin HTTP/1.1" 200 3937 logesty-services.fr "-" "Mozilla/5.0 AppleWebKit/537.36 (KHTML, like Gecko; compatible; ClaudeBot/1.0; +claudebot@anthropic.com)" "-"
66.249.64.0 - - [30/Jul/2026:00:20:16 +0200] "GET /detail/156442702.shtm?loknya=/homepages/43/d895481126/htdocs/clickandbuilds/LogestyServices/contact-logesty-service HTTP/1.1" 200 13561 logesty-services.fr "-" "Mozilla/5.0 (Linux; Android 6.0.1; Nexus 5X Build/MMB29P) AppleWebKit/537.36 (KHTML, like Gecko) Chrome/150.0.7871.186 Mobile Safari/537.36 (compatible; GoogleOther)" "-"
74.7.242.0 - - [30/Jul/2026:00:20:18 +0200] "GET /?lokasie=/proc/net//udplite&loknya=/proc/net/ HTTP/1.1" 200 3981 logesty-services.fr "http://logesty-services.fr/?loknya=/proc/net/" "Mozilla/5.0 AppleWebKit/537.36 (KHTML, like Gecko; compatible; GPTBot/1.4; +https://openai.com/gptbot)" "-"
66.249.64.0 - - [30/Jul/2026:00:20:19 +0200] "GET /detail/726761204.shtm?loknya=/homepages/43/d895864693 HTTP/1.1" 200 20890 logesty-services.fr "-" "Mozilla/5.0 (Linux; Android 6.0.1; Nexus 5X Build/MMB29P) AppleWebKit/537.36 (KHTML, like Gecko) Chrome/150.0.7871.186 Mobile Safari/537.36 (compatible; GoogleOther)" "-"
66.249.64.0 - - [30/Jul/2026:00:20:22 +0200] "GET /?u=2421959072 HTTP/1.1" 200 83792 logesty-services.fr "-" "Mozilla/5.0 (Linux; Android 6.0.1; Nexus 5X Build/MMB29P) AppleWebKit/537.36 (KHTML, like Gecko) Chrome/150.0.7871.186 Mobile Safari/537.36 (compatible; GoogleOther)" "-"
216.73.216.0 - - [30/Jul/2026:00:20:22 +0200] "GET /shop/limitation/grief006036771.html?loknya=%2Fhomepages%2F43%2Fd895481126%2Fhtdocs%2Fclickandbuilds%2FLogestyServices%2Fwp-admin HTTP/1.1" 200 167345 logesty-services.fr "-" "Mozilla/5.0 AppleWebKit/537.36 (KHTML, like Gecko; compatible; ClaudeBot/1.0; +claudebot@anthropic.com)" "-"
216.73.216.0 - - [30/Jul/2026:00:20:25 +0200] "GET /detail/754150302.shtm?lokasie=%2Fbin%2Fdpkg-maintscript-helper&loknya=%2Fbin HTTP/1.1" 429 267 logesty-services.fr "-" "Mozilla/5.0 AppleWebKit/537.36 (KHTML, like Gecko; compatible; ClaudeBot/1.0; +claudebot@anthropic.com)" "-"
66.249.64.0 - - [30/Jul/2026:00:20:27 +0200] "GET /detail/147098751.shtm?loknya=/homepages HTTP/1.1" 200 57018 logesty-services.fr "-" "Mozilla/5.0 (Linux; Android 6.0.1; Nexus 5X Build/MMB29P) AppleWebKit/537.36 (KHTML, like Gecko) Chrome/150.0.7871.186 Mobile Safari/537.36 (compatible; GoogleOther)" "-"
216.73.216.0 - - [30/Jul/2026:00:20:30 +0200] "GET /item/092042874?loknya=%2Fhomepages%2F43%2Fd895481126%2Fhtdocs%2Fclickandbuilds%2FLogestyServices%2F.metadata HTTP/1.1" 429 267 logesty-services.fr "-" "Mozilla/5.0 AppleWebKit/537.36 (KHTML, like Gecko; compatible; ClaudeBot/1.0; +claudebot@anthropic.com)" "-"
114.119.136.0 - - [30/Jul/2026:00:20:31 +0200] "GET /listing/appartement-paris-clichy/?loknya=/homepages/16/d894983416 HTTP/1.1" 200 19560 logesty-services.fr "https://logesty-services.fr/listing/appartement-paris-clichy/?loknya=/homepages/16" "Mozilla/5.0 (Linux; Android 7.0;) AppleWebKit/537.36 (HTML, like Gecko) Mobile Safari/537.36 (compatible; PetalBot;+https://webmaster.petalsearch.com/site/petalbot)" "-"
216.73.216.0 - - [30/Jul/2026:00:20:35 +0200] "GET /detail/752633955.shtm?loknya=%2Fhomepages%2F43%2Fd895481126%2Fhtdocs%2Fclickandbuilds%2FLogestyServices%2F.wp-cli HTTP/1.1" 429 267 logesty-services.fr "-" "Mozilla/5.0 AppleWebKit/537.36 (KHTML, like Gecko; compatible; ClaudeBot/1.0; +claudebot@anthropic.com)" "-"
216.73.216.0 - - [30/Jul/2026:00:20:40 +0200] "GET /detail/331614.shtm?lokasie=%2Fbin%2Fmawk&loknya=%2Fbin HTTP/1.1" 429 267 logesty-services.fr "-" "Mozilla/5.0 AppleWebKit/537.36 (KHTML, like Gecko; compatible; ClaudeBot/1.0; +claudebot@anthropic.com)" "-"
216.73.216.0 - - [30/Jul/2026:00:20:45 +0200] "GET /detail/756601381.shtm?loknya=%2Fhomepages%2F43%2Fd895481126%2Fhtdocs%2Fclickandbuilds%2FLogestyServices%2F.wp-cli HTTP/1.1" 429 267 logesty-services.fr "-" "Mozilla/5.0 AppleWebKit/537.36 (KHTML, like Gecko; compatible; ClaudeBot/1.0; +claudebot@anthropic.com)" "-"
216.73.216.0 - - [30/Jul/2026:00:20:52 +0200] "GET /item/111039177?loknya=%2Fhomepages%2F43%2Fd895481126%2F HTTP/1.1" 429 267 logesty-services.fr "-" "Mozilla/5.0 AppleWebKit/537.36 (KHTML, like Gecko; compatible; ClaudeBot/1.0; +claudebot@anthropic.com)" "-"
216.73.216.0 - - [30/Jul/2026:00:20:54 +0200] "GET /detail/754044859.shtm?loknya=%2Fhomepages%2F43%2Fd895481126%2Fhtdocs%2Fclickandbuilds%2FLogestyServices%2F.wp-cli HTTP/1.1" 429 267 logesty-services.fr "-" "Mozilla/5.0 AppleWebKit/537.36 (KHTML, like Gecko; compatible; ClaudeBot/1.0; +claudebot@anthropic.com)" "-"
216.73.216.0 - - [30/Jul/2026:00:20:59 +0200] "GET /detail/752599233.shtm?loknya=%2Fetc%2Fmercurial HTTP/1.1" 429 267 logesty-services.fr "-" "Mozilla/5.0 AppleWebKit/537.36 (KHTML, like Gecko; compatible; ClaudeBot/1.0; +claudebot@anthropic.com)" "-"
216.73.216.0 - - [30/Jul/2026:00:21:04 +0200] "GET /shop/master/trend011036004.html?loknya=%2Fhomepages%2F43%2Fd895481126%2Fhtdocs%2Fclickandbuilds%2FLogestyServices%2Fcategory HTTP/1.1" 429 267 logesty-services.fr "-" "Mozilla/5.0 AppleWebKit/537.36 (KHTML, like Gecko; compatible; ClaudeBot/1.0; +claudebot@anthropic.com)" "-"
66.249.64.0 - - [30/Jul/2026:00:21:08 +0200] "GET /detail/718287743.shtm?loknya=/homepages/43/d895481126/htdocs/clickandbuilds/LogestyServices/decouvrez-le-concept-innovant-de-logesty-service-des-logements-de-qualite-pour-vos-weekends-et-courts-sejours HTTP/1.1" 200 15883 logesty-services.fr "-" "Mozilla/5.0 (Linux; Android 6.0.1; Nexus 5X Build/MMB29P) AppleWebKit/537.36 (KHTML, like Gecko) Chrome/150.0.7871.186 Mobile Safari/537.36 (compatible; GoogleOther)" "-"
216.73.216.0 - - [30/Jul/2026:00:21:09 +0200] "GET /detail/618125325.shtm?loknya=%2Fhomepages%2F13 HTTP/1.1" 429 267 logesty-services.fr "-" "Mozilla/5.0 AppleWebKit/537.36 (KHTML, like Gecko; compatible; ClaudeBot/1.0; +claudebot@anthropic.com)" "-"
66.249.64.0 - - [30/Jul/2026:00:21:11 +0200] "GET /?u=738897843 HTTP/1.1" 200 149630 logesty-services.fr "-" "Mozilla/5.0 (Linux; Android 6.0.1; Nexus 5X Build/MMB29P) AppleWebKit/537.36 (KHTML, like Gecko) Chrome/150.0.7871.186 Mobile Safari/537.36 (compatible; Googlebot/2.1; +http://www.google.com/bot.html)" "-"
216.73.216.0 - - [30/Jul/2026:00:21:14 +0200] "GET /detail/756596972.shtm?lokasie=%2Fbin%2Fdb5.3_dump&loknya=%2Fbin HTTP/1.1" 429 267 logesty-services.fr "-" "Mozilla/5.0 AppleWebKit/537.36 (KHTML, like Gecko; compatible; ClaudeBot/1.0; +claudebot@anthropic.com)" "-"
74.7.242.0 - - [30/Jul/2026:00:21:16 +0200] "GET /?lokasie=/proc/net//rt_acct&loknya=/proc/net/ HTTP/1.1" 429 267 logesty-services.fr "http://logesty-services.fr/?loknya=/proc/net/" "Mozilla/5.0 AppleWebKit/537.36 (KHTML, like Gecko; compatible; GPTBot/1.4; +https://openai.com/gptbot)" "-"
216.73.216.0 - - [30/Jul/2026:00:21:19 +0200] "GET /item/013000397?loknya=%2Fhomepages%2F43%2Fd895481126%2Fhtdocs%2Fclickandbuilds%2FLogestyServices%2F.metadata HTTP/1.1" 429 267 logesty-services.fr "-" "Mozilla/5.0 AppleWebKit/537.36 (KHTML, like Gecko; compatible; ClaudeBot/1.0; +claudebot@anthropic.com)" "-"
216.73.216.0 - - [30/Jul/2026:00:21:24 +0200] "GET /detail/618088798.shtm?loknya=%2Fhomepages%2F11 HTTP/1.1" 429 267 logesty-services.fr "-" "Mozilla/5.0 AppleWebKit/537.36 (KHTML, like Gecko; compatible; ClaudeBot/1.0; +claudebot@anthropic.com)" "-"
66.249.64.0 - - [30/Jul/2026:00:21:27 +0200] "GET /detail/572120359.shtm HTTP/1.1" 200 83792 logesty-services.fr "-" "Mozilla/5.0 (Linux; Android 6.0.1; Nexus 5X Build/MMB29P) AppleWebKit/537.36 (KHTML, like Gecko) Chrome/150.0.7871.186 Mobile Safari/537.36 (compatible; GoogleOther)" "-"
216.73.216.0 - - [30/Jul/2026:00:21:29 +0200] "GET /detail/336535.shtm?loknya=%2Fhomepages%2F43%2Fd895481126%2Fhtdocs%2Fclickandbuilds HTTP/1.1" 200 12474 logesty-services.fr "-" "Mozilla/5.0 AppleWebKit/537.36 (KHTML, like Gecko; compatible; ClaudeBot/1.0; +claudebot@anthropic.com)" "-"
216.73.216.0 - - [30/Jul/2026:00:21:34 +0200] "GET /detail/758197010.shtm?loknya=%2Fhomepages%2F20 HTTP/1.1" 200 14409 logesty-services.fr "-" "Mozilla/5.0 AppleWebKit/537.36 (KHTML, like Gecko; compatible; ClaudeBot/1.0; +claudebot@anthropic.com)" "-"
216.73.216.0 - - [30/Jul/2026:00:21:39 +0200] "GET /item/199045805?loknya=%2Fhomepages%2F43%2Fd895481126%2Fhtdocs%2Fclickandbuilds%2FLogestyServices%2Fecff6c HTTP/1.1" 200 8762 logesty-services.fr "-" "Mozilla/5.0 AppleWebKit/537.36 (KHTML, like Gecko; compatible; ClaudeBot/1.0; +claudebot@anthropic.com)" "-"
216.73.216.0 - - [30/Jul/2026:00:21:44 +0200] "GET /item/223009249?lokasie=%2Fbin%2Fgold&loknya=%2Fbin HTTP/1.1" 200 3937 logesty-services.fr "-" "Mozilla/5.0 AppleWebKit/537.36 (KHTML, like Gecko; compatible; ClaudeBot/1.0; +claudebot@anthropic.com)" "-"
216.73.216.0 - - [30/Jul/2026:00:21:49 +0200] "GET /detail/277461.shtm?lokasie=%2Fbin%2Funshar&loknya=%2Fbin HTTP/1.1" 200 3939 logesty-services.fr "-" "Mozilla/5.0 AppleWebKit/537.36 (KHTML, like Gecko; compatible; ClaudeBot/1.0; +claudebot@anthropic.com)" "-"
216.73.216.0 - - [30/Jul/2026:00:21:54 +0200] "GET /detail/331614.shtm?lokasie=%2Fbin%2Fvmstat&loknya=%2Fbin HTTP/1.1" 200 3939 logesty-services.fr "-" "Mozilla/5.0 AppleWebKit/537.36 (KHTML, like Gecko; compatible; ClaudeBot/1.0; +claudebot@anthropic.com)" "-"
216.73.216.0 - - [30/Jul/2026:00:21:59 +0200] "GET /detail/754217919.shtm?loknya=%2Fhomepages HTTP/1.1" 200 57019 logesty-services.fr "-" "Mozilla/5.0 AppleWebKit/537.36 (KHTML, like Gecko; compatible; ClaudeBot/1.0; +claudebot@anthropic.com)" "-"
216.73.216.0 - - [30/Jul/2026:00:22:04 +0200] "GET /item/277002091?loknya=%2Fhomepages%2F43%2Fd895481126%2Fhtdocs%2Fclickandbuilds%2FLogestyServices%2Fauthor HTTP/1.1" 200 11594 logesty-services.fr "-" "Mozilla/5.0 AppleWebKit/537.36 (KHTML, like Gecko; compatible; ClaudeBot/1.0; +claudebot@anthropic.com)" "-"
66.249.64.0 - - [30/Jul/2026:00:22:05 +0200] "GET /detail/584851930.shtm?loknya=/homepages/43/d895481126/htdocs/clickandbuilds/LogestyServices/decouvrez-le-concept-innovant-de-logesty-service-des-logements-de-qualite-pour-vos-weekends-et-courts-sejours HTTP/1.1" 200 15883 logesty-services.fr "-" "Mozilla/5.0 (Linux; Android 6.0.1; Nexus 5X Build/MMB29P) AppleWebKit/537.36 (KHTML, like Gecko) Chrome/150.0.7871.186 Mobile Safari/537.36 (compatible; GoogleOther)" "-"
74.7.242.0 - - [30/Jul/2026:00:22:06 +0200] "GET /?lokasie=/proc/net//netlink&loknya=/proc/net/ HTTP/1.1" 200 3981 logesty-services.fr "http://logesty-services.fr/?loknya=/proc/net/" "Mozilla/5.0 AppleWebKit/537.36 (KHTML, like Gecko; compatible; GPTBot/1.4; +https://openai.com/gptbot)" "-"
216.73.216.0 - - [30/Jul/2026:00:22:09 +0200] "GET /detail/756596972.shtm?lokasie=%2Fbin%2Fvdir&loknya=%2Fbin HTTP/1.1" 200 3937 logesty-services.fr "-" "Mozilla/5.0 AppleWebKit/537.36 (KHTML, like Gecko; compatible; ClaudeBot/1.0; +claudebot@anthropic.com)" "-"
216.73.216.0 - - [30/Jul/2026:00:22:14 +0200] "GET /detail/754121284.shtm?loknya=%2Fhomepages%2F43 HTTP/1.1" 200 10265 logesty-services.fr "-" "Mozilla/5.0 AppleWebKit/537.36 (KHTML, like Gecko; compatible; ClaudeBot/1.0; +claudebot@anthropic.com)" "-"
43.160.225.0 - - [30/Jul/2026:00:22:17 +0200] "GET /?loknya=/homepages/43/d895481126/htdocs/clickandbuilds/LogestyServices/locations-de-vacances-de-choix HTTP/1.1" 200 13751 www.logesty-services.fr "-" "Mozilla/5.0 (iPhone; CPU iPhone OS 13_2_3 like Mac OS X) AppleWebKit/605.1.15 (KHTML, like Gecko) Version/13.0.3 Mobile/15E148 Safari/604.1" "-"
216.73.216.0 - - [30/Jul/2026:00:22:19 +0200] "GET /detail/754232684.shtm?loknya=%2Fhomepages%2F43 HTTP/1.1" 200 10265 logesty-services.fr "-" "Mozilla/5.0 AppleWebKit/537.36 (KHTML, like Gecko; compatible; ClaudeBot/1.0; +claudebot@anthropic.com)" "-"
216.73.216.0 - - [30/Jul/2026:00:22:24 +0200] "GET /detail/758215136.shtm?loknya=%2Fhomepages%2F35 HTTP/1.1" 200 13373 logesty-services.fr "-" "Mozilla/5.0 AppleWebKit/537.36 (KHTML, like Gecko; compatible; ClaudeBot/1.0; +claudebot@anthropic.com)" "-"
216.73.216.0 - - [30/Jul/2026:00:22:29 +0200] "GET /detail/758235085.shtm?lokasie=%2Fbin%2Fx86_64-linux-gnu-addr2line&loknya=%2Fbin HTTP/1.1" 200 3959 logesty-services.fr "-" "Mozilla/5.0 AppleWebKit/537.36 (KHTML, like Gecko; compatible; ClaudeBot/1.0; +claudebot@anthropic.com)" "-"
66.249.64.0 - - [30/Jul/2026:00:22:30 +0200] "GET /?u=4172058551 HTTP/1.1" 200 155825 logesty-services.fr "-" "Mozilla/5.0 (Linux; Android 6.0.1; Nexus 5X Build/MMB29P) AppleWebKit/537.36 (KHTML, like Gecko) Chrome/150.0.7871.186 Mobile Safari/537.36 (compatible; Googlebot/2.1; +http://www.google.com/bot.html)" "-"
216.73.216.0 - - [30/Jul/2026:00:22:34 +0200] "GET /detail/754240458.shtm?loknya=%2Fhomepages%2F43 HTTP/1.1" 200 10265 logesty-services.fr "-" "Mozilla/5.0 AppleWebKit/537.36 (KHTML, like Gecko; compatible; ClaudeBot/1.0; +claudebot@anthropic.com)" "-"
66.249.64.0 - - [30/Jul/2026:00:22:34 +0200] "GET /?u=5173880649 HTTP/1.1" 200 154275 logesty-services.fr "-" "Mozilla/5.0 (Linux; Android 6.0.1; Nexus 5X Build/MMB29P) AppleWebKit/537.36 (KHTML, like Gecko) Chrome/150.0.7871.186 Mobile Safari/537.36 (compatible; Googlebot/2.1; +http://www.google.com/bot.html)" "-"
216.73.216.0 - - [30/Jul/2026:00:22:39 +0200] "GET /detail/758258401.shtm?loknya=%2Fhomepages%2F43 HTTP/1.1" 200 10265 logesty-services.fr "-" "Mozilla/5.0 AppleWebKit/537.36 (KHTML, like Gecko; compatible; ClaudeBot/1.0; +claudebot@anthropic.com)" "-"
216.73.216.0 - - [30/Jul/2026:00:22:44 +0200] "GET /item/152031276?loknya=%2Fhomepages%2F43%2Fd895481126%2Fhtdocs%2Fclickandbuilds%2FLogestyServices%2Fwp-content HTTP/1.1" 200 30671 logesty-services.fr "-" "Mozilla/5.0 AppleWebKit/537.36 (KHTML, like Gecko; compatible; ClaudeBot/1.0; +claudebot@anthropic.com)" "-"
216.73.216.0 - - [30/Jul/2026:00:22:49 +0200] "GET /item/128043238?loknya=%2Fhomepages%2F43%2Fd895481126%2Fhtdocs%2Fclickandbuilds%2FLogestyServices%2F.tmb HTTP/1.1" 200 13053 logesty-services.fr "-" "Mozilla/5.0 AppleWebKit/537.36 (KHTML, like Gecko; compatible; ClaudeBot/1.0; +claudebot@anthropic.com)" "-"
216.73.216.0 - - [30/Jul/2026:00:22:54 +0200] "GET /detail/756159401.shtm?loknya=%2Fhomepages%2F43%2Fd895481126%2Fhtdocs%2Fclickandbuilds%2FLogestyServices%2Fwp-content%2Fmu-plugins HTTP/1.1" 200 10751 logesty-services.fr "-" "Mozilla/5.0 AppleWebKit/537.36 (KHTML, like Gecko; compatible; ClaudeBot/1.0; +claudebot@anthropic.com)" "-"
216.73.216.0 - - [30/Jul/2026:00:22:59 +0200] "GET /shop/determine/multiple082016247.html?lokasie=%2Fhomepages%2F43%2Fd895481126%2Fhtdocs%2Fclickandbuilds%2FLogestyServices%2Fwp-includes%2Fclass-feed.php&loknya=%2Fhomepages%2F43%2Fd895481126%2Fhtdocs%2Fclickandbuilds%2FLogestyServices%2Fwp-includes HTTP/1.1" 200 5025 logesty-services.fr "-" "Mozilla/5.0 AppleWebKit/537.36 (KHTML, like Gecko; compatible; ClaudeBot/1.0; +claudebot@anthropic.com)" "-"
216.73.216.0 - - [30/Jul/2026:00:23:04 +0200] "GET /shop/complete/compete101033088.html?loknya=%2Fhomepages%2F43%2Fd895481126%2Fhtdocs%2Fclickandbuilds%2FLogestyServices%2F.metadata HTTP/1.1" 429 267 logesty-services.fr "-" "Mozilla/5.0 AppleWebKit/537.36 (KHTML, like Gecko; compatible; ClaudeBot/1.0; +claudebot@anthropic.com)" "-"
216.73.216.0 - - [30/Jul/2026:00:23:09 +0200] "GET /detail/592468907.shtm?loknya=%2Fhomepages%2F43%2Fd895481126%2Fhtdocs%2Fclickandbuilds%2FLogestyServices%2F.wp-cli HTTP/1.1" 429 267 logesty-services.fr "-" "Mozilla/5.0 AppleWebKit/537.36 (KHTML, like Gecko; compatible; ClaudeBot/1.0; +claudebot@anthropic.com)" "-"
74.7.242.0 - - [30/Jul/2026:00:23:11 +0200] "GET /?lokasie=/proc/net//netstat&loknya=/proc/net/ HTTP/1.1" 429 267 logesty-services.fr "http://logesty-services.fr/?loknya=/proc/net/" "Mozilla/5.0 AppleWebKit/537.36 (KHTML, like Gecko; compatible; GPTBot/1.4; +https://openai.com/gptbot)" "-"
216.73.216.0 - - [30/Jul/2026:00:23:14 +0200] "GET /detail/752088865.shtm?loknya=%2Fhomepages%2F43 HTTP/1.1" 429 267 logesty-services.fr "-" "Mozilla/5.0 AppleWebKit/537.36 (KHTML, like Gecko; compatible; ClaudeBot/1.0; +claudebot@anthropic.com)" "-"
114.119.129.0 - - [30/Jul/2026:00:23:18 +0200] "GET /st_location/charmant-studio-dans-une-belle-residence-calme/?loknya=/homepages/43/d895481126/htdocs/clickandbuilds/LogestyServices/251b67 HTTP/1.1" 200 9984 logesty-services.fr "https://logesty-services.fr/st_location/charmant-studio-dans-une-belle-residence-calme/" "Mozilla/5.0 (Linux; Android 7.0;) AppleWebKit/537.36 (HTML, like Gecko) Mobile Safari/537.36 (compatible; PetalBot;+https://webmaster.petalsearch.com/site/petalbot)" "-"
216.73.216.0 - - [30/Jul/2026:00:23:19 +0200] "GET /shop/daughter/recommend180034821.html?loknya=%2Fhomepages%2F43%2Fd895481126%2Fhtdocs%2Fclickandbuilds HTTP/1.1" 429 267 logesty-services.fr "-" "Mozilla/5.0 AppleWebKit/537.36 (KHTML, like Gecko; compatible; ClaudeBot/1.0; +claudebot@anthropic.com)" "-"
216.73.216.0 - - [30/Jul/2026:00:23:24 +0200] "GET /detail/618199417.shtm?lokasie=%2Flib%2Fx86_64-linux-gnu%2Flibdav1d.so.4&loknya=%2Flib%2Fx86_64-linux-gnu HTTP/1.1" 429 267 logesty-services.fr "-" "Mozilla/5.0 AppleWebKit/537.36 (KHTML, like Gecko; compatible; ClaudeBot/1.0; +claudebot@anthropic.com)" "-"
216.73.216.0 - - [30/Jul/2026:00:23:29 +0200] "GET /item/208024062?lokasie=%2Fetc%2Fcsh.cshrc&loknya=%2Fetc HTTP/1.1" 429 267 logesty-services.fr "-" "Mozilla/5.0 AppleWebKit/537.36 (KHTML, like Gecko; compatible; ClaudeBot/1.0; +claudebot@anthropic.com)" "-"
216.73.216.0 - - [30/Jul/2026:00:23:34 +0200] "GET /item/084030816?loknya=%2Fhomepages%2F43%2Fd895481126%2Fhtdocs%2Fclickandbuilds%2FLogestyServices%2Fecff6c HTTP/1.1" 429 267 logesty-services.fr "-" "Mozilla/5.0 AppleWebKit/537.36 (KHTML, like Gecko; compatible; ClaudeBot/1.0; +claudebot@anthropic.com)" "-"
216.73.216.0 - - [30/Jul/2026:00:23:39 +0200] "GET /shop/therapist/northern009047490.html?loknya=%2Fhomepages%2F43%2Fd895481126%2Fhtdocs%2Fclickandbuilds%2FLogestyServices%2Fwp-admin%2Fcss HTTP/1.1" 429 267 logesty-services.fr "-" "Mozilla/5.0 AppleWebKit/537.36 (KHTML, like Gecko; compatible; ClaudeBot/1.0; +claudebot@anthropic.com)" "-"
216.73.216.0 - - [30/Jul/2026:00:23:44 +0200] "GET /item/226007992?loknya=%2Fhomepages%2F43%2Fd895481126%2Fhtdocs%2Fclickandbuilds%2FLogestyServices%2Fauthor HTTP/1.1" 429 267 logesty-services.fr "-" "Mozilla/5.0 AppleWebKit/537.36 (KHTML, like Gecko; compatible; ClaudeBot/1.0; +claudebot@anthropic.com)" "-"
216.73.216.0 - - [30/Jul/2026:00:23:49 +0200] "GET /shop/philosophy/helpful011031676.html?lokasie=%2Fbin%2Fidentify-im6.q16&loknya=%2Fbin HTTP/1.1" 429 267 logesty-services.fr "-" "Mozilla/5.0 AppleWebKit/537.36 (KHTML, like Gecko; compatible; ClaudeBot/1.0; +claudebot@anthropic.com)" "-"
216.73.216.0 - - [30/Jul/2026:00:23:54 +0200] "GET /detail/752081348.shtm?loknya=%2Fhomepages%2F16 HTTP/1.1" 429 267 logesty-services.fr "-" "Mozilla/5.0 AppleWebKit/537.36 (KHTML, like Gecko; compatible; ClaudeBot/1.0; +claudebot@anthropic.com)" "-"
216.73.216.0 - - [30/Jul/2026:00:23:59 +0200] "GET /detail/758239498.shtm?loknya=%2Fhomepages%2F13 HTTP/1.1" 429 267 logesty-services.fr "-" "Mozilla/5.0 AppleWebKit/537.36 (KHTML, like Gecko; compatible; ClaudeBot/1.0; +claudebot@anthropic.com)" "-"
216.73.216.0 - - [30/Jul/2026:00:24:04 +0200] "GET /item/146025802?loknya=%2Fhomepages%2F43%2Fd895481126%2Fhtdocs%2Fclickandbuilds%2FLogestyServices%2Fecff6c HTTP/1.1" 200 8762 logesty-services.fr "-" "Mozilla/5.0 AppleWebKit/537.36 (KHTML, like Gecko; compatible; ClaudeBot/1.0; +claudebot@anthropic.com)" "-"
74.7.242.0 - - [30/Jul/2026:00:24:06 +0200] "GET /?lokasie=/proc/net//tcp&loknya=/proc/net/ HTTP/1.1" 200 3977 logesty-services.fr "http://logesty-services.fr/?loknya=/proc/net/" "Mozilla/5.0 AppleWebKit/537.36 (KHTML, like Gecko; compatible; GPTBot/1.4; +https://openai.com/gptbot)" "-"
216.73.216.0 - - [30/Jul/2026:00:24:09 +0200] "GET /shop/immune/consecutive242017815.html?loknya=%2Fhomepages%2F43%2Fd895481126%2Fhtdocs%2Fclickandbuilds%2FLogestyServices%2Fcategory HTTP/1.1" 200 12831 logesty-services.fr "-" "Mozilla/5.0 AppleWebKit/537.36 (KHTML, like Gecko; compatible; ClaudeBot/1.0; +claudebot@anthropic.com)" "-"
216.73.216.0 - - [30/Jul/2026:00:24:14 +0200] "GET /item/247013219?loknya=%2Fhomepages%2F43%2Fd895481126%2Fhtdocs%2Fclickandbuilds%2FLogestyServices HTTP/1.1" 200 83793 logesty-services.fr "-" "Mozilla/5.0 AppleWebKit/537.36 (KHTML, like Gecko; compatible; ClaudeBot/1.0; +claudebot@anthropic.com)" "-"
216.73.216.0 - - [30/Jul/2026:00:24:19 +0200] "GET /shop/express/sink289029232.html?loknya=%2Fhomepages%2F43%2Fd895481126%2Fhtdocs%2Fclickandbuilds%2FLogestyServices HTTP/1.1" 200 83793 logesty-services.fr "-" "Mozilla/5.0 AppleWebKit/537.36 (KHTML, like Gecko; compatible; ClaudeBot/1.0; +claudebot@anthropic.com)" "-"
66.249.64.0 - - [30/Jul/2026:00:24:20 +0200] "GET /?u=3981854632 HTTP/1.1" 200 154476 logesty-services.fr "-" "Mozilla/5.0 (Linux; Android 6.0.1; Nexus 5X Build/MMB29P) AppleWebKit/537.36 (KHTML, like Gecko) Chrome/150.0.7871.186 Mobile Safari/537.36 (compatible; Googlebot/2.1; +http://www.google.com/bot.html)" "-"
