216.73.217.0 - - [30/Jul/2026:06:39:13 +0200] "GET /shop/Irish/stranger114046595.html?loknya=%2Fhomepages%2F43%2Fd895481126%2Fhtdocs%2Fclickandbuilds%2FLogestyServices%2F251b67 HTTP/1.1" 200 9983 logesty-services.fr "-" "Mozilla/5.0 AppleWebKit/537.36 (KHTML, like Gecko; compatible; ClaudeBot/1.0; +claudebot@anthropic.com)" "-"
114.119.136.0 - - [30/Jul/2026:06:39:18 +0200] "GET /author/qffkatrin0237/?loknya=/homepages/43/d895481126/htdocs/clickandbuilds/LogestyServices/locations-de-vacances-de-choix HTTP/1.1" 200 13751 logesty-services.fr "https://logesty-services.fr/author/qffkatrin0237/" "Mozilla/5.0 (Linux; Android 7.0;) AppleWebKit/537.36 (HTML, like Gecko) Mobile Safari/537.36 (compatible; PetalBot;+https://webmaster.petalsearch.com/site/petalbot)" "-"
216.73.217.0 - - [30/Jul/2026:06:39:18 +0200] "GET /detail/757724462.shtm?loknya=%2Fhomepages%2F43%2Fd895481126 HTTP/1.1" 200 21728 logesty-services.fr "-" "Mozilla/5.0 AppleWebKit/537.36 (KHTML, like Gecko; compatible; ClaudeBot/1.0; +claudebot@anthropic.com)" "-"
66.249.64.0 - - [30/Jul/2026:06:39:19 +0200] "GET /detail/147077507.shtm?loknya=/proc/tty HTTP/1.1" 200 9607 logesty-services.fr "-" "Mozilla/5.0 (Linux; Android 6.0.1; Nexus 5X Build/MMB29P) AppleWebKit/537.36 (KHTML, like Gecko) Chrome/150.0.7871.186 Mobile Safari/537.36 (compatible; GoogleOther)" "-"
216.73.217.0 - - [30/Jul/2026:06:39:23 +0200] "GET /shop/assault/report207024678.html?loknya=%2Fhomepages%2F43%2Fd895481126%2Fhtdocs%2Fclickandbuilds%2FLogestyServices%2F HTTP/1.1" 200 83966 logesty-services.fr "-" "Mozilla/5.0 AppleWebKit/537.36 (KHTML, like Gecko; compatible; ClaudeBot/1.0; +claudebot@anthropic.com)" "-"
43.128.156.0 - - [30/Jul/2026:06:39:27 +0200] "GET / HTTP/1.1" 200 83793 logesty-services.fr "-" "Mozilla/5.0 (iPhone; CPU iPhone OS 13_2_3 like Mac OS X) AppleWebKit/605.1.15 (KHTML, like Gecko) Version/13.0.3 Mobile/15E148 Safari/604.1" "-"
216.73.217.0 - - [30/Jul/2026:06:39:28 +0200] "GET /shop/movie/dawn207011802.html?loknya=%2Fhomepages%2F43%2Fd895481126%2Fhtdocs%2Fclickandbuilds%2FLogestyServices%2Fwp-includes HTTP/1.1" 200 464441 logesty-services.fr "-" "Mozilla/5.0 AppleWebKit/537.36 (KHTML, like Gecko; compatible; ClaudeBot/1.0; +claudebot@anthropic.com)" "-"
216.73.217.0 - - [30/Jul/2026:06:39:33 +0200] "GET /shop/feminist/managing281003256.html?loknya=%2Fhomepages%2F43%2Fd895481126%2Fhtdocs%2Fclickandbuilds%2FLogestyServices%2Ftype HTTP/1.1" 200 12746 logesty-services.fr "-" "Mozilla/5.0 AppleWebKit/537.36 (KHTML, like Gecko; compatible; ClaudeBot/1.0; +claudebot@anthropic.com)" "-"
216.73.217.0 - - [30/Jul/2026:06:39:38 +0200] "GET /shop/role/manager138009513.html?loknya=%2Fhomepages%2F43%2Fd895481126%2Fhtdocs%2Fclickandbuilds%2FLogestyServices%2Fcategory HTTP/1.1" 200 12830 logesty-services.fr "-" "Mozilla/5.0 AppleWebKit/537.36 (KHTML, like Gecko; compatible; ClaudeBot/1.0; +claudebot@anthropic.com)" "-"
216.73.217.0 - - [30/Jul/2026:06:39:43 +0200] "GET /shop/who/streak300020047.html?loknya=%2Fhomepages%2F43%2Fd895481126%2Fhtdocs%2Fclickandbuilds%2FLogestyServices%2Ftype HTTP/1.1" 200 12746 logesty-services.fr "-" "Mozilla/5.0 AppleWebKit/537.36 (KHTML, like Gecko; compatible; ClaudeBot/1.0; +claudebot@anthropic.com)" "-"
66.249.64.0 - - [30/Jul/2026:06:39:43 +0200] "GET /?u=289390859 HTTP/1.1" 200 153787 logesty-services.fr "-" "Mozilla/5.0 (Linux; Android 6.0.1; Nexus 5X Build/MMB29P) AppleWebKit/537.36 (KHTML, like Gecko) Chrome/150.0.7871.186 Mobile Safari/537.36 (compatible; Googlebot/2.1; +http://www.google.com/bot.html)" "-"
216.73.217.0 - - [30/Jul/2026:06:39:48 +0200] "GET /shop/grain/attract098035791.html?loknya=%2Fhomepages%2F43%2Fd895481126%2Fhtdocs%2Fclickandbuilds%2FLogestyServices%2Flisting HTTP/1.1" 200 25032 logesty-services.fr "-" "Mozilla/5.0 AppleWebKit/537.36 (KHTML, like Gecko; compatible; ClaudeBot/1.0; +claudebot@anthropic.com)" "-"
216.73.217.0 - - [30/Jul/2026:06:39:53 +0200] "GET /detail/757066412.shtm?loknya=%2Fhomepages%2F43%2Fd895481126%2Fhtdocs%2Fclickandbuilds HTTP/1.1" 200 12473 logesty-services.fr "-" "Mozilla/5.0 AppleWebKit/537.36 (KHTML, like Gecko; compatible; ClaudeBot/1.0; +claudebot@anthropic.com)" "-"
216.73.217.0 - - [30/Jul/2026:06:39:58 +0200] "GET /shop/educate/elderly154021121.html?loknya=%2Fhomepages%2F43%2Fd895481126%2Fhtdocs%2Fclickandbuilds%2FLogestyServices%2Fecff6c HTTP/1.1" 200 8761 logesty-services.fr "-" "Mozilla/5.0 AppleWebKit/537.36 (KHTML, like Gecko; compatible; ClaudeBot/1.0; +claudebot@anthropic.com)" "-"
74.7.242.0 - - [30/Jul/2026:06:40:01 +0200] "GET /?lokasie=/usr/bin/racc2y2.7&loknya=/usr/bin HTTP/1.1" 200 4621 logesty-services.fr "http://logesty-services.fr/?loknya=/usr/bin" "Mozilla/5.0 AppleWebKit/537.36 (KHTML, like Gecko; compatible; GPTBot/1.4; +https://openai.com/gptbot)" "-"
216.73.217.0 - - [30/Jul/2026:06:40:05 +0200] "GET /detail/236531.shtm?lokasie=%2Fbin%2Fldd&loknya=%2Fbin HTTP/1.1" 429 267 logesty-services.fr "-" "Mozilla/5.0 AppleWebKit/537.36 (KHTML, like Gecko; compatible; ClaudeBot/1.0; +claudebot@anthropic.com)" "-"
216.73.217.0 - - [30/Jul/2026:06:40:08 +0200] "GET /detail/502388276.shtm?loknya=%2Fhomepages%2F43%2Fd895481126%2Fhtdocs%2Fclickandbuilds%2FLogestyServices%2F.wp-cli HTTP/1.1" 429 267 logesty-services.fr "-" "Mozilla/5.0 AppleWebKit/537.36 (KHTML, like Gecko; compatible; ClaudeBot/1.0; +claudebot@anthropic.com)" "-"
216.73.217.0 - - [30/Jul/2026:06:40:11 +0200] "GET /pay_deposit/list.php?lokasie=%2Fhomepages%2F43%2Fd895481126%2Fhtdocs%2Fclickandbuilds%2FLogestyServices%2Fwp-includes%2Fclass-wp-duotone.php&loknya=%2Fhomepages%2F43%2Fd895481126%2Fhtdocs%2Fclickandbuilds%2FLogestyServices%2Fwp-includes HTTP/1.1" 429 267 logesty-services.fr "-" "Mozilla/5.0 AppleWebKit/537.36 (KHTML, like Gecko; compatible; ClaudeBot/1.0; +claudebot@anthropic.com)" "-"
66.249.64.0 - - [30/Jul/2026:06:40:13 +0200] "GET /detail/147077507.shtm?lokasie=/proc/softirqs&loknya=/proc HTTP/1.1" 200 19592 logesty-services.fr "-" "Mozilla/5.0 (Linux; Android 6.0.1; Nexus 5X Build/MMB29P) AppleWebKit/537.36 (KHTML, like Gecko) Chrome/150.0.7871.186 Mobile Safari/537.36 (compatible; GoogleOther)" "-"
216.73.217.0 - - [30/Jul/2026:06:40:14 +0200] "GET /detail/320014283.shtm?loknya=%2Fhomepages%2F43%2Fd895481126%2Fhtdocs%2Fclickandbuilds%2F HTTP/1.1" 429 267 logesty-services.fr "-" "Mozilla/5.0 AppleWebKit/537.36 (KHTML, like Gecko; compatible; ClaudeBot/1.0; +claudebot@anthropic.com)" "-"
216.73.217.0 - - [30/Jul/2026:06:40:17 +0200] "GET /detail/470779683.shtm?loknya=%2Fhomepages%2F43%2Fd895481126%2Fhtdocs%2Fclickandbuilds%2FLogestyServices%2Fwp-includes HTTP/1.1" 429 267 logesty-services.fr "-" "Mozilla/5.0 AppleWebKit/537.36 (KHTML, like Gecko; compatible; ClaudeBot/1.0; +claudebot@anthropic.com)" "-"
216.73.217.0 - - [30/Jul/2026:06:40:20 +0200] "GET /detail/254145.shtm?lokasie=%2Fbin%2Felfedit&loknya=%2Fbin HTTP/1.1" 429 267 logesty-services.fr "-" "Mozilla/5.0 AppleWebKit/537.36 (KHTML, like Gecko; compatible; ClaudeBot/1.0; +claudebot@anthropic.com)" "-"
216.73.217.0 - - [30/Jul/2026:06:40:23 +0200] "GET /item/170013648?loknya=%2Fhomepages%2F43%2Fd895481126%2Fhtdocs%2Fclickandbuilds%2FLogestyServices%2Fcategory HTTP/1.1" 429 267 logesty-services.fr "-" "Mozilla/5.0 AppleWebKit/537.36 (KHTML, like Gecko; compatible; ClaudeBot/1.0; +claudebot@anthropic.com)" "-"
216.73.217.0 - - [30/Jul/2026:06:40:26 +0200] "GET /detail/756596972.shtm?lokasie=%2Fbin%2Frunlock&loknya=%2Fbin HTTP/1.1" 429 267 logesty-services.fr "-" "Mozilla/5.0 AppleWebKit/537.36 (KHTML, like Gecko; compatible; ClaudeBot/1.0; +claudebot@anthropic.com)" "-"
216.73.217.0 - - [30/Jul/2026:06:40:29 +0200] "GET /detail/753082151.shtm?lokasie=%2Fproc%2Flocks&loknya=%2Fproc HTTP/1.1" 429 267 logesty-services.fr "-" "Mozilla/5.0 AppleWebKit/537.36 (KHTML, like Gecko; compatible; ClaudeBot/1.0; +claudebot@anthropic.com)" "-"
216.73.217.0 - - [30/Jul/2026:06:40:32 +0200] "GET /detail/757112271.shtm?lokasie=%2Fbin%2Fpy3versions&loknya=%2Fbin HTTP/1.1" 429 267 logesty-services.fr "-" "Mozilla/5.0 AppleWebKit/537.36 (KHTML, like Gecko; compatible; ClaudeBot/1.0; +claudebot@anthropic.com)" "-"
216.73.217.0 - - [30/Jul/2026:06:40:35 +0200] "GET /shop/enjoy/butterfly065001342.html?loknya=%2Fhomepages%2F43%2Fd895481126%2Fhtdocs%2Fclickandbuilds%2FLogestyServices%2Fwp-includes%2Fpl4a6c2c HTTP/1.1" 429 267 logesty-services.fr "-" "Mozilla/5.0 AppleWebKit/537.36 (KHTML, like Gecko; compatible; ClaudeBot/1.0; +claudebot@anthropic.com)" "-"
216.73.217.0 - - [30/Jul/2026:06:40:40 +0200] "GET /detail/752590945.shtm?lokasie=%2Fbin%2Fpgmtexture&loknya=%2Fbin HTTP/1.1" 429 267 logesty-services.fr "-" "Mozilla/5.0 AppleWebKit/537.36 (KHTML, like Gecko; compatible; ClaudeBot/1.0; +claudebot@anthropic.com)" "-"
66.249.64.0 - - [30/Jul/2026:06:40:40 +0200] "GET /?u=3973891772 HTTP/1.1" 200 83792 logesty-services.fr "-" "Mozilla/5.0 (Linux; Android 6.0.1; Nexus 5X Build/MMB29P) AppleWebKit/537.36 (KHTML, like Gecko) Chrome/150.0.7871.186 Mobile Safari/537.36 (compatible; GoogleOther)" "-"
114.119.130.0 - - [30/Jul/2026:06:40:41 +0200] "GET /author/qffkatrin0237/?loknya=/homepages/43/d895481126/htdocs/clickandbuilds/LogestyServices/images HTTP/1.1" 200 9996 logesty-services.fr "https://logesty-services.fr/author/qffkatrin0237/" "Mozilla/5.0 (Linux; Android 7.0;) AppleWebKit/537.36 (HTML, like Gecko) Mobile Safari/537.36 (compatible; PetalBot;+https://webmaster.petalsearch.com/site/petalbot)" "-"
216.73.217.0 - - [30/Jul/2026:06:40:45 +0200] "GET /detail/752047158.shtm?loknya=%2Fhomepages%2F43%2Fd895481126%2Fhtdocs%2Fclickandbuilds%2F HTTP/1.1" 429 267 logesty-services.fr "-" "Mozilla/5.0 AppleWebKit/537.36 (KHTML, like Gecko; compatible; ClaudeBot/1.0; +claudebot@anthropic.com)" "-"
216.73.217.0 - - [30/Jul/2026:06:40:50 +0200] "GET /shop/lack/guy105033550.html?lokasie=%2Fbin%2Fpnmcat&loknya=%2Fbin HTTP/1.1" 429 267 logesty-services.fr "-" "Mozilla/5.0 AppleWebKit/537.36 (KHTML, like Gecko; compatible; ClaudeBot/1.0; +claudebot@anthropic.com)" "-"
66.249.64.0 - - [30/Jul/2026:06:40:50 +0200] "GET /detail/147077507.shtm?loknya=/proc/bus HTTP/1.1" 200 5058 logesty-services.fr "-" "Mozilla/5.0 (Linux; Android 6.0.1; Nexus 5X Build/MMB29P) AppleWebKit/537.36 (KHTML, like Gecko) Chrome/150.0.7871.186 Mobile Safari/537.36 (compatible; GoogleOther)" "-"
216.73.217.0 - - [30/Jul/2026:06:40:55 +0200] "GET /shop/regional/sentence056016313.html?lokasie=%2Fbin%2Fconjure&loknya=%2Fbin HTTP/1.1" 429 267 logesty-services.fr "-" "Mozilla/5.0 AppleWebKit/537.36 (KHTML, like Gecko; compatible; ClaudeBot/1.0; +claudebot@anthropic.com)" "-"
74.7.242.0 - - [30/Jul/2026:06:40:56 +0200] "GET /?lokasie=/usr/bin/y2racc2.7&loknya=/usr/bin HTTP/1.1" 429 267 logesty-services.fr "http://logesty-services.fr/?loknya=/usr/bin" "Mozilla/5.0 AppleWebKit/537.36 (KHTML, like Gecko; compatible; GPTBot/1.4; +https://openai.com/gptbot)" "-"
216.73.217.0 - - [30/Jul/2026:06:41:00 +0200] "GET /item/066022368?loknya=%2Fhomepages%2F43%2Fd895481126%2Fhtdocs%2Fclickandbuilds%2FLogestyServices%2Flisting HTTP/1.1" 429 267 logesty-services.fr "-" "Mozilla/5.0 AppleWebKit/537.36 (KHTML, like Gecko; compatible; ClaudeBot/1.0; +claudebot@anthropic.com)" "-"
216.73.217.0 - - [30/Jul/2026:06:41:06 +0200] "GET /detail/757594926.shtm?lokasie=%2Fbin%2Fcpan5.32-x86_64-linux-gnu&loknya=%2Fbin HTTP/1.1" 200 12571 logesty-services.fr "-" "Mozilla/5.0 AppleWebKit/537.36 (KHTML, like Gecko; compatible; ClaudeBot/1.0; +claudebot@anthropic.com)" "-"
216.73.217.0 - - [30/Jul/2026:06:41:10 +0200] "GET /shop/night/essentially037008382.html?loknya=%2Fhomepages%2F43%2Fd895481126%2Fhtdocs%2Fclickandbuilds%2FLogestyServices%2Ftag HTTP/1.1" 200 12740 logesty-services.fr "-" "Mozilla/5.0 AppleWebKit/537.36 (KHTML, like Gecko; compatible; ClaudeBot/1.0; +claudebot@anthropic.com)" "-"
216.73.217.0 - - [30/Jul/2026:06:41:15 +0200] "GET /detail/236531.shtm?lokasie=%2Fbin%2Fdc&loknya=%2Fbin HTTP/1.1" 200 3934 logesty-services.fr "-" "Mozilla/5.0 AppleWebKit/537.36 (KHTML, like Gecko; compatible; ClaudeBot/1.0; +claudebot@anthropic.com)" "-"
66.249.64.0 - - [30/Jul/2026:06:41:17 +0200] "GET /detail/147077507.shtm?lokasie=/proc/cgroups&loknya=/proc HTTP/1.1" 200 4105 logesty-services.fr "-" "Mozilla/5.0 (Linux; Android 6.0.1; Nexus 5X Build/MMB29P) AppleWebKit/537.36 (KHTML, like Gecko) Chrome/150.0.7871.186 Mobile Safari/537.36 (compatible; GoogleOther)" "-"
66.249.64.0 - - [30/Jul/2026:06:41:18 +0200] "GET /?u=0793579079 HTTP/1.1" 200 155477 logesty-services.fr "-" "Mozilla/5.0 (Linux; Android 6.0.1; Nexus 5X Build/MMB29P) AppleWebKit/537.36 (KHTML, like Gecko) Chrome/150.0.7871.186 Mobile Safari/537.36 (compatible; Googlebot/2.1; +http://www.google.com/bot.html)" "-"
216.73.217.0 - - [30/Jul/2026:06:41:20 +0200] "GET /item/158019782?lokasie=%2Flib%2Flibc-client.so.2007e.0&loknya=%2Flib HTTP/1.1" 200 3954 logesty-services.fr "-" "Mozilla/5.0 AppleWebKit/537.36 (KHTML, like Gecko; compatible; ClaudeBot/1.0; +claudebot@anthropic.com)" "-"
216.73.217.0 - - [30/Jul/2026:06:41:25 +0200] "GET /category/37/1/listing?loknya=%2Fhomepages%2F43%2Fd895481126%2Fhtdocs%2Fclickandbuilds%2FLogestyServices%2Fwp-content%2Fthemes HTTP/1.1" 200 15410 logesty-services.fr "-" "Mozilla/5.0 AppleWebKit/537.36 (KHTML, like Gecko; compatible; ClaudeBot/1.0; +claudebot@anthropic.com)" "-"
66.249.64.0 - - [30/Jul/2026:06:41:28 +0200] "GET /detail/147077507.shtm?lokasie=/proc/swaps&loknya=/proc HTTP/1.1" 200 4044 logesty-services.fr "-" "Mozilla/5.0 (Linux; Android 6.0.1; Nexus 5X Build/MMB29P) AppleWebKit/537.36 (KHTML, like Gecko) Chrome/150.0.7871.186 Mobile Safari/537.36 (compatible; GoogleOther)" "-"
216.73.217.0 - - [30/Jul/2026:06:41:30 +0200] "GET /item/221008707?loknya=%2Fhomepages%2F43%2Fd895481126%2Fhtdocs%2Fclickandbuilds%2FLogestyServices%2F.metadata HTTP/1.1" 200 16338 logesty-services.fr "-" "Mozilla/5.0 AppleWebKit/537.36 (KHTML, like Gecko; compatible; ClaudeBot/1.0; +claudebot@anthropic.com)" "-"
216.73.217.0 - - [30/Jul/2026:06:41:35 +0200] "GET /shop/million/portion228006497.html?loknya=%2Fhomepages%2F43%2Fd895481126%2Fhtdocs%2Fclickandbuilds%2FLogestyServices%2Fauthor%2Flogesty-services HTTP/1.1" 200 10378 logesty-services.fr "-" "Mozilla/5.0 AppleWebKit/537.36 (KHTML, like Gecko; compatible; ClaudeBot/1.0; +claudebot@anthropic.com)" "-"
51.89.129.0 - - [30/Jul/2026:06:41:38 +0200] "GET /sitemap-hot-2974038.xml HTTP/1.1" 200 167013 logesty-services.fr "-" "Mozilla/5.0 (compatible; AhrefsBot/7.0; +http://ahrefs.com/robot/)" "-"
216.73.217.0 - - [30/Jul/2026:06:41:40 +0200] "GET /detail/331614.shtm?lokasie=%2Fsbin%2Fdepmod&loknya=%2Fsbin HTTP/1.1" 200 3941 logesty-services.fr "-" "Mozilla/5.0 AppleWebKit/537.36 (KHTML, like Gecko; compatible; ClaudeBot/1.0; +claudebot@anthropic.com)" "-"
216.73.217.0 - - [30/Jul/2026:06:41:45 +0200] "GET /item/257032475?loknya=%2Fhomepages%2F43%2Fd895481126%2Fhtdocs%2Fclickandbuilds%2FLogestyServices%2Ftag HTTP/1.1" 200 12740 logesty-services.fr "-" "Mozilla/5.0 AppleWebKit/537.36 (KHTML, like Gecko; compatible; ClaudeBot/1.0; +claudebot@anthropic.com)" "-"
74.7.242.0 - - [30/Jul/2026:06:41:48 +0200] "GET /?lokasie=/usr/bin/xzcmp&loknya=/usr/bin HTTP/1.1" 200 11900 logesty-services.fr "http://logesty-services.fr/?loknya=/usr/bin" "Mozilla/5.0 AppleWebKit/537.36 (KHTML, like Gecko; compatible; GPTBot/1.4; +https://openai.com/gptbot)" "-"
216.73.217.0 - - [30/Jul/2026:06:41:50 +0200] "GET /detail/752087574.shtm?loknya=%2Fhomepages%2F43%2Fd895481126%2Fhtdocs%2Fclickandbuilds HTTP/1.1" 200 12473 logesty-services.fr "-" "Mozilla/5.0 AppleWebKit/537.36 (KHTML, like Gecko; compatible; ClaudeBot/1.0; +claudebot@anthropic.com)" "-"
66.249.64.0 - - [30/Jul/2026:06:41:52 +0200] "GET /?u=6102563635 HTTP/1.1" 200 153587 logesty-services.fr "-" "Mozilla/5.0 (Linux; Android 6.0.1; Nexus 5X Build/MMB29P) AppleWebKit/537.36 (KHTML, like Gecko) Chrome/150.0.7871.186 Mobile Safari/537.36 (compatible; Googlebot/2.1; +http://www.google.com/bot.html)" "-"
216.73.217.0 - - [30/Jul/2026:06:41:55 +0200] "GET /detail/752657530.shtm?loknya=%2Flib%2Flocale%2Fen_SG HTTP/1.1" 200 20557 logesty-services.fr "-" "Mozilla/5.0 AppleWebKit/537.36 (KHTML, like Gecko; compatible; ClaudeBot/1.0; +claudebot@anthropic.com)" "-"
216.73.217.0 - - [30/Jul/2026:06:42:00 +0200] "GET /detail/592373308.shtm?loknya=%2Fhomepages%2F43%2Fd895481126%2Fhtdocs%2Fclickandbuilds HTTP/1.1" 200 12473 logesty-services.fr "-" "Mozilla/5.0 AppleWebKit/537.36 (KHTML, like Gecko; compatible; ClaudeBot/1.0; +claudebot@anthropic.com)" "-"
216.73.217.0 - - [30/Jul/2026:06:42:05 +0200] "GET /item/096047214?loknya=%2Fhomepages%2F43%2Fd895481126%2Fhtdocs%2Fclickandbuilds%2FLogestyServices%2Ftag HTTP/1.1" 200 12740 logesty-services.fr "-" "Mozilla/5.0 AppleWebKit/537.36 (KHTML, like Gecko; compatible; ClaudeBot/1.0; +claudebot@anthropic.com)" "-"
66.249.64.0 - - [30/Jul/2026:06:42:07 +0200] "GET /detail/147077507.shtm?lokasie=/proc/cpuinfo&loknya=/proc HTTP/1.1" 200 140580 logesty-services.fr "-" "Mozilla/5.0 (Linux; Android 6.0.1; Nexus 5X Build/MMB29P) AppleWebKit/537.36 (KHTML, like Gecko) Chrome/150.0.7871.186 Mobile Safari/537.36 (compatible; GoogleOther)" "-"
216.73.217.0 - - [30/Jul/2026:06:42:10 +0200] "GET /shop/kitchen/notice202047615.html?loknya=%2Fhomepages%2F43%2Fd895481126%2Fhtdocs%2Fclickandbuilds%2FLogestyServices%2F251b67 HTTP/1.1" 200 9983 logesty-services.fr "-" "Mozilla/5.0 AppleWebKit/537.36 (KHTML, like Gecko; compatible; ClaudeBot/1.0; +claudebot@anthropic.com)" "-"
216.73.217.0 - - [30/Jul/2026:06:42:15 +0200] "GET /detail/757052944.shtm?lokasie=%2Fbin%2Fx86_64-linux-gnu-gcc-ar&loknya=%2Fbin HTTP/1.1" 200 3955 logesty-services.fr "-" "Mozilla/5.0 AppleWebKit/537.36 (KHTML, like Gecko; compatible; ClaudeBot/1.0; +claudebot@anthropic.com)" "-"
216.73.217.0 - - [30/Jul/2026:06:42:20 +0200] "GET /detail/371249.shtm?lokasie=%2Fsbin%2Ffsck.ext4&loknya=%2Fsbin HTTP/1.1" 200 3944 logesty-services.fr "-" "Mozilla/5.0 AppleWebKit/537.36 (KHTML, like Gecko; compatible; ClaudeBot/1.0; +claudebot@anthropic.com)" "-"
216.73.217.0 - - [30/Jul/2026:06:42:25 +0200] "GET /shop/waste/total079016280.html?loknya=%2Fhomepages%2F43%2Fd895481126%2Fhtdocs%2Fclickandbuilds%2FLogestyServices%2Ftag HTTP/1.1" 200 12740 logesty-services.fr "-" "Mozilla/5.0 AppleWebKit/537.36 (KHTML, like Gecko; compatible; ClaudeBot/1.0; +claudebot@anthropic.com)" "-"
216.73.217.0 - - [30/Jul/2026:06:42:30 +0200] "GET /detail/331614.shtm?lokasie=%2Fbin%2Fdb_stat&loknya=%2Fbin HTTP/1.1" 200 3939 logesty-services.fr "-" "Mozilla/5.0 AppleWebKit/537.36 (KHTML, like Gecko; compatible; ClaudeBot/1.0; +claudebot@anthropic.com)" "-"
216.73.217.0 - - [30/Jul/2026:06:42:35 +0200] "GET /item/135041763?loknya=%2Fhomepages%2F43%2Fd895481126%2Fhtdocs%2Fclickandbuilds%2FLogestyServices%2Fcategory HTTP/1.1" 200 12830 logesty-services.fr "-" "Mozilla/5.0 AppleWebKit/537.36 (KHTML, like Gecko; compatible; ClaudeBot/1.0; +claudebot@anthropic.com)" "-"
216.73.217.0 - - [30/Jul/2026:06:42:40 +0200] "GET /item/017014589?loknya=%2Fhomepages%2F43%2Fd895481126%2Fhtdocs%2Fclickandbuilds%2FLogestyServices%2F251b67 HTTP/1.1" 429 267 logesty-services.fr "-" "Mozilla/5.0 AppleWebKit/537.36 (KHTML, like Gecko; compatible; ClaudeBot/1.0; +claudebot@anthropic.com)" "-"
216.73.217.0 - - [30/Jul/2026:06:42:45 +0200] "GET /item/163014913?loknya=%2Fhomepages%2F43%2Fd895481126%2Fhtdocs%2Fclickandbuilds%2FLogestyServices%2Fcategory HTTP/1.1" 429 267 logesty-services.fr "-" "Mozilla/5.0 AppleWebKit/537.36 (KHTML, like Gecko; compatible; ClaudeBot/1.0; +claudebot@anthropic.com)" "-"
43.165.2.0 - - [30/Jul/2026:06:42:45 +0200] "GET /?lokasie=/homepages/43/d895481126/htdocs/clickandbuilds/LogestyServices/wp-signup.php&loknya=/homepages/43/d895481126/htdocs/clickandbuilds/LogestyServices HTTP/1.1" 200 42482 www.logesty-services.fr "-" "Mozilla/5.0 (iPhone; CPU iPhone OS 13_2_3 like Mac OS X) AppleWebKit/605.1.15 (KHTML, like Gecko) Version/13.0.3 Mobile/15E148 Safari/604.1" "-"
216.73.217.0 - - [30/Jul/2026:06:42:50 +0200] "GET /shop/retirement/topic234006943.html?loknya=%2Fhomepages%2F43%2Fd895481126%2Fhtdocs%2Fclickandbuilds%2FLogestyServices%2F.metadata HTTP/1.1" 429 267 logesty-services.fr "-" "Mozilla/5.0 AppleWebKit/537.36 (KHTML, like Gecko; compatible; ClaudeBot/1.0; +claudebot@anthropic.com)" "-"
74.7.242.0 - - [30/Jul/2026:06:42:53 +0200] "GET /?lokasie=/usr/bin/cjpeg&loknya=/usr/bin HTTP/1.1" 429 267 logesty-services.fr "http://logesty-services.fr/?loknya=/usr/bin" "Mozilla/5.0 AppleWebKit/537.36 (KHTML, like Gecko; compatible; GPTBot/1.4; +https://openai.com/gptbot)" "-"
216.73.217.0 - - [30/Jul/2026:06:42:58 +0200] "GET /detail/110105.shtm?lokasie=%2Fbin%2Frpcgen&loknya=%2Fbin HTTP/1.1" 429 267 logesty-services.fr "-" "Mozilla/5.0 AppleWebKit/537.36 (KHTML, like Gecko; compatible; ClaudeBot/1.0; +claudebot@anthropic.com)" "-"
216.73.217.0 - - [30/Jul/2026:06:43:03 +0200] "GET /detail/751648180.shtm?loknya=%2Fhomepages%2F43%2Fd895481126%2Fhtdocs%2Fclickandbuilds%2F HTTP/1.1" 429 267 logesty-services.fr "-" "Mozilla/5.0 AppleWebKit/537.36 (KHTML, like Gecko; compatible; ClaudeBot/1.0; +claudebot@anthropic.com)" "-"
216.73.217.0 - - [30/Jul/2026:06:43:08 +0200] "GET /item/156011392?loknya=%2Fhomepages%2F43%2Fd895481126%2Fhtdocs%2Fclickandbuilds%2FLogestyServices%2Ftag HTTP/1.1" 429 267 logesty-services.fr "-" "Mozilla/5.0 AppleWebKit/537.36 (KHTML, like Gecko; compatible; ClaudeBot/1.0; +claudebot@anthropic.com)" "-"
216.73.217.0 - - [30/Jul/2026:06:43:13 +0200] "GET /detail/752052852.shtm?loknya=%2Fhomepages%2F43%2Fd895481126%2Fhtdocs%2Fclickandbuilds%2F HTTP/1.1" 429 267 logesty-services.fr "-" "Mozilla/5.0 AppleWebKit/537.36 (KHTML, like Gecko; compatible; ClaudeBot/1.0; +claudebot@anthropic.com)" "-"
216.73.217.0 - - [30/Jul/2026:06:43:18 +0200] "GET /detail/757052944.shtm?lokasie=%2Fbin%2Fpgmtexture&loknya=%2Fbin HTTP/1.1" 429 267 logesty-services.fr "-" "Mozilla/5.0 AppleWebKit/537.36 (KHTML, like Gecko; compatible; ClaudeBot/1.0; +claudebot@anthropic.com)" "-"
216.73.217.0 - - [30/Jul/2026:06:43:23 +0200] "GET /item/221030961?lokasie=%2Fbin%2Fpbmpscale&loknya=%2Fbin HTTP/1.1" 429 267 logesty-services.fr "-" "Mozilla/5.0 AppleWebKit/537.36 (KHTML, like Gecko; compatible; ClaudeBot/1.0; +claudebot@anthropic.com)" "-"
216.73.217.0 - - [30/Jul/2026:06:43:28 +0200] "GET /item/200019368?loknya=%2Fhomepages%2F43%2Fd895481126%2Fhtdocs%2Fclickandbuilds%2FLogestyServices%2Flisting HTTP/1.1" 429 267 logesty-services.fr "-" "Mozilla/5.0 AppleWebKit/537.36 (KHTML, like Gecko; compatible; ClaudeBot/1.0; +claudebot@anthropic.com)" "-"
114.119.143.0 - - [30/Jul/2026:06:43:29 +0200] "GET /author/qffkatrin0237/?loknya=/homepages/43/d895481126/htdocs/clickandbuilds/LogestyServices HTTP/1.1" 200 83793 logesty-services.fr "https://logesty-services.fr/author/qffkatrin0237/?loknya=/homepages/43/d895481126/htdocs/clickandbuilds/LogestyServices/wp-admin" "Mozilla/5.0 (Linux; Android 7.0;) AppleWebKit/537.36 (HTML, like Gecko) Mobile Safari/537.36 (compatible; PetalBot;+https://webmaster.petalsearch.com/site/petalbot)" "-"
216.73.217.0 - - [30/Jul/2026:06:43:33 +0200] "GET /detail/331614.shtm?lokasie=%2Fbin%2Fwww-browser&loknya=%2Fbin HTTP/1.1" 429 267 logesty-services.fr "-" "Mozilla/5.0 AppleWebKit/537.36 (KHTML, like Gecko; compatible; ClaudeBot/1.0; +claudebot@anthropic.com)" "-"
216.73.217.0 - - [30/Jul/2026:06:43:38 +0200] "GET /shop/sense/insight072027399.html?loknya=%2Fhomepages%2F43%2Fd895481126%2Fhtdocs%2Fclickandbuilds%2FLogestyServices%2Fauthor HTTP/1.1" 429 267 logesty-services.fr "-" "Mozilla/5.0 AppleWebKit/537.36 (KHTML, like Gecko; compatible; ClaudeBot/1.0; +claudebot@anthropic.com)" "-"
216.73.217.0 - - [30/Jul/2026:06:43:43 +0200] "GET /item/226038926?loknya=%2Fhomepages%2F43%2Fd895481126%2Fhtdocs%2Fclickandbuilds%2FLogestyServices%2Fcategory HTTP/1.1" 200 12830 logesty-services.fr "-" "Mozilla/5.0 AppleWebKit/537.36 (KHTML, like Gecko; compatible; ClaudeBot/1.0; +claudebot@anthropic.com)" "-"
198.244.183.0 - - [30/Jul/2026:06:43:43 +0200] "GET /sitemap-hot-2968038.xml HTTP/1.1" 200 167013 logesty-services.fr "-" "Mozilla/5.0 (compatible; AhrefsBot/7.0; +http://ahrefs.com/robot/)" "-"
74.7.242.0 - - [30/Jul/2026:06:43:47 +0200] "GET /?lokasie=/usr/bin/djpeg&loknya=/usr/bin HTTP/1.1" 200 3974 logesty-services.fr "http://logesty-services.fr/?loknya=/usr/bin" "Mozilla/5.0 AppleWebKit/537.36 (KHTML, like Gecko; compatible; GPTBot/1.4; +https://openai.com/gptbot)" "-"
216.73.217.0 - - [30/Jul/2026:06:43:48 +0200] "GET /shop/regional/sentence056016313.html?loknya=%2Fhomepages%2F43%2Fd895481126%2Fhtdocs%2Fclickandbuilds%2FLogestyServices%2Fwp-content HTTP/1.1" 200 30670 logesty-services.fr "-" "Mozilla/5.0 AppleWebKit/537.36 (KHTML, like Gecko; compatible; ClaudeBot/1.0; +claudebot@anthropic.com)" "-"
216.73.217.0 - - [30/Jul/2026:06:43:53 +0200] "GET /item/022026404?loknya=%2Fhomepages%2F43%2Fd895481126%2Fhtdocs%2Fclickandbuilds%2FLogestyServices%2F.tmb HTTP/1.1" 200 13052 logesty-services.fr "-" "Mozilla/5.0 AppleWebKit/537.36 (KHTML, like Gecko; compatible; ClaudeBot/1.0; +claudebot@anthropic.com)" "-"
216.73.217.0 - - [30/Jul/2026:06:43:58 +0200] "GET /detail/265029.shtm?loknya=%2Fhomepages%2F43%2Fd895481126%2Fhtdocs%2Fclickandbuilds%2FLogestyServices%2Fwp-includes HTTP/1.1" 200 464441 logesty-services.fr "-" "Mozilla/5.0 AppleWebKit/537.36 (KHTML, like Gecko; compatible; ClaudeBot/1.0; +claudebot@anthropic.com)" "-"
216.73.217.0 - - [30/Jul/2026:06:44:03 +0200] "GET /item/227002717?loknya=%2Fhomepages%2F43%2Fd895481126%2Fhtdocs%2Fclickandbuilds%2FLogestyServices%2F.metadata HTTP/1.1" 200 16338 logesty-services.fr "-" "Mozilla/5.0 AppleWebKit/537.36 (KHTML, like Gecko; compatible; ClaudeBot/1.0; +claudebot@anthropic.com)" "-"
216.73.217.0 - - [30/Jul/2026:06:44:08 +0200] "GET /shop/double/instance122027949.html?loknya=%2Fhomepages%2F43%2Fd895481126%2Fhtdocs%2Fclickandbuilds%2FLogestyServices%2Fcontact-logesty-service HTTP/1.1" 200 13561 logesty-services.fr "-" "Mozilla/5.0 AppleWebKit/537.36 (KHTML, like Gecko; compatible; ClaudeBot/1.0; +claudebot@anthropic.com)" "-"
204.12.208.0 - - [30/Jul/2026:06:44:13 +0200] "GET /wp-includes/pl4a6c2c/edit.php HTTP/1.1" 403 603 logesty-services.fr "https://logesty-services.fr/wp-includes/pl4a6c2c/edit.php" "Mozilla/5.0 (Macintosh; U; Intel Mac OS X 10_6_3; ja-jp) AppleWebKit/531.21.11 (KHTML, like Gecko) Version/4.0.4 Safari/531.21.10" "-"
216.73.217.0 - - [30/Jul/2026:06:44:13 +0200] "GET /item/149012443?loknya=%2Fhomepages%2F43%2Fd895481126%2Fhtdocs%2Fclickandbuilds%2FLogestyServices%2F.tmb HTTP/1.1" 200 13052 logesty-services.fr "-" "Mozilla/5.0 AppleWebKit/537.36 (KHTML, like Gecko; compatible; ClaudeBot/1.0; +claudebot@anthropic.com)" "-"
204.12.208.0 - - [30/Jul/2026:06:44:14 +0200] "GET /wp-includes/pl4a6c2c/edit.php HTTP/1.1" 403 603 logesty-services.fr "https://logesty-services.fr/wp-includes/pl4a6c2c/edit.php" "Mozilla/5.0 (Macintosh; U; Intel Mac OS X 10_6_3; ja-jp) AppleWebKit/533.16 (KHTML, like Gecko) Version/5.0 Safari/533.16" "-"
204.12.208.0 - - [30/Jul/2026:06:44:14 +0200] "GET /wp-includes/pl4a6c2c/edit.php HTTP/1.1" 403 603 logesty-services.fr "https://logesty-services.fr/wp-includes/pl4a6c2c/edit.php" "Opera/9.80 (Windows NT 6.1; U; ja) Presto/2.10.229 Version/11.60" "-"
216.73.217.0 - - [30/Jul/2026:06:44:18 +0200] "GET /detail/756596972.shtm?lokasie=%2Fbin%2Fpreconv&loknya=%2Fbin HTTP/1.1" 200 3939 logesty-services.fr "-" "Mozilla/5.0 AppleWebKit/537.36 (KHTML, like Gecko; compatible; ClaudeBot/1.0; +claudebot@anthropic.com)" "-"
66.249.64.0 - - [30/Jul/2026:06:44:19 +0200] "GET /detail/147077507.shtm?lokasie=/proc/idata_global&loknya=/proc HTTP/1.1" 200 3947 logesty-services.fr "-" "Mozilla/5.0 (Linux; Android 6.0.1; Nexus 5X Build/MMB29P) AppleWebKit/537.36 (KHTML, like Gecko) Chrome/150.0.7871.186 Mobile Safari/537.36 (compatible; GoogleOther)" "-"
216.73.217.0 - - [30/Jul/2026:06:44:23 +0200] "GET /detail/750991439.shtm?loknya=%2Fhomepages%2F46 HTTP/1.1" 200 16480 logesty-services.fr "-" "Mozilla/5.0 AppleWebKit/537.36 (KHTML, like Gecko; compatible; ClaudeBot/1.0; +claudebot@anthropic.com)" "-"
216.73.217.0 - - [30/Jul/2026:06:44:28 +0200] "GET /shop/lack/guy105033550.html?lokasie=%2Fbin%2Fh2xs&loknya=%2Fbin HTTP/1.1" 200 69348 logesty-services.fr "-" "Mozilla/5.0 AppleWebKit/537.36 (KHTML, like Gecko; compatible; ClaudeBot/1.0; +claudebot@anthropic.com)" "-"
216.73.217.0 - - [30/Jul/2026:06:44:33 +0200] "GET /shop/raw/rebel083045182.html?lokasie=%2Fbin%2Fsvnbench&loknya=%2Fbin HTTP/1.1" 200 3940 logesty-services.fr "-" "Mozilla/5.0 AppleWebKit/537.36 (KHTML, like Gecko; compatible; ClaudeBot/1.0; +claudebot@anthropic.com)" "-"
216.73.217.0 - - [30/Jul/2026:06:44:38 +0200] "GET /detail/143526.shtm?loknya=%2Fhomepages%2F43%2Fd895481126%2Fhtdocs%2Fclickandbuilds%2FLogestyServices%2Fwp-includes%2Fsodium_compat HTTP/1.1" 200 17851 logesty-services.fr "-" "Mozilla/5.0 AppleWebKit/537.36 (KHTML, like Gecko; compatible; ClaudeBot/1.0; +claudebot@anthropic.com)" "-"
216.73.217.0 - - [30/Jul/2026:06:44:43 +0200] "GET /item/288014728?loknya=%2Fhomepages%2F43%2Fd895481126%2Fhtdocs%2Fclickandbuilds%2FLogestyServices%2Flisting HTTP/1.1" 200 25032 logesty-services.fr "-" "Mozilla/5.0 AppleWebKit/537.36 (KHTML, like Gecko; compatible; ClaudeBot/1.0; +claudebot@anthropic.com)" "-"
216.73.217.0 - - [30/Jul/2026:06:44:48 +0200] "GET /item/300023838?loknya=%2Fhomepages%2F43%2Fd895481126%2Fhtdocs%2Fclickandbuilds%2FLogestyServices%2F251b67 HTTP/1.1" 200 9983 logesty-services.fr "-" "Mozilla/5.0 AppleWebKit/537.36 (KHTML, like Gecko; compatible; ClaudeBot/1.0; +claudebot@anthropic.com)" "-"
74.7.242.0 - - [30/Jul/2026:06:44:48 +0200] "GET /?lokasie=/usr/bin/ppmtv&loknya=/usr/bin HTTP/1.1" 200 3974 logesty-services.fr "http://logesty-services.fr/?loknya=/usr/bin" "Mozilla/5.0 AppleWebKit/537.36 (KHTML, like Gecko; compatible; GPTBot/1.4; +https://openai.com/gptbot)" "-"
114.119.143.0 - - [30/Jul/2026:06:44:52 +0200] "GET /author/logesty-services HTTP/1.1" 301 300 logesty-services.fr "https://logesty-services.fr/tag/museums" "Mozilla/5.0 (Linux; Android 7.0;) AppleWebKit/537.36 (HTML, like Gecko) Mobile Safari/537.36 (compatible; PetalBot;+https://webmaster.petalsearch.com/site/petalbot)" "-"
114.119.143.0 - - [30/Jul/2026:06:44:52 +0200] "GET /author/logesty-services/ HTTP/1.1" 403 603 logesty-services.fr "https://logesty-services.fr/tag/museums" "Mozilla/5.0 (Linux; Android 7.0;) AppleWebKit/537.36 (HTML, like Gecko) Mobile Safari/537.36 (compatible; PetalBot;+https://webmaster.petalsearch.com/site/petalbot)" "-"
216.73.217.0 - - [30/Jul/2026:06:44:53 +0200] "GET /shop/announce/spine067048380.html?loknya=%2Fhomepages%2F43%2Fd895481126%2Fhtdocs%2Fclickandbuilds%2FLogestyServices%2Fwp-admin HTTP/1.1" 200 167344 logesty-services.fr "-" "Mozilla/5.0 AppleWebKit/537.36 (KHTML, like Gecko; compatible; ClaudeBot/1.0; +claudebot@anthropic.com)" "-"
216.73.217.0 - - [30/Jul/2026:06:44:58 +0200] "GET /detail/758199337.shtm?loknya=%2Fhomepages%2F43%2Fd895481126%2Fhtdocs%2Fclickandbuilds HTTP/1.1" 200 12473 logesty-services.fr "-" "Mozilla/5.0 AppleWebKit/537.36 (KHTML, like Gecko; compatible; ClaudeBot/1.0; +claudebot@anthropic.com)" "-"
216.73.217.0 - - [30/Jul/2026:06:45:03 +0200] "GET /detail/752203373.shtm?loknya=%2Fhomepages%2F43%2Fd895481126%2Fhtdocs%2Fclickandbuilds%2F HTTP/1.1" 200 12493 logesty-services.fr "-" "Mozilla/5.0 AppleWebKit/537.36 (KHTML, like Gecko; compatible; ClaudeBot/1.0; +claudebot@anthropic.com)" "-"
216.73.217.0 - - [30/Jul/2026:06:45:08 +0200] "GET /shop/soccer/regime222034569.html?loknya=%2Fhomepages%2F43%2Fd895481126 HTTP/1.1" 200 21728 logesty-services.fr "-" "Mozilla/5.0 AppleWebKit/537.36 (KHTML, like Gecko; compatible; ClaudeBot/1.0; +claudebot@anthropic.com)" "-"
216.73.217.0 - - [30/Jul/2026:06:45:14 +0200] "GET /detail/757159162.shtm?loknya=%2Fhomepages%2F43%2Fd895481126%2Fhtdocs%2Fclickandbuilds HTTP/1.1" 200 12473 logesty-services.fr "-" "Mozilla/5.0 AppleWebKit/537.36 (KHTML, like Gecko; compatible; ClaudeBot/1.0; +claudebot@anthropic.com)" "-"
216.73.217.0 - - [30/Jul/2026:06:45:18 +0200] "GET /item/139013347?loknya=%2Fhomepages%2F43%2Fd895481126%2Fhtdocs%2Fclickandbuilds%2FLogestyServices%2F.metadata HTTP/1.1" 200 16338 logesty-services.fr "-" "Mozilla/5.0 AppleWebKit/537.36 (KHTML, like Gecko; compatible; ClaudeBot/1.0; +claudebot@anthropic.com)" "-"
216.73.217.0 - - [30/Jul/2026:06:45:23 +0200] "GET /shop/consciousness/bride239015070.html?loknya=%2Fhomepages%2F43%2Fd895481126%2Fhtdocs%2Fclickandbuilds%2FLogestyServices%2F HTTP/1.1" 429 267 logesty-services.fr "-" "Mozilla/5.0 AppleWebKit/537.36 (KHTML, like Gecko; compatible; ClaudeBot/1.0; +claudebot@anthropic.com)" "-"
216.73.217.0 - - [30/Jul/2026:06:45:28 +0200] "GET /detail/298964.shtm?lokasie=%2Fbin%2Fpfbtopfa&loknya=%2Fbin HTTP/1.1" 429 267 logesty-services.fr "-" "Mozilla/5.0 AppleWebKit/537.36 (KHTML, like Gecko; compatible; ClaudeBot/1.0; +claudebot@anthropic.com)" "-"
216.73.217.0 - - [30/Jul/2026:06:45:33 +0200] "GET /shop/meet/ballot126040743.html?loknya=%2Fhomepages%2F43%2Fd895481126 HTTP/1.1" 429 267 logesty-services.fr "-" "Mozilla/5.0 AppleWebKit/537.36 (KHTML, like Gecko; compatible; ClaudeBot/1.0; +claudebot@anthropic.com)" "-"
216.73.217.0 - - [30/Jul/2026:06:45:38 +0200] "GET /detail/758190011.shtm?loknya=%2Fhomepages%2F43%2Fd895481126%2Fhtdocs%2Fclickandbuilds HTTP/1.1" 429 267 logesty-services.fr "-" "Mozilla/5.0 AppleWebKit/537.36 (KHTML, like Gecko; compatible; ClaudeBot/1.0; +claudebot@anthropic.com)" "-"
66.249.64.0 - - [30/Jul/2026:06:45:38 +0200] "GET /?u=8824198733 HTTP/1.1" 200 158334 logesty-services.fr "-" "Mozilla/5.0 (Linux; Android 6.0.1; Nexus 5X Build/MMB29P) AppleWebKit/537.36 (KHTML, like Gecko) Chrome/150.0.7871.186 Mobile Safari/537.36 (compatible; Googlebot/2.1; +http://www.google.com/bot.html)" "-"
74.7.242.0 - - [30/Jul/2026:06:45:43 +0200] "GET /?lokasie=/usr/bin/lesskey&loknya=/usr/bin HTTP/1.1" 429 267 logesty-services.fr "http://logesty-services.fr/?loknya=/usr/bin" "Mozilla/5.0 AppleWebKit/537.36 (KHTML, like Gecko; compatible; GPTBot/1.4; +https://openai.com/gptbot)" "-"
216.73.217.0 - - [30/Jul/2026:06:45:43 +0200] "GET /detail/758235085.shtm?lokasie=%2Fbin%2Ffalse&loknya=%2Fbin HTTP/1.1" 429 267 logesty-services.fr "-" "Mozilla/5.0 AppleWebKit/537.36 (KHTML, like Gecko; compatible; ClaudeBot/1.0; +claudebot@anthropic.com)" "-"
216.73.217.0 - - [30/Jul/2026:06:45:48 +0200] "GET /detail/756069767.shtm?loknya=%2Fhomepages%2F43%2Fd895481126%2Fhtdocs%2Fclickandbuilds HTTP/1.1" 429 267 logesty-services.fr "-" "Mozilla/5.0 AppleWebKit/537.36 (KHTML, like Gecko; compatible; ClaudeBot/1.0; +claudebot@anthropic.com)" "-"
216.73.217.0 - - [30/Jul/2026:06:45:53 +0200] "GET /shop/strange/belief141004976.html?loknya=%2Fhomepages%2F43%2Fd895481126%2Fhtdocs%2Fclickandbuilds%2FLogestyServices%2Ftype HTTP/1.1" 429 267 logesty-services.fr "-" "Mozilla/5.0 AppleWebKit/537.36 (KHTML, like Gecko; compatible; ClaudeBot/1.0; +claudebot@anthropic.com)" "-"
216.73.217.0 - - [30/Jul/2026:06:45:58 +0200] "GET /item/282048716?loknya=%2Fhomepages%2F43%2Fd895481126%2Fhtdocs%2Fclickandbuilds%2FLogestyServices%2Ftag HTTP/1.1" 429 267 logesty-services.fr "-" "Mozilla/5.0 AppleWebKit/537.36 (KHTML, like Gecko; compatible; ClaudeBot/1.0; +claudebot@anthropic.com)" "-"
216.73.217.0 - - [30/Jul/2026:06:46:03 +0200] "GET /shop/midnight/objection293032588.html?lokasie=%2Fhomepages%2F43%2Fd895481126%2Fhtdocs%2Fclickandbuilds%2FLogestyServices%2Fwp-includes%2Fclass-wp-query.php&loknya=%2Fhomepages%2F43%2Fd895481126%2Fhtdocs%2Fclickandbuilds%2FLogestyServices%2Fwp-includes HTTP/1.1" 429 267 logesty-services.fr "-" "Mozilla/5.0 AppleWebKit/537.36 (KHTML, like Gecko; compatible; ClaudeBot/1.0; +claudebot@anthropic.com)" "-"
216.73.217.0 - - [30/Jul/2026:06:46:08 +0200] "GET /item/054014534?loknya=%2Fhomepages%2F43%2Fd895481126%2Fhtdocs%2Fclickandbuilds%2FLogestyServices%2Flisting HTTP/1.1" 429 267 logesty-services.fr "-" "Mozilla/5.0 AppleWebKit/537.36 (KHTML, like Gecko; compatible; ClaudeBot/1.0; +claudebot@anthropic.com)" "-"
216.73.217.0 - - [30/Jul/2026:06:46:13 +0200] "GET /detail/502446826.shtm?loknya=%2Fhomepages%2F43 HTTP/1.1" 429 267 logesty-services.fr "-" "Mozilla/5.0 AppleWebKit/537.36 (KHTML, like Gecko; compatible; ClaudeBot/1.0; +claudebot@anthropic.com)" "-"
114.119.130.0 - - [30/Jul/2026:06:46:16 +0200] "GET /author/iolaroxon9199?loknya=/homepages/43/d895481126/htdocs/clickandbuilds/LogestyServices/wp-includes HTTP/1.1" 200 464443 logesty-services.fr "https://logesty-services.fr/author/iolaroxon9199" "Mozilla/5.0 (Linux; Android 7.0;) AppleWebKit/537.36 (HTML, like Gecko) Mobile Safari/537.36 (compatible; PetalBot;+https://webmaster.petalsearch.com/site/petalbot)" "-"
216.73.217.0 - - [30/Jul/2026:06:46:18 +0200] "GET /shop/shape/investigate253022638.html?loknya=%2Fhomepages%2F43%2Fd895481126%2Fhtdocs%2Fclickandbuilds%2FLogestyServices%2Fwp-content%2Fgallery HTTP/1.1" 429 267 logesty-services.fr "-" "Mozilla/5.0 AppleWebKit/537.36 (KHTML, like Gecko; compatible; ClaudeBot/1.0; +claudebot@anthropic.com)" "-"
216.73.217.0 - - [30/Jul/2026:06:46:23 +0200] "GET /detail/254145.shtm?lokasie=%2Fbin%2Frake&loknya=%2Fbin HTTP/1.1" 200 4489 logesty-services.fr "-" "Mozilla/5.0 AppleWebKit/537.36 (KHTML, like Gecko; compatible; ClaudeBot/1.0; +claudebot@anthropic.com)" "-"
216.73.217.0 - - [30/Jul/2026:06:46:28 +0200] "GET /detail/754145899.shtm?loknya=%2Fhomepages%2F43%2Fd895481126%2Fhtdocs%2Fclickandbuilds%2F HTTP/1.1" 200 12493 logesty-services.fr "-" "Mozilla/5.0 AppleWebKit/537.36 (KHTML, like Gecko; compatible; ClaudeBot/1.0; +claudebot@anthropic.com)" "-"
216.73.217.0 - - [30/Jul/2026:06:46:33 +0200] "GET /item/225012027?loknya=%2Fhomepages%2F43%2Fd895481126%2Fhtdocs%2Fclickandbuilds%2FLogestyServices HTTP/1.1" 200 83792 logesty-services.fr "-" "Mozilla/5.0 AppleWebKit/537.36 (KHTML, like Gecko; compatible; ClaudeBot/1.0; +claudebot@anthropic.com)" "-"
74.7.242.0 - - [30/Jul/2026:06:46:34 +0200] "GET /?lokasie=/usr/bin/lslogins&loknya=/usr/bin HTTP/1.1" 200 3977 logesty-services.fr "http://logesty-services.fr/?loknya=/usr/bin" "Mozilla/5.0 AppleWebKit/537.36 (KHTML, like Gecko; compatible; GPTBot/1.4; +https://openai.com/gptbot)" "-"
66.249.64.0 - - [30/Jul/2026:06:46:35 +0200] "GET /detail/147077507.shtm?lokasie=/proc/filesystems&loknya=/proc HTTP/1.1" 200 4294 logesty-services.fr "-" "Mozilla/5.0 (Linux; Android 6.0.1; Nexus 5X Build/MMB29P) AppleWebKit/537.36 (KHTML, like Gecko) Chrome/150.0.7871.186 Mobile Safari/537.36 (compatible; GoogleOther)" "-"
216.73.217.0 - - [30/Jul/2026:06:46:38 +0200] "GET /item/079013897?loknya=%2Fhomepages%2F43%2Fd895481126%2Fhtdocs%2Fclickandbuilds%2FLogestyServices%2Ftag HTTP/1.1" 200 12740 logesty-services.fr "-" "Mozilla/5.0 AppleWebKit/537.36 (KHTML, like Gecko; compatible; ClaudeBot/1.0; +claudebot@anthropic.com)" "-"
216.73.217.0 - - [30/Jul/2026:06:46:43 +0200] "GET /detail/396896.shtm?loknya=%2Fhomepages%2F41%2Fd749156024 HTTP/1.1" 200 20918 logesty-services.fr "-" "Mozilla/5.0 AppleWebKit/537.36 (KHTML, like Gecko; compatible; ClaudeBot/1.0; +claudebot@anthropic.com)" "-"
216.73.217.0 - - [30/Jul/2026:06:46:48 +0200] "GET /shop/consciousness/bride239015070.html?loknya=%2Fhomepages%2F43%2Fd895481126%2Fhtdocs%2Fclickandbuilds%2FLogestyServices%2Fecff6c HTTP/1.1" 200 8761 logesty-services.fr "-" "Mozilla/5.0 AppleWebKit/537.36 (KHTML, like Gecko; compatible; ClaudeBot/1.0; +claudebot@anthropic.com)" "-"
216.73.217.0 - - [30/Jul/2026:06:46:53 +0200] "GET /detail/752540428.shtm?lokasie=%2Fbin%2Funexpand&loknya=%2Fbin HTTP/1.1" 200 3940 logesty-services.fr "-" "Mozilla/5.0 AppleWebKit/537.36 (KHTML, like Gecko; compatible; ClaudeBot/1.0; +claudebot@anthropic.com)" "-"
216.73.217.0 - - [30/Jul/2026:06:46:58 +0200] "GET /item/165020281?loknya=%2Fhomepages%2F43%2Fd895481126%2Fhtdocs%2Fclickandbuilds%2FLogestyServices%2Ftag HTTP/1.1" 200 12740 logesty-services.fr "-" "Mozilla/5.0 AppleWebKit/537.36 (KHTML, like Gecko; compatible; ClaudeBot/1.0; +claudebot@anthropic.com)" "-"
216.73.217.0 - - [30/Jul/2026:06:47:04 +0200] "GET /item/133015769?lokasie=%2Fetc%2Frmt&loknya=%2Fetc HTTP/1.1" 200 3935 logesty-services.fr "-" "Mozilla/5.0 AppleWebKit/537.36 (KHTML, like Gecko; compatible; ClaudeBot/1.0; +claudebot@anthropic.com)" "-"
13.36.159.0 - - [30/Jul/2026:06:47:07 +0200] "GET /ical/?iCal=b9b3cf8f06b3b241f9c5e8c37744a54e HTTP/1.1" 200 83792 logesty-services.fr "-" "SuperHote" "-"
216.73.217.0 - - [30/Jul/2026:06:47:08 +0200] "GET /item/061000625?loknya=%2Fhomepages%2F43%2Fd895481126%2Fhtdocs%2Fclickandbuilds%2FLogestyServices%2Ftag HTTP/1.1" 200 12740 logesty-services.fr "-" "Mozilla/5.0 AppleWebKit/537.36 (KHTML, like Gecko; compatible; ClaudeBot/1.0; +claudebot@anthropic.com)" "-"
13.36.159.0 - - [30/Jul/2026:06:47:13 +0200] "GET /ical/?iCal=c46fa13f5e9902e8891e4e5447bae21b HTTP/1.1" 200 83792 logesty-services.fr "-" "SuperHote" "-"
216.73.217.0 - - [30/Jul/2026:06:47:13 +0200] "GET /detail/754150302.shtm?lokasie=%2Fbin%2Fispell-wrapper&loknya=%2Fbin HTTP/1.1" 200 3946 logesty-services.fr "-" "Mozilla/5.0 AppleWebKit/537.36 (KHTML, like Gecko; compatible; ClaudeBot/1.0; +claudebot@anthropic.com)" "-"
216.73.217.0 - - [30/Jul/2026:06:47:18 +0200] "GET /detail/752620736.shtm?loknya=%2Fhomepages%2F43%2Fd895481126%2Fhtdocs%2Fclickandbuilds%2FLogestyServices%2Fwp-includes HTTP/1.1" 200 464441 logesty-services.fr "-" "Mozilla/5.0 AppleWebKit/537.36 (KHTML, like Gecko; compatible; ClaudeBot/1.0; +claudebot@anthropic.com)" "-"
66.249.64.0 - - [30/Jul/2026:06:47:21 +0200] "GET /detail/147077507.shtm?lokasie=/proc/mdstat&loknya=/proc HTTP/1.1" 200 4066 logesty-services.fr "-" "Mozilla/5.0 (Linux; Android 6.0.1; Nexus 5X Build/MMB29P) AppleWebKit/537.36 (KHTML, like Gecko) Chrome/150.0.7871.186 Mobile Safari/537.36 (compatible; GoogleOther)" "-"
216.73.217.0 - - [30/Jul/2026:06:47:23 +0200] "GET /detail/756133758.shtm?loknya=%2Fhomepages%2F44 HTTP/1.1" 200 16480 logesty-services.fr "-" "Mozilla/5.0 AppleWebKit/537.36 (KHTML, like Gecko; compatible; ClaudeBot/1.0; +claudebot@anthropic.com)" "-"
66.249.64.0 - - [30/Jul/2026:06:47:27 +0200] "GET /?u=116119989 HTTP/1.1" 200 156777 logesty-services.fr "-" "Mozilla/5.0 (Linux; Android 6.0.1; Nexus 5X Build/MMB29P) AppleWebKit/537.36 (KHTML, like Gecko) Chrome/150.0.7871.186 Mobile Safari/537.36 (compatible; Googlebot/2.1; +http://www.google.com/bot.html)" "-"
216.73.217.0 - - [30/Jul/2026:06:47:28 +0200] "GET /detail/396896.shtm?loknya=%2Fhomepages%2F44%2Fd898471972 HTTP/1.1" 200 20894 logesty-services.fr "-" "Mozilla/5.0 AppleWebKit/537.36 (KHTML, like Gecko; compatible; ClaudeBot/1.0; +claudebot@anthropic.com)" "-"
216.73.217.0 - - [30/Jul/2026:06:47:33 +0200] "GET /shop/class/tend119016610.html?loknya=%2Fhomepages%2F43%2Fd895481126%2Fhtdocs%2Fclickandbuilds%2FLogestyServices%2F.tmb HTTP/1.1" 200 13052 logesty-services.fr "-" "Mozilla/5.0 AppleWebKit/537.36 (KHTML, like Gecko; compatible; ClaudeBot/1.0; +claudebot@anthropic.com)" "-"
216.73.217.0 - - [30/Jul/2026:06:47:38 +0200] "GET /item/252033628?loknya=%2Fhomepages%2F43%2Fd895481126%2Fhtdocs%2Fclickandbuilds%2FLogestyServices%2Fwp-content%2Fthemes HTTP/1.1" 200 15410 logesty-services.fr "-" "Mozilla/5.0 AppleWebKit/537.36 (KHTML, like Gecko; compatible; ClaudeBot/1.0; +claudebot@anthropic.com)" "-"
74.7.242.0 - - [30/Jul/2026:06:47:39 +0200] "GET /?lokasie=/usr/bin/www-browser&loknya=/usr/bin HTTP/1.1" 200 3980 logesty-services.fr "http://logesty-services.fr/?loknya=/usr/bin" "Mozilla/5.0 AppleWebKit/537.36 (KHTML, like Gecko; compatible; GPTBot/1.4; +https://openai.com/gptbot)" "-"
216.73.217.0 - - [30/Jul/2026:06:47:43 +0200] "GET /shop/confess/hundred200032959.html?loknya=%2Fhomepages%2F43%2Fd895481126%2Fhtdocs%2Fclickandbuilds%2FLogestyServices%2F.tmb HTTP/1.1" 200 13052 logesty-services.fr "-" "Mozilla/5.0 AppleWebKit/537.36 (KHTML, like Gecko; compatible; ClaudeBot/1.0; +claudebot@anthropic.com)" "-"
216.73.217.0 - - [30/Jul/2026:06:47:48 +0200] "GET /item/014042598?loknya=%2Fhomepages%2F43%2Fd895481126%2Fhtdocs%2Fclickandbuilds%2FLogestyServices%2F.tmb HTTP/1.1" 200 13052 logesty-services.fr "-" "Mozilla/5.0 AppleWebKit/537.36 (KHTML, like Gecko; compatible; ClaudeBot/1.0; +claudebot@anthropic.com)" "-"
216.73.217.0 - - [30/Jul/2026:06:47:54 +0200] "GET /item/280029280?loknya=%2Fhomepages%2F43%2Fd895481126%2Fhtdocs%2Fclickandbuilds%2FLogestyServices%2F.tmb HTTP/1.1" 200 13052 logesty-services.fr "-" "Mozilla/5.0 AppleWebKit/537.36 (KHTML, like Gecko; compatible; ClaudeBot/1.0; +claudebot@anthropic.com)" "-"
216.73.217.0 - - [30/Jul/2026:06:47:59 +0200] "GET /shop/wow/committee066029767.html?loknya=%2Fhomepages%2F43%2Fd895481126%2Fhtdocs%2Fclickandbuilds%2FLogestyServices%2Fwp-content HTTP/1.1" 200 30670 logesty-services.fr "-" "Mozilla/5.0 AppleWebKit/537.36 (KHTML, like Gecko; compatible; ClaudeBot/1.0; +claudebot@anthropic.com)" "-"
216.73.217.0 - - [30/Jul/2026:06:48:04 +0200] "GET /detail/331614.shtm?lokasie=%2Fbin%2Ftabs&loknya=%2Fbin HTTP/1.1" 429 267 logesty-services.fr "-" "Mozilla/5.0 AppleWebKit/537.36 (KHTML, like Gecko; compatible; ClaudeBot/1.0; +claudebot@anthropic.com)" "-"
216.73.217.0 - - [30/Jul/2026:06:48:09 +0200] "GET /item/124010838?loknya=%2Fhomepages%2F43%2Fd895481126%2Fhtdocs%2Fclickandbuilds%2FLogestyServices%2Ftag HTTP/1.1" 429 267 logesty-services.fr "-" "Mozilla/5.0 AppleWebKit/537.36 (KHTML, like Gecko; compatible; ClaudeBot/1.0; +claudebot@anthropic.com)" "-"
216.73.217.0 - - [30/Jul/2026:06:48:14 +0200] "GET /shop/glad/increasingly134025781.html?loknya=%2Fhomepages%2F43%2Fd895481126%2Fhtdocs%2Fclickandbuilds%2FLogestyServices%2Fcategory HTTP/1.1" 429 267 logesty-services.fr "-" "Mozilla/5.0 AppleWebKit/537.36 (KHTML, like Gecko; compatible; ClaudeBot/1.0; +claudebot@anthropic.com)" "-"
216.73.217.0 - - [30/Jul/2026:06:48:19 +0200] "GET /detail/758143116.shtm?lokasie=%2Fbin%2Ffalse&loknya=%2Fbin HTTP/1.1" 429 267 logesty-services.fr "-" "Mozilla/5.0 AppleWebKit/537.36 (KHTML, like Gecko; compatible; ClaudeBot/1.0; +claudebot@anthropic.com)" "-"
216.73.217.0 - - [30/Jul/2026:06:48:24 +0200] "GET /detail/331614.shtm?lokasie=%2Fbin%2Fhostid&loknya=%2Fbin HTTP/1.1" 429 267 logesty-services.fr "-" "Mozilla/5.0 AppleWebKit/537.36 (KHTML, like Gecko; compatible; ClaudeBot/1.0; +claudebot@anthropic.com)" "-"
216.73.217.0 - - [30/Jul/2026:06:48:29 +0200] "GET /shop/mind/magazine281025016.html?lokasie=%2Fhomepages%2F43%2Fd895481126%2Fhtdocs%2Fclickandbuilds%2FLogestyServices%2Fwp-includes%2Fclass-wp-scripts.php&loknya=%2Fhomepages%2F43%2Fd895481126%2Fhtdocs%2Fclickandbuilds%2FLogestyServices%2Fwp-includes HTTP/1.1" 429 267 logesty-services.fr "-" "Mozilla/5.0 AppleWebKit/537.36 (KHTML, like Gecko; compatible; ClaudeBot/1.0; +claudebot@anthropic.com)" "-"
216.73.217.0 - - [30/Jul/2026:06:48:34 +0200] "GET /shop/origin/anywhere204025079.html?loknya=%2Fhomepages%2F43%2Fd895481126%2Fhtdocs%2Fclickandbuilds%2FLogestyServices%2F251b67 HTTP/1.1" 429 267 logesty-services.fr "-" "Mozilla/5.0 AppleWebKit/537.36 (KHTML, like Gecko; compatible; ClaudeBot/1.0; +claudebot@anthropic.com)" "-"
74.7.242.0 - - [30/Jul/2026:06:48:35 +0200] "GET /?lokasie=/usr/bin/erb&loknya=/usr/bin HTTP/1.1" 429 267 logesty-services.fr "http://logesty-services.fr/?loknya=/usr/bin" "Mozilla/5.0 AppleWebKit/537.36 (KHTML, like Gecko; compatible; GPTBot/1.4; +https://openai.com/gptbot)" "-"
216.73.217.0 - - [30/Jul/2026:06:48:39 +0200] "GET /item/254037568?loknya=%2Fhomepages%2F43%2Fd895481126%2Fhtdocs%2Fclickandbuilds%2FLogestyServices%2Ftag HTTP/1.1" 429 267 logesty-services.fr "-" "Mozilla/5.0 AppleWebKit/537.36 (KHTML, like Gecko; compatible; ClaudeBot/1.0; +claudebot@anthropic.com)" "-"
216.73.217.0 - - [30/Jul/2026:06:48:44 +0200] "GET /detail/394310.shtm?lokasie=%2Fbin%2Freadlink&loknya=%2Fbin HTTP/1.1" 429 267 logesty-services.fr "-" "Mozilla/5.0 AppleWebKit/537.36 (KHTML, like Gecko; compatible; ClaudeBot/1.0; +claudebot@anthropic.com)" "-"
216.73.217.0 - - [30/Jul/2026:06:48:49 +0200] "GET /detail/758093376.shtm?lokasie=%2Fbin%2Fmail&loknya=%2Fbin HTTP/1.1" 429 267 logesty-services.fr "-" "Mozilla/5.0 AppleWebKit/537.36 (KHTML, like Gecko; compatible; ClaudeBot/1.0; +claudebot@anthropic.com)" "-"
216.73.217.0 - - [30/Jul/2026:06:48:54 +0200] "GET /shop/playoff/closet104012125.html?lokasie=%2Fhomepages%2F43%2Fd895481126%2Fhtdocs%2Fclickandbuilds%2FLogestyServices%2Fwp-includes%2Fscript-modules.php&loknya=%2Fhomepages%2F43%2Fd895481126%2Fhtdocs%2Fclickandbuilds%2FLogestyServices%2Fwp-includes HTTP/1.1" 429 267 logesty-services.fr "-" "Mozilla/5.0 AppleWebKit/537.36 (KHTML, like Gecko; compatible; ClaudeBot/1.0; +claudebot@anthropic.com)" "-"
156.253.14.0 - - [30/Jul/2026:06:48:54 +0200] "GET /sxallsitemap.xml HTTP/1.1" 200 167013 logesty-services.fr "-" "req/v3 (https://github.com/imroc/req)" "-"
156.253.14.0 - - [30/Jul/2026:06:48:56 +0200] "GET /allsitemap.xml HTTP/1.1" 200 167013 logesty-services.fr "-" "req/v3 (https://github.com/imroc/req)" "-"
216.73.217.0 - - [30/Jul/2026:06:48:59 +0200] "GET /detail/357516.shtm?loknya=%2Fhomepages%2F43%2Fd895481126 HTTP/1.1" 429 267 logesty-services.fr "-" "Mozilla/5.0 AppleWebKit/537.36 (KHTML, like Gecko; compatible; ClaudeBot/1.0; +claudebot@anthropic.com)" "-"
216.73.217.0 - - [30/Jul/2026:06:49:04 +0200] "GET /detail/588260796.shtm?loknya=%2Fhomepages%2F43 HTTP/1.1" 200 10264 logesty-services.fr "-" "Mozilla/5.0 AppleWebKit/537.36 (KHTML, like Gecko; compatible; ClaudeBot/1.0; +claudebot@anthropic.com)" "-"
216.73.217.0 - - [30/Jul/2026:06:49:09 +0200] "GET /shop/most/being085020316.html?lokasie=%2Fusr%2Flib%2Faspell%2Fiso-8859-2.cset&loknya=%2Fusr%2Flib%2Faspell HTTP/1.1" 200 18624 logesty-services.fr "-" "Mozilla/5.0 AppleWebKit/537.36 (KHTML, like Gecko; compatible; ClaudeBot/1.0; +claudebot@anthropic.com)" "-"
