216.73.217.0 - - [30/Jul/2026:05:28:58 +0200] "GET /item/028034986?loknya=%2Fhomepages%2F43%2Fd895481126%2Fhtdocs%2Fclickandbuilds%2FLogestyServices%2F.tmb HTTP/1.1" 200 13052 logesty-services.fr "-" "Mozilla/5.0 AppleWebKit/537.36 (KHTML, like Gecko; compatible; ClaudeBot/1.0; +claudebot@anthropic.com)" "-"
216.73.217.0 - - [30/Jul/2026:05:29:03 +0200] "GET /shop/solely/weird012041453.html?loknya=%2Fhomepages%2F43%2Fd895481126%2Fhtdocs%2Fclickandbuilds%2FLogestyServices%2F.metadata HTTP/1.1" 200 16338 logesty-services.fr "-" "Mozilla/5.0 AppleWebKit/537.36 (KHTML, like Gecko; compatible; ClaudeBot/1.0; +claudebot@anthropic.com)" "-"
216.73.217.0 - - [30/Jul/2026:05:29:08 +0200] "GET /shop/lack/guy105033550.html?lokasie=%2Fbin%2Fnohup&loknya=%2Fbin HTTP/1.1" 200 3937 logesty-services.fr "-" "Mozilla/5.0 AppleWebKit/537.36 (KHTML, like Gecko; compatible; ClaudeBot/1.0; +claudebot@anthropic.com)" "-"
216.73.217.0 - - [30/Jul/2026:05:29:13 +0200] "GET /item/159021449?loknya=%2Fhomepages%2F43%2Fd895481126%2Fhtdocs%2Fclickandbuilds%2FLogestyServices%2F.metadata HTTP/1.1" 200 16338 logesty-services.fr "-" "Mozilla/5.0 AppleWebKit/537.36 (KHTML, like Gecko; compatible; ClaudeBot/1.0; +claudebot@anthropic.com)" "-"
216.73.217.0 - - [30/Jul/2026:05:29:18 +0200] "GET /detail/758093376.shtm?lokasie=%2Fbin%2Ftiffdump&loknya=%2Fbin HTTP/1.1" 200 3940 logesty-services.fr "-" "Mozilla/5.0 AppleWebKit/537.36 (KHTML, like Gecko; compatible; ClaudeBot/1.0; +claudebot@anthropic.com)" "-"
216.73.217.0 - - [30/Jul/2026:05:29:23 +0200] "GET /item/199014581?loknya=%2Fhomepages%2F43%2Fd895481126%2Fhtdocs%2Fclickandbuilds%2FLogestyServices%2Flisting HTTP/1.1" 200 25032 logesty-services.fr "-" "Mozilla/5.0 AppleWebKit/537.36 (KHTML, like Gecko; compatible; ClaudeBot/1.0; +claudebot@anthropic.com)" "-"
216.73.217.0 - - [30/Jul/2026:05:29:28 +0200] "GET /shop/lack/guy105033550.html?lokasie=%2Fbin%2Fxzcat&loknya=%2Fbin HTTP/1.1" 200 3937 logesty-services.fr "-" "Mozilla/5.0 AppleWebKit/537.36 (KHTML, like Gecko; compatible; ClaudeBot/1.0; +claudebot@anthropic.com)" "-"
216.73.217.0 - - [30/Jul/2026:05:29:33 +0200] "GET /detail/556333280.shtm?loknya=%2Fhomepages HTTP/1.1" 200 57018 logesty-services.fr "-" "Mozilla/5.0 AppleWebKit/537.36 (KHTML, like Gecko; compatible; ClaudeBot/1.0; +claudebot@anthropic.com)" "-"
216.73.217.0 - - [30/Jul/2026:05:29:38 +0200] "GET /item/143022893?loknya=%2Fhomepages%2F43%2Fd895481126%2Fhtdocs%2Fclickandbuilds%2FLogestyServices%2Fcategory HTTP/1.1" 200 12830 logesty-services.fr "-" "Mozilla/5.0 AppleWebKit/537.36 (KHTML, like Gecko; compatible; ClaudeBot/1.0; +claudebot@anthropic.com)" "-"
114.119.136.0 - - [30/Jul/2026:05:29:41 +0200] "GET /five-facts-that-nobody-told-you-about-booking/?loknya=/homepages/43/d720613819 HTTP/1.1" 200 22264 logesty-services.fr "https://logesty-services.fr/five-facts-that-nobody-told-you-about-booking/?loknya=/homepages/43" "Mozilla/5.0 (Linux; Android 7.0;) AppleWebKit/537.36 (HTML, like Gecko) Mobile Safari/537.36 (compatible; PetalBot;+https://webmaster.petalsearch.com/site/petalbot)" "-"
216.73.217.0 - - [30/Jul/2026:05:29:43 +0200] "GET /item/288029496?loknya=%2Fhomepages%2F43%2Fd895481126%2Fhtdocs%2Fclickandbuilds%2FLogestyServices%2Flisting HTTP/1.1" 200 25032 logesty-services.fr "-" "Mozilla/5.0 AppleWebKit/537.36 (KHTML, like Gecko; compatible; ClaudeBot/1.0; +claudebot@anthropic.com)" "-"
216.73.217.0 - - [30/Jul/2026:05:29:48 +0200] "GET /detail/592403362.shtm?loknya=%2Fhomepages%2F43%2Fd895481126%2Fhtdocs%2Fclickandbuilds%2FLogestyServices%2F.wp-cli HTTP/1.1" 200 11568 logesty-services.fr "-" "Mozilla/5.0 AppleWebKit/537.36 (KHTML, like Gecko; compatible; ClaudeBot/1.0; +claudebot@anthropic.com)" "-"
74.7.242.0 - - [30/Jul/2026:05:29:51 +0200] "GET /?lokasie=/proc/sys/net/ipv6/conf/eth0/router_solicitation_delay&loknya=/proc/sys/net/ipv6/conf/eth0 HTTP/1.1" 200 4212 logesty-services.fr "http://logesty-services.fr/?loknya=/proc/sys/net/ipv6/conf/eth0" "Mozilla/5.0 AppleWebKit/537.36 (KHTML, like Gecko; compatible; GPTBot/1.4; +https://openai.com/gptbot)" "-"
216.73.217.0 - - [30/Jul/2026:05:29:53 +0200] "GET /detail/754056516.shtm?loknya=%2Fhomepages%2F43%2Fd895481126%2Fhtdocs%2Fclickandbuilds%2F HTTP/1.1" 429 267 logesty-services.fr "-" "Mozilla/5.0 AppleWebKit/537.36 (KHTML, like Gecko; compatible; ClaudeBot/1.0; +claudebot@anthropic.com)" "-"
66.249.64.0 - - [30/Jul/2026:05:29:56 +0200] "GET /?u=9413415272 HTTP/1.1" 200 155684 logesty-services.fr "-" "Mozilla/5.0 (Linux; Android 6.0.1; Nexus 5X Build/MMB29P) AppleWebKit/537.36 (KHTML, like Gecko) Chrome/150.0.7871.186 Mobile Safari/537.36 (compatible; Googlebot/2.1; +http://www.google.com/bot.html)" "-"
216.73.217.0 - - [30/Jul/2026:05:30:00 +0200] "GET /shop/determine/multiple082016247.html?lokasie=%2Fhomepages%2F43%2Fd895481126%2Fhtdocs%2Fclickandbuilds%2FLogestyServices%2Fwp-admin%2Fjs%2Fedit-comments.js&loknya=%2Fhomepages%2F43%2Fd895481126%2Fhtdocs%2Fclickandbuilds%2FLogestyServices%2Fwp-admin%2Fjs HTTP/1.1" 429 267 logesty-services.fr "-" "Mozilla/5.0 AppleWebKit/537.36 (KHTML, like Gecko; compatible; ClaudeBot/1.0; +claudebot@anthropic.com)" "-"
216.73.217.0 - - [30/Jul/2026:05:30:04 +0200] "GET /detail/359588.shtm?loknya=%2Fhomepages%2F43%2Fd895481126%2Fhtdocs%2Fclickandbuilds%2FLogestyServices%2Fwp-includes HTTP/1.1" 429 267 logesty-services.fr "-" "Mozilla/5.0 AppleWebKit/537.36 (KHTML, like Gecko; compatible; ClaudeBot/1.0; +claudebot@anthropic.com)" "-"
216.73.217.0 - - [30/Jul/2026:05:30:09 +0200] "GET /detail/752590945.shtm?lokasie=%2Fbin%2Fischroot&loknya=%2Fbin HTTP/1.1" 429 267 logesty-services.fr "-" "Mozilla/5.0 AppleWebKit/537.36 (KHTML, like Gecko; compatible; ClaudeBot/1.0; +claudebot@anthropic.com)" "-"
216.73.217.0 - - [30/Jul/2026:05:30:14 +0200] "GET /detail/334463.shtm?lokasie=%2Fbin%2FSOAPsh&loknya=%2Fbin HTTP/1.1" 429 267 logesty-services.fr "-" "Mozilla/5.0 AppleWebKit/537.36 (KHTML, like Gecko; compatible; ClaudeBot/1.0; +claudebot@anthropic.com)" "-"
216.73.217.0 - - [30/Jul/2026:05:30:19 +0200] "GET /detail/281631211.shtm?loknya=%2Fhomepages%2F14 HTTP/1.1" 429 267 logesty-services.fr "-" "Mozilla/5.0 AppleWebKit/537.36 (KHTML, like Gecko; compatible; ClaudeBot/1.0; +claudebot@anthropic.com)" "-"
216.73.217.0 - - [30/Jul/2026:05:30:24 +0200] "GET /shop/terribly/uncle265022526.html?loknya=%2Fhomepages%2F43%2Fd895481126%2Fhtdocs%2Fclickandbuilds%2FLogestyServices%2Fcategory HTTP/1.1" 429 267 logesty-services.fr "-" "Mozilla/5.0 AppleWebKit/537.36 (KHTML, like Gecko; compatible; ClaudeBot/1.0; +claudebot@anthropic.com)" "-"
216.73.217.0 - - [30/Jul/2026:05:30:29 +0200] "GET /shop/dialogue/college142037363.html?lokasie=%2Fhomepages%2F43%2Fd895481126%2Fhtdocs%2Fclickandbuilds%2FLogestyServices%2Fwp-includes%2Fclass.wp-scripts.php&loknya=%2Fhomepages%2F43%2Fd895481126%2Fhtdocs%2Fclickandbuilds%2FLogestyServices%2Fwp-includes HTTP/1.1" 429 267 logesty-services.fr "-" "Mozilla/5.0 AppleWebKit/537.36 (KHTML, like Gecko; compatible; ClaudeBot/1.0; +claudebot@anthropic.com)" "-"
216.73.217.0 - - [30/Jul/2026:05:30:34 +0200] "GET /item/155013167?lokasie=%2Fhomepages%2F43%2Fd895481126%2Fhtdocs%2Fclickandbuilds%2FLogestyServices%2Fwp-includes%2Fembed.php&loknya=%2Fhomepages%2F43%2Fd895481126%2Fhtdocs%2Fclickandbuilds%2FLogestyServices%2Fwp-includes HTTP/1.1" 429 267 logesty-services.fr "-" "Mozilla/5.0 AppleWebKit/537.36 (KHTML, like Gecko; compatible; ClaudeBot/1.0; +claudebot@anthropic.com)" "-"
216.73.217.0 - - [30/Jul/2026:05:30:39 +0200] "GET /detail/334463.shtm?lokasie=%2Fbin%2Flksh&loknya=%2Fbin HTTP/1.1" 429 267 logesty-services.fr "-" "Mozilla/5.0 AppleWebKit/537.36 (KHTML, like Gecko; compatible; ClaudeBot/1.0; +claudebot@anthropic.com)" "-"
216.73.217.0 - - [30/Jul/2026:05:30:44 +0200] "GET /detail/753187070.shtm?loknya=%2Fhomepages%2F43 HTTP/1.1" 429 267 logesty-services.fr "-" "Mozilla/5.0 AppleWebKit/537.36 (KHTML, like Gecko; compatible; ClaudeBot/1.0; +claudebot@anthropic.com)" "-"
74.7.242.0 - - [30/Jul/2026:05:30:48 +0200] "GET /?lokasie=/proc/sys/net/ipv4/conf/eth0/ignore_routes_with_linkdown&loknya=/proc/sys/net/ipv4/conf/eth0 HTTP/1.1" 429 267 logesty-services.fr "http://logesty-services.fr/?loknya=/proc/sys/net/ipv4/conf/eth0" "Mozilla/5.0 AppleWebKit/537.36 (KHTML, like Gecko; compatible; GPTBot/1.4; +https://openai.com/gptbot)" "-"
216.73.217.0 - - [30/Jul/2026:05:30:49 +0200] "GET /detail/758095711.shtm?lokasie=%2Fusr%2Fbin%2Ftpage&loknya=%2Fusr%2Fbin HTTP/1.1" 429 267 logesty-services.fr "-" "Mozilla/5.0 AppleWebKit/537.36 (KHTML, like Gecko; compatible; ClaudeBot/1.0; +claudebot@anthropic.com)" "-"
216.73.217.0 - - [30/Jul/2026:05:30:54 +0200] "GET /item/208038002?loknya=%2Fhomepages%2F43%2Fd895481126%2Fhtdocs%2Fclickandbuilds%2FLogestyServices%2Ftag HTTP/1.1" 200 12740 logesty-services.fr "-" "Mozilla/5.0 AppleWebKit/537.36 (KHTML, like Gecko; compatible; ClaudeBot/1.0; +claudebot@anthropic.com)" "-"
216.73.217.0 - - [30/Jul/2026:05:30:59 +0200] "GET /detail/502319103.shtm?loknya=%2Fhomepages%2F17 HTTP/1.1" 200 17516 logesty-services.fr "-" "Mozilla/5.0 AppleWebKit/537.36 (KHTML, like Gecko; compatible; ClaudeBot/1.0; +claudebot@anthropic.com)" "-"
216.73.217.0 - - [30/Jul/2026:05:31:04 +0200] "GET /shop/entitle/marriage074033915.html?loknya=%2Fhomepages%2F43%2Fd895481126 HTTP/1.1" 200 21728 logesty-services.fr "-" "Mozilla/5.0 AppleWebKit/537.36 (KHTML, like Gecko; compatible; ClaudeBot/1.0; +claudebot@anthropic.com)" "-"
114.119.138.0 - - [30/Jul/2026:05:31:05 +0200] "GET /en/conditions-de-service HTTP/1.1" 200 83793 logesty-services.fr "https://logesty-services.fr/en/conditions-de-service" "Mozilla/5.0 (Linux; Android 7.0;) AppleWebKit/537.36 (HTML, like Gecko) Mobile Safari/537.36 (compatible; PetalBot;+https://webmaster.petalsearch.com/site/petalbot)" "-"
216.73.217.0 - - [30/Jul/2026:05:31:09 +0200] "GET /shop/stability/clip032003675.html?loknya=%2Fhomepages%2F43%2Fd895481126%2Fhtdocs%2Fclickandbuilds%2FLogestyServices%2F251b67 HTTP/1.1" 200 9983 logesty-services.fr "-" "Mozilla/5.0 AppleWebKit/537.36 (KHTML, like Gecko; compatible; ClaudeBot/1.0; +claudebot@anthropic.com)" "-"
216.73.217.0 - - [30/Jul/2026:05:31:14 +0200] "GET /shop/column/purpose048043333.html?lokasie=%2Fhomepages%2F43%2Fd895481126%2Fhtdocs%2Fclickandbuilds%2FLogestyServices%2Fwp-includes%2Fclass-wpdb.php&loknya=%2Fhomepages%2F43%2Fd895481126%2Fhtdocs%2Fclickandbuilds%2FLogestyServices%2Fwp-includes HTTP/1.1" 200 126394 logesty-services.fr "-" "Mozilla/5.0 AppleWebKit/537.36 (KHTML, like Gecko; compatible; ClaudeBot/1.0; +claudebot@anthropic.com)" "-"
216.73.217.0 - - [30/Jul/2026:05:31:19 +0200] "GET /shop/telescope/candle077041846.html?loknya=%2Fhomepages%2F43%2Fd895481126%2Fhtdocs%2Fclickandbuilds%2FLogestyServices%2Fwp-content HTTP/1.1" 200 30670 logesty-services.fr "-" "Mozilla/5.0 AppleWebKit/537.36 (KHTML, like Gecko; compatible; ClaudeBot/1.0; +claudebot@anthropic.com)" "-"
216.73.217.0 - - [30/Jul/2026:05:31:24 +0200] "GET /shop/regional/sentence056016313.html?lokasie=%2Fbin%2Fman&loknya=%2Fbin HTTP/1.1" 200 3935 logesty-services.fr "-" "Mozilla/5.0 AppleWebKit/537.36 (KHTML, like Gecko; compatible; ClaudeBot/1.0; +claudebot@anthropic.com)" "-"
216.73.217.0 - - [30/Jul/2026:05:31:29 +0200] "GET /item/117013897?loknya=%2Fhomepages%2F43%2Fd895481126%2Fhtdocs%2Fclickandbuilds%2FLogestyServices%2F.metadata HTTP/1.1" 200 16338 logesty-services.fr "-" "Mozilla/5.0 AppleWebKit/537.36 (KHTML, like Gecko; compatible; ClaudeBot/1.0; +claudebot@anthropic.com)" "-"
216.73.217.0 - - [30/Jul/2026:05:31:36 +0200] "GET /detail/751073307.shtm?loknya=%2Fhomepages%2F43%2Fd895481126%2Fhtdocs%2Fclickandbuilds%2F HTTP/1.1" 200 12493 logesty-services.fr "-" "Mozilla/5.0 AppleWebKit/537.36 (KHTML, like Gecko; compatible; ClaudeBot/1.0; +claudebot@anthropic.com)" "-"
216.73.217.0 - - [30/Jul/2026:05:31:40 +0200] "GET /shop/pick/hence149032450.html?loknya=%2Fhomepages%2F43%2Fd895481126%2Fhtdocs%2Fclickandbuilds%2FLogestyServices%2Ftag HTTP/1.1" 200 12740 logesty-services.fr "-" "Mozilla/5.0 AppleWebKit/537.36 (KHTML, like Gecko; compatible; ClaudeBot/1.0; +claudebot@anthropic.com)" "-"
74.7.242.0 - - [30/Jul/2026:05:31:42 +0200] "GET /?lokasie=/proc/sys/net/ipv6/conf/eth0/ignore_routes_with_linkdown&loknya=/proc/sys/net/ipv6/conf/eth0 HTTP/1.1" 200 4214 logesty-services.fr "http://logesty-services.fr/?loknya=/proc/sys/net/ipv6/conf/eth0" "Mozilla/5.0 AppleWebKit/537.36 (KHTML, like Gecko; compatible; GPTBot/1.4; +https://openai.com/gptbot)" "-"
172.81.133.0 - - [30/Jul/2026:05:31:42 +0200] "GET /author/stewartrancour/ HTTP/1.1" 200 83793 logesty-services.fr "https://logesty-services.fr/" "Mozilla/5.0 (X11; Linux x86_64) AppleWebKit/537.36 (KHTML, like Gecko) Chrome/131.0.0.0 Safari/537.36" "-"
172.81.133.0 - - [30/Jul/2026:05:31:44 +0200] "GET /author/stewartrancour/?loknya=/homepages/43/d895481126/htdocs/clickandbuilds/LogestyServices/decouvrez-le-concept-innovant-de-logesty-service-des-logements-de-qualite-pour-vos-weekends-et-courts-sejours HTTP/1.1" 200 15884 logesty-services.fr "https://logesty-services.fr/author/stewartrancour/" "Mozilla/5.0 (X11; Linux x86_64) AppleWebKit/537.36 (KHTML, like Gecko) Chrome/131.0.0.0 Safari/537.36" "-"
216.73.217.0 - - [30/Jul/2026:05:31:45 +0200] "GET /detail/556523962.shtm?loknya=%2Fhomepages%2F43%2Fd895481126%2Fhtdocs%2Fclickandbuilds%2FLogestyServices%2Fwp-includes HTTP/1.1" 200 464441 logesty-services.fr "-" "Mozilla/5.0 AppleWebKit/537.36 (KHTML, like Gecko; compatible; ClaudeBot/1.0; +claudebot@anthropic.com)" "-"
216.73.217.0 - - [30/Jul/2026:05:31:50 +0200] "GET /detail/334463.shtm?lokasie=%2Fbin%2Ftest&loknya=%2Fbin HTTP/1.1" 200 3936 logesty-services.fr "-" "Mozilla/5.0 AppleWebKit/537.36 (KHTML, like Gecko; compatible; ClaudeBot/1.0; +claudebot@anthropic.com)" "-"
216.73.217.0 - - [30/Jul/2026:05:31:55 +0200] "GET /detail/618255642.shtm?loknya=%2Fhomepages%2F16 HTTP/1.1" 200 19588 logesty-services.fr "-" "Mozilla/5.0 AppleWebKit/537.36 (KHTML, like Gecko; compatible; ClaudeBot/1.0; +claudebot@anthropic.com)" "-"
162.62.213.0 - - [30/Jul/2026:05:31:59 +0200] "GET /?loknya=/homepages/43/d895481126/htdocs/clickandbuilds/LogestyServices/images/images/images/images HTTP/1.1" 200 17186 logesty-services.fr "-" "Mozilla/5.0 (iPhone; CPU iPhone OS 13_2_3 like Mac OS X) AppleWebKit/605.1.15 (KHTML, like Gecko) Version/13.0.3 Mobile/15E148 Safari/604.1" "-"
216.73.217.0 - - [30/Jul/2026:05:32:00 +0200] "GET /shop/middle-class/acknowledge211035840.html?lokasie=%2Fhomepages%2F43%2Fd895481126%2Fhtdocs%2Fclickandbuilds%2FLogestyServices%2Fwp-includes%2Fclass-wp-editor.php&loknya=%2Fhomepages%2F43%2Fd895481126%2Fhtdocs%2Fclickandbuilds%2FLogestyServices%2Fwp-includes HTTP/1.1" 200 80239 logesty-services.fr "-" "Mozilla/5.0 AppleWebKit/537.36 (KHTML, like Gecko; compatible; ClaudeBot/1.0; +claudebot@anthropic.com)" "-"
66.249.64.0 - - [30/Jul/2026:05:32:03 +0200] "GET /detail/418526925.shtm?loknya=/homepages/43/d895481126/htdocs/clickandbuilds/LogestyServices/city HTTP/1.1" 200 22718 logesty-services.fr "-" "Mozilla/5.0 (Linux; Android 6.0.1; Nexus 5X Build/MMB29P) AppleWebKit/537.36 (KHTML, like Gecko) Chrome/150.0.7871.186 Mobile Safari/537.36 (compatible; GoogleOther)" "-"
216.73.217.0 - - [30/Jul/2026:05:32:05 +0200] "GET /detail/502442937.shtm?loknya=%2Fhomepages%2F6 HTTP/1.1" 200 12311 logesty-services.fr "-" "Mozilla/5.0 AppleWebKit/537.36 (KHTML, like Gecko; compatible; ClaudeBot/1.0; +claudebot@anthropic.com)" "-"
216.73.217.0 - - [30/Jul/2026:05:32:10 +0200] "GET /item/227002717?lokasie=%2Fbin%2Fdpkg-scanpackages&loknya=%2Fbin HTTP/1.1" 200 12960 logesty-services.fr "-" "Mozilla/5.0 AppleWebKit/537.36 (KHTML, like Gecko; compatible; ClaudeBot/1.0; +claudebot@anthropic.com)" "-"
216.73.217.0 - - [30/Jul/2026:05:32:15 +0200] "GET /item/236004890?loknya=%2Fhomepages%2F43%2Fd895481126%2Fhtdocs%2Fclickandbuilds%2FLogestyServices%2F.metadata HTTP/1.1" 200 16338 logesty-services.fr "-" "Mozilla/5.0 AppleWebKit/537.36 (KHTML, like Gecko; compatible; ClaudeBot/1.0; +claudebot@anthropic.com)" "-"
216.73.217.0 - - [30/Jul/2026:05:32:20 +0200] "GET /shop/regional/sentence056016313.html?lokasie=%2Fbin%2Fprecat&loknya=%2Fbin HTTP/1.1" 200 10379 logesty-services.fr "-" "Mozilla/5.0 AppleWebKit/537.36 (KHTML, like Gecko; compatible; ClaudeBot/1.0; +claudebot@anthropic.com)" "-"
216.73.217.0 - - [30/Jul/2026:05:32:25 +0200] "GET /shop/privilege/rear241015654.html?lokasie=%2Fbin%2Fxz&loknya=%2Fbin HTTP/1.1" 200 3934 logesty-services.fr "-" "Mozilla/5.0 AppleWebKit/537.36 (KHTML, like Gecko; compatible; ClaudeBot/1.0; +claudebot@anthropic.com)" "-"
114.119.138.0 - - [30/Jul/2026:05:32:28 +0200] "GET /conditions-de-service HTTP/1.1" 301 298 logesty-services.fr "https://logesty-services.fr/tag/museums" "Mozilla/5.0 (Linux; Android 7.0;) AppleWebKit/537.36 (HTML, like Gecko) Mobile Safari/537.36 (compatible; PetalBot;+https://webmaster.petalsearch.com/site/petalbot)" "-"
114.119.138.0 - - [30/Jul/2026:05:32:29 +0200] "GET /conditions-de-service/ HTTP/1.1" 403 603 logesty-services.fr "https://logesty-services.fr/tag/museums" "Mozilla/5.0 (Linux; Android 7.0;) AppleWebKit/537.36 (HTML, like Gecko) Mobile Safari/537.36 (compatible; PetalBot;+https://webmaster.petalsearch.com/site/petalbot)" "-"
216.73.217.0 - - [30/Jul/2026:05:32:30 +0200] "GET /detail/174359.shtm?loknya=%2Fhomepages%2F43%2Fd895481126%2Fhtdocs%2Fclickandbuilds%2FLogestyServices%2Fwp-includes HTTP/1.1" 429 267 logesty-services.fr "-" "Mozilla/5.0 AppleWebKit/537.36 (KHTML, like Gecko; compatible; ClaudeBot/1.0; +claudebot@anthropic.com)" "-"
216.73.217.0 - - [30/Jul/2026:05:32:35 +0200] "GET /detail/151292.shtm?loknya=%2Fhomepages%2F43%2Fd895481126%2Fhtdocs%2Fclickandbuilds HTTP/1.1" 429 267 logesty-services.fr "-" "Mozilla/5.0 AppleWebKit/537.36 (KHTML, like Gecko; compatible; ClaudeBot/1.0; +claudebot@anthropic.com)" "-"
216.73.217.0 - - [30/Jul/2026:05:32:40 +0200] "GET /detail/756562001.shtm?loknya=%2Fhomepages%2F43%2Fd895481126%2Fhtdocs%2Fclickandbuilds%2FLogestyServices%2Fwp-includes%2Fpl4a6c2c HTTP/1.1" 429 267 logesty-services.fr "-" "Mozilla/5.0 AppleWebKit/537.36 (KHTML, like Gecko; compatible; ClaudeBot/1.0; +claudebot@anthropic.com)" "-"
74.7.242.0 - - [30/Jul/2026:05:32:43 +0200] "GET /?lokasie=/kunden/bin/debconf-show&loknya=/kunden/bin HTTP/1.1" 429 267 logesty-services.fr "http://logesty-services.fr/?loknya=/kunden/bin" "Mozilla/5.0 AppleWebKit/537.36 (KHTML, like Gecko; compatible; GPTBot/1.4; +https://openai.com/gptbot)" "-"
216.73.217.0 - - [30/Jul/2026:05:32:45 +0200] "GET /detail/757101648.shtm?loknya=%2Fhomepages%2F43%2Fd895481126%2Fhtdocs%2Fclickandbuilds%2F HTTP/1.1" 429 267 logesty-services.fr "-" "Mozilla/5.0 AppleWebKit/537.36 (KHTML, like Gecko; compatible; ClaudeBot/1.0; +claudebot@anthropic.com)" "-"
216.73.217.0 - - [30/Jul/2026:05:32:50 +0200] "GET /detail/277461.shtm?lokasie=%2Fbin%2Ftload&loknya=%2Fbin HTTP/1.1" 429 267 logesty-services.fr "-" "Mozilla/5.0 AppleWebKit/537.36 (KHTML, like Gecko; compatible; ClaudeBot/1.0; +claudebot@anthropic.com)" "-"
216.73.217.0 - - [30/Jul/2026:05:32:55 +0200] "GET /detail/313478.shtm?loknya=%2Fhomepages%2F43%2Fd895481126%2Fhtdocs%2Fclickandbuilds%2FLogestyServices%2Fwp-includes%2FIXR HTTP/1.1" 429 267 logesty-services.fr "-" "Mozilla/5.0 AppleWebKit/537.36 (KHTML, like Gecko; compatible; ClaudeBot/1.0; +claudebot@anthropic.com)" "-"
216.73.217.0 - - [30/Jul/2026:05:33:00 +0200] "GET /detail/752052852.shtm?lokasie=%2Fsbin%2Fe4crypt&loknya=%2Fsbin HTTP/1.1" 429 267 logesty-services.fr "-" "Mozilla/5.0 AppleWebKit/537.36 (KHTML, like Gecko; compatible; ClaudeBot/1.0; +claudebot@anthropic.com)" "-"
216.73.217.0 - - [30/Jul/2026:05:33:05 +0200] "GET /shop/sexuality/pollution182024205.html?loknya=%2Fhomepages%2F43%2Fd895481126%2Fhtdocs%2Fclickandbuilds%2FLogestyServices%2Fwp-includes%2Fpomo HTTP/1.1" 429 267 logesty-services.fr "-" "Mozilla/5.0 AppleWebKit/537.36 (KHTML, like Gecko; compatible; ClaudeBot/1.0; +claudebot@anthropic.com)" "-"
216.73.217.0 - - [30/Jul/2026:05:33:10 +0200] "GET /shop/cope/pro105023538.html?lokasie=%2F%2FCBI_ID&loknya=%2F HTTP/1.1" 429 267 logesty-services.fr "-" "Mozilla/5.0 AppleWebKit/537.36 (KHTML, like Gecko; compatible; ClaudeBot/1.0; +claudebot@anthropic.com)" "-"
66.249.64.0 - - [30/Jul/2026:05:33:11 +0200] "GET /detail/521668159.shtm HTTP/1.1" 200 150777 logesty-services.fr "-" "Mozilla/5.0 (Linux; Android 6.0.1; Nexus 5X Build/MMB29P) AppleWebKit/537.36 (KHTML, like Gecko) Chrome/150.0.7871.186 Mobile Safari/537.36 (compatible; Googlebot/2.1; +http://www.google.com/bot.html)" "-"
216.73.217.0 - - [30/Jul/2026:05:33:15 +0200] "GET /detail/754144863.shtm?loknya=%2Fhomepages%2F43%2Fd895481126%2Fhtdocs%2Fclickandbuilds%2F HTTP/1.1" 429 267 logesty-services.fr "-" "Mozilla/5.0 AppleWebKit/537.36 (KHTML, like Gecko; compatible; ClaudeBot/1.0; +claudebot@anthropic.com)" "-"
216.73.217.0 - - [30/Jul/2026:05:33:20 +0200] "GET /shop/raw/rebel083045182.html?lokasie=%2Fbin%2Fppmcolors&loknya=%2Fbin HTTP/1.1" 429 267 logesty-services.fr "-" "Mozilla/5.0 AppleWebKit/537.36 (KHTML, like Gecko; compatible; ClaudeBot/1.0; +claudebot@anthropic.com)" "-"
216.73.217.0 - - [30/Jul/2026:05:33:28 +0200] "GET /shop/culture/book157031746.html?loknya=%2Fhomepages%2F16 HTTP/1.1" 429 267 logesty-services.fr "-" "Mozilla/5.0 AppleWebKit/537.36 (KHTML, like Gecko; compatible; ClaudeBot/1.0; +claudebot@anthropic.com)" "-"
216.73.217.0 - - [30/Jul/2026:05:33:33 +0200] "GET /shop/unit/seldom225011508.html?lokasie=%2Fhomepages%2F43%2Fd895481126%2Fhtdocs%2Fclickandbuilds%2FLogestyServices%2Fwp-includes%2Fclass-wp-embed.php&loknya=%2Fhomepages%2F43%2Fd895481126%2Fhtdocs%2Fclickandbuilds%2FLogestyServices%2Fwp-includes HTTP/1.1" 200 20764 logesty-services.fr "-" "Mozilla/5.0 AppleWebKit/537.36 (KHTML, like Gecko; compatible; ClaudeBot/1.0; +claudebot@anthropic.com)" "-"
216.73.217.0 - - [30/Jul/2026:05:33:38 +0200] "GET /item/212017360?loknya=%2Fhomepages%2F43%2Fd895481126%2Fhtdocs%2Fclickandbuilds%2FLogestyServices%2Fwp-content HTTP/1.1" 200 30670 logesty-services.fr "-" "Mozilla/5.0 AppleWebKit/537.36 (KHTML, like Gecko; compatible; ClaudeBot/1.0; +claudebot@anthropic.com)" "-"
74.7.242.0 - - [30/Jul/2026:05:33:40 +0200] "GET /?lokasie=/proc/sys/net/ipv4/conf/eth0/tag&loknya=/proc/sys/net/ipv4/conf/eth0 HTTP/1.1" 200 4190 logesty-services.fr "http://logesty-services.fr/?loknya=/proc/sys/net/ipv4/conf/eth0" "Mozilla/5.0 AppleWebKit/537.36 (KHTML, like Gecko; compatible; GPTBot/1.4; +https://openai.com/gptbot)" "-"
216.73.217.0 - - [30/Jul/2026:05:33:43 +0200] "GET /shop/curtain/rise006021757.html?loknya=%2Fhomepages%2F43%2Fd895481126%2Fhtdocs%2Fclickandbuilds%2F HTTP/1.1" 200 12493 logesty-services.fr "-" "Mozilla/5.0 AppleWebKit/537.36 (KHTML, like Gecko; compatible; ClaudeBot/1.0; +claudebot@anthropic.com)" "-"
216.73.217.0 - - [30/Jul/2026:05:33:48 +0200] "GET /shop/sweet/thin229029922.html?loknya=%2Fhomepages%2F43%2Fd895481126%2Fhtdocs%2Fclickandbuilds%2FLogestyServices%2Ftag HTTP/1.1" 200 12740 logesty-services.fr "-" "Mozilla/5.0 AppleWebKit/537.36 (KHTML, like Gecko; compatible; ClaudeBot/1.0; +claudebot@anthropic.com)" "-"
114.119.130.0 - - [30/Jul/2026:05:33:52 +0200] "GET /city/perpignan/ HTTP/1.1" 403 603 logesty-services.fr "https://logesty-services.fr/city/perpignan/" "Mozilla/5.0 (Linux; Android 7.0;) AppleWebKit/537.36 (HTML, like Gecko) Mobile Safari/537.36 (compatible; PetalBot;+https://webmaster.petalsearch.com/site/petalbot)" "-"
216.73.217.0 - - [30/Jul/2026:05:33:53 +0200] "GET /shop/genuine/wood008031943.html?lokasie=%2Fhomepages%2F43%2Fd895481126%2Fhtdocs%2Fworksec.php&loknya=%2Fhomepages%2F43%2Fd895481126%2Fhtdocs HTTP/1.1" 200 5582 logesty-services.fr "-" "Mozilla/5.0 AppleWebKit/537.36 (KHTML, like Gecko; compatible; ClaudeBot/1.0; +claudebot@anthropic.com)" "-"
216.73.217.0 - - [30/Jul/2026:05:33:58 +0200] "GET /shop/civil/sustainable153007822.html?loknya=%2Fhomepages HTTP/1.1" 200 57018 logesty-services.fr "-" "Mozilla/5.0 AppleWebKit/537.36 (KHTML, like Gecko; compatible; ClaudeBot/1.0; +claudebot@anthropic.com)" "-"
216.73.217.0 - - [30/Jul/2026:05:34:03 +0200] "GET /item/249013757?lokasie=%2Fhomepages%2F43%2Fd895481126%2Fhtdocs%2Fckhysfsd.php&loknya=%2Fhomepages%2F43%2Fd895481126%2Fhtdocs HTTP/1.1" 200 4143 logesty-services.fr "-" "Mozilla/5.0 AppleWebKit/537.36 (KHTML, like Gecko; compatible; ClaudeBot/1.0; +claudebot@anthropic.com)" "-"
216.73.217.0 - - [30/Jul/2026:05:34:08 +0200] "GET /shop/swell/inform260038909.html?loknya=%2Fhomepages%2F43%2Fd895481126%2Fhtdocs%2Fclickandbuilds%2FLogestyServices%2Fwp-includes%2Fcertificates HTTP/1.1" 200 9099 logesty-services.fr "-" "Mozilla/5.0 AppleWebKit/537.36 (KHTML, like Gecko; compatible; ClaudeBot/1.0; +claudebot@anthropic.com)" "-"
216.73.217.0 - - [30/Jul/2026:05:34:13 +0200] "GET /detail/751112163.shtm?loknya=%2Fhomepages%2F42 HTTP/1.1" 200 14408 logesty-services.fr "-" "Mozilla/5.0 AppleWebKit/537.36 (KHTML, like Gecko; compatible; ClaudeBot/1.0; +claudebot@anthropic.com)" "-"
216.73.217.0 - - [30/Jul/2026:05:34:18 +0200] "GET /item/074025074?loknya=%2Fhomepages%2F43%2Fd895481126%2Fhtdocs%2Fclickandbuilds%2FLogestyServices%2Fcategory HTTP/1.1" 200 12830 logesty-services.fr "-" "Mozilla/5.0 AppleWebKit/537.36 (KHTML, like Gecko; compatible; ClaudeBot/1.0; +claudebot@anthropic.com)" "-"
66.249.64.0 - - [30/Jul/2026:05:34:21 +0200] "GET /?u=15768899 HTTP/1.1" 200 153327 logesty-services.fr "-" "Mozilla/5.0 (Linux; Android 6.0.1; Nexus 5X Build/MMB29P) AppleWebKit/537.36 (KHTML, like Gecko) Chrome/150.0.7871.186 Mobile Safari/537.36 (compatible; Googlebot/2.1; +http://www.google.com/bot.html)" "-"
216.73.217.0 - - [30/Jul/2026:05:34:23 +0200] "GET /detail/758275760.shtm?loknya=%2Fhomepages%2F19 HTTP/1.1" 200 11300 logesty-services.fr "-" "Mozilla/5.0 AppleWebKit/537.36 (KHTML, like Gecko; compatible; ClaudeBot/1.0; +claudebot@anthropic.com)" "-"
216.73.217.0 - - [30/Jul/2026:05:34:28 +0200] "GET /shop/meter/family055024146.html?loknya=%2Fhomepages%2F43%2Fd895481126%2Fhtdocs%2Fclickandbuilds HTTP/1.1" 200 12473 logesty-services.fr "-" "Mozilla/5.0 AppleWebKit/537.36 (KHTML, like Gecko; compatible; ClaudeBot/1.0; +claudebot@anthropic.com)" "-"
216.73.217.0 - - [30/Jul/2026:05:34:33 +0200] "GET /shop/sheep/courage029047328.html?loknya=%2Fhomepages%2F43%2Fd895481126%2Fhtdocs%2Fclickandbuilds%2FLogestyServices%2Fcategory HTTP/1.1" 200 12830 logesty-services.fr "-" "Mozilla/5.0 AppleWebKit/537.36 (KHTML, like Gecko; compatible; ClaudeBot/1.0; +claudebot@anthropic.com)" "-"
216.73.217.0 - - [30/Jul/2026:05:34:38 +0200] "GET /detail/502419621.shtm?loknya=%2Fhomepages%2F43 HTTP/1.1" 200 10264 logesty-services.fr "-" "Mozilla/5.0 AppleWebKit/537.36 (KHTML, like Gecko; compatible; ClaudeBot/1.0; +claudebot@anthropic.com)" "-"
216.73.217.0 - - [30/Jul/2026:05:34:43 +0200] "GET /shop/disappointed/doctrine212007733.html?loknya=%2Fhomepages%2F43%2Fd895481126%2Fhtdocs%2Fclickandbuilds%2FLogestyServices%2Ftag HTTP/1.1" 200 12740 logesty-services.fr "-" "Mozilla/5.0 AppleWebKit/537.36 (KHTML, like Gecko; compatible; ClaudeBot/1.0; +claudebot@anthropic.com)" "-"
74.7.242.0 - - [30/Jul/2026:05:34:46 +0200] "GET /?lokasie=/kunden/bin/mariadb-show&loknya=/kunden/bin HTTP/1.1" 200 3993 logesty-services.fr "http://logesty-services.fr/?loknya=/kunden/bin" "Mozilla/5.0 AppleWebKit/537.36 (KHTML, like Gecko; compatible; GPTBot/1.4; +https://openai.com/gptbot)" "-"
216.73.217.0 - - [30/Jul/2026:05:34:48 +0200] "GET /detail/757199833.shtm?loknya=%2Fhomepages%2F43%2Fd895481126%2Fhtdocs%2Fclickandbuilds%2F HTTP/1.1" 200 12493 logesty-services.fr "-" "Mozilla/5.0 AppleWebKit/537.36 (KHTML, like Gecko; compatible; ClaudeBot/1.0; +claudebot@anthropic.com)" "-"
216.73.217.0 - - [30/Jul/2026:05:34:53 +0200] "GET /detail/752717118.shtm?loknya=%2Fhomepages%2F43%2Fd895481126%2Fhtdocs%2Fclickandbuilds%2FLogestyServices%2F.wp-cli HTTP/1.1" 200 11568 logesty-services.fr "-" "Mozilla/5.0 AppleWebKit/537.36 (KHTML, like Gecko; compatible; ClaudeBot/1.0; +claudebot@anthropic.com)" "-"
216.73.217.0 - - [30/Jul/2026:05:34:58 +0200] "GET /item/071012459?loknya=%2Fhomepages%2F43%2Fd895481126%2Fhtdocs%2Fclickandbuilds%2FLogestyServices%2Ftag HTTP/1.1" 200 12740 logesty-services.fr "-" "Mozilla/5.0 AppleWebKit/537.36 (KHTML, like Gecko; compatible; ClaudeBot/1.0; +claudebot@anthropic.com)" "-"
216.73.217.0 - - [30/Jul/2026:05:35:03 +0200] "GET /detail/328761.shtm?lokasie=%2Fsbin%2Fgrpunconv&loknya=%2Fsbin HTTP/1.1" 429 267 logesty-services.fr "-" "Mozilla/5.0 AppleWebKit/537.36 (KHTML, like Gecko; compatible; ClaudeBot/1.0; +claudebot@anthropic.com)" "-"
216.73.217.0 - - [30/Jul/2026:05:35:08 +0200] "GET /detail/758199337.shtm?lokasie=%2Fbin%2Fx86_64-linux-gnu-gcc-ranlib-10&loknya=%2Fbin HTTP/1.1" 429 267 logesty-services.fr "-" "Mozilla/5.0 AppleWebKit/537.36 (KHTML, like Gecko; compatible; ClaudeBot/1.0; +claudebot@anthropic.com)" "-"
216.73.217.0 - - [30/Jul/2026:05:35:13 +0200] "GET /detail/751112163.shtm?loknya=%2Fhomepages%2F16 HTTP/1.1" 429 267 logesty-services.fr "-" "Mozilla/5.0 AppleWebKit/537.36 (KHTML, like Gecko; compatible; ClaudeBot/1.0; +claudebot@anthropic.com)" "-"
114.119.130.0 - - [30/Jul/2026:05:35:15 +0200] "GET /city/argenteuil/ HTTP/1.1" 403 603 logesty-services.fr "https://logesty-services.fr/listing/223-studio-cosy-perpignan" "Mozilla/5.0 (Linux; Android 7.0;) AppleWebKit/537.36 (HTML, like Gecko) Mobile Safari/537.36 (compatible; PetalBot;+https://webmaster.petalsearch.com/site/petalbot)" "-"
216.73.217.0 - - [30/Jul/2026:05:35:19 +0200] "GET /item/231024705?lokasie=%2Fhomepages%2F43%2Fd895481126%2Fhtdocs%2Fckhysfsd.php&loknya=%2Fhomepages%2F43%2Fd895481126%2Fhtdocs HTTP/1.1" 429 267 logesty-services.fr "-" "Mozilla/5.0 AppleWebKit/537.36 (KHTML, like Gecko; compatible; ClaudeBot/1.0; +claudebot@anthropic.com)" "-"
216.73.217.0 - - [30/Jul/2026:05:35:23 +0200] "GET /detail/758093376.shtm?lokasie=%2Fbin%2Funxz&loknya=%2Fbin HTTP/1.1" 429 267 logesty-services.fr "-" "Mozilla/5.0 AppleWebKit/537.36 (KHTML, like Gecko; compatible; ClaudeBot/1.0; +claudebot@anthropic.com)" "-"
216.73.217.0 - - [30/Jul/2026:05:35:28 +0200] "GET /detail/752144821.shtm?lokasie=%2Fproc%2F%2Fmisc&loknya=%2Fproc%2F HTTP/1.1" 429 267 logesty-services.fr "-" "Mozilla/5.0 AppleWebKit/537.36 (KHTML, like Gecko; compatible; ClaudeBot/1.0; +claudebot@anthropic.com)" "-"
216.73.217.0 - - [30/Jul/2026:05:35:33 +0200] "GET /detail/752590945.shtm?lokasie=%2Fbin%2Fdebconf-apt-progress&loknya=%2Fbin HTTP/1.1" 429 267 logesty-services.fr "-" "Mozilla/5.0 AppleWebKit/537.36 (KHTML, like Gecko; compatible; ClaudeBot/1.0; +claudebot@anthropic.com)" "-"
216.73.217.0 - - [30/Jul/2026:05:35:38 +0200] "GET /shop/haul/none091047436.html?loknya=%2Fhomepages%2F43%2Fd895481126%2Fhtdocs%2Fclickandbuilds%2FLogestyServices%2Fauthor HTTP/1.1" 429 267 logesty-services.fr "-" "Mozilla/5.0 AppleWebKit/537.36 (KHTML, like Gecko; compatible; ClaudeBot/1.0; +claudebot@anthropic.com)" "-"
74.7.242.0 - - [30/Jul/2026:05:35:41 +0200] "GET /?lokasie=/proc/sys/net/ipv6/conf/eth0/mldv2_unsolicited_report_interval&loknya=/proc/sys/net/ipv6/conf/eth0 HTTP/1.1" 429 267 logesty-services.fr "http://logesty-services.fr/?loknya=/proc/sys/net/ipv6/conf/eth0" "Mozilla/5.0 AppleWebKit/537.36 (KHTML, like Gecko; compatible; GPTBot/1.4; +https://openai.com/gptbot)" "-"
216.73.217.0 - - [30/Jul/2026:05:35:43 +0200] "GET /detail/298964.shtm?lokasie=%2Fbin%2Fps2ps&loknya=%2Fbin HTTP/1.1" 429 267 logesty-services.fr "-" "Mozilla/5.0 AppleWebKit/537.36 (KHTML, like Gecko; compatible; ClaudeBot/1.0; +claudebot@anthropic.com)" "-"
216.73.217.0 - - [30/Jul/2026:05:35:48 +0200] "GET /detail/499852739.shtm?loknya=%2Fhomepages%2F43 HTTP/1.1" 429 267 logesty-services.fr "-" "Mozilla/5.0 AppleWebKit/537.36 (KHTML, like Gecko; compatible; ClaudeBot/1.0; +claudebot@anthropic.com)" "-"
204.12.208.0 - - [30/Jul/2026:05:35:51 +0200] "GET /wp-includes/pl4a6c2c/edit.php HTTP/1.1" 403 603 logesty-services.fr "https://logesty-services.fr/wp-includes/pl4a6c2c/edit.php" "Mozilla/5.0 (Macintosh; Intel Mac OS X 10_7_2) AppleWebKit/535.2 (KHTML, like Gecko) Chrome/15.0.874.106 Safari/535.2" "-"
204.12.208.0 - - [30/Jul/2026:05:35:52 +0200] "GET /wp-includes/pl4a6c2c/edit.php HTTP/1.1" 403 603 logesty-services.fr "https://logesty-services.fr/wp-includes/pl4a6c2c/edit.php" "Mozilla/5.0 (Windows NT 6.1; WOW64; rv:5.0) Gecko/20100101 Firefox/5.0" "-"
204.12.208.0 - - [30/Jul/2026:05:35:53 +0200] "GET /wp-includes/pl4a6c2c/edit.php HTTP/1.1" 403 603 logesty-services.fr "https://logesty-services.fr/wp-includes/pl4a6c2c/edit.php" "Mozilla/5.0 (Windows NT 6.0; rv:7.0.1) Gecko/20100101 Firefox/7.0.1" "-"
216.73.217.0 - - [30/Jul/2026:05:35:53 +0200] "GET /detail/412187.shtm?loknya=%2Fhomepages%2F43%2Fd895481126%2Fhtdocs%2Fclickandbuilds%2FLogestyServices%2Fwp-includes%2Fblocks%2Fread-more HTTP/1.1" 429 267 logesty-services.fr "-" "Mozilla/5.0 AppleWebKit/537.36 (KHTML, like Gecko; compatible; ClaudeBot/1.0; +claudebot@anthropic.com)" "-"
216.73.217.0 - - [30/Jul/2026:05:35:58 +0200] "GET /item/077015785?loknya=%2Fhomepages%2F43%2Fd895481126%2Fhtdocs%2Fclickandbuilds%2FLogestyServices%2Fcategory HTTP/1.1" 429 267 logesty-services.fr "-" "Mozilla/5.0 AppleWebKit/537.36 (KHTML, like Gecko; compatible; ClaudeBot/1.0; +claudebot@anthropic.com)" "-"
216.73.217.0 - - [30/Jul/2026:05:36:03 +0200] "GET /mypage/?lokasie=%2Fhomepages%2F43%2Fd895481126%2Fhtdocs%2Fclickandbuilds%2FLogestyServices%2Fwp-includes%2Fblock-template-utils.php&loknya=%2Fhomepages%2F43%2Fd895481126%2Fhtdocs%2Fclickandbuilds%2FLogestyServices%2Fwp-includes HTTP/1.1" 200 68714 logesty-services.fr "-" "Mozilla/5.0 AppleWebKit/537.36 (KHTML, like Gecko; compatible; ClaudeBot/1.0; +claudebot@anthropic.com)" "-"
216.73.217.0 - - [30/Jul/2026:05:36:08 +0200] "GET /detail/752155450.shtm?loknya=%2Fhomepages HTTP/1.1" 200 57018 logesty-services.fr "-" "Mozilla/5.0 AppleWebKit/537.36 (KHTML, like Gecko; compatible; ClaudeBot/1.0; +claudebot@anthropic.com)" "-"
216.73.217.0 - - [30/Jul/2026:05:36:13 +0200] "GET /shop/privilege/rear241015654.html?lokasie=%2Fbin%2Fpbmtogem&loknya=%2Fbin HTTP/1.1" 200 3940 logesty-services.fr "-" "Mozilla/5.0 AppleWebKit/537.36 (KHTML, like Gecko; compatible; ClaudeBot/1.0; +claudebot@anthropic.com)" "-"
216.73.217.0 - - [30/Jul/2026:05:36:18 +0200] "GET /item/104017768?loknya=%2Fhomepages%2F43%2Fd895481126%2Fhtdocs%2Fclickandbuilds%2FLogestyServices%2Ftag HTTP/1.1" 200 12740 logesty-services.fr "-" "Mozilla/5.0 AppleWebKit/537.36 (KHTML, like Gecko; compatible; ClaudeBot/1.0; +claudebot@anthropic.com)" "-"
216.73.217.0 - - [30/Jul/2026:05:36:23 +0200] "GET /shop/privilege/rear241015654.html?lokasie=%2Fbin%2Fc89&loknya=%2Fbin HTTP/1.1" 200 4400 logesty-services.fr "-" "Mozilla/5.0 AppleWebKit/537.36 (KHTML, like Gecko; compatible; ClaudeBot/1.0; +claudebot@anthropic.com)" "-"
216.73.217.0 - - [30/Jul/2026:05:36:28 +0200] "GET /detail/502386467.shtm?loknya=%2Fhomepages%2F43%2Fd895481126%2Fhtdocs%2Fclickandbuilds%2FLogestyServices%2F.wp-cli HTTP/1.1" 200 11568 logesty-services.fr "-" "Mozilla/5.0 AppleWebKit/537.36 (KHTML, like Gecko; compatible; ClaudeBot/1.0; +claudebot@anthropic.com)" "-"
216.73.217.0 - - [30/Jul/2026:05:36:33 +0200] "GET /detail/281574478.shtm?loknya=%2Fhomepages%2F43%2Fd895481126%2Fhtdocs%2Fclickandbuilds%2FLogestyServices%2Fwp-content%2Fuploads%2F2023 HTTP/1.1" 200 22685 logesty-services.fr "-" "Mozilla/5.0 AppleWebKit/537.36 (KHTML, like Gecko; compatible; ClaudeBot/1.0; +claudebot@anthropic.com)" "-"
74.7.242.0 - - [30/Jul/2026:05:36:35 +0200] "GET /?lokasie=/proc/sys/net/ipv6/conf/eth0/mldv1_unsolicited_report_interval&loknya=/proc/sys/net/ipv6/conf/eth0 HTTP/1.1" 200 4224 logesty-services.fr "http://logesty-services.fr/?loknya=/proc/sys/net/ipv6/conf/eth0" "Mozilla/5.0 AppleWebKit/537.36 (KHTML, like Gecko; compatible; GPTBot/1.4; +https://openai.com/gptbot)" "-"
114.119.130.0 - - [30/Jul/2026:05:36:39 +0200] "GET /category/rentals/?loknya=/homepages/43/d895481126/htdocs/clickandbuilds/LogestyServices/what-i-wish-everyone-knew-about-reservations HTTP/1.1" 200 14130 logesty-services.fr "https://logesty-services.fr/category/rentals/" "Mozilla/5.0 (Linux; Android 7.0;) AppleWebKit/537.36 (HTML, like Gecko) Mobile Safari/537.36 (compatible; PetalBot;+https://webmaster.petalsearch.com/site/petalbot)" "-"
216.73.217.0 - - [30/Jul/2026:05:36:39 +0200] "GET /shop/line/calm263038984.html?loknya=%2Fhomepages%2F43%2Fd895481126%2Fhtdocs%2Fclickandbuilds%2FLogestyServices%2Fauthor HTTP/1.1" 200 11593 logesty-services.fr "-" "Mozilla/5.0 AppleWebKit/537.36 (KHTML, like Gecko; compatible; ClaudeBot/1.0; +claudebot@anthropic.com)" "-"
216.73.217.0 - - [30/Jul/2026:05:36:44 +0200] "GET /shop/Persian/satellite208005299.html?lokasie=%2Fhomepages%2F43%2Fd895481126%2Fhtdocs%2Fclickandbuilds%2FLogestyServices%2Fwp-includes%2Fscript-loader.php&loknya=%2Fhomepages%2F43%2Fd895481126%2Fhtdocs%2Fclickandbuilds%2FLogestyServices%2Fwp-includes HTTP/1.1" 200 174486 logesty-services.fr "-" "Mozilla/5.0 AppleWebKit/537.36 (KHTML, like Gecko; compatible; ClaudeBot/1.0; +claudebot@anthropic.com)" "-"
216.73.217.0 - - [30/Jul/2026:05:36:49 +0200] "GET /item/009018921?loknya=%2Fhomepages%2F43%2Fd895481126%2Fhtdocs%2Fclickandbuilds%2FLogestyServices%2F251b67 HTTP/1.1" 200 9983 logesty-services.fr "-" "Mozilla/5.0 AppleWebKit/537.36 (KHTML, like Gecko; compatible; ClaudeBot/1.0; +claudebot@anthropic.com)" "-"
216.73.217.0 - - [30/Jul/2026:05:36:54 +0200] "GET /detail/754101853.shtm?lokasie=%2Fbin%2Fmysqlcheck&loknya=%2Fbin HTTP/1.1" 200 3942 logesty-services.fr "-" "Mozilla/5.0 AppleWebKit/537.36 (KHTML, like Gecko; compatible; ClaudeBot/1.0; +claudebot@anthropic.com)" "-"
216.73.217.0 - - [30/Jul/2026:05:36:59 +0200] "GET /detail/758143116.shtm?lokasie=%2Fbin%2Fpidwait&loknya=%2Fbin HTTP/1.1" 200 3939 logesty-services.fr "-" "Mozilla/5.0 AppleWebKit/537.36 (KHTML, like Gecko; compatible; ClaudeBot/1.0; +claudebot@anthropic.com)" "-"
66.249.64.0 - - [30/Jul/2026:05:37:03 +0200] "GET /?u=0012406456 HTTP/1.1" 200 157878 logesty-services.fr "-" "Mozilla/5.0 (Linux; Android 6.0.1; Nexus 5X Build/MMB29P) AppleWebKit/537.36 (KHTML, like Gecko) Chrome/150.0.7871.186 Mobile Safari/537.36 (compatible; Googlebot/2.1; +http://www.google.com/bot.html)" "-"
216.73.217.0 - - [30/Jul/2026:05:37:04 +0200] "GET /detail/211402.shtm?loknya=%2Fhomepages%2F43%2Fd895481126%2Fhtdocs%2Fclickandbuilds%2FLogestyServices%2Fwp-includes HTTP/1.1" 200 464441 logesty-services.fr "-" "Mozilla/5.0 AppleWebKit/537.36 (KHTML, like Gecko; compatible; ClaudeBot/1.0; +claudebot@anthropic.com)" "-"
216.73.217.0 - - [30/Jul/2026:05:37:09 +0200] "GET /shop/raw/rebel083045182.html?lokasie=%2Fbin%2Fppmtoyuv&loknya=%2Fbin HTTP/1.1" 200 3940 logesty-services.fr "-" "Mozilla/5.0 AppleWebKit/537.36 (KHTML, like Gecko; compatible; ClaudeBot/1.0; +claudebot@anthropic.com)" "-"
216.73.217.0 - - [30/Jul/2026:05:37:14 +0200] "GET /item/094019930?loknya=%2Fhomepages%2F43%2Fd895481126%2Fhtdocs%2Fclickandbuilds%2FLogestyServices%2F251b67 HTTP/1.1" 200 9983 logesty-services.fr "-" "Mozilla/5.0 AppleWebKit/537.36 (KHTML, like Gecko; compatible; ClaudeBot/1.0; +claudebot@anthropic.com)" "-"
216.73.217.0 - - [30/Jul/2026:05:37:19 +0200] "GET /item/232003324?loknya=%2Fhomepages%2F43%2Fd895481126%2Fhtdocs%2Fclickandbuilds%2FLogestyServices%2F.metadata HTTP/1.1" 200 16338 logesty-services.fr "-" "Mozilla/5.0 AppleWebKit/537.36 (KHTML, like Gecko; compatible; ClaudeBot/1.0; +claudebot@anthropic.com)" "-"
216.73.217.0 - - [30/Jul/2026:05:37:24 +0200] "GET /item/081022301?loknya=%2Fhomepages%2F43%2Fd895481126%2Fhtdocs%2Fclickandbuilds%2FLogestyServices%2Flisting HTTP/1.1" 200 25032 logesty-services.fr "-" "Mozilla/5.0 AppleWebKit/537.36 (KHTML, like Gecko; compatible; ClaudeBot/1.0; +claudebot@anthropic.com)" "-"
216.73.217.0 - - [30/Jul/2026:05:37:29 +0200] "GET /item/167045625?loknya=%2Fhomepages%2F43%2Fd895481126%2Fhtdocs%2Fclickandbuilds%2FLogestyServices%2Fcategory HTTP/1.1" 200 12830 logesty-services.fr "-" "Mozilla/5.0 AppleWebKit/537.36 (KHTML, like Gecko; compatible; ClaudeBot/1.0; +claudebot@anthropic.com)" "-"
216.73.217.0 - - [30/Jul/2026:05:37:34 +0200] "GET /shop/regional/sentence056016313.html?lokasie=%2Fbin%2Flastb&loknya=%2Fbin HTTP/1.1" 200 3937 logesty-services.fr "-" "Mozilla/5.0 AppleWebKit/537.36 (KHTML, like Gecko; compatible; ClaudeBot/1.0; +claudebot@anthropic.com)" "-"
74.7.242.0 - - [30/Jul/2026:05:37:38 +0200] "GET /?lokasie=/proc/sys/net/ipv4/conf/eth0/igmpv2_unsolicited_report_interval&loknya=/proc/sys/net/ipv4/conf/eth0 HTTP/1.1" 429 267 logesty-services.fr "http://logesty-services.fr/?loknya=/proc/sys/net/ipv4/conf/eth0" "Mozilla/5.0 AppleWebKit/537.36 (KHTML, like Gecko; compatible; GPTBot/1.4; +https://openai.com/gptbot)" "-"
216.73.217.0 - - [30/Jul/2026:05:37:39 +0200] "GET /item/230034170?loknya=%2Fhomepages%2F43%2Fd895481126%2Fhtdocs%2Fclickandbuilds%2FLogestyServices%2Fcategory HTTP/1.1" 429 267 logesty-services.fr "-" "Mozilla/5.0 AppleWebKit/537.36 (KHTML, like Gecko; compatible; ClaudeBot/1.0; +claudebot@anthropic.com)" "-"
216.73.217.0 - - [30/Jul/2026:05:37:44 +0200] "GET /shop/regional/sentence056016313.html?lokasie=%2Fbin%2Fcaptoinfo&loknya=%2Fbin HTTP/1.1" 429 267 logesty-services.fr "-" "Mozilla/5.0 AppleWebKit/537.36 (KHTML, like Gecko; compatible; ClaudeBot/1.0; +claudebot@anthropic.com)" "-"
216.73.217.0 - - [30/Jul/2026:05:37:49 +0200] "GET /detail/751689373.shtm?lokasie=%2Fproc%2Fsoftlimits_pid_ns&loknya=%2Fproc HTTP/1.1" 429 267 logesty-services.fr "-" "Mozilla/5.0 AppleWebKit/537.36 (KHTML, like Gecko; compatible; ClaudeBot/1.0; +claudebot@anthropic.com)" "-"
216.73.217.0 - - [30/Jul/2026:05:37:54 +0200] "GET /item/021022993?loknya=%2Fhomepages%2F43%2Fd895481126%2Fhtdocs%2Fclickandbuilds%2FLogestyServices%2F.metadata HTTP/1.1" 429 267 logesty-services.fr "-" "Mozilla/5.0 AppleWebKit/537.36 (KHTML, like Gecko; compatible; ClaudeBot/1.0; +claudebot@anthropic.com)" "-"
216.73.217.0 - - [30/Jul/2026:05:37:59 +0200] "GET /detail/298964.shtm?lokasie=%2Fbin%2Fsftp&loknya=%2Fbin HTTP/1.1" 429 267 logesty-services.fr "-" "Mozilla/5.0 AppleWebKit/537.36 (KHTML, like Gecko; compatible; ClaudeBot/1.0; +claudebot@anthropic.com)" "-"
114.119.138.0 - - [30/Jul/2026:05:38:02 +0200] "GET /category/rentals/?loknya=/homepages/43/d895481126/htdocs/clickandbuilds/LogestyServices/listing/studio-perpignan-cosy HTTP/1.1" 200 9137 logesty-services.fr "https://logesty-services.fr/category/rentals/?loknya=/homepages/43/d895481126/htdocs/clickandbuilds/LogestyServices/listing" "Mozilla/5.0 (Linux; Android 7.0;) AppleWebKit/537.36 (HTML, like Gecko) Mobile Safari/537.36 (compatible; PetalBot;+https://webmaster.petalsearch.com/site/petalbot)" "-"
216.73.217.0 - - [30/Jul/2026:05:38:04 +0200] "GET /shop/ultimately/Dutch256023735.html?loknya=%2Fhomepages%2F43%2Fd895481126%2Fhtdocs%2Fclickandbuilds%2FLogestyServices%2Ftag HTTP/1.1" 429 267 logesty-services.fr "-" "Mozilla/5.0 AppleWebKit/537.36 (KHTML, like Gecko; compatible; ClaudeBot/1.0; +claudebot@anthropic.com)" "-"
216.73.217.0 - - [30/Jul/2026:05:38:09 +0200] "GET /detail/752673072.shtm?loknya=%2Fhomepages%2F43%2Fd895481126%2Fhtdocs%2Fclickandbuilds%2F HTTP/1.1" 429 267 logesty-services.fr "-" "Mozilla/5.0 AppleWebKit/537.36 (KHTML, like Gecko; compatible; ClaudeBot/1.0; +claudebot@anthropic.com)" "-"
216.73.217.0 - - [30/Jul/2026:05:38:14 +0200] "GET /shop/sovereignty/regardless048005793.html?loknya=%2Fhomepages%2F43%2Fd895481126%2Fhtdocs%2Fclickandbuilds%2FLogestyServices%2Fwp-includes%2Fbuild HTTP/1.1" 429 267 logesty-services.fr "-" "Mozilla/5.0 AppleWebKit/537.36 (KHTML, like Gecko; compatible; ClaudeBot/1.0; +claudebot@anthropic.com)" "-"
216.73.217.0 - - [30/Jul/2026:05:38:19 +0200] "GET /item/118041674?loknya=%2Fhomepages%2F43%2Fd895481126%2Fhtdocs%2Fclickandbuilds%2FLogestyServices%2Ftag HTTP/1.1" 429 267 logesty-services.fr "-" "Mozilla/5.0 AppleWebKit/537.36 (KHTML, like Gecko; compatible; ClaudeBot/1.0; +claudebot@anthropic.com)" "-"
216.73.217.0 - - [30/Jul/2026:05:38:24 +0200] "GET /shop/continue/maximum266011811.html?lokasie=%2Fhomepages%2F43%2Fd895481126%2Fhtdocs%2Fclickandbuilds%2Fsyszqluc.php&loknya=%2Fhomepages%2F43%2Fd895481126%2Fhtdocs%2Fclickandbuilds HTTP/1.1" 429 267 logesty-services.fr "-" "Mozilla/5.0 AppleWebKit/537.36 (KHTML, like Gecko; compatible; ClaudeBot/1.0; +claudebot@anthropic.com)" "-"
216.73.217.0 - - [30/Jul/2026:05:38:31 +0200] "GET /shop/specifically/motion121030374.html?loknya=%2Fhomepages%2F43%2Fd895481126%2Fhtdocs%2Fclickandbuilds%2FLogestyServices%2Flisting HTTP/1.1" 429 267 logesty-services.fr "-" "Mozilla/5.0 AppleWebKit/537.36 (KHTML, like Gecko; compatible; ClaudeBot/1.0; +claudebot@anthropic.com)" "-"
74.7.242.0 - - [30/Jul/2026:05:38:34 +0200] "GET /?lokasie=/proc/sys/net/ipv4/conf/eth0/igmpv3_unsolicited_report_interval&loknya=/proc/sys/net/ipv4/conf/eth0 HTTP/1.1" 429 267 logesty-services.fr "http://logesty-services.fr/?loknya=/proc/sys/net/ipv4/conf/eth0" "Mozilla/5.0 AppleWebKit/537.36 (KHTML, like Gecko; compatible; GPTBot/1.4; +https://openai.com/gptbot)" "-"
216.73.217.0 - - [30/Jul/2026:05:38:35 +0200] "GET /shop/conspiracy/consultant274019171.html?loknya=%2Fhomepages%2F43%2Fd895481126%2Fhtdocs%2Fclickandbuilds%2FLogestyServices%2Fwp-admin HTTP/1.1" 429 267 logesty-services.fr "-" "Mozilla/5.0 AppleWebKit/537.36 (KHTML, like Gecko; compatible; ClaudeBot/1.0; +claudebot@anthropic.com)" "-"
216.73.217.0 - - [30/Jul/2026:05:38:40 +0200] "GET /detail/144817.shtm?loknya=%2Fhomepages%2F43%2Fd895481126%2Fhtdocs%2Fclickandbuilds%2FLogestyServices%2Fwp-includes HTTP/1.1" 200 464441 logesty-services.fr "-" "Mozilla/5.0 AppleWebKit/537.36 (KHTML, like Gecko; compatible; ClaudeBot/1.0; +claudebot@anthropic.com)" "-"
216.73.217.0 - - [30/Jul/2026:05:38:45 +0200] "GET /detail/150256.shtm?loknya=%2Fhomepages%2F43%2Fd895481126%2Fhtdocs%2Fclickandbuilds%2FLogestyServices%2Fwp-admin HTTP/1.1" 200 167344 logesty-services.fr "-" "Mozilla/5.0 AppleWebKit/537.36 (KHTML, like Gecko; compatible; ClaudeBot/1.0; +claudebot@anthropic.com)" "-"
216.73.217.0 - - [30/Jul/2026:05:38:50 +0200] "GET /detail/502389834.shtm?loknya=%2Fhomepages%2F43%2Fd895481126%2Fhtdocs%2Fclickandbuilds%2FLogestyServices%2F.wp-cli HTTP/1.1" 200 11568 logesty-services.fr "-" "Mozilla/5.0 AppleWebKit/537.36 (KHTML, like Gecko; compatible; ClaudeBot/1.0; +claudebot@anthropic.com)" "-"
216.73.217.0 - - [30/Jul/2026:05:38:55 +0200] "GET /detail/618172479.shtm?lokasie=%2Fbin%2Fdpkg-split&loknya=%2Fbin HTTP/1.1" 200 3942 logesty-services.fr "-" "Mozilla/5.0 AppleWebKit/537.36 (KHTML, like Gecko; compatible; ClaudeBot/1.0; +claudebot@anthropic.com)" "-"
216.73.217.0 - - [30/Jul/2026:05:39:00 +0200] "GET /item/233035529?loknya=%2Fhomepages%2F43%2Fd895481126%2Fhtdocs%2Fclickandbuilds%2FLogestyServices%2F.tmb HTTP/1.1" 200 13052 logesty-services.fr "-" "Mozilla/5.0 AppleWebKit/537.36 (KHTML, like Gecko; compatible; ClaudeBot/1.0; +claudebot@anthropic.com)" "-"
216.73.217.0 - - [30/Jul/2026:05:39:05 +0200] "GET /detail/669814333.shtm?loknya=%2Fhomepages%2F38 HTTP/1.1" 200 17516 logesty-services.fr "-" "Mozilla/5.0 AppleWebKit/537.36 (KHTML, like Gecko; compatible; ClaudeBot/1.0; +claudebot@anthropic.com)" "-"
109.172.91.0 - - [30/Jul/2026:05:39:08 +0200] "GET /author/antonyv3988858/ HTTP/1.1" 200 83793 logesty-services.fr "http://logesty-services.fr/author/antonyv3988858/" "Mozilla/5.0 (Windows NT 10.0; Win64; x64) AppleWebKit/537.36 (KHTML, like Gecko) Chrome/131.0.0.0 Safari/537.36 Avast/131.0.0.0" "-"
109.172.91.0 - - [30/Jul/2026:05:39:09 +0200] "GET /author/antonyv3988858/?loknya=/homepages/43/d895481126/htdocs/clickandbuilds/LogestyServices/contact-logesty-service HTTP/1.1" 200 13562 logesty-services.fr "http://logesty-services.fr/author/antonyv3988858/?loknya=/homepages/43/d895481126/htdocs/clickandbuilds/LogestyServices/contact-logesty-service" "Mozilla/5.0 (Windows NT 10.0; Win64; x64) AppleWebKit/537.36 (KHTML, like Gecko) Chrome/131.0.0.0 Safari/537.36 Avast/131.0.0.0" "-"
216.73.217.0 - - [30/Jul/2026:05:39:10 +0200] "GET /detail/236531.shtm?lokasie=%2Fbin%2Flogresolve&loknya=%2Fbin HTTP/1.1" 200 3942 logesty-services.fr "-" "Mozilla/5.0 AppleWebKit/537.36 (KHTML, like Gecko; compatible; ClaudeBot/1.0; +claudebot@anthropic.com)" "-"
216.73.217.0 - - [30/Jul/2026:05:39:15 +0200] "GET /item/068025662?loknya=%2Fhomepages%2F43%2Fd895481126%2Fhtdocs%2Fclickandbuilds%2FLogestyServices%2Ftag HTTP/1.1" 200 12740 logesty-services.fr "-" "Mozilla/5.0 AppleWebKit/537.36 (KHTML, like Gecko; compatible; ClaudeBot/1.0; +claudebot@anthropic.com)" "-"
103.87.56.0 - - [30/Jul/2026:05:39:18 +0200] "GET /author/hilarioroper2/?username=latoyaedmundlato&useremail=aileenmccracken%40b.cr.cloudns.asia&register_pass=AzbCT6J-15gEW&register_pass_retype=AzbCT6J-15gEW&term_condition=on&homey_register_security=0dd7030130&_wp_http_referer=%2Fauthor%2Fhilarioroper2%2F&action=homey_register HTTP/1.1" 200 83791 logesty-services.fr "http://logesty-services.fr/" "Mozilla/5.0 (Macintosh; Intel Mac OS X 10_15_7) AppleWebKit/537.36 (KHTML, like Gecko) Chrome/145.0.0.0 Safari/537.36" "-"
216.73.217.0 - - [30/Jul/2026:05:39:20 +0200] "GET /detail/149788439.shtm?loknya=%2Fhomepages%2F37 HTTP/1.1" 200 9228 logesty-services.fr "-" "Mozilla/5.0 AppleWebKit/537.36 (KHTML, like Gecko; compatible; ClaudeBot/1.0; +claudebot@anthropic.com)" "-"
