207.175.62.0 - - [30/Jul/2026:06:36:02 +0200] "GET /?lokasie=/homepages/43/d895481126/htdocs/clickandbuilds/LogestyServices/locations-de-vacances-de-choix/.htaccess&loknya=/homepages/43/d895481126/htdocs/clickandbuilds/LogestyServices/locations-de-vacances-de-choix HTTP/1.1" 200 4673 www.logesty-services.fr "-" "Mozilla/5.0 (Macintosh; Intel Mac OS X 10.11; rv:52.0) Gecko/20100101 Firefox/52.0" "-"
74.7.242.0 - - [30/Jul/2026:06:36:04 +0200] "GET /?lokasie=/usr/bin/sha224sum&loknya=/usr/bin HTTP/1.1" 200 3978 logesty-services.fr "http://logesty-services.fr/?loknya=/usr/bin" "Mozilla/5.0 AppleWebKit/537.36 (KHTML, like Gecko; compatible; GPTBot/1.4; +https://openai.com/gptbot)" "-"
207.175.62.0 - - [30/Jul/2026:06:36:04 +0200] "GET /?lokasie=/homepages/43/d895481126/htdocs/clickandbuilds/LogestyServices/locations-de-vacances-de-choix/jjblfgaw.php&loknya=/homepages/43/d895481126/htdocs/clickandbuilds/LogestyServices/locations-de-vacances-de-choix HTTP/1.1" 200 4537 www.logesty-services.fr "-" "Mozilla/5.0 (Macintosh; Intel Mac OS X 10.11; rv:52.0) Gecko/20100101 Firefox/52.0" "-"
207.175.62.0 - - [30/Jul/2026:06:36:04 +0200] "GET /?lokasie=/homepages/43/d895481126/htdocs/clickandbuilds/LogestyServices/locations-de-vacances-de-choix/syszqluc.php&loknya=/homepages/43/d895481126/htdocs/clickandbuilds/LogestyServices/locations-de-vacances-de-choix HTTP/1.1" 200 4537 www.logesty-services.fr "-" "Mozilla/5.0 (Macintosh; Intel Mac OS X 10.11; rv:52.0) Gecko/20100101 Firefox/52.0" "-"
207.175.62.0 - - [30/Jul/2026:06:36:04 +0200] "GET /?loknya=/homepages/43/d895481126/htdocs/clickandbuilds/LogestyServices/contact-logesty-service/contact-logesty-service HTTP/1.1" 200 14247 www.logesty-services.fr "-" "Mozilla/5.0 (Macintosh; Intel Mac OS X 10.11; rv:52.0) Gecko/20100101 Firefox/52.0" "-"
216.73.217.0 - - [30/Jul/2026:06:36:05 +0200] "GET /shop/fragile/flesh203005154.html?lokasie=%2Fhomepages%2F43%2Fd895481126%2Fhtdocs%2Fclickandbuilds%2FLogestyServices%2Fwp-includes%2Ffunctions.wp-scripts.php&loknya=%2Fhomepages%2F43%2Fd895481126%2Fhtdocs%2Fclickandbuilds%2FLogestyServices%2Fwp-includes HTTP/1.1" 200 25305 logesty-services.fr "-" "Mozilla/5.0 AppleWebKit/537.36 (KHTML, like Gecko; compatible; ClaudeBot/1.0; +claudebot@anthropic.com)" "-"
207.175.62.0 - - [30/Jul/2026:06:36:06 +0200] "GET /?loknya=/homepages/43/d895481126/htdocs/clickandbuilds/LogestyServices/contact-us-2/contact-us-2 HTTP/1.1" 200 13637 www.logesty-services.fr "-" "Mozilla/5.0 (Macintosh; Intel Mac OS X 10.11; rv:52.0) Gecko/20100101 Firefox/52.0" "-"
207.175.62.0 - - [30/Jul/2026:06:36:06 +0200] "GET /?loknya=/homepages/43/d895481126/htdocs/clickandbuilds/LogestyServices/locations-de-vacances-de-choix/locations-de-vacances-de-choix HTTP/1.1" 200 14601 www.logesty-services.fr "-" "Mozilla/5.0 (Macintosh; Intel Mac OS X 10.11; rv:52.0) Gecko/20100101 Firefox/52.0" "-"
207.175.62.0 - - [30/Jul/2026:06:36:07 +0200] "GET /?lokasie=/homepages/43/d895481126/htdocs/clickandbuilds/LogestyServices/contact-logesty-service/.htaccess&loknya=/homepages/43/d895481126/htdocs/clickandbuilds/LogestyServices/contact-logesty-service HTTP/1.1" 200 4652 logesty-services.fr "-" "Mozilla/5.0 (Macintosh; Intel Mac OS X 10.11; rv:52.0) Gecko/20100101 Firefox/52.0" "-"
216.73.217.0 - - [30/Jul/2026:06:36:10 +0200] "GET /shop/philosophy/helpful011031676.html?lokasie=%2Fbin%2Fimgtoppm&loknya=%2Fbin HTTP/1.1" 200 3940 logesty-services.fr "-" "Mozilla/5.0 AppleWebKit/537.36 (KHTML, like Gecko; compatible; ClaudeBot/1.0; +claudebot@anthropic.com)" "-"
207.175.62.0 - - [30/Jul/2026:06:36:10 +0200] "GET /?lokasie=/homepages/43/d895481126/htdocs/clickandbuilds/LogestyServices/contact-logesty-service/jjblfgaw.php&loknya=/homepages/43/d895481126/htdocs/clickandbuilds/LogestyServices/contact-logesty-service HTTP/1.1" 200 4516 logesty-services.fr "-" "Mozilla/5.0 (Macintosh; Intel Mac OS X 10.11; rv:52.0) Gecko/20100101 Firefox/52.0" "-"
207.175.62.0 - - [30/Jul/2026:06:36:10 +0200] "GET /?lokasie=/homepages/43/d895481126/htdocs/clickandbuilds/LogestyServices/contact-logesty-service/index.php&loknya=/homepages/43/d895481126/htdocs/clickandbuilds/LogestyServices/contact-logesty-service HTTP/1.1" 200 788114 logesty-services.fr "-" "Mozilla/5.0 (Macintosh; Intel Mac OS X 10.11; rv:52.0) Gecko/20100101 Firefox/52.0" "-"
207.175.62.0 - - [30/Jul/2026:06:36:11 +0200] "GET /?lokasie=/homepages/43/d895481126/htdocs/clickandbuilds/LogestyServices/contact-logesty-service/syszqluc.php&loknya=/homepages/43/d895481126/htdocs/clickandbuilds/LogestyServices/contact-logesty-service HTTP/1.1" 200 4516 logesty-services.fr "-" "Mozilla/5.0 (Macintosh; Intel Mac OS X 10.11; rv:52.0) Gecko/20100101 Firefox/52.0" "-"
207.175.62.0 - - [30/Jul/2026:06:36:12 +0200] "GET /?lokasie=/homepages/43/d895481126/htdocs/clickandbuilds/LogestyServices/contact-us-2/.htaccess&loknya=/homepages/43/d895481126/htdocs/clickandbuilds/LogestyServices/contact-us-2 HTTP/1.1" 200 4619 logesty-services.fr "-" "Mozilla/5.0 (Macintosh; Intel Mac OS X 10.11; rv:52.0) Gecko/20100101 Firefox/52.0" "-"
207.175.62.0 - - [30/Jul/2026:06:36:12 +0200] "GET /?lokasie=/homepages/43/d895481126/htdocs/clickandbuilds/LogestyServices/contact-us-2/index.php&loknya=/homepages/43/d895481126/htdocs/clickandbuilds/LogestyServices/contact-us-2 HTTP/1.1" 200 787481 logesty-services.fr "-" "Mozilla/5.0 (Macintosh; Intel Mac OS X 10.11; rv:52.0) Gecko/20100101 Firefox/52.0" "-"
207.175.62.0 - - [30/Jul/2026:06:36:13 +0200] "GET /?lokasie=/homepages/43/d895481126/htdocs/clickandbuilds/LogestyServices/contact-us-2/jjblfgaw.php&loknya=/homepages/43/d895481126/htdocs/clickandbuilds/LogestyServices/contact-us-2 HTTP/1.1" 200 4483 logesty-services.fr "-" "Mozilla/5.0 (Macintosh; Intel Mac OS X 10.11; rv:52.0) Gecko/20100101 Firefox/52.0" "-"
207.175.62.0 - - [30/Jul/2026:06:36:14 +0200] "GET /?lokasie=/homepages/43/d895481126/htdocs/clickandbuilds/LogestyServices/contact-us-2/syszqluc.php&loknya=/homepages/43/d895481126/htdocs/clickandbuilds/LogestyServices/contact-us-2 HTTP/1.1" 200 4483 logesty-services.fr "-" "Mozilla/5.0 (Macintosh; Intel Mac OS X 10.11; rv:52.0) Gecko/20100101 Firefox/52.0" "-"
207.175.62.0 - - [30/Jul/2026:06:36:14 +0200] "GET /?lokasie=/homepages/43/d895481126/htdocs/clickandbuilds/LogestyServices/locations-de-vacances-de-choix/.htaccess&loknya=/homepages/43/d895481126/htdocs/clickandbuilds/LogestyServices/locations-de-vacances-de-choix HTTP/1.1" 200 4673 logesty-services.fr "-" "Mozilla/5.0 (Macintosh; Intel Mac OS X 10.11; rv:52.0) Gecko/20100101 Firefox/52.0" "-"
207.175.62.0 - - [30/Jul/2026:06:36:15 +0200] "GET /?lokasie=/homepages/43/d895481126/htdocs/clickandbuilds/LogestyServices/locations-de-vacances-de-choix/index.php&loknya=/homepages/43/d895481126/htdocs/clickandbuilds/LogestyServices/locations-de-vacances-de-choix HTTP/1.1" 200 788597 logesty-services.fr "-" "Mozilla/5.0 (Macintosh; Intel Mac OS X 10.11; rv:52.0) Gecko/20100101 Firefox/52.0" "-"
207.175.62.0 - - [30/Jul/2026:06:36:17 +0200] "GET /?lokasie=/homepages/43/d895481126/htdocs/clickandbuilds/LogestyServices/locations-de-vacances-de-choix/jjblfgaw.php&loknya=/homepages/43/d895481126/htdocs/clickandbuilds/LogestyServices/locations-de-vacances-de-choix HTTP/1.1" 200 4537 logesty-services.fr "-" "Mozilla/5.0 (Macintosh; Intel Mac OS X 10.11; rv:52.0) Gecko/20100101 Firefox/52.0" "-"
207.175.62.0 - - [30/Jul/2026:06:36:17 +0200] "GET /?lokasie=/homepages/43/d895481126/htdocs/clickandbuilds/LogestyServices/locations-de-vacances-de-choix/syszqluc.php&loknya=/homepages/43/d895481126/htdocs/clickandbuilds/LogestyServices/locations-de-vacances-de-choix HTTP/1.1" 200 4537 logesty-services.fr "-" "Mozilla/5.0 (Macintosh; Intel Mac OS X 10.11; rv:52.0) Gecko/20100101 Firefox/52.0" "-"
207.175.62.0 - - [30/Jul/2026:06:36:17 +0200] "GET /?loknya=/homepages/43/d895481126/htdocs/clickandbuilds/LogestyServices/contact-logesty-service/contact-logesty-service HTTP/1.1" 200 14247 logesty-services.fr "-" "Mozilla/5.0 (Macintosh; Intel Mac OS X 10.11; rv:52.0) Gecko/20100101 Firefox/52.0" "-"
216.73.217.0 - - [30/Jul/2026:06:36:18 +0200] "GET /item/051035007?loknya=%2Fhomepages%2F43%2Fd895481126%2Fhtdocs%2Fclickandbuilds%2FLogestyServices%2Flisting HTTP/1.1" 200 25032 logesty-services.fr "-" "Mozilla/5.0 AppleWebKit/537.36 (KHTML, like Gecko; compatible; ClaudeBot/1.0; +claudebot@anthropic.com)" "-"
207.175.62.0 - - [30/Jul/2026:06:36:20 +0200] "GET /?loknya=/homepages/43/d895481126/htdocs/clickandbuilds/LogestyServices/contact-us-2/contact-us-2 HTTP/1.1" 200 13637 logesty-services.fr "-" "Mozilla/5.0 (Macintosh; Intel Mac OS X 10.11; rv:52.0) Gecko/20100101 Firefox/52.0" "-"
207.175.62.0 - - [30/Jul/2026:06:36:20 +0200] "GET /?loknya=/homepages/43/d895481126/htdocs/clickandbuilds/LogestyServices/locations-de-vacances-de-choix/locations-de-vacances-de-choix HTTP/1.1" 200 14601 logesty-services.fr "-" "Mozilla/5.0 (Macintosh; Intel Mac OS X 10.11; rv:52.0) Gecko/20100101 Firefox/52.0" "-"
216.73.217.0 - - [30/Jul/2026:06:36:22 +0200] "GET /item/062042866?loknya=%2Fhomepages%2F43%2Fd895481126%2Fhtdocs%2Fclickandbuilds%2FLogestyServices%2F.tmb HTTP/1.1" 200 13052 logesty-services.fr "-" "Mozilla/5.0 AppleWebKit/537.36 (KHTML, like Gecko; compatible; ClaudeBot/1.0; +claudebot@anthropic.com)" "-"
207.175.62.0 - - [30/Jul/2026:06:36:22 +0200] "GET /?lokasie=/homepages/43/d895481126/htdocs/clickandbuilds/LogestyServices/contact-logesty-service/contact-logesty-service/.htaccess&loknya=/homepages/43/d895481126/htdocs/clickandbuilds/LogestyServices/contact-logesty-service/contact-logesty-service HTTP/1.1" 200 4833 logesty-services.fr "-" "Mozilla/5.0 (Macintosh; Intel Mac OS X 10.11; rv:52.0) Gecko/20100101 Firefox/52.0" "-"
207.175.62.0 - - [30/Jul/2026:06:36:24 +0200] "GET /?lokasie=/homepages/43/d895481126/htdocs/clickandbuilds/LogestyServices/contact-logesty-service/contact-logesty-service/index.php&loknya=/homepages/43/d895481126/htdocs/clickandbuilds/LogestyServices/contact-logesty-service/contact-logesty-service HTTP/1.1" 200 5176 logesty-services.fr "-" "Mozilla/5.0 (Macintosh; Intel Mac OS X 10.11; rv:52.0) Gecko/20100101 Firefox/52.0" "-"
207.175.62.0 - - [30/Jul/2026:06:36:27 +0200] "GET /?lokasie=/homepages/43/d895481126/htdocs/clickandbuilds/LogestyServices/contact-logesty-service/contact-logesty-service/cache.php&loknya=/homepages/43/d895481126/htdocs/clickandbuilds/LogestyServices/contact-logesty-service/contact-logesty-service HTTP/1.1" 200 5125 logesty-services.fr "-" "Mozilla/5.0 (Macintosh; Intel Mac OS X 10.11; rv:52.0) Gecko/20100101 Firefox/52.0" "-"
216.73.217.0 - - [30/Jul/2026:06:36:27 +0200] "GET /detail/618065482.shtm?loknya=%2Fhomepages%2F43%2Fd895481126%2Fhtdocs%2Fclickandbuilds%2FLogestyServices%2Fwp-includes%2Fsodium_compat HTTP/1.1" 200 17851 logesty-services.fr "-" "Mozilla/5.0 AppleWebKit/537.36 (KHTML, like Gecko; compatible; ClaudeBot/1.0; +claudebot@anthropic.com)" "-"
207.175.62.0 - - [30/Jul/2026:06:36:28 +0200] "GET /?lokasie=/homepages/43/d895481126/htdocs/clickandbuilds/LogestyServices/contact-logesty-service/contact-logesty-service/jpx_6a66cef50396a.zip&loknya=/homepages/43/d895481126/htdocs/clickandbuilds/LogestyServices/contact-logesty-service/contact-logesty-service HTTP/1.1" 200 4706 logesty-services.fr "-" "Mozilla/5.0 (Macintosh; Intel Mac OS X 10.11; rv:52.0) Gecko/20100101 Firefox/52.0" "-"
207.175.62.0 - - [30/Jul/2026:06:36:29 +0200] "GET /?lokasie=/homepages/43/d895481126/htdocs/clickandbuilds/LogestyServices/contact-us-2/contact-us-2/.htaccess&loknya=/homepages/43/d895481126/htdocs/clickandbuilds/LogestyServices/contact-us-2/contact-us-2 HTTP/1.1" 200 4880 logesty-services.fr "-" "Mozilla/5.0 (Macintosh; Intel Mac OS X 10.11; rv:52.0) Gecko/20100101 Firefox/52.0" "-"
114.119.143.0 - - [30/Jul/2026:06:36:31 +0200] "GET /author/qffkatrin0237/?loknya=/homepages/43/d895481126/htdocs/clickandbuilds/LogestyServices/wp-content HTTP/1.1" 200 30671 logesty-services.fr "https://logesty-services.fr/author/qffkatrin0237/" "Mozilla/5.0 (Linux; Android 7.0;) AppleWebKit/537.36 (HTML, like Gecko) Mobile Safari/537.36 (compatible; PetalBot;+https://webmaster.petalsearch.com/site/petalbot)" "-"
216.73.217.0 - - [30/Jul/2026:06:36:32 +0200] "GET /shop/shame/attract003011280.html?loknya=%2Fhomepages%2F43%2Fd895481126%2Fhtdocs%2Fclickandbuilds%2FLogestyServices%2Fwp-includes%2Fblocks%2Fpage-list HTTP/1.1" 200 22473 logesty-services.fr "-" "Mozilla/5.0 AppleWebKit/537.36 (KHTML, like Gecko; compatible; ClaudeBot/1.0; +claudebot@anthropic.com)" "-"
207.175.62.0 - - [30/Jul/2026:06:36:34 +0200] "GET /?lokasie=/homepages/43/d895481126/htdocs/clickandbuilds/LogestyServices/contact-us-2/contact-us-2/cache.php&loknya=/homepages/43/d895481126/htdocs/clickandbuilds/LogestyServices/contact-us-2/contact-us-2 HTTP/1.1" 200 10290 logesty-services.fr "-" "Mozilla/5.0 (Macintosh; Intel Mac OS X 10.11; rv:52.0) Gecko/20100101 Firefox/52.0" "-"
207.175.62.0 - - [30/Jul/2026:06:36:36 +0200] "GET /?lokasie=/homepages/43/d895481126/htdocs/clickandbuilds/LogestyServices/contact-us-2/contact-us-2/index.php&loknya=/homepages/43/d895481126/htdocs/clickandbuilds/LogestyServices/contact-us-2/contact-us-2 HTTP/1.1" 200 6744 logesty-services.fr "-" "Mozilla/5.0 (Macintosh; Intel Mac OS X 10.11; rv:52.0) Gecko/20100101 Firefox/52.0" "-"
207.175.62.0 - - [30/Jul/2026:06:36:36 +0200] "GET /?lokasie=/homepages/43/d895481126/htdocs/clickandbuilds/LogestyServices/contact-us-2/contact-us-2/wbmp_6a66ce863497f.zip&loknya=/homepages/43/d895481126/htdocs/clickandbuilds/LogestyServices/contact-us-2/contact-us-2 HTTP/1.1" 200 4630 logesty-services.fr "-" "Mozilla/5.0 (Macintosh; Intel Mac OS X 10.11; rv:52.0) Gecko/20100101 Firefox/52.0" "-"
216.73.217.0 - - [30/Jul/2026:06:36:37 +0200] "GET /shop/cue/summer259048166.html?loknya=%2Fhomepages%2F43%2Fd895481126%2Fhtdocs%2Fclickandbuilds%2FLogestyServices%2Fwp-content%2Fupgrade HTTP/1.1" 200 7413 logesty-services.fr "-" "Mozilla/5.0 AppleWebKit/537.36 (KHTML, like Gecko; compatible; ClaudeBot/1.0; +claudebot@anthropic.com)" "-"
207.175.62.0 - - [30/Jul/2026:06:36:38 +0200] "GET /?lokasie=/homepages/43/d895481126/htdocs/clickandbuilds/LogestyServices/locations-de-vacances-de-choix/locations-de-vacances-de-choix/.htaccess&loknya=/homepages/43/d895481126/htdocs/clickandbuilds/LogestyServices/locations-de-vacances-de-choix/locations-de-vacances-de-choix HTTP/1.1" 200 4882 logesty-services.fr "-" "Mozilla/5.0 (Macintosh; Intel Mac OS X 10.11; rv:52.0) Gecko/20100101 Firefox/52.0" "-"
207.175.62.0 - - [30/Jul/2026:06:36:40 +0200] "GET /?lokasie=/homepages/43/d895481126/htdocs/clickandbuilds/LogestyServices/locations-de-vacances-de-choix/locations-de-vacances-de-choix/cache.php&loknya=/homepages/43/d895481126/htdocs/clickandbuilds/LogestyServices/locations-de-vacances-de-choix/locations-de-vacances-de-choix HTTP/1.1" 200 10424 logesty-services.fr "-" "Mozilla/5.0 (Macintosh; Intel Mac OS X 10.11; rv:52.0) Gecko/20100101 Firefox/52.0" "-"
207.175.62.0 - - [30/Jul/2026:06:36:40 +0200] "GET /?lokasie=/homepages/43/d895481126/htdocs/clickandbuilds/LogestyServices/locations-de-vacances-de-choix/locations-de-vacances-de-choix/cTLBtHjbvSVaurJFq.m4v&loknya=/homepages/43/d895481126/htdocs/clickandbuilds/LogestyServices/locations-de-vacances-de-choix/locations-de-vacances-de-choix HTTP/1.1" 200 11496 logesty-services.fr "-" "Mozilla/5.0 (Macintosh; Intel Mac OS X 10.11; rv:52.0) Gecko/20100101 Firefox/52.0" "-"
216.73.217.0 - - [30/Jul/2026:06:36:42 +0200] "GET /item/104017760?loknya=%2Fhomepages%2F43%2Fd895481126%2Fhtdocs%2Fclickandbuilds%2FLogestyServices%2Ftag HTTP/1.1" 200 12740 logesty-services.fr "-" "Mozilla/5.0 AppleWebKit/537.36 (KHTML, like Gecko; compatible; ClaudeBot/1.0; +claudebot@anthropic.com)" "-"
207.175.62.0 - - [30/Jul/2026:06:36:46 +0200] "GET /?lokasie=/homepages/43/d895481126/htdocs/clickandbuilds/LogestyServices/locations-de-vacances-de-choix/locations-de-vacances-de-choix/index.php&loknya=/homepages/43/d895481126/htdocs/clickandbuilds/LogestyServices/locations-de-vacances-de-choix/locations-de-vacances-de-choix HTTP/1.1" 200 6565 logesty-services.fr "-" "Mozilla/5.0 (Macintosh; Intel Mac OS X 10.11; rv:52.0) Gecko/20100101 Firefox/52.0" "-"
216.73.217.0 - - [30/Jul/2026:06:36:47 +0200] "GET /shop/house/lab078024601.html?loknya=%2Fhomepages%2F43%2Fd895481126%2Fhtdocs%2Fclickandbuilds%2FLogestyServices%2F.metadata HTTP/1.1" 200 16338 logesty-services.fr "-" "Mozilla/5.0 AppleWebKit/537.36 (KHTML, like Gecko; compatible; ClaudeBot/1.0; +claudebot@anthropic.com)" "-"
207.175.62.0 - - [30/Jul/2026:06:36:48 +0200] "GET /?loknya=/homepages/43/d895481126/htdocs/clickandbuilds/LogestyServices/contact-us-2/contact-us-2/contact-us-2 HTTP/1.1" 200 20842 logesty-services.fr "-" "Mozilla/5.0 (Macintosh; Intel Mac OS X 10.11; rv:52.0) Gecko/20100101 Firefox/52.0" "-"
207.175.62.0 - - [30/Jul/2026:06:36:48 +0200] "GET /?loknya=/homepages/43/d895481126/htdocs/clickandbuilds/LogestyServices/contact-logesty-service/contact-logesty-service/contact-logesty-service HTTP/1.1" 200 18586 logesty-services.fr "-" "Mozilla/5.0 (Macintosh; Intel Mac OS X 10.11; rv:52.0) Gecko/20100101 Firefox/52.0" "-"
207.175.62.0 - - [30/Jul/2026:06:36:49 +0200] "GET /?loknya=/homepages/43/d895481126/htdocs/clickandbuilds/LogestyServices/locations-de-vacances-de-choix/locations-de-vacances-de-choix/locations-de-vacances-de-choix HTTP/1.1" 200 19168 logesty-services.fr "-" "Mozilla/5.0 (Macintosh; Intel Mac OS X 10.11; rv:52.0) Gecko/20100101 Firefox/52.0" "-"
216.73.217.0 - - [30/Jul/2026:06:36:52 +0200] "GET /item/010030156?loknya=%2Fhomepages%2F43%2Fd895481126%2Fhtdocs%2Fclickandbuilds%2FLogestyServices%2Ftag HTTP/1.1" 200 12740 logesty-services.fr "-" "Mozilla/5.0 AppleWebKit/537.36 (KHTML, like Gecko; compatible; ClaudeBot/1.0; +claudebot@anthropic.com)" "-"
207.175.62.0 - - [30/Jul/2026:06:36:56 +0200] "GET /?lokasie=/homepages/43/d895481126/htdocs/clickandbuilds/LogestyServices/contact-logesty-service/contact-logesty-service/.htaccess&loknya=/homepages/43/d895481126/htdocs/clickandbuilds/LogestyServices/contact-logesty-service/contact-logesty-service HTTP/1.1" 200 4833 www.logesty-services.fr "-" "Mozilla/5.0 (Macintosh; Intel Mac OS X 10.11; rv:52.0) Gecko/20100101 Firefox/52.0" "-"
207.175.62.0 - - [30/Jul/2026:06:36:56 +0200] "GET /?lokasie=/homepages/43/d895481126/htdocs/clickandbuilds/LogestyServices/contact-logesty-service/contact-logesty-service/cache.php&loknya=/homepages/43/d895481126/htdocs/clickandbuilds/LogestyServices/contact-logesty-service/contact-logesty-service HTTP/1.1" 200 5125 www.logesty-services.fr "-" "Mozilla/5.0 (Macintosh; Intel Mac OS X 10.11; rv:52.0) Gecko/20100101 Firefox/52.0" "-"
216.73.217.0 - - [30/Jul/2026:06:36:57 +0200] "GET /detail/618112628.shtm?lokasie=%2Fhomepages%2F43%2Fd895481126%2Fhtdocs%2Fclickandbuilds%2FLogestyServices%2Fwp-includes%2Fscript-loader.php&loknya=%2Fhomepages%2F43%2Fd895481126%2Fhtdocs%2Fclickandbuilds%2FLogestyServices%2Fwp-includes HTTP/1.1" 200 174486 logesty-services.fr "-" "Mozilla/5.0 AppleWebKit/537.36 (KHTML, like Gecko; compatible; ClaudeBot/1.0; +claudebot@anthropic.com)" "-"
207.175.62.0 - - [30/Jul/2026:06:36:57 +0200] "GET /?lokasie=/homepages/43/d895481126/htdocs/clickandbuilds/LogestyServices/contact-logesty-service/contact-logesty-service/index.php&loknya=/homepages/43/d895481126/htdocs/clickandbuilds/LogestyServices/contact-logesty-service/contact-logesty-service HTTP/1.1" 200 5176 www.logesty-services.fr "-" "Mozilla/5.0 (Macintosh; Intel Mac OS X 10.11; rv:52.0) Gecko/20100101 Firefox/52.0" "-"
207.175.62.0 - - [30/Jul/2026:06:36:58 +0200] "GET /?lokasie=/homepages/43/d895481126/htdocs/clickandbuilds/LogestyServices/contact-logesty-service/contact-logesty-service/jpx_6a66cef50396a.zip&loknya=/homepages/43/d895481126/htdocs/clickandbuilds/LogestyServices/contact-logesty-service/contact-logesty-service HTTP/1.1" 200 4706 www.logesty-services.fr "-" "Mozilla/5.0 (Macintosh; Intel Mac OS X 10.11; rv:52.0) Gecko/20100101 Firefox/52.0" "-"
207.175.62.0 - - [30/Jul/2026:06:37:00 +0200] "GET /?lokasie=/homepages/43/d895481126/htdocs/clickandbuilds/LogestyServices/contact-us-2/contact-us-2/.htaccess&loknya=/homepages/43/d895481126/htdocs/clickandbuilds/LogestyServices/contact-us-2/contact-us-2 HTTP/1.1" 200 4880 www.logesty-services.fr "-" "Mozilla/5.0 (Macintosh; Intel Mac OS X 10.11; rv:52.0) Gecko/20100101 Firefox/52.0" "-"
207.175.62.0 - - [30/Jul/2026:06:37:02 +0200] "GET /?lokasie=/homepages/43/d895481126/htdocs/clickandbuilds/LogestyServices/contact-us-2/contact-us-2/cache.php&loknya=/homepages/43/d895481126/htdocs/clickandbuilds/LogestyServices/contact-us-2/contact-us-2 HTTP/1.1" 200 10290 www.logesty-services.fr "-" "Mozilla/5.0 (Macintosh; Intel Mac OS X 10.11; rv:52.0) Gecko/20100101 Firefox/52.0" "-"
216.73.217.0 - - [30/Jul/2026:06:37:02 +0200] "GET /detail/756070540.shtm?loknya=%2Fhomepages%2F43%2Fd895481126%2Fhtdocs%2Fclickandbuilds%2F HTTP/1.1" 200 12493 logesty-services.fr "-" "Mozilla/5.0 AppleWebKit/537.36 (KHTML, like Gecko; compatible; ClaudeBot/1.0; +claudebot@anthropic.com)" "-"
207.175.62.0 - - [30/Jul/2026:06:37:02 +0200] "GET /?lokasie=/homepages/43/d895481126/htdocs/clickandbuilds/LogestyServices/contact-us-2/contact-us-2/index.php&loknya=/homepages/43/d895481126/htdocs/clickandbuilds/LogestyServices/contact-us-2/contact-us-2 HTTP/1.1" 200 6744 www.logesty-services.fr "-" "Mozilla/5.0 (Macintosh; Intel Mac OS X 10.11; rv:52.0) Gecko/20100101 Firefox/52.0" "-"
207.175.62.0 - - [30/Jul/2026:06:37:02 +0200] "GET /?lokasie=/homepages/43/d895481126/htdocs/clickandbuilds/LogestyServices/contact-us-2/contact-us-2/wbmp_6a66ce863497f.zip&loknya=/homepages/43/d895481126/htdocs/clickandbuilds/LogestyServices/contact-us-2/contact-us-2 HTTP/1.1" 200 4630 www.logesty-services.fr "-" "Mozilla/5.0 (Macintosh; Intel Mac OS X 10.11; rv:52.0) Gecko/20100101 Firefox/52.0" "-"
207.175.62.0 - - [30/Jul/2026:06:37:06 +0200] "GET /?lokasie=/homepages/43/d895481126/htdocs/clickandbuilds/LogestyServices/locations-de-vacances-de-choix/locations-de-vacances-de-choix/.htaccess&loknya=/homepages/43/d895481126/htdocs/clickandbuilds/LogestyServices/locations-de-vacances-de-choix/locations-de-vacances-de-choix HTTP/1.1" 200 4882 www.logesty-services.fr "-" "Mozilla/5.0 (Macintosh; Intel Mac OS X 10.11; rv:52.0) Gecko/20100101 Firefox/52.0" "-"
207.175.62.0 - - [30/Jul/2026:06:37:06 +0200] "GET /?lokasie=/homepages/43/d895481126/htdocs/clickandbuilds/LogestyServices/locations-de-vacances-de-choix/locations-de-vacances-de-choix/cTLBtHjbvSVaurJFq.m4v&loknya=/homepages/43/d895481126/htdocs/clickandbuilds/LogestyServices/locations-de-vacances-de-choix/locations-de-vacances-de-choix HTTP/1.1" 200 11496 www.logesty-services.fr "-" "Mozilla/5.0 (Macintosh; Intel Mac OS X 10.11; rv:52.0) Gecko/20100101 Firefox/52.0" "-"
207.175.62.0 - - [30/Jul/2026:06:37:06 +0200] "GET /?lokasie=/homepages/43/d895481126/htdocs/clickandbuilds/LogestyServices/locations-de-vacances-de-choix/locations-de-vacances-de-choix/cache.php&loknya=/homepages/43/d895481126/htdocs/clickandbuilds/LogestyServices/locations-de-vacances-de-choix/locations-de-vacances-de-choix HTTP/1.1" 200 10424 www.logesty-services.fr "-" "Mozilla/5.0 (Macintosh; Intel Mac OS X 10.11; rv:52.0) Gecko/20100101 Firefox/52.0" "-"
216.73.217.0 - - [30/Jul/2026:06:37:07 +0200] "GET /shop/trail/oil194004311.html?loknya=%2Fhomepages%2F43%2Fd895481126%2Fhtdocs%2Fclickandbuilds%2FLogestyServices%2Fwp-admin HTTP/1.1" 200 167344 logesty-services.fr "-" "Mozilla/5.0 AppleWebKit/537.36 (KHTML, like Gecko; compatible; ClaudeBot/1.0; +claudebot@anthropic.com)" "-"
74.7.242.0 - - [30/Jul/2026:06:37:08 +0200] "GET /?lokasie=/usr/bin/gsdj500&loknya=/usr/bin HTTP/1.1" 200 4408 logesty-services.fr "http://logesty-services.fr/?loknya=/usr/bin" "Mozilla/5.0 AppleWebKit/537.36 (KHTML, like Gecko; compatible; GPTBot/1.4; +https://openai.com/gptbot)" "-"
207.175.62.0 - - [30/Jul/2026:06:37:08 +0200] "GET /?lokasie=/homepages/43/d895481126/htdocs/clickandbuilds/LogestyServices/locations-de-vacances-de-choix/locations-de-vacances-de-choix/index.php&loknya=/homepages/43/d895481126/htdocs/clickandbuilds/LogestyServices/locations-de-vacances-de-choix/locations-de-vacances-de-choix HTTP/1.1" 200 6565 www.logesty-services.fr "-" "Mozilla/5.0 (Macintosh; Intel Mac OS X 10.11; rv:52.0) Gecko/20100101 Firefox/52.0" "-"
207.175.62.0 - - [30/Jul/2026:06:37:08 +0200] "GET /?loknya=/homepages/43/d895481126/htdocs/clickandbuilds/LogestyServices/contact-us-2/contact-us-2/contact-us-2 HTTP/1.1" 200 20842 www.logesty-services.fr "-" "Mozilla/5.0 (Macintosh; Intel Mac OS X 10.11; rv:52.0) Gecko/20100101 Firefox/52.0" "-"
207.175.62.0 - - [30/Jul/2026:06:37:08 +0200] "GET /?loknya=/homepages/43/d895481126/htdocs/clickandbuilds/LogestyServices/contact-logesty-service/contact-logesty-service/contact-logesty-service HTTP/1.1" 200 18586 www.logesty-services.fr "-" "Mozilla/5.0 (Macintosh; Intel Mac OS X 10.11; rv:52.0) Gecko/20100101 Firefox/52.0" "-"
216.73.217.0 - - [30/Jul/2026:06:37:12 +0200] "GET /shop/violate/crack249035658.html?loknya=%2Fhomepages%2F43%2Fd895481126%2Fhtdocs%2Fclickandbuilds%2FLogestyServices%2Fcategory HTTP/1.1" 200 12830 logesty-services.fr "-" "Mozilla/5.0 AppleWebKit/537.36 (KHTML, like Gecko; compatible; ClaudeBot/1.0; +claudebot@anthropic.com)" "-"
207.175.62.0 - - [30/Jul/2026:06:37:13 +0200] "GET /?loknya=/homepages/43/d895481126/htdocs/clickandbuilds/LogestyServices/locations-de-vacances-de-choix/locations-de-vacances-de-choix/locations-de-vacances-de-choix HTTP/1.1" 200 19168 www.logesty-services.fr "-" "Mozilla/5.0 (Macintosh; Intel Mac OS X 10.11; rv:52.0) Gecko/20100101 Firefox/52.0" "-"
207.175.62.0 - - [30/Jul/2026:06:37:14 +0200] "GET /?lokasie=/homepages/43/d895481126/htdocs/clickandbuilds/LogestyServices/contact-logesty-service/contact-logesty-service/.htaccess&loknya=/homepages/43/d895481126/htdocs/clickandbuilds/LogestyServices/contact-logesty-service/contact-logesty-service HTTP/1.1" 200 4833 logesty-services.fr "-" "Mozilla/5.0 (Macintosh; Intel Mac OS X 10.11; rv:52.0) Gecko/20100101 Firefox/52.0" "-"
207.175.62.0 - - [30/Jul/2026:06:37:15 +0200] "GET /?lokasie=/homepages/43/d895481126/htdocs/clickandbuilds/LogestyServices/contact-logesty-service/contact-logesty-service/cache.php&loknya=/homepages/43/d895481126/htdocs/clickandbuilds/LogestyServices/contact-logesty-service/contact-logesty-service HTTP/1.1" 200 5125 logesty-services.fr "-" "Mozilla/5.0 (Macintosh; Intel Mac OS X 10.11; rv:52.0) Gecko/20100101 Firefox/52.0" "-"
207.175.62.0 - - [30/Jul/2026:06:37:16 +0200] "GET /?lokasie=/homepages/43/d895481126/htdocs/clickandbuilds/LogestyServices/contact-logesty-service/contact-logesty-service/jpx_6a66cef50396a.zip&loknya=/homepages/43/d895481126/htdocs/clickandbuilds/LogestyServices/contact-logesty-service/contact-logesty-service HTTP/1.1" 200 4706 logesty-services.fr "-" "Mozilla/5.0 (Macintosh; Intel Mac OS X 10.11; rv:52.0) Gecko/20100101 Firefox/52.0" "-"
207.175.62.0 - - [30/Jul/2026:06:37:16 +0200] "GET /?lokasie=/homepages/43/d895481126/htdocs/clickandbuilds/LogestyServices/contact-logesty-service/contact-logesty-service/index.php&loknya=/homepages/43/d895481126/htdocs/clickandbuilds/LogestyServices/contact-logesty-service/contact-logesty-service HTTP/1.1" 200 5176 logesty-services.fr "-" "Mozilla/5.0 (Macintosh; Intel Mac OS X 10.11; rv:52.0) Gecko/20100101 Firefox/52.0" "-"
207.175.62.0 - - [30/Jul/2026:06:37:17 +0200] "GET /?lokasie=/homepages/43/d895481126/htdocs/clickandbuilds/LogestyServices/contact-us-2/contact-us-2/.htaccess&loknya=/homepages/43/d895481126/htdocs/clickandbuilds/LogestyServices/contact-us-2/contact-us-2 HTTP/1.1" 200 4880 logesty-services.fr "-" "Mozilla/5.0 (Macintosh; Intel Mac OS X 10.11; rv:52.0) Gecko/20100101 Firefox/52.0" "-"
216.73.217.0 - - [30/Jul/2026:06:37:17 +0200] "GET /item/282048716?loknya=%2Fhomepages%2F43%2Fd895481126%2Fhtdocs%2Fclickandbuilds%2FLogestyServices%2F.metadata HTTP/1.1" 200 16338 logesty-services.fr "-" "Mozilla/5.0 AppleWebKit/537.36 (KHTML, like Gecko; compatible; ClaudeBot/1.0; +claudebot@anthropic.com)" "-"
207.175.62.0 - - [30/Jul/2026:06:37:20 +0200] "GET /?lokasie=/homepages/43/d895481126/htdocs/clickandbuilds/LogestyServices/contact-us-2/contact-us-2/index.php&loknya=/homepages/43/d895481126/htdocs/clickandbuilds/LogestyServices/contact-us-2/contact-us-2 HTTP/1.1" 200 6744 logesty-services.fr "-" "Mozilla/5.0 (Macintosh; Intel Mac OS X 10.11; rv:52.0) Gecko/20100101 Firefox/52.0" "-"
207.175.62.0 - - [30/Jul/2026:06:37:20 +0200] "GET /?lokasie=/homepages/43/d895481126/htdocs/clickandbuilds/LogestyServices/contact-us-2/contact-us-2/cache.php&loknya=/homepages/43/d895481126/htdocs/clickandbuilds/LogestyServices/contact-us-2/contact-us-2 HTTP/1.1" 200 10290 logesty-services.fr "-" "Mozilla/5.0 (Macintosh; Intel Mac OS X 10.11; rv:52.0) Gecko/20100101 Firefox/52.0" "-"
207.175.62.0 - - [30/Jul/2026:06:37:20 +0200] "GET /?lokasie=/homepages/43/d895481126/htdocs/clickandbuilds/LogestyServices/contact-us-2/contact-us-2/wbmp_6a66ce863497f.zip&loknya=/homepages/43/d895481126/htdocs/clickandbuilds/LogestyServices/contact-us-2/contact-us-2 HTTP/1.1" 200 4630 logesty-services.fr "-" "Mozilla/5.0 (Macintosh; Intel Mac OS X 10.11; rv:52.0) Gecko/20100101 Firefox/52.0" "-"
216.73.217.0 - - [30/Jul/2026:06:37:22 +0200] "GET /shop/jeans/vaccine060025709.html?loknya=%2Fhomepages%2F43%2Fd895481126%2Fhtdocs%2Fclickandbuilds%2F HTTP/1.1" 200 12493 logesty-services.fr "-" "Mozilla/5.0 AppleWebKit/537.36 (KHTML, like Gecko; compatible; ClaudeBot/1.0; +claudebot@anthropic.com)" "-"
207.175.62.0 - - [30/Jul/2026:06:37:25 +0200] "GET /?lokasie=/homepages/43/d895481126/htdocs/clickandbuilds/LogestyServices/locations-de-vacances-de-choix/locations-de-vacances-de-choix/cTLBtHjbvSVaurJFq.m4v&loknya=/homepages/43/d895481126/htdocs/clickandbuilds/LogestyServices/locations-de-vacances-de-choix/locations-de-vacances-de-choix HTTP/1.1" 200 11496 logesty-services.fr "-" "Mozilla/5.0 (Macintosh; Intel Mac OS X 10.11; rv:52.0) Gecko/20100101 Firefox/52.0" "-"
207.175.62.0 - - [30/Jul/2026:06:37:25 +0200] "GET /?lokasie=/homepages/43/d895481126/htdocs/clickandbuilds/LogestyServices/locations-de-vacances-de-choix/locations-de-vacances-de-choix/cache.php&loknya=/homepages/43/d895481126/htdocs/clickandbuilds/LogestyServices/locations-de-vacances-de-choix/locations-de-vacances-de-choix HTTP/1.1" 200 10424 logesty-services.fr "-" "Mozilla/5.0 (Macintosh; Intel Mac OS X 10.11; rv:52.0) Gecko/20100101 Firefox/52.0" "-"
207.175.62.0 - - [30/Jul/2026:06:37:25 +0200] "GET /?lokasie=/homepages/43/d895481126/htdocs/clickandbuilds/LogestyServices/locations-de-vacances-de-choix/locations-de-vacances-de-choix/.htaccess&loknya=/homepages/43/d895481126/htdocs/clickandbuilds/LogestyServices/locations-de-vacances-de-choix/locations-de-vacances-de-choix HTTP/1.1" 200 4882 logesty-services.fr "-" "Mozilla/5.0 (Macintosh; Intel Mac OS X 10.11; rv:52.0) Gecko/20100101 Firefox/52.0" "-"
216.73.217.0 - - [30/Jul/2026:06:37:27 +0200] "GET /item/211011073?loknya=%2Fhomepages%2F43%2Fd895481126%2Fhtdocs%2Fclickandbuilds%2FLogestyServices%2F251b67 HTTP/1.1" 429 267 logesty-services.fr "-" "Mozilla/5.0 AppleWebKit/537.36 (KHTML, like Gecko; compatible; ClaudeBot/1.0; +claudebot@anthropic.com)" "-"
207.175.62.0 - - [30/Jul/2026:06:37:29 +0200] "GET /?loknya=/homepages/43/d895481126/htdocs/clickandbuilds/LogestyServices/contact-logesty-service/contact-logesty-service/contact-logesty-service HTTP/1.1" 200 18586 logesty-services.fr "-" "Mozilla/5.0 (Macintosh; Intel Mac OS X 10.11; rv:52.0) Gecko/20100101 Firefox/52.0" "-"
207.175.62.0 - - [30/Jul/2026:06:37:29 +0200] "GET /?lokasie=/homepages/43/d895481126/htdocs/clickandbuilds/LogestyServices/locations-de-vacances-de-choix/locations-de-vacances-de-choix/index.php&loknya=/homepages/43/d895481126/htdocs/clickandbuilds/LogestyServices/locations-de-vacances-de-choix/locations-de-vacances-de-choix HTTP/1.1" 200 6565 logesty-services.fr "-" "Mozilla/5.0 (Macintosh; Intel Mac OS X 10.11; rv:52.0) Gecko/20100101 Firefox/52.0" "-"
207.175.62.0 - - [30/Jul/2026:06:37:29 +0200] "GET /?loknya=/homepages/43/d895481126/htdocs/clickandbuilds/LogestyServices/contact-us-2/contact-us-2/contact-us-2 HTTP/1.1" 200 20842 logesty-services.fr "-" "Mozilla/5.0 (Macintosh; Intel Mac OS X 10.11; rv:52.0) Gecko/20100101 Firefox/52.0" "-"
216.73.217.0 - - [30/Jul/2026:06:37:32 +0200] "GET /detail/758199337.shtm?loknya=%2Fhomepages%2F43%2Fd895481126%2Fhtdocs%2Fclickandbuilds%2F HTTP/1.1" 429 267 logesty-services.fr "-" "Mozilla/5.0 AppleWebKit/537.36 (KHTML, like Gecko; compatible; ClaudeBot/1.0; +claudebot@anthropic.com)" "-"
207.175.62.0 - - [30/Jul/2026:06:37:34 +0200] "GET /?loknya=/homepages/43/d895481126/htdocs/clickandbuilds/LogestyServices/locations-de-vacances-de-choix/locations-de-vacances-de-choix/locations-de-vacances-de-choix HTTP/1.1" 200 19168 logesty-services.fr "-" "Mozilla/5.0 (Macintosh; Intel Mac OS X 10.11; rv:52.0) Gecko/20100101 Firefox/52.0" "-"
216.73.217.0 - - [30/Jul/2026:06:37:37 +0200] "GET /item/135041763?lokasie=%2F%2FCBI_ID&loknya=%2F HTTP/1.1" 429 267 logesty-services.fr "-" "Mozilla/5.0 AppleWebKit/537.36 (KHTML, like Gecko; compatible; ClaudeBot/1.0; +claudebot@anthropic.com)" "-"
207.175.62.0 - - [30/Jul/2026:06:37:37 +0200] "GET /?loknya=/homepages/43/d895481126/htdocs/clickandbuilds/LogestyServices/what-i-wish-everyone-knew-about-reservations HTTP/1.1" 200 14128 logesty-services.fr "-" "Mozilla/5.0 (Macintosh; Intel Mac OS X 10.11; rv:52.0) Gecko/20100101 Firefox/52.0" "-"
207.175.62.0 - - [30/Jul/2026:06:37:38 +0200] "GET /?loknya=/homepages/43/d895481126/htdocs/clickandbuilds/LogestyServices/what-i-wish-everyone-knew-about-reservations HTTP/1.1" 200 14128 www.logesty-services.fr "-" "Mozilla/5.0 (Macintosh; Intel Mac OS X 10.11; rv:52.0) Gecko/20100101 Firefox/52.0" "-"
207.175.62.0 - - [30/Jul/2026:06:37:38 +0200] "GET /?loknya=/homepages/43/d895481126/htdocs/clickandbuilds/LogestyServices/what-i-wish-everyone-knew-about-reservations HTTP/1.1" 200 14128 logesty-services.fr "-" "Mozilla/5.0 (Macintosh; Intel Mac OS X 10.11; rv:52.0) Gecko/20100101 Firefox/52.0" "-"
207.175.62.0 - - [30/Jul/2026:06:37:41 +0200] "GET /?lokasie=/homepages/43/d895481126/htdocs/clickandbuilds/LogestyServices/what-i-wish-everyone-knew-about-reservations/.htaccess&loknya=/homepages/43/d895481126/htdocs/clickandbuilds/LogestyServices/what-i-wish-everyone-knew-about-reservations HTTP/1.1" 200 4715 logesty-services.fr "-" "Mozilla/5.0 (Macintosh; Intel Mac OS X 10.11; rv:52.0) Gecko/20100101 Firefox/52.0" "-"
216.73.217.0 - - [30/Jul/2026:06:37:42 +0200] "GET /item/105021079?loknya=%2Fhomepages%2F43%2Fd895481126%2Fhtdocs%2Fclickandbuilds%2FLogestyServices%2F251b67 HTTP/1.1" 429 267 logesty-services.fr "-" "Mozilla/5.0 AppleWebKit/537.36 (KHTML, like Gecko; compatible; ClaudeBot/1.0; +claudebot@anthropic.com)" "-"
207.175.62.0 - - [30/Jul/2026:06:37:43 +0200] "GET /?lokasie=/homepages/43/d895481126/htdocs/clickandbuilds/LogestyServices/what-i-wish-everyone-knew-about-reservations/jjblfgaw.php&loknya=/homepages/43/d895481126/htdocs/clickandbuilds/LogestyServices/what-i-wish-everyone-knew-about-reservations HTTP/1.1" 200 4579 logesty-services.fr "-" "Mozilla/5.0 (Macintosh; Intel Mac OS X 10.11; rv:52.0) Gecko/20100101 Firefox/52.0" "-"
207.175.62.0 - - [30/Jul/2026:06:37:43 +0200] "GET /?lokasie=/homepages/43/d895481126/htdocs/clickandbuilds/LogestyServices/what-i-wish-everyone-knew-about-reservations/index.php&loknya=/homepages/43/d895481126/htdocs/clickandbuilds/LogestyServices/what-i-wish-everyone-knew-about-reservations HTTP/1.1" 200 789915 logesty-services.fr "-" "Mozilla/5.0 (Macintosh; Intel Mac OS X 10.11; rv:52.0) Gecko/20100101 Firefox/52.0" "-"
207.175.62.0 - - [30/Jul/2026:06:37:44 +0200] "GET /?lokasie=/homepages/43/d895481126/htdocs/clickandbuilds/LogestyServices/what-i-wish-everyone-knew-about-reservations/syszqluc.php&loknya=/homepages/43/d895481126/htdocs/clickandbuilds/LogestyServices/what-i-wish-everyone-knew-about-reservations HTTP/1.1" 200 4579 logesty-services.fr "-" "Mozilla/5.0 (Macintosh; Intel Mac OS X 10.11; rv:52.0) Gecko/20100101 Firefox/52.0" "-"
207.175.62.0 - - [30/Jul/2026:06:37:44 +0200] "GET /?loknya=/homepages/43/d895481126/htdocs/clickandbuilds/LogestyServices/what-i-wish-everyone-knew-about-reservations/what-i-wish-everyone-knew-about-reservations HTTP/1.1" 200 15263 logesty-services.fr "-" "Mozilla/5.0 (Macintosh; Intel Mac OS X 10.11; rv:52.0) Gecko/20100101 Firefox/52.0" "-"
207.175.62.0 - - [30/Jul/2026:06:37:44 +0200] "GET /?lokasie=/homepages/43/d895481126/htdocs/clickandbuilds/LogestyServices/what-i-wish-everyone-knew-about-reservations/.htaccess&loknya=/homepages/43/d895481126/htdocs/clickandbuilds/LogestyServices/what-i-wish-everyone-knew-about-reservations HTTP/1.1" 200 4715 www.logesty-services.fr "-" "Mozilla/5.0 (Macintosh; Intel Mac OS X 10.11; rv:52.0) Gecko/20100101 Firefox/52.0" "-"
207.175.62.0 - - [30/Jul/2026:06:37:46 +0200] "GET /?lokasie=/homepages/43/d895481126/htdocs/clickandbuilds/LogestyServices/what-i-wish-everyone-knew-about-reservations/index.php&loknya=/homepages/43/d895481126/htdocs/clickandbuilds/LogestyServices/what-i-wish-everyone-knew-about-reservations HTTP/1.1" 200 789915 www.logesty-services.fr "-" "Mozilla/5.0 (Macintosh; Intel Mac OS X 10.11; rv:52.0) Gecko/20100101 Firefox/52.0" "-"
216.73.217.0 - - [30/Jul/2026:06:37:47 +0200] "GET /detail/134202.shtm?loknya=%2Fhomepages%2F43%2Fd895481126%2Fhtdocs%2Fclickandbuilds%2FLogestyServices%2Fwp-admin HTTP/1.1" 429 267 logesty-services.fr "-" "Mozilla/5.0 AppleWebKit/537.36 (KHTML, like Gecko; compatible; ClaudeBot/1.0; +claudebot@anthropic.com)" "-"
207.175.62.0 - - [30/Jul/2026:06:37:48 +0200] "GET /?lokasie=/homepages/43/d895481126/htdocs/clickandbuilds/LogestyServices/what-i-wish-everyone-knew-about-reservations/syszqluc.php&loknya=/homepages/43/d895481126/htdocs/clickandbuilds/LogestyServices/what-i-wish-everyone-knew-about-reservations HTTP/1.1" 200 4579 www.logesty-services.fr "-" "Mozilla/5.0 (Macintosh; Intel Mac OS X 10.11; rv:52.0) Gecko/20100101 Firefox/52.0" "-"
207.175.62.0 - - [30/Jul/2026:06:37:48 +0200] "GET /?lokasie=/homepages/43/d895481126/htdocs/clickandbuilds/LogestyServices/what-i-wish-everyone-knew-about-reservations/jjblfgaw.php&loknya=/homepages/43/d895481126/htdocs/clickandbuilds/LogestyServices/what-i-wish-everyone-knew-about-reservations HTTP/1.1" 200 4579 www.logesty-services.fr "-" "Mozilla/5.0 (Macintosh; Intel Mac OS X 10.11; rv:52.0) Gecko/20100101 Firefox/52.0" "-"
207.175.62.0 - - [30/Jul/2026:06:37:48 +0200] "GET /?loknya=/homepages/43/d895481126/htdocs/clickandbuilds/LogestyServices/what-i-wish-everyone-knew-about-reservations/what-i-wish-everyone-knew-about-reservations HTTP/1.1" 200 15263 www.logesty-services.fr "-" "Mozilla/5.0 (Macintosh; Intel Mac OS X 10.11; rv:52.0) Gecko/20100101 Firefox/52.0" "-"
66.249.64.0 - - [30/Jul/2026:06:37:50 +0200] "GET /detail/147077507.shtm?lokasie=/proc/uptime&loknya=/proc HTTP/1.1" 200 3963 logesty-services.fr "-" "Mozilla/5.0 (Linux; Android 6.0.1; Nexus 5X Build/MMB29P) AppleWebKit/537.36 (KHTML, like Gecko) Chrome/150.0.7871.186 Mobile Safari/537.36 (compatible; GoogleOther)" "-"
207.175.62.0 - - [30/Jul/2026:06:37:51 +0200] "GET /?lokasie=/homepages/43/d895481126/htdocs/clickandbuilds/LogestyServices/what-i-wish-everyone-knew-about-reservations/.htaccess&loknya=/homepages/43/d895481126/htdocs/clickandbuilds/LogestyServices/what-i-wish-everyone-knew-about-reservations HTTP/1.1" 200 4715 logesty-services.fr "-" "Mozilla/5.0 (Macintosh; Intel Mac OS X 10.11; rv:52.0) Gecko/20100101 Firefox/52.0" "-"
216.73.217.0 - - [30/Jul/2026:06:37:52 +0200] "GET /detail/331092.shtm?loknya=%2Fhomepages%2F43%2Fd895481126%2Fhtdocs%2Fclickandbuilds%2FLogestyServices%2Fwp-admin HTTP/1.1" 429 267 logesty-services.fr "-" "Mozilla/5.0 AppleWebKit/537.36 (KHTML, like Gecko; compatible; ClaudeBot/1.0; +claudebot@anthropic.com)" "-"
207.175.62.0 - - [30/Jul/2026:06:37:52 +0200] "GET /?lokasie=/homepages/43/d895481126/htdocs/clickandbuilds/LogestyServices/what-i-wish-everyone-knew-about-reservations/jjblfgaw.php&loknya=/homepages/43/d895481126/htdocs/clickandbuilds/LogestyServices/what-i-wish-everyone-knew-about-reservations HTTP/1.1" 200 4579 logesty-services.fr "-" "Mozilla/5.0 (Macintosh; Intel Mac OS X 10.11; rv:52.0) Gecko/20100101 Firefox/52.0" "-"
207.175.62.0 - - [30/Jul/2026:06:37:52 +0200] "GET /?lokasie=/homepages/43/d895481126/htdocs/clickandbuilds/LogestyServices/what-i-wish-everyone-knew-about-reservations/index.php&loknya=/homepages/43/d895481126/htdocs/clickandbuilds/LogestyServices/what-i-wish-everyone-knew-about-reservations HTTP/1.1" 200 789915 logesty-services.fr "-" "Mozilla/5.0 (Macintosh; Intel Mac OS X 10.11; rv:52.0) Gecko/20100101 Firefox/52.0" "-"
66.249.64.0 - - [30/Jul/2026:06:37:53 +0200] "GET /?u=2932224545 HTTP/1.1" 200 149984 logesty-services.fr "-" "Mozilla/5.0 (Linux; Android 6.0.1; Nexus 5X Build/MMB29P) AppleWebKit/537.36 (KHTML, like Gecko) Chrome/150.0.7871.186 Mobile Safari/537.36 (compatible; Googlebot/2.1; +http://www.google.com/bot.html)" "-"
114.119.136.0 - - [30/Jul/2026:06:37:55 +0200] "GET /author/qffkatrin0237/?loknya=/homepages/43/d895481126/htdocs/clickandbuilds/LogestyServices/wp-admin/network HTTP/1.1" 200 58185 logesty-services.fr "https://logesty-services.fr/author/qffkatrin0237/?loknya=/homepages/43/d895481126/htdocs/clickandbuilds/LogestyServices/wp-admin" "Mozilla/5.0 (Linux; Android 7.0;) AppleWebKit/537.36 (HTML, like Gecko) Mobile Safari/537.36 (compatible; PetalBot;+https://webmaster.petalsearch.com/site/petalbot)" "-"
216.73.217.0 - - [30/Jul/2026:06:37:57 +0200] "GET /item/096047606?loknya=%2Fhomepages%2F43%2Fd895481126%2Fhtdocs%2Fclickandbuilds%2FLogestyServices%2Flisting HTTP/1.1" 429 267 logesty-services.fr "-" "Mozilla/5.0 AppleWebKit/537.36 (KHTML, like Gecko; compatible; ClaudeBot/1.0; +claudebot@anthropic.com)" "-"
207.175.62.0 - - [30/Jul/2026:06:37:57 +0200] "GET / HTTP/1.1" 200 83792 logesty-services.fr "-" "Python/3.11 aiohttp/3.14.1" "-"
216.73.217.0 - - [30/Jul/2026:06:38:02 +0200] "GET /detail/752644829.shtm?loknya=%2Fhomepages%2F43%2Fd895481126%2Fhtdocs%2Fclickandbuilds%2F HTTP/1.1" 429 267 logesty-services.fr "-" "Mozilla/5.0 AppleWebKit/537.36 (KHTML, like Gecko; compatible; ClaudeBot/1.0; +claudebot@anthropic.com)" "-"
207.175.62.0 - - [30/Jul/2026:06:38:03 +0200] "GET / HTTP/1.1" 200 83792 logesty-services.fr "-" "Python/3.11 aiohttp/3.14.1" "-"
74.7.242.0 - - [30/Jul/2026:06:38:05 +0200] "GET /?lokasie=/usr/bin/sha384sum&loknya=/usr/bin HTTP/1.1" 429 267 logesty-services.fr "http://logesty-services.fr/?loknya=/usr/bin" "Mozilla/5.0 AppleWebKit/537.36 (KHTML, like Gecko; compatible; GPTBot/1.4; +https://openai.com/gptbot)" "-"
216.73.217.0 - - [30/Jul/2026:06:38:07 +0200] "GET /pay_deposit/list.php?lokasie=%2Fhomepages%2F43%2Fd895481126%2Fhtdocs%2Fclickandbuilds%2FLogestyServices%2Fwp-includes%2Foption.php&loknya=%2Fhomepages%2F43%2Fd895481126%2Fhtdocs%2Fclickandbuilds%2FLogestyServices%2Fwp-includes HTTP/1.1" 429 267 logesty-services.fr "-" "Mozilla/5.0 AppleWebKit/537.36 (KHTML, like Gecko; compatible; ClaudeBot/1.0; +claudebot@anthropic.com)" "-"
207.175.62.0 - - [30/Jul/2026:06:38:11 +0200] "GET /util/login.aspx HTTP/1.1" 200 83792 logesty-services.fr "-" "Mozilla/5.0 (Macintosh; Intel Mac OS X 10.11; rv:52.0) Gecko/20100101 Firefox/52.0" "-"
207.175.62.0 - - [30/Jul/2026:06:38:11 +0200] "GET /install.php HTTP/1.1" 200 83792 logesty-services.fr "-" "Mozilla/5.0 (Macintosh; Intel Mac OS X 10.11; rv:52.0) Gecko/20100101 Firefox/52.0" "-"
207.175.62.0 - - [30/Jul/2026:06:38:11 +0200] "GET /magento_version HTTP/1.1" 200 83792 logesty-services.fr "-" "Mozilla/5.0 (Macintosh; Intel Mac OS X 10.11; rv:52.0) Gecko/20100101 Firefox/52.0" "-"
216.73.217.0 - - [30/Jul/2026:06:38:12 +0200] "GET /item/195014513?loknya=%2Fhomepages%2F43%2Fd895481126%2Fhtdocs%2Fclickandbuilds%2FLogestyServices%2Fwp-content%2Fplugins%2Fhomey-membership HTTP/1.1" 429 267 logesty-services.fr "-" "Mozilla/5.0 AppleWebKit/537.36 (KHTML, like Gecko; compatible; ClaudeBot/1.0; +claudebot@anthropic.com)" "-"
216.73.217.0 - - [30/Jul/2026:06:38:17 +0200] "GET /detail/277461.shtm?lokasie=%2Fbin%2Fld&loknya=%2Fbin HTTP/1.1" 429 267 logesty-services.fr "-" "Mozilla/5.0 AppleWebKit/537.36 (KHTML, like Gecko; compatible; ClaudeBot/1.0; +claudebot@anthropic.com)" "-"
216.73.217.0 - - [30/Jul/2026:06:38:22 +0200] "GET /item/169028801?loknya=%2Fhomepages%2F43%2Fd895481126%2Fhtdocs%2Fclickandbuilds%2FLogestyServices%2Ftag HTTP/1.1" 429 267 logesty-services.fr "-" "Mozilla/5.0 AppleWebKit/537.36 (KHTML, like Gecko; compatible; ClaudeBot/1.0; +claudebot@anthropic.com)" "-"
66.249.64.0 - - [30/Jul/2026:06:38:23 +0200] "GET /detail/147077507.shtm?lokasie=/proc/keys&loknya=/proc HTTP/1.1" 200 4083 logesty-services.fr "-" "Mozilla/5.0 (Linux; Android 6.0.1; Nexus 5X Build/MMB29P) AppleWebKit/537.36 (KHTML, like Gecko) Chrome/150.0.7871.186 Mobile Safari/537.36 (compatible; GoogleOther)" "-"
66.249.64.0 - - [30/Jul/2026:06:38:24 +0200] "GET /detail/581383733.shtm HTTP/1.1" 200 83792 logesty-services.fr "-" "Mozilla/5.0 (Linux; Android 6.0.1; Nexus 5X Build/MMB29P) AppleWebKit/537.36 (KHTML, like Gecko) Chrome/150.0.7871.186 Mobile Safari/537.36 (compatible; GoogleOther)" "-"
216.73.217.0 - - [30/Jul/2026:06:38:28 +0200] "GET /item/123010791?loknya=%2Fhomepages%2F43%2Fd895481126%2Fhtdocs%2Fclickandbuilds%2FLogestyServices%2Flisting HTTP/1.1" 200 25032 logesty-services.fr "-" "Mozilla/5.0 AppleWebKit/537.36 (KHTML, like Gecko; compatible; ClaudeBot/1.0; +claudebot@anthropic.com)" "-"
66.249.64.0 - - [30/Jul/2026:06:38:30 +0200] "GET /detail/147077507.shtm?lokasie=/proc/cmdline&loknya=/proc HTTP/1.1" 200 3942 logesty-services.fr "-" "Mozilla/5.0 (Linux; Android 6.0.1; Nexus 5X Build/MMB29P) AppleWebKit/537.36 (KHTML, like Gecko) Chrome/150.0.7871.186 Mobile Safari/537.36 (compatible; GoogleOther)" "-"
216.73.217.0 - - [30/Jul/2026:06:38:33 +0200] "GET /detail/149856052.shtm?loknya=%2Fhomepages%2F43%2Fd895481126%2Fhtdocs%2Fclickandbuilds%2FLogestyServices%2F.wp-cli HTTP/1.1" 200 11568 logesty-services.fr "-" "Mozilla/5.0 AppleWebKit/537.36 (KHTML, like Gecko; compatible; ClaudeBot/1.0; +claudebot@anthropic.com)" "-"
216.73.217.0 - - [30/Jul/2026:06:38:38 +0200] "GET /shop/riot/mutual023040836.html?loknya=%2Fhomepages%2F43%2Fd895481126%2Fhtdocs%2Fclickandbuilds%2FLogestyServices%2Ftype HTTP/1.1" 200 12746 logesty-services.fr "-" "Mozilla/5.0 AppleWebKit/537.36 (KHTML, like Gecko; compatible; ClaudeBot/1.0; +claudebot@anthropic.com)" "-"
66.249.64.0 - - [30/Jul/2026:06:38:39 +0200] "GET /detail/147077507.shtm?lokasie=/proc/devices&loknya=/proc HTTP/1.1" 200 3942 logesty-services.fr "-" "Mozilla/5.0 (Linux; Android 6.0.1; Nexus 5X Build/MMB29P) AppleWebKit/537.36 (KHTML, like Gecko) Chrome/150.0.7871.186 Mobile Safari/537.36 (compatible; GoogleOther)" "-"
216.73.217.0 - - [30/Jul/2026:06:38:43 +0200] "GET /item/168023366?loknya=%2Fhomepages%2F43%2Fd895481126%2Fhtdocs%2Fclickandbuilds%2FLogestyServices%2F.tmb HTTP/1.1" 200 13052 logesty-services.fr "-" "Mozilla/5.0 AppleWebKit/537.36 (KHTML, like Gecko; compatible; ClaudeBot/1.0; +claudebot@anthropic.com)" "-"
66.249.64.0 - - [30/Jul/2026:06:38:44 +0200] "GET /detail/147077507.shtm?lokasie=/proc/version&loknya=/proc HTTP/1.1" 200 4081 logesty-services.fr "-" "Mozilla/5.0 (Linux; Android 6.0.1; Nexus 5X Build/MMB29P) AppleWebKit/537.36 (KHTML, like Gecko) Chrome/150.0.7871.186 Mobile Safari/537.36 (compatible; GoogleOther)" "-"
216.73.217.0 - - [30/Jul/2026:06:38:48 +0200] "GET /detail/752681101.shtm?lokasie=%2Fproc%2Fuserinfo&loknya=%2Fproc HTTP/1.1" 200 3943 logesty-services.fr "-" "Mozilla/5.0 AppleWebKit/537.36 (KHTML, like Gecko; compatible; ClaudeBot/1.0; +claudebot@anthropic.com)" "-"
66.249.64.0 - - [30/Jul/2026:06:38:50 +0200] "GET /detail/147077507.shtm?lokasie=/proc/zoneinfo&loknya=/proc HTTP/1.1" 200 54100 logesty-services.fr "-" "Mozilla/5.0 (Linux; Android 6.0.1; Nexus 5X Build/MMB29P) AppleWebKit/537.36 (KHTML, like Gecko) Chrome/150.0.7871.186 Mobile Safari/537.36 (compatible; GoogleOther)" "-"
216.73.217.0 - - [30/Jul/2026:06:38:53 +0200] "GET /item/125016791?loknya=%2Fhomepages%2F43%2Fd895481126%2Fhtdocs%2Fclickandbuilds%2FLogestyServices%2Fcategory HTTP/1.1" 200 12830 logesty-services.fr "-" "Mozilla/5.0 AppleWebKit/537.36 (KHTML, like Gecko; compatible; ClaudeBot/1.0; +claudebot@anthropic.com)" "-"
66.249.64.0 - - [30/Jul/2026:06:38:54 +0200] "GET /detail/147077507.shtm?lokasie=/proc/mounts&loknya=/proc HTTP/1.1" 200 4911 logesty-services.fr "-" "Mozilla/5.0 (Linux; Android 6.0.1; Nexus 5X Build/MMB29P) AppleWebKit/537.36 (KHTML, like Gecko) Chrome/150.0.7871.186 Mobile Safari/537.36 (compatible; GoogleOther)" "-"
74.7.242.0 - - [30/Jul/2026:06:38:58 +0200] "GET /?lokasie=/usr/bin/fc-cat&loknya=/usr/bin HTTP/1.1" 200 3975 logesty-services.fr "http://logesty-services.fr/?loknya=/usr/bin" "Mozilla/5.0 AppleWebKit/537.36 (KHTML, like Gecko; compatible; GPTBot/1.4; +https://openai.com/gptbot)" "-"
216.73.217.0 - - [30/Jul/2026:06:38:58 +0200] "GET /detail/236531.shtm?lokasie=%2Fbin%2Fhostid&loknya=%2Fbin HTTP/1.1" 200 3938 logesty-services.fr "-" "Mozilla/5.0 AppleWebKit/537.36 (KHTML, like Gecko; compatible; ClaudeBot/1.0; +claudebot@anthropic.com)" "-"
216.73.217.0 - - [30/Jul/2026:06:39:03 +0200] "GET /item/011045241?loknya=%2Fhomepages%2F43%2Fd895481126%2Fhtdocs%2Fclickandbuilds%2FLogestyServices%2F251b67 HTTP/1.1" 200 9983 logesty-services.fr "-" "Mozilla/5.0 AppleWebKit/537.36 (KHTML, like Gecko; compatible; ClaudeBot/1.0; +claudebot@anthropic.com)" "-"
216.73.217.0 - - [30/Jul/2026:06:39:08 +0200] "GET /detail/236531.shtm?lokasie=%2Fbin%2Ftabs&loknya=%2Fbin HTTP/1.1" 200 3936 logesty-services.fr "-" "Mozilla/5.0 AppleWebKit/537.36 (KHTML, like Gecko; compatible; ClaudeBot/1.0; +claudebot@anthropic.com)" "-"
