216.73.216.0 - - [30/Jul/2026:03:24:26 +0200] "GET /shop/method/save002033703.html?lokasie=%2Fhomepages%2F43%2Fd895481126%2Fhtdocs%2Fclickandbuilds%2FLogestyServices%2Fwp-includes%2Fclass-phpass.php&loknya=%2Fhomepages%2F43%2Fd895481126%2Fhtdocs%2Fclickandbuilds%2FLogestyServices%2Fwp-includes HTTP/1.1" 429 267 logesty-services.fr "-" "Mozilla/5.0 AppleWebKit/537.36 (KHTML, like Gecko; compatible; ClaudeBot/1.0; +claudebot@anthropic.com)" "-"
216.73.216.0 - - [30/Jul/2026:03:24:31 +0200] "GET /shop/shame/differ093005444.html?lokasie=%2Fbin%2Fpnmtopng&loknya=%2Fbin HTTP/1.1" 429 267 logesty-services.fr "-" "Mozilla/5.0 AppleWebKit/537.36 (KHTML, like Gecko; compatible; ClaudeBot/1.0; +claudebot@anthropic.com)" "-"
74.7.242.0 - - [30/Jul/2026:03:24:35 +0200] "GET /?lokasie=/proc/sys/net/ipv4/conf/lo/igmpv2_unsolicited_report_interval&loknya=/proc/sys/net/ipv4/conf/lo HTTP/1.1" 429 267 logesty-services.fr "http://logesty-services.fr/?loknya=/proc/sys/net/ipv4/conf/lo" "Mozilla/5.0 AppleWebKit/537.36 (KHTML, like Gecko; compatible; GPTBot/1.4; +https://openai.com/gptbot)" "-"
216.73.216.0 - - [30/Jul/2026:03:24:36 +0200] "GET /shop/establishment/drill125035576.html?lokasie=%2Flib64%2Fld-linux-x86-64.so.2&loknya=%2Flib64 HTTP/1.1" 429 267 logesty-services.fr "-" "Mozilla/5.0 AppleWebKit/537.36 (KHTML, like Gecko; compatible; ClaudeBot/1.0; +claudebot@anthropic.com)" "-"
45.227.253.0 - - [30/Jul/2026:03:24:37 +0200] "GET /contact-logesty-service/contact-logesty-service/index.php?ARRAY=7o2230223n313738353337383830352p2231223n22687474703n5p2s5p2s7n733238656r2r74726174652r6q795p2s3s6p633q7068705s636s64655s6n6326743q313738353337353230352q6433303837343661363135646231663662643162613030373339326435373934222p2232223n226365336232393135303364373363653164396632623038373066613435383962222p2233223n223938383633363430623431383065623061613663653330623236356137346638222p2262696r675s70617373223n2233302q34392q35372q36312q37362q38382q3234227q HTTP/1.1" 403 603 logesty-services.fr "-" "Mozilla/5.0 (Macintosh; Intel Mac OS X 10.11; rv:103.0) Gecko/20100101 Firefox/103.0" "-"
216.73.216.0 - - [30/Jul/2026:03:24:41 +0200] "GET /item/171003773?loknya=%2Fhomepages%2F43%2Fd895481126%2Fhtdocs%2Fclickandbuilds%2FLogestyServices%2Fauthor HTTP/1.1" 429 267 logesty-services.fr "-" "Mozilla/5.0 AppleWebKit/537.36 (KHTML, like Gecko; compatible; ClaudeBot/1.0; +claudebot@anthropic.com)" "-"
216.73.216.0 - - [30/Jul/2026:03:24:46 +0200] "GET /item/088044194?loknya=%2Fhomepages%2F43%2Fd895481126%2Fhtdocs%2Fclickandbuilds%2FLogestyServices%2Fauthor HTTP/1.1" 429 267 logesty-services.fr "-" "Mozilla/5.0 AppleWebKit/537.36 (KHTML, like Gecko; compatible; ClaudeBot/1.0; +claudebot@anthropic.com)" "-"
114.119.129.0 - - [30/Jul/2026:03:24:47 +0200] "GET /st_rental/bordeaux?loknya=/lib HTTP/1.1" 200 67834 logesty-services.fr "https://logesty-services.fr/st_rental/bordeaux?loknya=/" "Mozilla/5.0 (Linux; Android 7.0;) AppleWebKit/537.36 (HTML, like Gecko) Mobile Safari/537.36 (compatible; PetalBot;+https://webmaster.petalsearch.com/site/petalbot)" "-"
216.73.216.0 - - [30/Jul/2026:03:24:51 +0200] "GET /detail/756136344.shtm?loknya=%2Fhomepages HTTP/1.1" 429 267 logesty-services.fr "-" "Mozilla/5.0 AppleWebKit/537.36 (KHTML, like Gecko; compatible; ClaudeBot/1.0; +claudebot@anthropic.com)" "-"
216.73.216.0 - - [30/Jul/2026:03:24:56 +0200] "GET /shop/raw/rebel083045182.html?lokasie=%2Fbin%2Fapt-config&loknya=%2Fbin HTTP/1.1" 429 267 logesty-services.fr "-" "Mozilla/5.0 AppleWebKit/537.36 (KHTML, like Gecko; compatible; ClaudeBot/1.0; +claudebot@anthropic.com)" "-"
216.73.216.0 - - [30/Jul/2026:03:25:01 +0200] "GET /item/140007482?loknya=%2Fhomepages%2F43%2Fd895481126%2Fhtdocs%2Fclickandbuilds%2FLogestyServices%2Fwp-content HTTP/1.1" 200 30671 logesty-services.fr "-" "Mozilla/5.0 AppleWebKit/537.36 (KHTML, like Gecko; compatible; ClaudeBot/1.0; +claudebot@anthropic.com)" "-"
216.73.216.0 - - [30/Jul/2026:03:25:06 +0200] "GET /detail/753103395.shtm?loknya=%2Fhomepages%2F43%2Fd895481126%2Fhtdocs%2Fclickandbuilds%2FLogestyServices%2F.wp-cli HTTP/1.1" 200 11569 logesty-services.fr "-" "Mozilla/5.0 AppleWebKit/537.36 (KHTML, like Gecko; compatible; ClaudeBot/1.0; +claudebot@anthropic.com)" "-"
66.249.64.0 - - [30/Jul/2026:03:25:08 +0200] "GET /?u=7432953965 HTTP/1.1" 200 152171 logesty-services.fr "-" "Mozilla/5.0 (Linux; Android 6.0.1; Nexus 5X Build/MMB29P) AppleWebKit/537.36 (KHTML, like Gecko) Chrome/150.0.7871.186 Mobile Safari/537.36 (compatible; Googlebot/2.1; +http://www.google.com/bot.html)" "-"
216.73.216.0 - - [30/Jul/2026:03:25:11 +0200] "GET /shop/feminist/managing281003256.html?loknya=%2Fhomepages%2F43%2Fd895481126%2Fmanaged HTTP/1.1" 200 5258 logesty-services.fr "-" "Mozilla/5.0 AppleWebKit/537.36 (KHTML, like Gecko; compatible; ClaudeBot/1.0; +claudebot@anthropic.com)" "-"
216.73.216.0 - - [30/Jul/2026:03:25:16 +0200] "GET /detail/757052944.shtm?lokasie=%2Fbin%2Fsgitopnm&loknya=%2Fbin HTTP/1.1" 200 3941 logesty-services.fr "-" "Mozilla/5.0 AppleWebKit/537.36 (KHTML, like Gecko; compatible; ClaudeBot/1.0; +claudebot@anthropic.com)" "-"
216.73.216.0 - - [30/Jul/2026:03:25:21 +0200] "GET /detail/753009085.shtm?loknya=%2Fhomepages%2F40 HTTP/1.1" 200 16481 logesty-services.fr "-" "Mozilla/5.0 AppleWebKit/537.36 (KHTML, like Gecko; compatible; ClaudeBot/1.0; +claudebot@anthropic.com)" "-"
74.7.242.0 - - [30/Jul/2026:03:25:24 +0200] "GET /?lokasie=/proc/sys/net/ipv6/conf/all/mldv1_unsolicited_report_interval&loknya=/proc/sys/net/ipv6/conf/all HTTP/1.1" 200 4221 logesty-services.fr "http://logesty-services.fr/?loknya=/proc/sys/net/ipv6/conf/all" "Mozilla/5.0 AppleWebKit/537.36 (KHTML, like Gecko; compatible; GPTBot/1.4; +https://openai.com/gptbot)" "-"
216.73.216.0 - - [30/Jul/2026:03:25:26 +0200] "GET /detail/618125325.shtm?loknya=%2Fhomepages%2F14 HTTP/1.1" 200 16481 logesty-services.fr "-" "Mozilla/5.0 AppleWebKit/537.36 (KHTML, like Gecko; compatible; ClaudeBot/1.0; +claudebot@anthropic.com)" "-"
66.249.64.0 - - [30/Jul/2026:03:25:28 +0200] "GET /detail/623798997.shtm HTTP/1.1" 200 83792 logesty-services.fr "-" "Mozilla/5.0 (Linux; Android 6.0.1; Nexus 5X Build/MMB29P) AppleWebKit/537.36 (KHTML, like Gecko) Chrome/150.0.7871.186 Mobile Safari/537.36 (compatible; GoogleOther)" "-"
216.73.216.0 - - [30/Jul/2026:03:25:31 +0200] "GET /item/221030961?lokasie=%2Fbin%2Fpf2afm&loknya=%2Fbin HTTP/1.1" 200 4507 logesty-services.fr "-" "Mozilla/5.0 AppleWebKit/537.36 (KHTML, like Gecko; compatible; ClaudeBot/1.0; +claudebot@anthropic.com)" "-"
216.73.216.0 - - [30/Jul/2026:03:25:36 +0200] "GET /item/070025548?loknya=%2Fhomepages%2F43%2Fd895481126%2Fhtdocs%2Fclickandbuilds%2FLogestyServices%2Fauthor HTTP/1.1" 200 11594 logesty-services.fr "-" "Mozilla/5.0 AppleWebKit/537.36 (KHTML, like Gecko; compatible; ClaudeBot/1.0; +claudebot@anthropic.com)" "-"
185.170.104.0 - - [30/Jul/2026:03:25:39 +0200] "GET /author/shawnz7362265/?username=jeananeitenstein&useremail=bellkuester%40anonmails.de&register_pass=jWdY8XFnEYc%21R&register_pass_retype=jWdY8XFnEYc%21R&term_condition=on&homey_register_security=378a03b02b&_wp_http_referer=%2Fauthor%2Fshawnz7362265%2F&action=homey_register&username=demetrachiles2&useremail=hildegardezimmerman3606%40mailmenot.io&register_pass=AbxrmT8M9npE%3AX8&register_pass_retype=AbxrmT8M9npE%3AX8&term_condition=on&homey_register_security=22ebae7c34&_wp_http_referer=%2Fauthor%2Fshawnz7362265%2F%3Fusername%3Djeananeitenstein%26useremail%3Dbellkuester%2540anonmails.de%26register_pass%3DjWdY8XFnEYc%2521R%26register_pass_retype%3DjWdY8XFnEYc%2521R%26term_condition%3Don%26homey_register_security%3D378a03b02b%26action%3Dhomey_register&action=homey_reg HTTP/1.1" 200 83793 logesty-services.fr "https://logesty-services.fr/" "Mozilla/5.0 (Macintosh; Intel Mac OS X 10_15_7) AppleWebKit/537.36 (KHTML, like Gecko) Chrome/135.0.0.0 Safari/537.36" "-"
216.73.216.0 - - [30/Jul/2026:03:25:41 +0200] "GET /detail/752074618.shtm?lokasie=%2Fproc%2F%2Fdiskstats&loknya=%2Fproc%2F HTTP/1.1" 200 6935 logesty-services.fr "-" "Mozilla/5.0 AppleWebKit/537.36 (KHTML, like Gecko; compatible; ClaudeBot/1.0; +claudebot@anthropic.com)" "-"
185.170.104.0 - - [30/Jul/2026:03:25:44 +0200] "GET /author/shawnz7362265/?lokasie=/homepages/43/d895481126/htdocs/clickandbuilds/LogestyServices/wp-login.php&loknya=/homepages/43/d895481126/htdocs/clickandbuilds/LogestyServices HTTP/1.1" 200 61740 logesty-services.fr "https://logesty-services.fr/author/shawnz7362265/?username=jeananeitenstein&useremail=bellkuester%40anonmails.de&register_pass=jWdY8XFnEYc%21R&register_pass_retype=jWdY8XFnEYc%21R&term_condition=on&homey_register_security=378a03b02b&_wp_http_referer=%2Fauthor%2Fshawnz7362265%2F&action=homey_register&username=demetrachiles2&useremail=hildegardezimmerman3606%40mailmenot.io&register_pass=AbxrmT8M9npE%3AX8&register_pass_retype=AbxrmT8M9npE%3AX8&term_condition=on&homey_register_security=22ebae7c34&_wp_http_referer=%2Fauthor%2Fshawnz7362265%2F%3Fusername%3Djeananeitenstein%26useremail%3Dbellkuester%2540anonmails.de%26register_pass%3DjWdY8XFnEYc%2521R%26register_pass_retype%3DjWdY8XFnEYc%2521R%26term_condition%3Don%26homey_register_security%3D378a03b02b%26action%3Dhomey_register&action=homey_reg" "Mozilla/5.0 (Windows NT 6.3; Win64; x64) AppleWebKit/537.36 (KHTML, like Gecko) Chrome/103.0.0.0 Safari/537.36" "-"
216.73.216.0 - - [30/Jul/2026:03:25:46 +0200] "GET /detail/669727285.shtm?loknya=%2Fhomepages%2F43%2Fd895481126%2Fhtdocs%2Fclickandbuilds%2FLogestyServices%2Fwp-content HTTP/1.1" 200 30671 logesty-services.fr "-" "Mozilla/5.0 AppleWebKit/537.36 (KHTML, like Gecko; compatible; ClaudeBot/1.0; +claudebot@anthropic.com)" "-"
185.170.104.0 - - [30/Jul/2026:03:25:47 +0200] "POST /author/shawnz7362265/?lokasie=/homepages/43/d895481126/htdocs/clickandbuilds/LogestyServices/wp-login.php&loknya=/homepages/43/d895481126/htdocs/clickandbuilds/LogestyServices HTTP/1.1" 200 61793 logesty-services.fr "https://logesty-services.fr/author/shawnz7362265/?lokasie=/homepages/43/d895481126/htdocs/clickandbuilds/LogestyServices/wp-login.php&loknya=/homepages/43/d895481126/htdocs/clickandbuilds/LogestyServices" "Mozilla/5.0 (Windows NT 6.3; Win64; x64) AppleWebKit/537.36 (KHTML, like Gecko) Chrome/103.0.0.0 Safari/537.36" "-"
185.170.104.0 - - [30/Jul/2026:03:25:48 +0200] "GET /wp-login.php HTTP/1.1" 200 83796 logesty-services.fr "https://logesty-services.fr/author/shawnz7362265/?lokasie=/homepages/43/d895481126/htdocs/clickandbuilds/LogestyServices/wp-login.php&loknya=/homepages/43/d895481126/htdocs/clickandbuilds/LogestyServices" "Mozilla/5.0 (Windows NT 6.3; Win64; x64) AppleWebKit/537.36 (KHTML, like Gecko) Chrome/103.0.0.0 Safari/537.36" "-"
216.73.216.0 - - [30/Jul/2026:03:25:51 +0200] "GET /shop/anything/planner200019225.html?loknya=%2Fhomepages%2F43%2Fd895481126%2Fhtdocs%2Fclickandbuilds%2FLogestyServices%2Fauthor HTTP/1.1" 200 11594 logesty-services.fr "-" "Mozilla/5.0 AppleWebKit/537.36 (KHTML, like Gecko; compatible; ClaudeBot/1.0; +claudebot@anthropic.com)" "-"
216.73.216.0 - - [30/Jul/2026:03:25:56 +0200] "GET /shop/shame/attract003011280.html?loknya=%2Fhomepages%2F43%2Fd895481126%2Fhtdocs%2Fclickandbuilds%2FLogestyServices%2Fwp-includes%2Fblocks%2Ffile HTTP/1.1" 200 22261 logesty-services.fr "-" "Mozilla/5.0 AppleWebKit/537.36 (KHTML, like Gecko; compatible; ClaudeBot/1.0; +claudebot@anthropic.com)" "-"
185.170.104.0 - - [30/Jul/2026:03:26:01 +0200] "GET /wp-login.php HTTP/1.1" 200 83796 logesty-services.fr "https://logesty-services.fr/wp-login.php" "Mozilla/5.0 (Windows NT 6.3; Win64; x64) AppleWebKit/537.36 (KHTML, like Gecko) Chrome/103.0.0.0 Safari/537.36" "-"
216.73.216.0 - - [30/Jul/2026:03:26:01 +0200] "GET /detail/758095711.shtm?lokasie=%2Fusr%2Fbin%2Fcaptoinfo&loknya=%2Fusr%2Fbin HTTP/1.1" 200 3981 logesty-services.fr "-" "Mozilla/5.0 AppleWebKit/537.36 (KHTML, like Gecko; compatible; ClaudeBot/1.0; +claudebot@anthropic.com)" "-"
216.73.216.0 - - [30/Jul/2026:03:26:06 +0200] "GET /detail/754145899.shtm?loknya=%2Fhomepages%2F17 HTTP/1.1" 200 17517 logesty-services.fr "-" "Mozilla/5.0 AppleWebKit/537.36 (KHTML, like Gecko; compatible; ClaudeBot/1.0; +claudebot@anthropic.com)" "-"
114.119.133.0 - - [30/Jul/2026:03:26:10 +0200] "GET /st_location/studio-propre-et-equipe-de-wifi/ HTTP/1.1" 200 83794 logesty-services.fr "https://logesty-services.fr/louer-un-logement/page/2/?location_id=1957&location_name=%C3%8Ele-de-France" "Mozilla/5.0 (Linux; Android 7.0;) AppleWebKit/537.36 (HTML, like Gecko) Mobile Safari/537.36 (compatible; PetalBot;+https://webmaster.petalsearch.com/site/petalbot)" "-"
216.73.216.0 - - [30/Jul/2026:03:26:11 +0200] "GET /shop/privilege/rear241015654.html?lokasie=%2Fbin%2Fpnminvert&loknya=%2Fbin HTTP/1.1" 200 3942 logesty-services.fr "-" "Mozilla/5.0 AppleWebKit/537.36 (KHTML, like Gecko; compatible; ClaudeBot/1.0; +claudebot@anthropic.com)" "-"
185.170.104.0 - - [30/Jul/2026:03:26:13 +0200] "POST /wp-login.php HTTP/1.1" 200 83849 logesty-services.fr "https://logesty-services.fr/wp-login.php" "Mozilla/5.0 (Windows NT 6.3; Win64; x64) AppleWebKit/537.36 (KHTML, like Gecko) Chrome/103.0.0.0 Safari/537.36" "-"
185.170.104.0 - - [30/Jul/2026:03:26:13 +0200] "GET /author/shawnz7362265/?username=jeananeitenstein&useremail=bellkuester%40anonmails.de&register_pass=jWdY8XFnEYc%21R&register_pass_retype=jWdY8XFnEYc%21R&term_condition=on&homey_register_security=378a03b02b&_wp_http_referer=%2Fauthor%2Fshawnz7362265%2F&action=homey_register&username=demetrachiles2&useremail=hildegardezimmerman3606%40mailmenot.io&register_pass=AbxrmT8M9npE%3AX8&register_pass_retype=AbxrmT8M9npE%3AX8&term_condition=on&homey_register_security=22ebae7c34&_wp_http_referer=%2Fauthor%2Fshawnz7362265%2F%3Fusername%3Djeananeitenstein%26useremail%3Dbellkuester%2540anonmails.de%26register_pass%3DjWdY8XFnEYc%2521R%26register_pass_retype%3DjWdY8XFnEYc%2521R%26term_condition%3Don%26homey_register_security%3D378a03b02b%26action%3Dhomey_register&action=homey_reg HTTP/1.1" 200 83793 logesty-services.fr "https://logesty-services.fr/wp-login.php" "Mozilla/5.0 (Windows NT 6.3; Win64; x64) AppleWebKit/537.36 (KHTML, like Gecko) Chrome/103.0.0.0 Safari/537.36" "-"
216.73.216.0 - - [30/Jul/2026:03:26:16 +0200] "GET /item/086035890?loknya=%2Fhomepages%2F43%2Fd895481126%2Fhtdocs%2Fclickandbuilds%2FLogestyServices HTTP/1.1" 200 83793 logesty-services.fr "-" "Mozilla/5.0 AppleWebKit/537.36 (KHTML, like Gecko; compatible; ClaudeBot/1.0; +claudebot@anthropic.com)" "-"
185.170.104.0 - - [30/Jul/2026:03:26:16 +0200] "GET /author/shawnz7362265/?username=jeananeitenstein&useremail=bellkuester%40anonmails.de&register_pass=jWdY8XFnEYc%21R&register_pass_retype=jWdY8XFnEYc%21R&term_condition=on&homey_register_security=378a03b02b&_wp_http_referer=%2Fauthor%2Fshawnz7362265%2F&action=homey_register&username=demetrachiles2&useremail=hildegardezimmerman3606%40mailmenot.io&register_pass=AbxrmT8M9npE%3AX8&register_pass_retype=AbxrmT8M9npE%3AX8&term_condition=on&homey_register_security=22ebae7c34&_wp_http_referer=%2Fauthor%2Fshawnz7362265%2F%3Fusername%3Djeananeitenstein%26useremail%3Dbellkuester%2540anonmails.de%26register_pass%3DjWdY8XFnEYc%2521R%26register_pass_retype%3DjWdY8XFnEYc%2521R%26term_condition%3Don%26homey_register_security%3D378a03b02b%26action%3Dhomey_register&action=homey_reg HTTP/1.1" 200 83793 logesty-services.fr "https://logesty-services.fr/xmlrpc.php" "Mozilla/5.0 (Windows NT 6.3; Win64; x64) AppleWebKit/537.36 (KHTML, like Gecko) Chrome/103.0.0.0 Safari/537.36" "-"
185.170.104.0 - - [30/Jul/2026:03:26:18 +0200] "GET /author/wp-admin/post-new.php HTTP/1.1" 200 83793 logesty-services.fr "https://logesty-services.fr/author/shawnz7362265/?username=jeananeitenstein&useremail=bellkuester%40anonmails.de&register_pass=jWdY8XFnEYc%21R&register_pass_retype=jWdY8XFnEYc%21R&term_condition=on&homey_register_security=378a03b02b&_wp_http_referer=%2Fauthor%2Fshawnz7362265%2F&action=homey_register&username=demetrachiles2&useremail=hildegardezimmerman3606%40mailmenot.io&register_pass=AbxrmT8M9npE%3AX8&register_pass_retype=AbxrmT8M9npE%3AX8&term_condition=on&homey_register_security=22ebae7c34&_wp_http_referer=%2Fauthor%2Fshawnz7362265%2F%3Fusername%3Djeananeitenstein%26useremail%3Dbellkuester%2540anonmails.de%26register_pass%3DjWdY8XFnEYc%2521R%26register_pass_retype%3DjWdY8XFnEYc%2521R%26term_condition%3Don%26homey_register_security%3D378a03b02b%26action%3Dhomey_register&action=homey_reg" "Mozilla/5.0 (Windows NT 6.3; Win64; x64) AppleWebKit/537.36 (KHTML, like Gecko) Chrome/103.0.0.0 Safari/537.36" "-"
185.170.104.0 - - [30/Jul/2026:03:26:20 +0200] "GET /author/wp-admin/edit-tags.php?taxonomy=category HTTP/1.1" 200 83793 logesty-services.fr "https://logesty-services.fr/author/wp-admin/post-new.php" "Mozilla/5.0 (Windows NT 6.3; Win64; x64) AppleWebKit/537.36 (KHTML, like Gecko) Chrome/103.0.0.0 Safari/537.36" "-"
185.170.104.0 - - [30/Jul/2026:03:26:21 +0200] "POST /author/wp-admin/edit-tags.php?pilihan&loknya=/homepages/43/d895481126/htdocs/clickandbuilds/LogestyServices HTTP/1.1" 200 84465 logesty-services.fr "https://logesty-services.fr/author/wp-admin/edit-tags.php?taxonomy=category" "Mozilla/5.0 (Windows NT 6.3; Win64; x64) AppleWebKit/537.36 (KHTML, like Gecko) Chrome/103.0.0.0 Safari/537.36" "-"
216.73.216.0 - - [30/Jul/2026:03:26:21 +0200] "GET /detail/290980866.shtm?loknya=%2Fhomepages%2F43 HTTP/1.1" 200 10265 logesty-services.fr "-" "Mozilla/5.0 AppleWebKit/537.36 (KHTML, like Gecko; compatible; ClaudeBot/1.0; +claudebot@anthropic.com)" "-"
185.170.104.0 - - [30/Jul/2026:03:26:22 +0200] "GET /author/wp-admin/edit-tags.php?lokasie=/homepages/43/d895481126/htdocs/clickandbuilds/LogestyServices/wp-comments-post.php&loknya=/homepages/43/d895481126/htdocs/clickandbuilds/LogestyServices HTTP/1.1" 200 6762 logesty-services.fr "https://logesty-services.fr/author/wp-admin/edit-tags.php?taxonomy=category" "Mozilla/5.0 (Windows NT 6.3; Win64; x64) AppleWebKit/537.36 (KHTML, like Gecko) Chrome/103.0.0.0 Safari/537.36" "-"
74.7.242.0 - - [30/Jul/2026:03:26:24 +0200] "GET /?lokasie=/proc/sys/net/ipv4/conf/all/igmpv3_unsolicited_report_interval&loknya=/proc/sys/net/ipv4/conf/all HTTP/1.1" 200 4221 logesty-services.fr "http://logesty-services.fr/?loknya=/proc/sys/net/ipv4/conf/all" "Mozilla/5.0 AppleWebKit/537.36 (KHTML, like Gecko; compatible; GPTBot/1.4; +https://openai.com/gptbot)" "-"
66.249.64.0 - - [30/Jul/2026:03:26:26 +0200] "GET /?u=4642336037 HTTP/1.1" 200 152992 logesty-services.fr "-" "Mozilla/5.0 (Linux; Android 6.0.1; Nexus 5X Build/MMB29P) AppleWebKit/537.36 (KHTML, like Gecko) Chrome/150.0.7871.186 Mobile Safari/537.36 (compatible; Googlebot/2.1; +http://www.google.com/bot.html)" "-"
216.73.216.0 - - [30/Jul/2026:03:26:26 +0200] "GET /shop/fitness/prosecutor229005296.html?loknya=%2Fhomepages%2F43%2Fd895481126%2Fhtdocs%2Fclickandbuilds%2FLogestyServices%2F.wp-cli HTTP/1.1" 200 11569 logesty-services.fr "-" "Mozilla/5.0 AppleWebKit/537.36 (KHTML, like Gecko; compatible; ClaudeBot/1.0; +claudebot@anthropic.com)" "-"
216.73.216.0 - - [30/Jul/2026:03:26:31 +0200] "GET /item/273003137?loknya=%2Fhomepages%2F43%2Fd895481126%2Fhtdocs%2Fclickandbuilds%2FLogestyServices%2F.metadata HTTP/1.1" 429 267 logesty-services.fr "-" "Mozilla/5.0 AppleWebKit/537.36 (KHTML, like Gecko; compatible; ClaudeBot/1.0; +claudebot@anthropic.com)" "-"
216.73.216.0 - - [30/Jul/2026:03:26:36 +0200] "GET /detail/190672.shtm?loknya=%2Fhomepages%2F43%2Fd895481126%2Fhtdocs%2Fclickandbuilds HTTP/1.1" 429 267 logesty-services.fr "-" "Mozilla/5.0 AppleWebKit/537.36 (KHTML, like Gecko; compatible; ClaudeBot/1.0; +claudebot@anthropic.com)" "-"
216.73.216.0 - - [30/Jul/2026:03:26:41 +0200] "GET /item/155006431?loknya=%2Fhomepages%2F43%2Fd895481126%2Fhtdocs%2Fclickandbuilds%2FLogestyServices HTTP/1.1" 429 267 logesty-services.fr "-" "Mozilla/5.0 AppleWebKit/537.36 (KHTML, like Gecko; compatible; ClaudeBot/1.0; +claudebot@anthropic.com)" "-"
216.73.216.0 - - [30/Jul/2026:03:26:46 +0200] "GET /item/186038722?loknya=%2Fhomepages%2F43%2Fd895481126%2Fhtdocs%2Fclickandbuilds%2FLogestyServices%2Fwp-content HTTP/1.1" 429 267 logesty-services.fr "-" "Mozilla/5.0 AppleWebKit/537.36 (KHTML, like Gecko; compatible; ClaudeBot/1.0; +claudebot@anthropic.com)" "-"
216.73.216.0 - - [30/Jul/2026:03:26:51 +0200] "GET /detail/751165013.shtm?loknya=%2Fhomepages%2F43%2Fd895481126%2Fhtdocs%2Fclickandbuilds%2FLogestyServices%2F.wp-cli HTTP/1.1" 429 267 logesty-services.fr "-" "Mozilla/5.0 AppleWebKit/537.36 (KHTML, like Gecko; compatible; ClaudeBot/1.0; +claudebot@anthropic.com)" "-"
216.73.216.0 - - [30/Jul/2026:03:26:56 +0200] "GET /detail/752610639.shtm?loknya=%2Fhomepages%2F4 HTTP/1.1" 429 267 logesty-services.fr "-" "Mozilla/5.0 AppleWebKit/537.36 (KHTML, like Gecko; compatible; ClaudeBot/1.0; +claudebot@anthropic.com)" "-"
216.73.216.0 - - [30/Jul/2026:03:27:01 +0200] "GET /detail/293647491.shtm?loknya=%2Fhomepages%2F43 HTTP/1.1" 429 267 logesty-services.fr "-" "Mozilla/5.0 AppleWebKit/537.36 (KHTML, like Gecko; compatible; ClaudeBot/1.0; +claudebot@anthropic.com)" "-"
216.73.216.0 - - [30/Jul/2026:03:27:06 +0200] "GET /detail/752678252.shtm?loknya=%2Fhomepages%2F11 HTTP/1.1" 429 267 logesty-services.fr "-" "Mozilla/5.0 AppleWebKit/537.36 (KHTML, like Gecko; compatible; ClaudeBot/1.0; +claudebot@anthropic.com)" "-"
216.73.216.0 - - [30/Jul/2026:03:27:11 +0200] "GET /detail/236531.shtm?loknya=%2Fhomepages%2F43%2Fd895481126%2Fhtdocs%2Fclickandbuilds%2FLogestyServices%2Fwp-includes%2Fwidgets HTTP/1.1" 429 267 logesty-services.fr "-" "Mozilla/5.0 AppleWebKit/537.36 (KHTML, like Gecko; compatible; ClaudeBot/1.0; +claudebot@anthropic.com)" "-"
216.73.216.0 - - [30/Jul/2026:03:27:16 +0200] "GET /shop/cemetery/rub248040127.html?loknya=%2Fhomepages%2F43%2Fd895481126%2Fhtdocs%2Fclickandbuilds%2FLogestyServices%2Fwp-includes%2Fblocks%2Fverse HTTP/1.1" 429 267 logesty-services.fr "-" "Mozilla/5.0 AppleWebKit/537.36 (KHTML, like Gecko; compatible; ClaudeBot/1.0; +claudebot@anthropic.com)" "-"
74.7.242.0 - - [30/Jul/2026:03:27:18 +0200] "GET /?lokasie=/proc/sys/net/ipv4/conf/lo/igmpv3_unsolicited_report_interval&loknya=/proc/sys/net/ipv4/conf/lo HTTP/1.1" 429 267 logesty-services.fr "http://logesty-services.fr/?loknya=/proc/sys/net/ipv4/conf/lo" "Mozilla/5.0 AppleWebKit/537.36 (KHTML, like Gecko; compatible; GPTBot/1.4; +https://openai.com/gptbot)" "-"
216.73.216.0 - - [30/Jul/2026:03:27:24 +0200] "GET /detail/752053374.shtm?loknya=%2Fhomepages%2F43%2Fd895481126%2Fhtdocs HTTP/1.1" 429 267 logesty-services.fr "-" "Mozilla/5.0 AppleWebKit/537.36 (KHTML, like Gecko; compatible; ClaudeBot/1.0; +claudebot@anthropic.com)" "-"
216.73.216.0 - - [30/Jul/2026:03:27:29 +0200] "GET /detail/756596972.shtm?loknya=%2Fhomepages%2F6 HTTP/1.1" 429 267 logesty-services.fr "-" "Mozilla/5.0 AppleWebKit/537.36 (KHTML, like Gecko; compatible; ClaudeBot/1.0; +claudebot@anthropic.com)" "-"
195.140.176.0 - - [30/Jul/2026:03:27:33 +0200] "GET /author/henryallman059/ HTTP/1.1" 200 83793 logesty-services.fr "http://logesty-services.fr/author/henryallman059/" "Mozilla/5.0 (Windows NT 10.0; Win64; x64) AppleWebKit/537.36 (KHTML, like Gecko) Chrome/130.0.0.0 Safari/537.36" "-"
216.73.216.0 - - [30/Jul/2026:03:27:34 +0200] "GET /detail/752072801.shtm?loknya=%2Fhomepages%2F43%2Fd895481126%2Fhtdocs HTTP/1.1" 200 14209 logesty-services.fr "-" "Mozilla/5.0 AppleWebKit/537.36 (KHTML, like Gecko; compatible; ClaudeBot/1.0; +claudebot@anthropic.com)" "-"
66.249.64.0 - - [30/Jul/2026:03:27:36 +0200] "GET /?u=718626134 HTTP/1.1" 200 148908 logesty-services.fr "-" "Mozilla/5.0 (Linux; Android 6.0.1; Nexus 5X Build/MMB29P) AppleWebKit/537.36 (KHTML, like Gecko) Chrome/150.0.7871.186 Mobile Safari/537.36 (compatible; Googlebot/2.1; +http://www.google.com/bot.html)" "-"
216.73.216.0 - - [30/Jul/2026:03:27:39 +0200] "GET /detail/752064258.shtm?loknya=%2Fhomepages HTTP/1.1" 200 57019 logesty-services.fr "-" "Mozilla/5.0 AppleWebKit/537.36 (KHTML, like Gecko; compatible; ClaudeBot/1.0; +claudebot@anthropic.com)" "-"
216.73.216.0 - - [30/Jul/2026:03:27:44 +0200] "GET /shop/given/collect096041653.html?loknya=%2Fhomepages%2F42%2Fd903972051 HTTP/1.1" 200 20885 logesty-services.fr "-" "Mozilla/5.0 AppleWebKit/537.36 (KHTML, like Gecko; compatible; ClaudeBot/1.0; +claudebot@anthropic.com)" "-"
216.73.216.0 - - [30/Jul/2026:03:27:49 +0200] "GET /detail/752674885.shtm?loknya=%2Fhomepages%2F43%2Fd895481126%2Fhtdocs%2Fclickandbuilds%2FLogestyServices%2Fwp-includes%2Fphp-compat HTTP/1.1" 200 9071 logesty-services.fr "-" "Mozilla/5.0 AppleWebKit/537.36 (KHTML, like Gecko; compatible; ClaudeBot/1.0; +claudebot@anthropic.com)" "-"
216.73.216.0 - - [30/Jul/2026:03:27:54 +0200] "GET /shop/additional/commission086000277.html?loknya=%2Fhomepages%2F43%2Fd895481126%2Fhtdocs%2Fclickandbuilds%2FLogestyServices%2Fecff6c HTTP/1.1" 200 8762 logesty-services.fr "-" "Mozilla/5.0 AppleWebKit/537.36 (KHTML, like Gecko; compatible; ClaudeBot/1.0; +claudebot@anthropic.com)" "-"
216.73.216.0 - - [30/Jul/2026:03:27:59 +0200] "GET /detail/618199417.shtm?loknya=%2Fhomepages HTTP/1.1" 200 57019 logesty-services.fr "-" "Mozilla/5.0 AppleWebKit/537.36 (KHTML, like Gecko; compatible; ClaudeBot/1.0; +claudebot@anthropic.com)" "-"
216.73.216.0 - - [30/Jul/2026:03:28:04 +0200] "GET /detail/758242606.shtm?loknya=%2Fhomepages%2F43%2Fd895481126%2Fhtdocs%2F.opcache HTTP/1.1" 200 6632 logesty-services.fr "-" "Mozilla/5.0 AppleWebKit/537.36 (KHTML, like Gecko; compatible; ClaudeBot/1.0; +claudebot@anthropic.com)" "-"
74.7.242.0 - - [30/Jul/2026:03:28:07 +0200] "GET /?lokasie=/proc/sys/net/ipv6/conf/lo/mldv2_unsolicited_report_interval&loknya=/proc/sys/net/ipv6/conf/lo HTTP/1.1" 200 4217 logesty-services.fr "http://logesty-services.fr/?loknya=/proc/sys/net/ipv6/conf/lo" "Mozilla/5.0 AppleWebKit/537.36 (KHTML, like Gecko; compatible; GPTBot/1.4; +https://openai.com/gptbot)" "-"
216.73.216.0 - - [30/Jul/2026:03:28:09 +0200] "GET /detail/228757.shtm?loknya=%2Fhomepages%2F28 HTTP/1.1" 200 16481 logesty-services.fr "-" "Mozilla/5.0 AppleWebKit/537.36 (KHTML, like Gecko; compatible; ClaudeBot/1.0; +claudebot@anthropic.com)" "-"
216.73.216.0 - - [30/Jul/2026:03:28:14 +0200] "GET /detail/212693.shtm?loknya=%2Fhomepages%2Fbackup HTTP/1.1" 200 5101 logesty-services.fr "-" "Mozilla/5.0 AppleWebKit/537.36 (KHTML, like Gecko; compatible; ClaudeBot/1.0; +claudebot@anthropic.com)" "-"
216.73.216.0 - - [30/Jul/2026:03:28:19 +0200] "GET /category/6/1/listing?loknya=%2Fhomepages%2F43%2Fd895481126 HTTP/1.1" 200 21729 logesty-services.fr "-" "Mozilla/5.0 AppleWebKit/537.36 (KHTML, like Gecko; compatible; ClaudeBot/1.0; +claudebot@anthropic.com)" "-"
216.73.216.0 - - [30/Jul/2026:03:28:24 +0200] "GET /category/mahmoud/%7B%7Bitem.imgSrc%7D%7D?loknya=%2Fhomepages%2F43%2Fd895481126%2Fhtdocs%2Fclickandbuilds%2FLogestyServices%2Fwp-admin%2Fincludes HTTP/1.1" 200 183124 logesty-services.fr "-" "Mozilla/5.0 AppleWebKit/537.36 (KHTML, like Gecko; compatible; ClaudeBot/1.0; +claudebot@anthropic.com)" "-"
216.73.216.0 - - [30/Jul/2026:03:28:29 +0200] "GET /detail/262180.shtm?loknya=%2Fhomepages HTTP/1.1" 200 57019 logesty-services.fr "-" "Mozilla/5.0 AppleWebKit/537.36 (KHTML, like Gecko; compatible; ClaudeBot/1.0; +claudebot@anthropic.com)" "-"
216.73.216.0 - - [30/Jul/2026:03:28:34 +0200] "GET /detail/752669705.shtm?loknya=%2Fhomepages HTTP/1.1" 200 57019 logesty-services.fr "-" "Mozilla/5.0 AppleWebKit/537.36 (KHTML, like Gecko; compatible; ClaudeBot/1.0; +claudebot@anthropic.com)" "-"
216.73.216.0 - - [30/Jul/2026:03:28:39 +0200] "GET /detail/752716082.shtm?loknya=%2Fhomepages HTTP/1.1" 200 57019 logesty-services.fr "-" "Mozilla/5.0 AppleWebKit/537.36 (KHTML, like Gecko; compatible; ClaudeBot/1.0; +claudebot@anthropic.com)" "-"
66.249.64.0 - - [30/Jul/2026:03:28:43 +0200] "GET /detail/156082068.shtm?loknya=/homepages/43/d895481126/htdocs/clickandbuilds/LogestyServices/decouvrez-le-concept-innovant-de-logesty-service-des-logements-de-qualite-pour-vos-weekends-et-courts-sejours/decouvrez-le-concept-innovant-de-logesty-service-des-logements-de-qualite-pour-vos-weekends-et-courts-sejours HTTP/1.1" 200 18576 logesty-services.fr "-" "Mozilla/5.0 (Linux; Android 6.0.1; Nexus 5X Build/MMB29P) AppleWebKit/537.36 (KHTML, like Gecko) Chrome/150.0.7871.186 Mobile Safari/537.36 (compatible; GoogleOther)" "-"
216.73.216.0 - - [30/Jul/2026:03:28:44 +0200] "GET /shop/additional/commission086000277.html?loknya=%2Fhomepages%2F43%2Fd895481126%2Fhtdocs%2Fclickandbuilds%2FLogestyServices%2Fauthor HTTP/1.1" 200 11594 logesty-services.fr "-" "Mozilla/5.0 AppleWebKit/537.36 (KHTML, like Gecko; compatible; ClaudeBot/1.0; +claudebot@anthropic.com)" "-"
66.249.64.0 - - [30/Jul/2026:03:28:46 +0200] "GET /detail/30618427.shtm?lokasie=/homepages/43/d895481126/htdocs/clickandbuilds/LogestyServices/wp-activate.php&loknya=/homepages/43/d895481126/htdocs/clickandbuilds/LogestyServices HTTP/1.1" 200 182131 logesty-services.fr "-" "Mozilla/5.0 (Linux; Android 6.0.1; Nexus 5X Build/MMB29P) AppleWebKit/537.36 (KHTML, like Gecko) Chrome/150.0.7871.186 Mobile Safari/537.36 (compatible; Googlebot/2.1; +http://www.google.com/bot.html)" "-"
216.73.216.0 - - [30/Jul/2026:03:28:52 +0200] "GET /shop/badly/doctor225034042.html?loknya=%2Fhomepages%2F43%2Fd895481126%2Fhtdocs%2Fclickandbuilds%2F HTTP/1.1" 200 12494 logesty-services.fr "-" "Mozilla/5.0 AppleWebKit/537.36 (KHTML, like Gecko; compatible; ClaudeBot/1.0; +claudebot@anthropic.com)" "-"
216.73.216.0 - - [30/Jul/2026:03:28:56 +0200] "GET /detail/754152629.shtm?loknya=%2Fhomepages%2F43%2Fd895481126%2Fhtdocs%2Fclickandbuilds%2FLogestyServices%2F.wp-cli HTTP/1.1" 200 11569 logesty-services.fr "-" "Mozilla/5.0 AppleWebKit/537.36 (KHTML, like Gecko; compatible; ClaudeBot/1.0; +claudebot@anthropic.com)" "-"
114.119.136.0 - - [30/Jul/2026:03:28:57 +0200] "GET /st_location/orly-studio/?loknya=/homepages/43/d895481126/htdocs/clickandbuilds/LogestyServices/251b67/251b67 HTTP/1.1" 200 13383 logesty-services.fr "https://logesty-services.fr/st_location/orly-studio/?loknya=/homepages/43/d895481126/htdocs/clickandbuilds/LogestyServices/251b67" "Mozilla/5.0 (Linux; Android 7.0;) AppleWebKit/537.36 (HTML, like Gecko) Mobile Safari/537.36 (compatible; PetalBot;+https://webmaster.petalsearch.com/site/petalbot)" "-"
216.73.216.0 - - [30/Jul/2026:03:29:01 +0200] "GET /detail/756192565.shtm?loknya=%2Fhomepages%2F43%2Fd895481126%2Fhtdocs%2Fclickandbuilds%2FLogestyServices%2Fwp-includes HTTP/1.1" 200 464442 logesty-services.fr "-" "Mozilla/5.0 AppleWebKit/537.36 (KHTML, like Gecko; compatible; ClaudeBot/1.0; +claudebot@anthropic.com)" "-"
216.73.216.0 - - [30/Jul/2026:03:29:06 +0200] "GET /item/294043202?loknya=%2Fhomepages%2F43%2Fd895481126%2Fhtdocs%2Fclickandbuilds%2FLogestyServices%2F HTTP/1.1" 200 83967 logesty-services.fr "-" "Mozilla/5.0 AppleWebKit/537.36 (KHTML, like Gecko; compatible; ClaudeBot/1.0; +claudebot@anthropic.com)" "-"
74.7.242.0 - - [30/Jul/2026:03:29:08 +0200] "GET /?lokasie=/proc/sys/net/ipv4/conf/all/igmpv2_unsolicited_report_interval&loknya=/proc/sys/net/ipv4/conf/all HTTP/1.1" 429 267 logesty-services.fr "http://logesty-services.fr/?loknya=/proc/sys/net/ipv4/conf/all" "Mozilla/5.0 AppleWebKit/537.36 (KHTML, like Gecko; compatible; GPTBot/1.4; +https://openai.com/gptbot)" "-"
216.73.216.0 - - [30/Jul/2026:03:29:11 +0200] "GET /shop/products/prevail254043499.html?loknya=%2Fhomepages%2F43%2Fd895481126 HTTP/1.1" 429 267 logesty-services.fr "-" "Mozilla/5.0 AppleWebKit/537.36 (KHTML, like Gecko; compatible; ClaudeBot/1.0; +claudebot@anthropic.com)" "-"
216.73.216.0 - - [30/Jul/2026:03:29:16 +0200] "GET /detail/618172479.shtm?lokasie=%2Fbin%2Fhtcacheclean&loknya=%2Fbin HTTP/1.1" 429 267 logesty-services.fr "-" "Mozilla/5.0 AppleWebKit/537.36 (KHTML, like Gecko; compatible; ClaudeBot/1.0; +claudebot@anthropic.com)" "-"
66.249.64.0 - - [30/Jul/2026:03:29:16 +0200] "GET /detail/699084034.shtm?loknya=/homepages/43/d895481126/htdocs/clickandbuilds/LogestyServices/politique-de-confidentialite HTTP/1.1" 200 13696 logesty-services.fr "-" "Mozilla/5.0 (Linux; Android 6.0.1; Nexus 5X Build/MMB29P) AppleWebKit/537.36 (KHTML, like Gecko) Chrome/150.0.7871.186 Mobile Safari/537.36 (compatible; GoogleOther)" "-"
216.73.216.0 - - [30/Jul/2026:03:29:21 +0200] "GET /detail/618172479.shtm?lokasie=%2Fbin%2Fdbf_dump&loknya=%2Fbin HTTP/1.1" 429 267 logesty-services.fr "-" "Mozilla/5.0 AppleWebKit/537.36 (KHTML, like Gecko; compatible; ClaudeBot/1.0; +claudebot@anthropic.com)" "-"
216.73.216.0 - - [30/Jul/2026:03:29:29 +0200] "GET /item/064036984?loknya=%2Fhomepages%2F43%2Fd895481126%2Fhtdocs%2Fclickandbuilds%2FLogestyServices HTTP/1.1" 429 267 logesty-services.fr "-" "Mozilla/5.0 AppleWebKit/537.36 (KHTML, like Gecko; compatible; ClaudeBot/1.0; +claudebot@anthropic.com)" "-"
216.73.216.0 - - [30/Jul/2026:03:29:33 +0200] "GET /detail/758095711.shtm?lokasie=%2Fusr%2Fbin%2Fsldtoppm&loknya=%2Fusr%2Fbin HTTP/1.1" 429 267 logesty-services.fr "-" "Mozilla/5.0 AppleWebKit/537.36 (KHTML, like Gecko; compatible; ClaudeBot/1.0; +claudebot@anthropic.com)" "-"
66.249.64.0 - - [30/Jul/2026:03:29:33 +0200] "GET /?u=4854463618 HTTP/1.1" 200 155048 logesty-services.fr "-" "Mozilla/5.0 (Linux; Android 6.0.1; Nexus 5X Build/MMB29P) AppleWebKit/537.36 (KHTML, like Gecko) Chrome/150.0.7871.186 Mobile Safari/537.36 (compatible; Googlebot/2.1; +http://www.google.com/bot.html)" "-"
216.73.216.0 - - [30/Jul/2026:03:29:38 +0200] "GET /shop/stability/clip032003675.html?loknya=%2Fhomepages%2F43%2Fd895481126%2Fhtdocs%2Fclickandbuilds%2FLogestyServices%2F HTTP/1.1" 429 267 logesty-services.fr "-" "Mozilla/5.0 AppleWebKit/537.36 (KHTML, like Gecko; compatible; ClaudeBot/1.0; +claudebot@anthropic.com)" "-"
216.73.216.0 - - [30/Jul/2026:03:29:43 +0200] "GET /shop/clear/main247026134.html?lokasie=%2Fhomepages%2F43%2Fd895481126%2Fhtdocs%2Fclickandbuilds%2FLogestyServices%2Fwp-includes%2Fclass.wp-scripts.php&loknya=%2Fhomepages%2F43%2Fd895481126%2Fhtdocs%2Fclickandbuilds%2FLogestyServices%2Fwp-includes HTTP/1.1" 429 267 logesty-services.fr "-" "Mozilla/5.0 AppleWebKit/537.36 (KHTML, like Gecko; compatible; ClaudeBot/1.0; +claudebot@anthropic.com)" "-"
216.73.216.0 - - [30/Jul/2026:03:29:48 +0200] "GET /detail/758272138.shtm?loknya=%2Fhomepages%2F43 HTTP/1.1" 429 267 logesty-services.fr "-" "Mozilla/5.0 AppleWebKit/537.36 (KHTML, like Gecko; compatible; ClaudeBot/1.0; +claudebot@anthropic.com)" "-"
216.73.216.0 - - [30/Jul/2026:03:29:53 +0200] "GET /room_type/entire-place/?loknya=%2Fhomepages%2F43%2Fd895481126%2Fhtdocs%2Fclickandbuilds%2FLogestyServices%2Fwp-content HTTP/1.1" 429 267 logesty-services.fr "-" "Mozilla/5.0 AppleWebKit/537.36 (KHTML, like Gecko; compatible; ClaudeBot/1.0; +claudebot@anthropic.com)" "-"
66.249.64.0 - - [30/Jul/2026:03:29:56 +0200] "GET /detail/557129154.shtm?loknya=/homepages/43/d895481126/htdocs/clickandbuilds/LogestyServices/listing/paris-metro-hoche-ligne-5 HTTP/1.1" 200 151309 logesty-services.fr "-" "Mozilla/5.0 (Linux; Android 6.0.1; Nexus 5X Build/MMB29P) AppleWebKit/537.36 (KHTML, like Gecko) Chrome/150.0.7871.186 Mobile Safari/537.36 (compatible; Googlebot/2.1; +http://www.google.com/bot.html)" "-"
216.73.216.0 - - [30/Jul/2026:03:29:58 +0200] "GET /item/082049822?loknya=%2Fhomepages%2F43%2Fd895481126%2Fhtdocs%2Fclickandbuilds%2FLogestyServices%2F HTTP/1.1" 429 267 logesty-services.fr "-" "Mozilla/5.0 AppleWebKit/537.36 (KHTML, like Gecko; compatible; ClaudeBot/1.0; +claudebot@anthropic.com)" "-"
66.249.64.0 - - [30/Jul/2026:03:29:58 +0200] "GET /?u=4122133482 HTTP/1.1" 200 152267 logesty-services.fr "-" "Mozilla/5.0 (Linux; Android 6.0.1; Nexus 5X Build/MMB29P) AppleWebKit/537.36 (KHTML, like Gecko) Chrome/150.0.7871.186 Mobile Safari/537.36 (compatible; Googlebot/2.1; +http://www.google.com/bot.html)" "-"
216.73.216.0 - - [30/Jul/2026:03:30:03 +0200] "GET /detail/618199417.shtm?lokasie=%2Flib%2Fx86_64-linux-gnu%2Flibmount.so.1.1.0&loknya=%2Flib%2Fx86_64-linux-gnu HTTP/1.1" 429 267 logesty-services.fr "-" "Mozilla/5.0 AppleWebKit/537.36 (KHTML, like Gecko; compatible; ClaudeBot/1.0; +claudebot@anthropic.com)" "-"
74.7.242.0 - - [30/Jul/2026:03:30:06 +0200] "GET /?lokasie=/proc/sys/net/ipv4/conf/all/tag&loknya=/proc/sys/net/ipv4/conf/all HTTP/1.1" 429 267 logesty-services.fr "http://logesty-services.fr/?loknya=/proc/sys/net/ipv4/conf/all" "Mozilla/5.0 AppleWebKit/537.36 (KHTML, like Gecko; compatible; GPTBot/1.4; +https://openai.com/gptbot)" "-"
216.73.216.0 - - [30/Jul/2026:03:30:08 +0200] "GET /detail/618214445.shtm?loknya=%2Fhomepages%2F23 HTTP/1.1" 200 18553 logesty-services.fr "-" "Mozilla/5.0 AppleWebKit/537.36 (KHTML, like Gecko; compatible; ClaudeBot/1.0; +claudebot@anthropic.com)" "-"
216.73.216.0 - - [30/Jul/2026:03:30:13 +0200] "GET /shop/genetic/emerging129025182.html?loknya=%2Fhomepages%2F43%2Fd895481126%2Fhtdocs%2Fclickandbuilds%2FLogestyServices%2Fwp-content HTTP/1.1" 200 30671 logesty-services.fr "-" "Mozilla/5.0 AppleWebKit/537.36 (KHTML, like Gecko; compatible; ClaudeBot/1.0; +claudebot@anthropic.com)" "-"
216.73.216.0 - - [30/Jul/2026:03:30:18 +0200] "GET /shop/effectively/average262047041.html?lokasie=%2Fhomepages%2F43%2Fd895481126%2Fhtdocs%2Fclickandbuilds%2FLogestyServices%2Fwp-includes%2Fclass-wp-http-proxy.php&loknya=%2Fhomepages%2F43%2Fd895481126%2Fhtdocs%2Fclickandbuilds%2FLogestyServices%2Fwp-includes HTTP/1.1" 200 10580 logesty-services.fr "-" "Mozilla/5.0 AppleWebKit/537.36 (KHTML, like Gecko; compatible; ClaudeBot/1.0; +claudebot@anthropic.com)" "-"
114.119.143.0 - - [30/Jul/2026:03:30:21 +0200] "GET /search-rental-half-map/page/3?loknya=/homepages/43/d895481126/htdocs/clickandbuilds/LogestyServices/wp-includes/blocks/avatar HTTP/1.1" 200 22333 logesty-services.fr "https://logesty-services.fr/search-rental-half-map/page/3?loknya=/homepages/43/d895481126/htdocs/clickandbuilds/LogestyServices/wp-includes/blocks" "Mozilla/5.0 (Linux; Android 7.0;) AppleWebKit/537.36 (HTML, like Gecko) Mobile Safari/537.36 (compatible; PetalBot;+https://webmaster.petalsearch.com/site/petalbot)" "-"
216.73.216.0 - - [30/Jul/2026:03:30:23 +0200] "GET /detail/758095711.shtm?lokasie=%2Fusr%2Fbin%2Fprove&loknya=%2Fusr%2Fbin HTTP/1.1" 200 18175 logesty-services.fr "-" "Mozilla/5.0 AppleWebKit/537.36 (KHTML, like Gecko; compatible; ClaudeBot/1.0; +claudebot@anthropic.com)" "-"
216.73.216.0 - - [30/Jul/2026:03:30:31 +0200] "GET /detail/502248633.shtm?loknya=%2Fhomepages%2Foneclick HTTP/1.1" 200 7217 logesty-services.fr "-" "Mozilla/5.0 AppleWebKit/537.36 (KHTML, like Gecko; compatible; ClaudeBot/1.0; +claudebot@anthropic.com)" "-"
66.249.64.0 - - [30/Jul/2026:03:30:32 +0200] "GET /detail/647148641.shtm?lokasie=/homepages/43/d895481126/htdocs/clickandbuilds/LogestyServices/decouvrez-le-concept-innovant-de-logesty-service-des-logements-de-qualite-pour-vos-weekends-et-courts-sejours/.htaccess&loknya=/homepages/43/d895481126/htdocs/clickandbuilds/LogestyServices/decouvrez-le-concept-innovant-de-logesty-service-des-logements-de-qualite-pour-vos-weekends-et-courts-sejours HTTP/1.1" 200 4910 logesty-services.fr "-" "Mozilla/5.0 (Linux; Android 6.0.1; Nexus 5X Build/MMB29P) AppleWebKit/537.36 (KHTML, like Gecko) Chrome/150.0.7871.186 Mobile Safari/537.36 (compatible; GoogleOther)" "-"
216.73.216.0 - - [30/Jul/2026:03:30:34 +0200] "GET /detail/378501.shtm?lokasie=%2Fsbin%2Fisosize&loknya=%2Fsbin HTTP/1.1" 200 3943 logesty-services.fr "-" "Mozilla/5.0 AppleWebKit/537.36 (KHTML, like Gecko; compatible; ClaudeBot/1.0; +claudebot@anthropic.com)" "-"
216.73.216.0 - - [30/Jul/2026:03:30:39 +0200] "GET /item/192049800?loknya=%2Fhomepages%2F43%2Fd895481126%2Fhtdocs%2Fclickandbuilds%2FLogestyServices%2Fcategory HTTP/1.1" 200 12831 logesty-services.fr "-" "Mozilla/5.0 AppleWebKit/537.36 (KHTML, like Gecko; compatible; ClaudeBot/1.0; +claudebot@anthropic.com)" "-"
216.73.216.0 - - [30/Jul/2026:03:30:44 +0200] "GET /item/105021079?loknya=%2Fhomepages%2F43%2Fd895481126%2Fhtdocs%2Fclickandbuilds%2FLogestyServices%2F HTTP/1.1" 200 83967 logesty-services.fr "-" "Mozilla/5.0 AppleWebKit/537.36 (KHTML, like Gecko; compatible; ClaudeBot/1.0; +claudebot@anthropic.com)" "-"
216.73.216.0 - - [30/Jul/2026:03:30:49 +0200] "GET /detail/756159923.shtm?loknya=%2Fhomepages%2F43%2Fd895481126%2Fhtdocs%2Fclickandbuilds%2FLogestyServices%2Fwp-admin HTTP/1.1" 200 167345 logesty-services.fr "-" "Mozilla/5.0 AppleWebKit/537.36 (KHTML, like Gecko; compatible; ClaudeBot/1.0; +claudebot@anthropic.com)" "-"
216.73.216.0 - - [30/Jul/2026:03:30:54 +0200] "GET /shop/garlic/consistently296027231.html?loknya=%2Fhomepages%2F43%2Fd895481126 HTTP/1.1" 200 21729 logesty-services.fr "-" "Mozilla/5.0 AppleWebKit/537.36 (KHTML, like Gecko; compatible; ClaudeBot/1.0; +claudebot@anthropic.com)" "-"
216.73.216.0 - - [30/Jul/2026:03:30:59 +0200] "GET /detail/290793292.shtm?loknya=%2Fhomepages%2F43%2Fd895481126%2Fhtdocs%2Fclickandbuilds%2FLogestyServices%2F.wp-cli HTTP/1.1" 200 11569 logesty-services.fr "-" "Mozilla/5.0 AppleWebKit/537.36 (KHTML, like Gecko; compatible; ClaudeBot/1.0; +claudebot@anthropic.com)" "-"
216.73.216.0 - - [30/Jul/2026:03:31:04 +0200] "GET /item/123006031?loknya=%2Fhomepages%2F43%2Fd895481126%2Fhtdocs%2Fclickandbuilds%2FLogestyServices%2Fwp-content HTTP/1.1" 200 30671 logesty-services.fr "-" "Mozilla/5.0 AppleWebKit/537.36 (KHTML, like Gecko; compatible; ClaudeBot/1.0; +claudebot@anthropic.com)" "-"
74.7.242.0 - - [30/Jul/2026:03:31:08 +0200] "GET /?loknya=/etc/rc2.d HTTP/1.1" 200 7600 logesty-services.fr "http://logesty-services.fr/?loknya=/etc" "Mozilla/5.0 AppleWebKit/537.36 (KHTML, like Gecko; compatible; GPTBot/1.4; +https://openai.com/gptbot)" "-"
216.73.216.0 - - [30/Jul/2026:03:31:09 +0200] "GET /detail/751627972.shtm?loknya=%2Fhomepages%2F43%2Fd895481126%2Fhtdocs%2Fclickandbuilds%2FLogestyServices%2F.wp-cli HTTP/1.1" 200 11569 logesty-services.fr "-" "Mozilla/5.0 AppleWebKit/537.36 (KHTML, like Gecko; compatible; ClaudeBot/1.0; +claudebot@anthropic.com)" "-"
216.73.216.0 - - [30/Jul/2026:03:31:14 +0200] "GET /item/149012443?loknya=%2Fhomepages%2F43%2Fd895481126%2Fhtdocs%2Fclickandbuilds%2FLogestyServices%2F HTTP/1.1" 200 83967 logesty-services.fr "-" "Mozilla/5.0 AppleWebKit/537.36 (KHTML, like Gecko; compatible; ClaudeBot/1.0; +claudebot@anthropic.com)" "-"
216.73.216.0 - - [30/Jul/2026:03:31:19 +0200] "GET /detail/752059068.shtm?lokasie=%2Fbin%2Frsync&loknya=%2Fbin HTTP/1.1" 200 3938 logesty-services.fr "-" "Mozilla/5.0 AppleWebKit/537.36 (KHTML, like Gecko; compatible; ClaudeBot/1.0; +claudebot@anthropic.com)" "-"
216.73.216.0 - - [30/Jul/2026:03:31:24 +0200] "GET /detail/754146672.shtm?loknya=%2Fhomepages%2F40 HTTP/1.1" 200 16481 logesty-services.fr "-" "Mozilla/5.0 AppleWebKit/537.36 (KHTML, like Gecko; compatible; ClaudeBot/1.0; +claudebot@anthropic.com)" "-"
216.73.216.0 - - [30/Jul/2026:03:31:29 +0200] "GET /shop/alien/scream155026612.html?loknya=%2Fhomepages%2F43%2Fd895481126%2Fhtdocs%2Fclickandbuilds%2FLogestyServices%2Fwp-content HTTP/1.1" 200 30671 logesty-services.fr "-" "Mozilla/5.0 AppleWebKit/537.36 (KHTML, like Gecko; compatible; ClaudeBot/1.0; +claudebot@anthropic.com)" "-"
216.73.216.0 - - [30/Jul/2026:03:31:34 +0200] "GET /shop/privilege/rear241015654.html?lokasie=%2Fbin%2Fmysql_config&loknya=%2Fbin HTTP/1.1" 200 3945 logesty-services.fr "-" "Mozilla/5.0 AppleWebKit/537.36 (KHTML, like Gecko; compatible; ClaudeBot/1.0; +claudebot@anthropic.com)" "-"
216.73.216.0 - - [30/Jul/2026:03:31:39 +0200] "GET /shop/hello/male114026599.html?loknya=%2Fhomepages%2F43%2Fd895481126%2Fhtdocs%2Fclickandbuilds HTTP/1.1" 200 12474 logesty-services.fr "-" "Mozilla/5.0 AppleWebKit/537.36 (KHTML, like Gecko; compatible; ClaudeBot/1.0; +claudebot@anthropic.com)" "-"
66.249.64.0 - - [30/Jul/2026:03:31:44 +0200] "GET /?u=2672346802 HTTP/1.1" 200 153323 logesty-services.fr "-" "Mozilla/5.0 (Linux; Android 6.0.1; Nexus 5X Build/MMB29P) AppleWebKit/537.36 (KHTML, like Gecko) Chrome/150.0.7871.186 Mobile Safari/537.36 (compatible; Googlebot/2.1; +http://www.google.com/bot.html)" "-"
114.119.136.0 - - [30/Jul/2026:03:31:45 +0200] "GET /rental_types/studio?lokasie=/proc/buddyinfo&loknya=/proc HTTP/1.1" 200 4345 logesty-services.fr "https://logesty-services.fr/rental_types/studio?loknya=/proc" "Mozilla/5.0 (Linux; Android 7.0;) AppleWebKit/537.36 (HTML, like Gecko) Mobile Safari/537.36 (compatible; PetalBot;+https://webmaster.petalsearch.com/site/petalbot)" "-"
74.7.242.0 - - [30/Jul/2026:03:32:12 +0200] "GET /?loknya=/etc/rc1.d HTTP/1.1" 200 5058 logesty-services.fr "http://logesty-services.fr/?loknya=/etc" "Mozilla/5.0 AppleWebKit/537.36 (KHTML, like Gecko; compatible; GPTBot/1.4; +https://openai.com/gptbot)" "-"
66.249.64.0 - - [30/Jul/2026:03:32:20 +0200] "GET /?u=286918533 HTTP/1.1" 200 157088 logesty-services.fr "-" "Mozilla/5.0 (Linux; Android 6.0.1; Nexus 5X Build/MMB29P) AppleWebKit/537.36 (KHTML, like Gecko) Chrome/150.0.7871.186 Mobile Safari/537.36 (compatible; Googlebot/2.1; +http://www.google.com/bot.html)" "-"
43.162.109.0 - - [30/Jul/2026:03:32:53 +0200] "GET /?loknya=/homepages/43/d895481126/htdocs/clickandbuilds/LogestyServices/author HTTP/1.1" 200 11594 logesty-services.fr "-" "Mozilla/5.0 (iPhone; CPU iPhone OS 13_2_3 like Mac OS X) AppleWebKit/605.1.15 (KHTML, like Gecko) Version/13.0.3 Mobile/15E148 Safari/604.1" "-"
66.249.64.0 - - [30/Jul/2026:03:33:01 +0200] "GET /detail/624430101.shtm HTTP/1.1" 200 154491 logesty-services.fr "-" "Mozilla/5.0 (Linux; Android 6.0.1; Nexus 5X Build/MMB29P) AppleWebKit/537.36 (KHTML, like Gecko) Chrome/150.0.7871.186 Mobile Safari/537.36 (compatible; Googlebot/2.1; +http://www.google.com/bot.html)" "-"
114.119.136.0 - - [30/Jul/2026:03:33:09 +0200] "GET /locations/?loknya=/homepages/43/d895481126/htdocs/clickandbuilds/LogestyServices/wp-includes/pomo HTTP/1.1" 200 16962 logesty-services.fr "https://logesty-services.fr/locations/?loknya=/homepages/43/d895481126/htdocs/clickandbuilds/LogestyServices/wp-includes" "Mozilla/5.0 (Linux; Android 7.0;) AppleWebKit/537.36 (HTML, like Gecko) Mobile Safari/537.36 (compatible; PetalBot;+https://webmaster.petalsearch.com/site/petalbot)" "-"
74.7.242.0 - - [30/Jul/2026:03:33:11 +0200] "GET /?lokasie=/proc//consoles&loknya=/proc/ HTTP/1.1" 429 267 logesty-services.fr "http://logesty-services.fr/?loknya=/proc/" "Mozilla/5.0 AppleWebKit/537.36 (KHTML, like Gecko; compatible; GPTBot/1.4; +https://openai.com/gptbot)" "-"
66.249.64.0 - - [30/Jul/2026:03:33:42 +0200] "GET /?u=1763054958 HTTP/1.1" 200 83792 logesty-services.fr "-" "Mozilla/5.0 (Linux; Android 6.0.1; Nexus 5X Build/MMB29P) AppleWebKit/537.36 (KHTML, like Gecko) Chrome/150.0.7871.186 Mobile Safari/537.36 (compatible; GoogleOther)" "-"
218.152.33.0 - - [30/Jul/2026:03:33:52 +0200] "GET /author/gidgetjvm2361/ HTTP/1.1" 200 83793 logesty-services.fr "http://logesty-services.fr/" "Mozilla/5.0 (Windows NT 10.0; Win64; x64) AppleWebKit/537.36 (KHTML, like Gecko) Chrome/117.0.5938.132 Safari/537.36" "-"
218.152.33.0 - - [30/Jul/2026:03:33:55 +0200] "GET /author/gidgetjvm2361/?lokasie=/homepages/43/d895481126/htdocs/clickandbuilds/LogestyServices/wp-login.php&loknya=/homepages/43/d895481126/htdocs/clickandbuilds/LogestyServices HTTP/1.1" 200 61740 logesty-services.fr "http://logesty-services.fr/author/gidgetjvm2361/" "Mozilla/5.0 (Windows NT 6.3; Win64; x64) AppleWebKit/537.36 (KHTML, like Gecko) Chrome/103.0.0.0 Safari/537.36" "-"
52.167.144.0 - - [30/Jul/2026:03:33:59 +0200] "GET /etc.clientlibs/samsung/clientlibs/consumer/global/clientlib-common/resources/images/upgrade-popup-condition-icon-03.png HTTP/1.1" 200 149039 logesty-services.fr "-" "Mozilla/5.0 AppleWebKit/537.36 (KHTML, like Gecko; compatible; bingbot/2.0; +http://www.bing.com/bingbot.htm) Chrome/116.0.1938.76 Safari/537.36" "-"
74.7.242.0 - - [30/Jul/2026:03:34:04 +0200] "GET /?loknya=/etc/init.d HTTP/1.1" 429 267 logesty-services.fr "http://logesty-services.fr/?loknya=/etc" "Mozilla/5.0 AppleWebKit/537.36 (KHTML, like Gecko; compatible; GPTBot/1.4; +https://openai.com/gptbot)" "-"
216.73.217.0 - - [30/Jul/2026:03:34:23 +0200] "GET /detail/758143638.shtm?loknya=%2Fhomepages%2F0 HTTP/1.1" 200 12311 logesty-services.fr "-" "Mozilla/5.0 AppleWebKit/537.36 (KHTML, like Gecko; compatible; ClaudeBot/1.0; +claudebot@anthropic.com)" "-"
66.249.64.0 - - [30/Jul/2026:03:34:25 +0200] "GET /detail/537745127.shtm?loknya=/homepages HTTP/1.1" 200 57018 logesty-services.fr "-" "Mozilla/5.0 (Linux; Android 6.0.1; Nexus 5X Build/MMB29P) AppleWebKit/537.36 (KHTML, like Gecko) Chrome/150.0.7871.186 Mobile Safari/537.36 (compatible; GoogleOther)" "-"
216.73.217.0 - - [30/Jul/2026:03:34:27 +0200] "GET /detail/757245698.shtm?lokasie=%2Fsbin%2Fupdate-default-ispell&loknya=%2Fsbin HTTP/1.1" 200 14782 logesty-services.fr "-" "Mozilla/5.0 AppleWebKit/537.36 (KHTML, like Gecko; compatible; ClaudeBot/1.0; +claudebot@anthropic.com)" "-"
216.73.217.0 - - [30/Jul/2026:03:34:32 +0200] "GET /shop/garbage/formal107005752.html?loknya=%2Fhomepages%2F43%2Fd895481126%2Fhtdocs%2Fclickandbuilds%2FLogestyServices%2F251b67 HTTP/1.1" 200 9983 logesty-services.fr "-" "Mozilla/5.0 AppleWebKit/537.36 (KHTML, like Gecko; compatible; ClaudeBot/1.0; +claudebot@anthropic.com)" "-"
114.119.136.0 - - [30/Jul/2026:03:34:33 +0200] "GET /listing/studio-cosy-centre-ville-gare?loknya=/homepages/43/d895481126/htdocs/clickandbuilds/LogestyServices/wp-includes/js HTTP/1.1" 200 183915 logesty-services.fr "https://logesty-services.fr/listing/studio-cosy-centre-ville-gare?loknya=/homepages/43/d895481126/htdocs/clickandbuilds/LogestyServices/wp-includes" "Mozilla/5.0 (Linux; Android 7.0;) AppleWebKit/537.36 (HTML, like Gecko) Mobile Safari/537.36 (compatible; PetalBot;+https://webmaster.petalsearch.com/site/petalbot)" "-"
216.73.217.0 - - [30/Jul/2026:03:34:37 +0200] "GET /shop/elementary/tobacco022019539.html?loknya=%2Fhomepages%2F43%2Fd895481126%2Fhtdocs%2Fclickandbuilds%2FLogestyServices%2Fwp-includes%2FIXR HTTP/1.1" 200 23751 logesty-services.fr "-" "Mozilla/5.0 AppleWebKit/537.36 (KHTML, like Gecko; compatible; ClaudeBot/1.0; +claudebot@anthropic.com)" "-"
