165.140.118.0 - - [30/Jul/2026:02:09:11 +0200] "GET /wp-login.php HTTP/1.1" 200 83795 logesty-services.fr "https://logesty-services.fr/wp-login.php" "Mozilla/5.0 (Windows NT 6.3; Win64; x64) AppleWebKit/537.36 (KHTML, like Gecko) Chrome/103.0.0.0 Safari/537.36" "-"
165.140.118.0 - - [30/Jul/2026:02:09:23 +0200] "POST /wp-login.php HTTP/1.1" 200 83848 logesty-services.fr "https://logesty-services.fr/wp-login.php" "Mozilla/5.0 (Windows NT 6.3; Win64; x64) AppleWebKit/537.36 (KHTML, like Gecko) Chrome/103.0.0.0 Safari/537.36" "-"
165.140.118.0 - - [30/Jul/2026:02:09:24 +0200] "GET /author/stewartrancour/?username=daniloodonovan4&useremail=nicolas%40debarras-nice.fr&register_pass=2ZK5C%21sQpCG9&register_pass_retype=2ZK5C%21sQpCG9&term_condition=on&homey_register_security=c8eb8a8839&_wp_http_referer=%2Fauthor%2Fstewartrancour%2F&action=homey_register&username=leoneltrent47&useremail=nico%40debarras-marseille-13.fr&register_pass=a70Um%21zsTo6Y&register_pass_retype=a70Um%21zsTo6Y&term_condition=on&homey_register_security=979a3dc7f4&_wp_http_referer=%2Fauthor%2Fstewartrancour%2F%3Fusername%3Ddaniloodonovan4%26useremail%3Dnicolas%2540debarras-nice.fr%26register_pass%3D2ZK5C%2521sQpCG9%26register_pass_retype%3D2ZK5C%2521sQpCG9%26term_condition%3Don%26homey_register_security%3Dc8eb8a8839%26action%3Dhomey_register&action=homey_register HTTP/1.1" 200 83792 logesty-services.fr "https://logesty-services.fr/wp-login.php" "Mozilla/5.0 (Windows NT 6.3; Win64; x64) AppleWebKit/537.36 (KHTML, like Gecko) Chrome/103.0.0.0 Safari/537.36" "-"
165.140.118.0 - - [30/Jul/2026:02:09:26 +0200] "GET /author/stewartrancour/?username=daniloodonovan4&useremail=nicolas%40debarras-nice.fr&register_pass=2ZK5C%21sQpCG9&register_pass_retype=2ZK5C%21sQpCG9&term_condition=on&homey_register_security=c8eb8a8839&_wp_http_referer=%2Fauthor%2Fstewartrancour%2F&action=homey_register&username=leoneltrent47&useremail=nico%40debarras-marseille-13.fr&register_pass=a70Um%21zsTo6Y&register_pass_retype=a70Um%21zsTo6Y&term_condition=on&homey_register_security=979a3dc7f4&_wp_http_referer=%2Fauthor%2Fstewartrancour%2F%3Fusername%3Ddaniloodonovan4%26useremail%3Dnicolas%2540debarras-nice.fr%26register_pass%3D2ZK5C%2521sQpCG9%26register_pass_retype%3D2ZK5C%2521sQpCG9%26term_condition%3Don%26homey_register_security%3Dc8eb8a8839%26action%3Dhomey_register&action=homey_register HTTP/1.1" 200 83792 logesty-services.fr "https://logesty-services.fr/xmlrpc.php" "Mozilla/5.0 (Windows NT 6.3; Win64; x64) AppleWebKit/537.36 (KHTML, like Gecko) Chrome/103.0.0.0 Safari/537.36" "-"
165.140.118.0 - - [30/Jul/2026:02:09:27 +0200] "GET /author/wp-admin/post-new.php HTTP/1.1" 200 83792 logesty-services.fr "https://logesty-services.fr/author/stewartrancour/?username=daniloodonovan4&useremail=nicolas%40debarras-nice.fr&register_pass=2ZK5C%21sQpCG9&register_pass_retype=2ZK5C%21sQpCG9&term_condition=on&homey_register_security=c8eb8a8839&_wp_http_referer=%2Fauthor%2Fstewartrancour%2F&action=homey_register&username=leoneltrent47&useremail=nico%40debarras-marseille-13.fr&register_pass=a70Um%21zsTo6Y&register_pass_retype=a70Um%21zsTo6Y&term_condition=on&homey_register_security=979a3dc7f4&_wp_http_referer=%2Fauthor%2Fstewartrancour%2F%3Fusername%3Ddaniloodonovan4%26useremail%3Dnicolas%2540debarras-nice.fr%26register_pass%3D2ZK5C%2521sQpCG9%26register_pass_retype%3D2ZK5C%2521sQpCG9%26term_condition%3Don%26homey_register_security%3Dc8eb8a8839%26action%3Dhomey_register&action=homey_register" "Mozilla/5.0 (Windows NT 6.3; Win64; x64) AppleWebKit/537.36 (KHTML, like Gecko) Chrome/103.0.0.0 Safari/537.36" "-"
165.140.118.0 - - [30/Jul/2026:02:09:29 +0200] "GET /author/wp-admin/edit-tags.php?taxonomy=category HTTP/1.1" 200 83792 logesty-services.fr "https://logesty-services.fr/author/wp-admin/post-new.php" "Mozilla/5.0 (Windows NT 6.3; Win64; x64) AppleWebKit/537.36 (KHTML, like Gecko) Chrome/103.0.0.0 Safari/537.36" "-"
165.140.118.0 - - [30/Jul/2026:02:09:31 +0200] "POST /author/wp-admin/edit-tags.php?pilihan&loknya=/homepages/43/d895481126/htdocs/clickandbuilds/LogestyServices HTTP/1.1" 200 84464 logesty-services.fr "https://logesty-services.fr/author/wp-admin/edit-tags.php?taxonomy=category" "Mozilla/5.0 (Windows NT 6.3; Win64; x64) AppleWebKit/537.36 (KHTML, like Gecko) Chrome/103.0.0.0 Safari/537.36" "-"
66.249.64.0 - - [30/Jul/2026:02:09:32 +0200] "GET /detail/144246624.shtm HTTP/1.1" 200 83792 logesty-services.fr "-" "Mozilla/5.0 (Linux; Android 6.0.1; Nexus 5X Build/MMB29P) AppleWebKit/537.36 (KHTML, like Gecko) Chrome/150.0.7871.186 Mobile Safari/537.36 (compatible; GoogleOther)" "-"
165.140.118.0 - - [30/Jul/2026:02:09:32 +0200] "GET /author/wp-admin/edit-tags.php?lokasie=/homepages/43/d895481126/htdocs/clickandbuilds/LogestyServices/wp-comments-post.php&loknya=/homepages/43/d895481126/htdocs/clickandbuilds/LogestyServices HTTP/1.1" 200 6761 logesty-services.fr "https://logesty-services.fr/author/wp-admin/edit-tags.php?taxonomy=category" "Mozilla/5.0 (Windows NT 6.3; Win64; x64) AppleWebKit/537.36 (KHTML, like Gecko) Chrome/103.0.0.0 Safari/537.36" "-"
74.7.242.0 - - [30/Jul/2026:02:09:33 +0200] "GET /?loknya=/proc/sys/net/ipv4/conf/lo HTTP/1.1" 200 44611 logesty-services.fr "http://logesty-services.fr/?loknya=/proc/sys/net/ipv4/conf" "Mozilla/5.0 AppleWebKit/537.36 (KHTML, like Gecko; compatible; GPTBot/1.4; +https://openai.com/gptbot)" "-"
66.249.64.0 - - [30/Jul/2026:02:09:46 +0200] "GET /?u=6354006923 HTTP/1.1" 200 155660 logesty-services.fr "-" "Mozilla/5.0 (Linux; Android 6.0.1; Nexus 5X Build/MMB29P) AppleWebKit/537.36 (KHTML, like Gecko) Chrome/150.0.7871.186 Mobile Safari/537.36 (compatible; Googlebot/2.1; +http://www.google.com/bot.html)" "-"
52.203.79.0 - - [30/Jul/2026:02:10:04 +0200] "GET /robots.txt HTTP/1.1" 200 1157 logesty-services.fr "-" "Mozilla/5.0 (Macintosh; Intel Mac OS X 10_10_1) AppleWebKit/600.2.5 (KHTML, like Gecko) Version/8.0.2 Safari/600.2.5 (Gort)" "-"
74.7.242.0 - - [30/Jul/2026:02:10:13 +0200] "GET /?loknya=/proc/sys/net/ipv6/conf/all HTTP/1.1" 200 54550 logesty-services.fr "http://logesty-services.fr/?loknya=/proc/sys/net/ipv6/conf" "Mozilla/5.0 AppleWebKit/537.36 (KHTML, like Gecko; compatible; GPTBot/1.4; +https://openai.com/gptbot)" "-"
114.119.129.0 - - [30/Jul/2026:02:10:29 +0200] "GET /listing/a116-appartement-disneyland-paris-parking-prive/?loknya=/homepages/43 HTTP/1.1" 200 10265 logesty-services.fr "https://logesty-services.fr/listing/a116-appartement-disneyland-paris-parking-prive/?loknya=/homepages/43/d895481126/htdocs/clickandbuilds/LogestyServices/locations-de-vacances-de-choix" "Mozilla/5.0 (Linux; Android 7.0;) AppleWebKit/537.36 (HTML, like Gecko) Mobile Safari/537.36 (compatible; PetalBot;+https://webmaster.petalsearch.com/site/petalbot)" "-"
54.38.147.0 - - [30/Jul/2026:02:10:43 +0200] "GET /category/beauty-beaches/feed/ HTTP/1.1" 200 83792 logesty-services.fr "-" "Mozilla/5.0 (compatible; AhrefsBot/7.0; +http://ahrefs.com/robot/)" "-"
74.7.242.0 - - [30/Jul/2026:02:10:49 +0200] "GET /?loknya=/proc/sys/net/ipv4/conf/all HTTP/1.1" 200 44731 logesty-services.fr "http://logesty-services.fr/?loknya=/proc/sys/net/ipv4/conf" "Mozilla/5.0 AppleWebKit/537.36 (KHTML, like Gecko; compatible; GPTBot/1.4; +https://openai.com/gptbot)" "-"
66.249.64.0 - - [30/Jul/2026:02:11:05 +0200] "GET /?u=3414708586 HTTP/1.1" 200 155218 logesty-services.fr "-" "Mozilla/5.0 (Linux; Android 6.0.1; Nexus 5X Build/MMB29P) AppleWebKit/537.36 (KHTML, like Gecko) Chrome/150.0.7871.186 Mobile Safari/537.36 (compatible; Googlebot/2.1; +http://www.google.com/bot.html)" "-"
74.7.242.0 - - [30/Jul/2026:02:11:23 +0200] "GET /?loknya=/etc/rc0.d HTTP/1.1" 200 6349 logesty-services.fr "http://logesty-services.fr/?loknya=/etc" "Mozilla/5.0 AppleWebKit/537.36 (KHTML, like Gecko; compatible; GPTBot/1.4; +https://openai.com/gptbot)" "-"
66.249.64.0 - - [30/Jul/2026:02:11:41 +0200] "GET /?u=1262055808 HTTP/1.1" 200 153762 logesty-services.fr "-" "Mozilla/5.0 (Linux; Android 6.0.1; Nexus 5X Build/MMB29P) AppleWebKit/537.36 (KHTML, like Gecko) Chrome/150.0.7871.186 Mobile Safari/537.36 (compatible; Googlebot/2.1; +http://www.google.com/bot.html)" "-"
74.7.242.0 - - [30/Jul/2026:02:11:52 +0200] "GET /?loknya=/etc/rc5.d HTTP/1.1" 200 7600 logesty-services.fr "http://logesty-services.fr/?loknya=/etc" "Mozilla/5.0 AppleWebKit/537.36 (KHTML, like Gecko; compatible; GPTBot/1.4; +https://openai.com/gptbot)" "-"
114.119.143.0 - - [30/Jul/2026:02:11:53 +0200] "GET /listing/a116-appartement-disneyland-paris-parking-prive/ HTTP/1.1" 200 83793 logesty-services.fr "https://logesty-services.fr/listing/a112-appartement-disneyland-paris-parking-et-wifi" "Mozilla/5.0 (Linux; Android 7.0;) AppleWebKit/537.36 (HTML, like Gecko) Mobile Safari/537.36 (compatible; PetalBot;+https://webmaster.petalsearch.com/site/petalbot)" "-"
74.7.242.0 - - [30/Jul/2026:02:12:19 +0200] "GET /?loknya=/etc/rc6.d HTTP/1.1" 200 6349 logesty-services.fr "http://logesty-services.fr/?loknya=/etc" "Mozilla/5.0 AppleWebKit/537.36 (KHTML, like Gecko; compatible; GPTBot/1.4; +https://openai.com/gptbot)" "-"
74.7.242.0 - - [30/Jul/2026:02:12:43 +0200] "GET /?loknya=/etc/rc4.d HTTP/1.1" 200 7600 logesty-services.fr "http://logesty-services.fr/?loknya=/etc" "Mozilla/5.0 AppleWebKit/537.36 (KHTML, like Gecko; compatible; GPTBot/1.4; +https://openai.com/gptbot)" "-"
43.134.23.0 - - [30/Jul/2026:02:12:43 +0200] "GET /?lokasie=/homepages/43/d895481126/htdocs/clickandbuilds/LogestyServices/.wp-cli/.htaccess&loknya=/homepages/43/d895481126/htdocs/clickandbuilds/LogestyServices/.wp-cli HTTP/1.1" 200 4604 logesty-services.fr "-" "Mozilla/5.0 (iPhone; CPU iPhone OS 13_2_3 like Mac OS X) AppleWebKit/605.1.15 (KHTML, like Gecko) Version/13.0.3 Mobile/15E148 Safari/604.1" "-"
74.7.242.0 - - [30/Jul/2026:02:13:04 +0200] "GET /?loknya=/etc/rc3.d HTTP/1.1" 200 7600 logesty-services.fr "http://logesty-services.fr/?loknya=/etc" "Mozilla/5.0 AppleWebKit/537.36 (KHTML, like Gecko; compatible; GPTBot/1.4; +https://openai.com/gptbot)" "-"
114.119.143.0 - - [30/Jul/2026:02:13:16 +0200] "GET /listing/4-12-studio-cosy-toulouse/?loknya=/homepages/8 HTTP/1.1" 200 18510 logesty-services.fr "https://logesty-services.fr/listing/4-12-studio-cosy-toulouse/?loknya=/homepages" "Mozilla/5.0 (Linux; Android 7.0;) AppleWebKit/537.36 (HTML, like Gecko) Mobile Safari/537.36 (compatible; PetalBot;+https://webmaster.petalsearch.com/site/petalbot)" "-"
62.238.60.0 - - [30/Jul/2026:02:13:23 +0200] "GET /wp-content/uploads/2023/05/appartement-500x500.png HTTP/1.1" 200 58060 logesty-services.fr "-" "Mozilla/5.0 (X11; Ubuntu; Linux x86_64; rv:72.0) Gecko/20100101 Firefox/72.0" "-"
74.7.242.0 - - [30/Jul/2026:02:13:24 +0200] "GET /?lokasie=/proc/sys/net/core/xfrm_aevent_etime&loknya=/proc/sys/net/core HTTP/1.1" 200 4088 logesty-services.fr "http://logesty-services.fr/?loknya=/proc/sys/net/core" "Mozilla/5.0 AppleWebKit/537.36 (KHTML, like Gecko; compatible; GPTBot/1.4; +https://openai.com/gptbot)" "-"
74.7.242.0 - - [30/Jul/2026:02:13:43 +0200] "GET /?lokasie=/proc/sys/net/core/xfrm_aevent_rseqth&loknya=/proc/sys/net/core HTTP/1.1" 200 4088 logesty-services.fr "http://logesty-services.fr/?loknya=/proc/sys/net/core" "Mozilla/5.0 AppleWebKit/537.36 (KHTML, like Gecko; compatible; GPTBot/1.4; +https://openai.com/gptbot)" "-"
74.7.242.0 - - [30/Jul/2026:02:13:58 +0200] "GET /?lokasie=/proc/sys/net/ipv6/conf/lo/mtu&loknya=/proc/sys/net/ipv6/conf/lo HTTP/1.1" 429 267 logesty-services.fr "http://logesty-services.fr/?loknya=/proc/sys/net/ipv6/conf/lo" "Mozilla/5.0 AppleWebKit/537.36 (KHTML, like Gecko; compatible; GPTBot/1.4; +https://openai.com/gptbot)" "-"
66.249.64.0 - - [30/Jul/2026:02:14:05 +0200] "GET /?u=5183359761 HTTP/1.1" 200 83792 logesty-services.fr "-" "Mozilla/5.0 (Linux; Android 6.0.1; Nexus 5X Build/MMB29P) AppleWebKit/537.36 (KHTML, like Gecko) Chrome/150.0.7871.186 Mobile Safari/537.36 (compatible; GoogleOther)" "-"
74.7.242.0 - - [30/Jul/2026:02:14:12 +0200] "GET /?lokasie=/proc/sys/net/ipv6/conf/lo/accept_ra_mtu&loknya=/proc/sys/net/ipv6/conf/lo HTTP/1.1" 429 267 logesty-services.fr "http://logesty-services.fr/?loknya=/proc/sys/net/ipv6/conf/lo" "Mozilla/5.0 AppleWebKit/537.36 (KHTML, like Gecko; compatible; GPTBot/1.4; +https://openai.com/gptbot)" "-"
114.119.136.0 - - [30/Jul/2026:02:14:45 +0200] "GET /search-rental-half-map/page/3?loknya=/homepages/43/d895481126/htdocs/clickandbuilds/LogestyServices/wp-content/uploads/woocommerce_uploads HTTP/1.1" 200 9367 logesty-services.fr "https://logesty-services.fr/search-rental-half-map/page/3?loknya=/homepages/43/d895481126/htdocs/clickandbuilds/LogestyServices/wp-content/uploads" "Mozilla/5.0 (Linux; Android 7.0;) AppleWebKit/537.36 (HTML, like Gecko) Mobile Safari/537.36 (compatible; PetalBot;+https://webmaster.petalsearch.com/site/petalbot)" "-"
74.7.242.0 - - [30/Jul/2026:02:14:56 +0200] "GET /?lokasie=/proc/sys/net/ipv6/conf/lo/proxy_ndp&loknya=/proc/sys/net/ipv6/conf/lo HTTP/1.1" 429 267 logesty-services.fr "http://logesty-services.fr/?loknya=/proc/sys/net/ipv6/conf/lo" "Mozilla/5.0 AppleWebKit/537.36 (KHTML, like Gecko; compatible; GPTBot/1.4; +https://openai.com/gptbot)" "-"
66.249.64.0 - - [30/Jul/2026:02:15:19 +0200] "GET /detail/711957316.shtm HTTP/1.1" 200 83792 logesty-services.fr "-" "Mozilla/5.0 (Linux; Android 6.0.1; Nexus 5X Build/MMB29P) AppleWebKit/537.36 (KHTML, like Gecko) Chrome/150.0.7871.186 Mobile Safari/537.36 (compatible; GoogleOther)" "-"
66.249.64.0 - - [30/Jul/2026:02:15:40 +0200] "GET /?u=192885193 HTTP/1.1" 200 154318 logesty-services.fr "-" "Mozilla/5.0 (Linux; Android 6.0.1; Nexus 5X Build/MMB29P) AppleWebKit/537.36 (KHTML, like Gecko) Chrome/150.0.7871.186 Mobile Safari/537.36 (compatible; Googlebot/2.1; +http://www.google.com/bot.html)" "-"
74.7.242.0 - - [30/Jul/2026:02:16:00 +0200] "GET /?lokasie=/proc/sys/net/ipv6/conf/lo/accept_ra&loknya=/proc/sys/net/ipv6/conf/lo HTTP/1.1" 200 4190 logesty-services.fr "http://logesty-services.fr/?loknya=/proc/sys/net/ipv6/conf/lo" "Mozilla/5.0 AppleWebKit/537.36 (KHTML, like Gecko; compatible; GPTBot/1.4; +https://openai.com/gptbot)" "-"
114.119.129.0 - - [30/Jul/2026:02:16:03 +0200] "GET /rental_types/studio?lokasie=/proc/execdomains&loknya=/proc HTTP/1.1" 200 3977 logesty-services.fr "https://logesty-services.fr/rental_types/studio?loknya=/proc" "Mozilla/5.0 (Linux; Android 7.0;) AppleWebKit/537.36 (HTML, like Gecko) Mobile Safari/537.36 (compatible; PetalBot;+https://webmaster.petalsearch.com/site/petalbot)" "-"
74.7.242.0 - - [30/Jul/2026:02:17:02 +0200] "GET /?lokasie=/proc/sys/net/ipv4/conf/lo/proxy_arp&loknya=/proc/sys/net/ipv4/conf/lo HTTP/1.1" 200 4190 logesty-services.fr "http://logesty-services.fr/?loknya=/proc/sys/net/ipv4/conf/lo" "Mozilla/5.0 AppleWebKit/537.36 (KHTML, like Gecko; compatible; GPTBot/1.4; +https://openai.com/gptbot)" "-"
114.119.130.0 - - [30/Jul/2026:02:17:27 +0200] "GET /listing/b206-appartement-proche-disneyland?loknya=/homepages/43/d895481126 HTTP/1.1" 200 21730 logesty-services.fr "https://logesty-services.fr/listing/b206-appartement-proche-disneyland?loknya=/homepages/43/d895481126/htdocs/clickandbuilds/LogestyServices/author" "Mozilla/5.0 (Linux; Android 7.0;) AppleWebKit/537.36 (HTML, like Gecko) Mobile Safari/537.36 (compatible; PetalBot;+https://webmaster.petalsearch.com/site/petalbot)" "-"
74.7.230.0 - - [30/Jul/2026:02:17:43 +0200] "GET /robots.txt HTTP/1.1" 200 1157 logesty-services.fr "-" "Mozilla/5.0 (Macintosh; Intel Mac OS X 10_15_7) AppleWebKit/537.36 (KHTML, like Gecko) Chrome/131.0.0.0 Safari/537.36; compatible; OAI-SearchBot/1.4; robots.txt; +https://openai.com/searchbot" "-"
66.249.64.0 - - [30/Jul/2026:02:17:59 +0200] "GET /?u=369501173 HTTP/1.1" 200 150274 logesty-services.fr "-" "Mozilla/5.0 (Linux; Android 6.0.1; Nexus 5X Build/MMB29P) AppleWebKit/537.36 (KHTML, like Gecko) Chrome/150.0.7871.186 Mobile Safari/537.36 (compatible; Googlebot/2.1; +http://www.google.com/bot.html)" "-"
74.7.242.0 - - [30/Jul/2026:02:18:01 +0200] "GET /?lokasie=/proc/sys/net/ipv6/conf/all/mtu&loknya=/proc/sys/net/ipv6/conf/all HTTP/1.1" 200 4190 logesty-services.fr "http://logesty-services.fr/?loknya=/proc/sys/net/ipv6/conf/all" "Mozilla/5.0 AppleWebKit/537.36 (KHTML, like Gecko; compatible; GPTBot/1.4; +https://openai.com/gptbot)" "-"
66.249.64.0 - - [30/Jul/2026:02:18:45 +0200] "GET /detail/73628001.shtm?lokasie=/homepages/43/d895481126/htdocs/clickandbuilds/LogestyServices/google6d53c9bb80416c3a.html&loknya=/homepages/43/d895481126/htdocs/clickandbuilds/LogestyServices HTTP/1.1" 200 153021 logesty-services.fr "-" "Mozilla/5.0 (Linux; Android 6.0.1; Nexus 5X Build/MMB29P) AppleWebKit/537.36 (KHTML, like Gecko) Chrome/150.0.7871.186 Mobile Safari/537.36 (compatible; Googlebot/2.1; +http://www.google.com/bot.html)" "-"
66.249.64.0 - - [30/Jul/2026:02:18:46 +0200] "GET /detail/382202706.shtm HTTP/1.1" 200 155031 logesty-services.fr "-" "Mozilla/5.0 (Linux; Android 6.0.1; Nexus 5X Build/MMB29P) AppleWebKit/537.36 (KHTML, like Gecko) Chrome/150.0.7871.186 Mobile Safari/537.36 (compatible; Googlebot/2.1; +http://www.google.com/bot.html)" "-"
114.119.130.0 - - [30/Jul/2026:02:18:51 +0200] "GET /listing/b201-appartement-disneyland-paris-parking-et-wifi HTTP/1.1" 200 83794 logesty-services.fr "https://logesty-services.fr/listing/c210-studio-10min-disneyland-paris-parking-et-wifi" "Mozilla/5.0 (Linux; Android 7.0;) AppleWebKit/537.36 (HTML, like Gecko) Mobile Safari/537.36 (compatible; PetalBot;+https://webmaster.petalsearch.com/site/petalbot)" "-"
74.7.242.0 - - [30/Jul/2026:02:18:51 +0200] "GET /?lokasie=/proc/sys/net/ipv6/conf/lo/hop_limit&loknya=/proc/sys/net/ipv6/conf/lo HTTP/1.1" 200 4191 logesty-services.fr "http://logesty-services.fr/?loknya=/proc/sys/net/ipv6/conf/lo" "Mozilla/5.0 AppleWebKit/537.36 (KHTML, like Gecko; compatible; GPTBot/1.4; +https://openai.com/gptbot)" "-"
66.249.64.0 - - [30/Jul/2026:02:19:04 +0200] "GET /?u=143888422 HTTP/1.1" 200 157677 logesty-services.fr "-" "Mozilla/5.0 (Linux; Android 6.0.1; Nexus 5X Build/MMB29P) AppleWebKit/537.36 (KHTML, like Gecko) Chrome/150.0.7871.186 Mobile Safari/537.36 (compatible; Googlebot/2.1; +http://www.google.com/bot.html)" "-"
74.7.242.0 - - [30/Jul/2026:02:19:37 +0200] "GET /?lokasie=/proc/sys/net/ipv4/conf/lo/rp_filter&loknya=/proc/sys/net/ipv4/conf/lo HTTP/1.1" 200 4190 logesty-services.fr "http://logesty-services.fr/?loknya=/proc/sys/net/ipv4/conf/lo" "Mozilla/5.0 AppleWebKit/537.36 (KHTML, like Gecko; compatible; GPTBot/1.4; +https://openai.com/gptbot)" "-"
114.119.136.0 - - [30/Jul/2026:02:20:14 +0200] "GET /listing/4-12-studio-cosy-toulouse/?loknya=/homepages/5 HTTP/1.1" 200 14378 logesty-services.fr "https://logesty-services.fr/listing/4-12-studio-cosy-toulouse/?loknya=/homepages" "Mozilla/5.0 (Linux; Android 7.0;) AppleWebKit/537.36 (HTML, like Gecko) Mobile Safari/537.36 (compatible; PetalBot;+https://webmaster.petalsearch.com/site/petalbot)" "-"
74.7.242.0 - - [30/Jul/2026:02:20:17 +0200] "GET /?lokasie=/proc/sys/net/ipv6/conf/lo/temp_valid_lft&loknya=/proc/sys/net/ipv6/conf/lo HTTP/1.1" 200 4200 logesty-services.fr "http://logesty-services.fr/?loknya=/proc/sys/net/ipv6/conf/lo" "Mozilla/5.0 AppleWebKit/537.36 (KHTML, like Gecko; compatible; GPTBot/1.4; +https://openai.com/gptbot)" "-"
66.249.64.0 - - [30/Jul/2026:02:20:34 +0200] "GET /?u=3512319141 HTTP/1.1" 200 154153 logesty-services.fr "-" "Mozilla/5.0 (Linux; Android 6.0.1; Nexus 5X Build/MMB29P) AppleWebKit/537.36 (KHTML, like Gecko) Chrome/150.0.7871.186 Mobile Safari/537.36 (compatible; Googlebot/2.1; +http://www.google.com/bot.html)" "-"
66.249.64.0 - - [30/Jul/2026:02:20:44 +0200] "GET /detail/117172827.shtm?loknya=/ HTTP/1.1" 200 29689 logesty-services.fr "-" "Mozilla/5.0 (Linux; Android 6.0.1; Nexus 5X Build/MMB29P) AppleWebKit/537.36 (KHTML, like Gecko) Chrome/150.0.7871.186 Mobile Safari/537.36 (compatible; GoogleOther)" "-"
74.7.242.0 - - [30/Jul/2026:02:20:53 +0200] "GET /?lokasie=/proc/sys/net/ipv4/conf/lo/src_valid_mark&loknya=/proc/sys/net/ipv4/conf/lo HTTP/1.1" 200 4195 logesty-services.fr "http://logesty-services.fr/?loknya=/proc/sys/net/ipv4/conf/lo" "Mozilla/5.0 AppleWebKit/537.36 (KHTML, like Gecko; compatible; GPTBot/1.4; +https://openai.com/gptbot)" "-"
142.111.198.0 - - [30/Jul/2026:02:21:05 +0200] "GET /wp-content/uploads/2024/12/Capture-decran-2024-12-14-a-10.58.30-120x80.png HTTP/1.1" 200 15003 logesty-services.fr "https://logesty-services.fr/city/meulan-en-yvelines/" "Mozilla/5.0 (Macintosh; Intel Mac OS X 10_15_7) AppleWebKit/537.36 (KHTML, like Gecko) Chrome/131.0.0.0 Safari/537.36" "-"
66.249.64.0 - - [30/Jul/2026:02:21:15 +0200] "GET /?u=6013393650 HTTP/1.1" 200 153966 logesty-services.fr "-" "Mozilla/5.0 (Linux; Android 6.0.1; Nexus 5X Build/MMB29P) AppleWebKit/537.36 (KHTML, like Gecko) Chrome/150.0.7871.186 Mobile Safari/537.36 (compatible; Googlebot/2.1; +http://www.google.com/bot.html)" "-"
74.7.242.0 - - [30/Jul/2026:02:21:27 +0200] "GET /?lokasie=/proc/sys/net/ipv4/conf/lo/medium_id&loknya=/proc/sys/net/ipv4/conf/lo HTTP/1.1" 200 4190 logesty-services.fr "http://logesty-services.fr/?loknya=/proc/sys/net/ipv4/conf/lo" "Mozilla/5.0 AppleWebKit/537.36 (KHTML, like Gecko; compatible; GPTBot/1.4; +https://openai.com/gptbot)" "-"
198.244.168.0 - - [30/Jul/2026:02:21:28 +0200] "GET /sitemap-hot-2980038.xml HTTP/1.1" 200 167013 logesty-services.fr "-" "Mozilla/5.0 (compatible; AhrefsBot/7.0; +http://ahrefs.com/robot/)" "-"
114.119.136.0 - - [30/Jul/2026:02:21:37 +0200] "GET /listing/4-12-studio-cosy-toulouse/?loknya=/homepages/46 HTTP/1.1" 200 16482 logesty-services.fr "https://logesty-services.fr/listing/4-12-studio-cosy-toulouse/?loknya=/homepages" "Mozilla/5.0 (Linux; Android 7.0;) AppleWebKit/537.36 (HTML, like Gecko) Mobile Safari/537.36 (compatible; PetalBot;+https://webmaster.petalsearch.com/site/petalbot)" "-"
43.229.135.0 - - [30/Jul/2026:02:21:49 +0200] "GET /author/kristinpetit2/ HTTP/1.1" 200 83793 logesty-services.fr "http://logesty-services.fr/" "Mozilla/5.0 (Windows NT 10.0; Win64; x64) AppleWebKit/537.36 (KHTML, like Gecko) Chrome/133.0.0.0 Safari/537.36" "-"
43.229.135.0 - - [30/Jul/2026:02:21:51 +0200] "GET /author/kristinpetit2/?loknya=/homepages/43/d895481126/htdocs/clickandbuilds/LogestyServices/decouvrez-le-concept-innovant-de-logesty-service-des-logements-de-qualite-pour-vos-weekends-et-courts-sejours HTTP/1.1" 200 15884 logesty-services.fr "http://logesty-services.fr/author/kristinpetit2/" "Mozilla/5.0 (Windows NT 10.0; Win64; x64) AppleWebKit/537.36 (KHTML, like Gecko) Chrome/133.0.0.0 Safari/537.36" "-"
74.7.242.0 - - [30/Jul/2026:02:21:57 +0200] "GET /?lokasie=/proc/sys/net/core/xfrm_acq_expires&loknya=/proc/sys/net/core HTTP/1.1" 200 4087 logesty-services.fr "http://logesty-services.fr/?loknya=/proc/sys/net/core" "Mozilla/5.0 AppleWebKit/537.36 (KHTML, like Gecko; compatible; GPTBot/1.4; +https://openai.com/gptbot)" "-"
74.7.242.0 - - [30/Jul/2026:02:22:23 +0200] "GET /?lokasie=/proc/sys/net/core/xfrm_larval_drop&loknya=/proc/sys/net/core HTTP/1.1" 200 4086 logesty-services.fr "http://logesty-services.fr/?loknya=/proc/sys/net/core" "Mozilla/5.0 AppleWebKit/537.36 (KHTML, like Gecko; compatible; GPTBot/1.4; +https://openai.com/gptbot)" "-"
62.238.33.0 - - [30/Jul/2026:02:22:24 +0200] "GET /wp-content/uploads/2024/12/Capture-decran-2024-12-14-a-11.22.30-1-665x500.png HTTP/1.1" 200 441503 logesty-services.fr "-" "Mozilla/5.0 (X11; Ubuntu; Linux x86_64; rv:72.0) Gecko/20100101 Firefox/72.0" "-"
49.51.132.0 - - [30/Jul/2026:02:22:44 +0200] "GET /?lokasie=/homepages/43/d895481126/htdocs/clickandbuilds/LogestyServices/.wp-cli/jjblfgaw.php&loknya=/homepages/43/d895481126/htdocs/clickandbuilds/LogestyServices/.wp-cli HTTP/1.1" 200 4468 logesty-services.fr "-" "Mozilla/5.0 (iPhone; CPU iPhone OS 13_2_3 like Mac OS X) AppleWebKit/605.1.15 (KHTML, like Gecko) Version/13.0.3 Mobile/15E148 Safari/604.1" "-"
74.7.242.0 - - [30/Jul/2026:02:22:48 +0200] "GET /?lokasie=/proc/sys/net/core/somaxconn&loknya=/proc/sys/net/core HTTP/1.1" 200 4081 logesty-services.fr "http://logesty-services.fr/?loknya=/proc/sys/net/core" "Mozilla/5.0 AppleWebKit/537.36 (KHTML, like Gecko; compatible; GPTBot/1.4; +https://openai.com/gptbot)" "-"
66.249.64.0 - - [30/Jul/2026:02:23:00 +0200] "GET /?u=7444517845 HTTP/1.1" 200 83792 logesty-services.fr "-" "Mozilla/5.0 (Linux; Android 6.0.1; Nexus 5X Build/MMB29P) AppleWebKit/537.36 (KHTML, like Gecko) Chrome/150.0.7871.186 Mobile Safari/537.36 (compatible; GoogleOther)" "-"
114.119.143.0 - - [30/Jul/2026:02:23:01 +0200] "GET /listing/4-12-studio-cosy-toulouse/?loknya=/homepages/43/d895481126/htdocs/clickandbuilds/LogestyServices/wp-includes/sitemaps HTTP/1.1" 200 18791 logesty-services.fr "https://logesty-services.fr/listing/4-12-studio-cosy-toulouse/?loknya=/homepages/43/d895481126/htdocs/clickandbuilds/LogestyServices/wp-includes" "Mozilla/5.0 (Linux; Android 7.0;) AppleWebKit/537.36 (HTML, like Gecko) Mobile Safari/537.36 (compatible; PetalBot;+https://webmaster.petalsearch.com/site/petalbot)" "-"
74.7.242.0 - - [30/Jul/2026:02:23:10 +0200] "GET /?lokasie=/proc/sys/net/ipv6/conf/lo/accept_ra_rtr_pref&loknya=/proc/sys/net/ipv6/conf/lo HTTP/1.1" 200 4199 logesty-services.fr "http://logesty-services.fr/?loknya=/proc/sys/net/ipv6/conf/lo" "Mozilla/5.0 AppleWebKit/537.36 (KHTML, like Gecko; compatible; GPTBot/1.4; +https://openai.com/gptbot)" "-"
74.7.242.0 - - [30/Jul/2026:02:23:30 +0200] "GET /?lokasie=/proc/sys/net/ipv6/conf/lo/use_oif_addrs_only&loknya=/proc/sys/net/ipv6/conf/lo HTTP/1.1" 200 4199 logesty-services.fr "http://logesty-services.fr/?loknya=/proc/sys/net/ipv6/conf/lo" "Mozilla/5.0 AppleWebKit/537.36 (KHTML, like Gecko; compatible; GPTBot/1.4; +https://openai.com/gptbot)" "-"
74.7.242.0 - - [30/Jul/2026:02:23:48 +0200] "GET /?lokasie=/proc/sys/net/ipv4/conf/all/proxy_arp&loknya=/proc/sys/net/ipv4/conf/all HTTP/1.1" 200 4193 logesty-services.fr "http://logesty-services.fr/?loknya=/proc/sys/net/ipv4/conf/all" "Mozilla/5.0 AppleWebKit/537.36 (KHTML, like Gecko; compatible; GPTBot/1.4; +https://openai.com/gptbot)" "-"
66.249.64.0 - - [30/Jul/2026:02:23:56 +0200] "GET /?u=5782908519 HTTP/1.1" 200 148689 logesty-services.fr "-" "Mozilla/5.0 (Linux; Android 6.0.1; Nexus 5X Build/MMB29P) AppleWebKit/537.36 (KHTML, like Gecko) Chrome/150.0.7871.186 Mobile Safari/537.36 (compatible; Googlebot/2.1; +http://www.google.com/bot.html)" "-"
66.249.64.0 - - [30/Jul/2026:02:24:02 +0200] "GET /?u=078410034 HTTP/1.1" 200 83792 logesty-services.fr "-" "Mozilla/5.0 (Linux; Android 6.0.1; Nexus 5X Build/MMB29P) AppleWebKit/537.36 (KHTML, like Gecko) Chrome/150.0.7871.186 Mobile Safari/537.36 (compatible; GoogleOther)" "-"
74.7.242.0 - - [30/Jul/2026:02:24:04 +0200] "GET /?lokasie=/proc/sys/net/ipv6/conf/lo/accept_dad&loknya=/proc/sys/net/ipv6/conf/lo HTTP/1.1" 200 4192 logesty-services.fr "http://logesty-services.fr/?loknya=/proc/sys/net/ipv6/conf/lo" "Mozilla/5.0 AppleWebKit/537.36 (KHTML, like Gecko; compatible; GPTBot/1.4; +https://openai.com/gptbot)" "-"
74.7.242.0 - - [30/Jul/2026:02:24:19 +0200] "GET /?lokasie=/proc/sys/net/ipv4/conf/lo/arp_accept&loknya=/proc/sys/net/ipv4/conf/lo HTTP/1.1" 200 4191 logesty-services.fr "http://logesty-services.fr/?loknya=/proc/sys/net/ipv4/conf/lo" "Mozilla/5.0 AppleWebKit/537.36 (KHTML, like Gecko; compatible; GPTBot/1.4; +https://openai.com/gptbot)" "-"
114.119.130.0 - - [30/Jul/2026:02:24:24 +0200] "GET /listing/4-12-studio-cosy-toulouse/?loknya=/homepages/43/d895481126/htdocs/clickandbuilds/LogestyServices/wp-includes/php-ai-client HTTP/1.1" 200 11679 logesty-services.fr "https://logesty-services.fr/listing/4-12-studio-cosy-toulouse/?loknya=/homepages/43/d895481126/htdocs/clickandbuilds/LogestyServices/wp-includes" "Mozilla/5.0 (Linux; Android 7.0;) AppleWebKit/537.36 (HTML, like Gecko) Mobile Safari/537.36 (compatible; PetalBot;+https://webmaster.petalsearch.com/site/petalbot)" "-"
66.249.64.0 - - [30/Jul/2026:02:24:25 +0200] "GET /?u=2494129657 HTTP/1.1" 200 155840 logesty-services.fr "-" "Mozilla/5.0 (Linux; Android 6.0.1; Nexus 5X Build/MMB29P) AppleWebKit/537.36 (KHTML, like Gecko) Chrome/150.0.7871.186 Mobile Safari/537.36 (compatible; Googlebot/2.1; +http://www.google.com/bot.html)" "-"
74.7.242.0 - - [30/Jul/2026:02:24:31 +0200] "GET /?lokasie=/proc/sys/net/ipv6/conf/lo/force_tllao&loknya=/proc/sys/net/ipv6/conf/lo HTTP/1.1" 200 4192 logesty-services.fr "http://logesty-services.fr/?loknya=/proc/sys/net/ipv6/conf/lo" "Mozilla/5.0 AppleWebKit/537.36 (KHTML, like Gecko; compatible; GPTBot/1.4; +https://openai.com/gptbot)" "-"
74.7.242.0 - - [30/Jul/2026:02:24:43 +0200] "GET /?lokasie=/proc/sys/net/ipv6/conf/all/proxy_ndp&loknya=/proc/sys/net/ipv6/conf/all HTTP/1.1" 200 4193 logesty-services.fr "http://logesty-services.fr/?loknya=/proc/sys/net/ipv6/conf/all" "Mozilla/5.0 AppleWebKit/537.36 (KHTML, like Gecko; compatible; GPTBot/1.4; +https://openai.com/gptbot)" "-"
74.7.242.0 - - [30/Jul/2026:02:24:53 +0200] "GET /?lokasie=/proc/sys/net/ipv6/conf/lo/dad_transmits&loknya=/proc/sys/net/ipv6/conf/lo HTTP/1.1" 200 4194 logesty-services.fr "http://logesty-services.fr/?loknya=/proc/sys/net/ipv6/conf/lo" "Mozilla/5.0 AppleWebKit/537.36 (KHTML, like Gecko; compatible; GPTBot/1.4; +https://openai.com/gptbot)" "-"
43.229.135.0 - - [30/Jul/2026:02:24:53 +0200] "GET /author/kellieq5452006/ HTTP/1.1" 200 83793 logesty-services.fr "http://logesty-services.fr/" "Mozilla/5.0 (Windows NT 10.0; Win64; x64) AppleWebKit/537.36 (KHTML, like Gecko) Chrome/120.0.0.0 Safari/537.36" "-"
43.229.135.0 - - [30/Jul/2026:02:24:55 +0200] "GET /author/kellieq5452006/?loknya=/homepages/43/d895481126/htdocs/clickandbuilds/LogestyServices/decouvrez-le-concept-innovant-de-logesty-service-des-logements-de-qualite-pour-vos-weekends-et-courts-sejours HTTP/1.1" 200 15884 logesty-services.fr "http://logesty-services.fr/author/kellieq5452006/" "Mozilla/5.0 (Windows NT 10.0; Win64; x64) AppleWebKit/537.36 (KHTML, like Gecko) Chrome/120.0.0.0 Safari/537.36" "-"
74.7.242.0 - - [30/Jul/2026:02:25:03 +0200] "GET /?lokasie=/proc/sys/net/ipv6/conf/lo/ndisc_notify&loknya=/proc/sys/net/ipv6/conf/lo HTTP/1.1" 200 4193 logesty-services.fr "http://logesty-services.fr/?loknya=/proc/sys/net/ipv6/conf/lo" "Mozilla/5.0 AppleWebKit/537.36 (KHTML, like Gecko; compatible; GPTBot/1.4; +https://openai.com/gptbot)" "-"
74.7.242.0 - - [30/Jul/2026:02:25:11 +0200] "GET /?lokasie=/proc/sys/net/ipv4/conf/lo/arp_filter&loknya=/proc/sys/net/ipv4/conf/lo HTTP/1.1" 429 267 logesty-services.fr "http://logesty-services.fr/?loknya=/proc/sys/net/ipv4/conf/lo" "Mozilla/5.0 AppleWebKit/537.36 (KHTML, like Gecko; compatible; GPTBot/1.4; +https://openai.com/gptbot)" "-"
74.7.242.0 - - [30/Jul/2026:02:25:18 +0200] "GET /?lokasie=/proc/sys/net/ipv4/conf/lo/arp_notify&loknya=/proc/sys/net/ipv4/conf/lo HTTP/1.1" 429 267 logesty-services.fr "http://logesty-services.fr/?loknya=/proc/sys/net/ipv4/conf/lo" "Mozilla/5.0 AppleWebKit/537.36 (KHTML, like Gecko; compatible; GPTBot/1.4; +https://openai.com/gptbot)" "-"
74.7.242.0 - - [30/Jul/2026:02:25:41 +0200] "GET /?lokasie=/proc/sys/net/ipv6/conf/all/hop_limit&loknya=/proc/sys/net/ipv6/conf/all HTTP/1.1" 429 267 logesty-services.fr "http://logesty-services.fr/?loknya=/proc/sys/net/ipv6/conf/all" "Mozilla/5.0 AppleWebKit/537.36 (KHTML, like Gecko; compatible; GPTBot/1.4; +https://openai.com/gptbot)" "-"
114.119.133.0 - - [30/Jul/2026:02:25:48 +0200] "GET /listing/4-12-studio-cosy-toulouse/?loknya=/homepages/43/d895481126/htdocs/clickandbuilds/LogestyServices/wp-includes/certificates HTTP/1.1" 200 9101 logesty-services.fr "https://logesty-services.fr/listing/4-12-studio-cosy-toulouse/?loknya=/homepages/43/d895481126/htdocs/clickandbuilds/LogestyServices/wp-includes" "Mozilla/5.0 (Linux; Android 7.0;) AppleWebKit/537.36 (HTML, like Gecko) Mobile Safari/537.36 (compatible; PetalBot;+https://webmaster.petalsearch.com/site/petalbot)" "-"
54.38.147.0 - - [30/Jul/2026:02:26:13 +0200] "GET /sitemap-hot-2972038.xml HTTP/1.1" 200 167013 logesty-services.fr "-" "Mozilla/5.0 (compatible; AhrefsBot/7.0; +http://ahrefs.com/robot/)" "-"
66.249.64.0 - - [30/Jul/2026:02:26:15 +0200] "GET /detail/726761204.shtm?loknya=/homepages/21/d902177758 HTTP/1.1" 200 19542 logesty-services.fr "-" "Mozilla/5.0 (Linux; Android 6.0.1; Nexus 5X Build/MMB29P) AppleWebKit/537.36 (KHTML, like Gecko) Chrome/150.0.7871.186 Mobile Safari/537.36 (compatible; GoogleOther)" "-"
66.249.64.0 - - [30/Jul/2026:02:26:35 +0200] "GET /?u=1033926212 HTTP/1.1" 200 155104 logesty-services.fr "-" "Mozilla/5.0 (Linux; Android 6.0.1; Nexus 5X Build/MMB29P) AppleWebKit/537.36 (KHTML, like Gecko) Chrome/150.0.7871.186 Mobile Safari/537.36 (compatible; Googlebot/2.1; +http://www.google.com/bot.html)" "-"
74.7.242.0 - - [30/Jul/2026:02:26:43 +0200] "GET /?lokasie=/proc/sys/net/ipv4/conf/lo/log_martians&loknya=/proc/sys/net/ipv4/conf/lo HTTP/1.1" 200 4193 logesty-services.fr "http://logesty-services.fr/?loknya=/proc/sys/net/ipv4/conf/lo" "Mozilla/5.0 AppleWebKit/537.36 (KHTML, like Gecko; compatible; GPTBot/1.4; +https://openai.com/gptbot)" "-"
114.119.138.0 - - [30/Jul/2026:02:27:12 +0200] "GET /listing/4-12-studio-cosy-toulouse/?loknya=/homepages/43/d895481126/htdocs/clickandbuilds/LogestyServices/wp-includes/assets HTTP/1.1" 200 12404 logesty-services.fr "https://logesty-services.fr/listing/4-12-studio-cosy-toulouse/?loknya=/homepages/43/d895481126/htdocs/clickandbuilds/LogestyServices/wp-includes" "Mozilla/5.0 (Linux; Android 7.0;) AppleWebKit/537.36 (HTML, like Gecko) Mobile Safari/537.36 (compatible; PetalBot;+https://webmaster.petalsearch.com/site/petalbot)" "-"
66.249.64.0 - - [30/Jul/2026:02:27:40 +0200] "GET /detail/645322440.shtm HTTP/1.1" 200 83792 logesty-services.fr "-" "Mozilla/5.0 (Linux; Android 6.0.1; Nexus 5X Build/MMB29P) AppleWebKit/537.36 (KHTML, like Gecko) Chrome/150.0.7871.186 Mobile Safari/537.36 (compatible; GoogleOther)" "-"
74.7.242.0 - - [30/Jul/2026:02:27:43 +0200] "GET /?lokasie=/proc/sys/net/ipv4/conf/lo/bootp_relay&loknya=/proc/sys/net/ipv4/conf/lo HTTP/1.1" 200 4192 logesty-services.fr "http://logesty-services.fr/?loknya=/proc/sys/net/ipv4/conf/lo" "Mozilla/5.0 AppleWebKit/537.36 (KHTML, like Gecko; compatible; GPTBot/1.4; +https://openai.com/gptbot)" "-"
66.249.64.0 - - [30/Jul/2026:02:27:53 +0200] "GET /?u=0673414994 HTTP/1.1" 200 151733 logesty-services.fr "-" "Mozilla/5.0 (Linux; Android 6.0.1; Nexus 5X Build/MMB29P) AppleWebKit/537.36 (KHTML, like Gecko) Chrome/150.0.7871.186 Mobile Safari/537.36 (compatible; Googlebot/2.1; +http://www.google.com/bot.html)" "-"
198.98.54.0 - - [30/Jul/2026:02:28:02 +0200] "GET /wp-login.php HTTP/1.1" 200 83795 logesty-services.fr "-" "Mozilla/5.0 (X11; Linux x86_64) AppleWebKit/537.36 (KHTML, like Gecko) Chrome/118.0.0.0 Safari/537.36" "-"
143.20.253.0 - - [30/Jul/2026:02:28:12 +0200] "GET /?lokasie=/homepages/43/d895481126/htdocs/clickandbuilds/LogestyServices/robots.txt&loknya=/homepages/43/d895481126/htdocs/clickandbuilds/LogestyServices HTTP/1.1" 200 5514 logesty-services.fr "-" "Mozilla/5.0 (Macintosh; Intel Mac OS X 10_15_7) AppleWebKit/537.36 (KHTML, like Gecko) Chrome/135.0.0.0 Safari/537.36" "-"
66.249.64.0 - - [30/Jul/2026:02:28:19 +0200] "GET / HTTP/1.1" 200 155347 logesty-services.fr "-" "Mozilla/5.0 (Linux; Android 6.0.1; Nexus 5X Build/MMB29P) AppleWebKit/537.36 (KHTML, like Gecko) Chrome/150.0.7871.186 Mobile Safari/537.36 (compatible; Googlebot/2.1; +http://www.google.com/bot.html)" "-"
114.119.143.0 - - [30/Jul/2026:02:28:35 +0200] "GET /listing/4-12-studio-cosy-toulouse/?loknya=/homepages/43/d895481126/htdocs/clickandbuilds/LogestyServices/wp-includes/abilities-api HTTP/1.1" 200 15622 logesty-services.fr "https://logesty-services.fr/listing/4-12-studio-cosy-toulouse/?loknya=/homepages/43/d895481126/htdocs/clickandbuilds/LogestyServices/wp-includes" "Mozilla/5.0 (Linux; Android 7.0;) AppleWebKit/537.36 (HTML, like Gecko) Mobile Safari/537.36 (compatible; PetalBot;+https://webmaster.petalsearch.com/site/petalbot)" "-"
74.7.242.0 - - [30/Jul/2026:02:28:37 +0200] "GET /?lokasie=/proc/sys/net/ipv4/conf/lo/arp_ignore&loknya=/proc/sys/net/ipv4/conf/lo HTTP/1.1" 200 4191 logesty-services.fr "http://logesty-services.fr/?loknya=/proc/sys/net/ipv4/conf/lo" "Mozilla/5.0 AppleWebKit/537.36 (KHTML, like Gecko; compatible; GPTBot/1.4; +https://openai.com/gptbot)" "-"
66.249.64.0 - - [30/Jul/2026:02:28:48 +0200] "GET /?u=6872418375 HTTP/1.1" 200 157129 logesty-services.fr "-" "Mozilla/5.0 (Linux; Android 6.0.1; Nexus 5X Build/MMB29P) AppleWebKit/537.36 (KHTML, like Gecko) Chrome/150.0.7871.186 Mobile Safari/537.36 (compatible; Googlebot/2.1; +http://www.google.com/bot.html)" "-"
66.249.64.0 - - [30/Jul/2026:02:29:28 +0200] "GET /detail/726761204.shtm?loknya=/root HTTP/1.1" 200 5011 logesty-services.fr "-" "Mozilla/5.0 (Linux; Android 6.0.1; Nexus 5X Build/MMB29P) AppleWebKit/537.36 (KHTML, like Gecko) Chrome/150.0.7871.186 Mobile Safari/537.36 (compatible; GoogleOther)" "-"
66.249.64.0 - - [30/Jul/2026:02:29:30 +0200] "GET /detail/51816213.shtm HTTP/1.1" 200 83792 logesty-services.fr "-" "Mozilla/5.0 (Linux; Android 6.0.1; Nexus 5X Build/MMB29P) AppleWebKit/537.36 (KHTML, like Gecko) Chrome/150.0.7871.186 Mobile Safari/537.36 (compatible; GoogleOther)" "-"
74.7.242.0 - - [30/Jul/2026:02:29:30 +0200] "GET /?lokasie=/proc/sys/net/ipv6/conf/lo/stable_secret&loknya=/proc/sys/net/ipv6/conf/lo HTTP/1.1" 200 4192 logesty-services.fr "http://logesty-services.fr/?loknya=/proc/sys/net/ipv6/conf/lo" "Mozilla/5.0 AppleWebKit/537.36 (KHTML, like Gecko; compatible; GPTBot/1.4; +https://openai.com/gptbot)" "-"
103.115.197.0 - - [30/Jul/2026:02:29:43 +0200] "GET /author/kellieq5452006/ HTTP/1.1" 200 83793 logesty-services.fr "http://logesty-services.fr/" "Mozilla/5.0 (X11; Linux x86_64; rv:138.0) Gecko/20100101 Firefox/138.0" "-"
103.115.197.0 - - [30/Jul/2026:02:29:46 +0200] "GET /author/kellieq5452006/?loknya=/homepages/43/d895481126/htdocs/clickandbuilds/LogestyServices/decouvrez-le-concept-innovant-de-logesty-service-des-logements-de-qualite-pour-vos-weekends-et-courts-sejours HTTP/1.1" 200 15884 logesty-services.fr "http://logesty-services.fr/author/kellieq5452006/" "Mozilla/5.0 (X11; Linux x86_64; rv:138.0) Gecko/20100101 Firefox/138.0" "-"
114.119.143.0 - - [30/Jul/2026:02:29:58 +0200] "GET /listing/4-12-studio-cosy-toulouse/?loknya=/homepages/43/d895481126/htdocs/clickandbuilds/LogestyServices/wp-content/uploads HTTP/1.1" 200 60096 logesty-services.fr "https://logesty-services.fr/listing/4-12-studio-cosy-toulouse/?loknya=/homepages/43/d895481126/htdocs/clickandbuilds/LogestyServices/wp-content" "Mozilla/5.0 (Linux; Android 7.0;) AppleWebKit/537.36 (HTML, like Gecko) Mobile Safari/537.36 (compatible; PetalBot;+https://webmaster.petalsearch.com/site/petalbot)" "-"
66.249.64.0 - - [30/Jul/2026:02:30:00 +0200] "GET /?u=731367438 HTTP/1.1" 200 148667 logesty-services.fr "-" "Mozilla/5.0 (Linux; Android 6.0.1; Nexus 5X Build/MMB29P) AppleWebKit/537.36 (KHTML, like Gecko) Chrome/150.0.7871.186 Mobile Safari/537.36 (compatible; Googlebot/2.1; +http://www.google.com/bot.html)" "-"
74.7.242.0 - - [30/Jul/2026:02:30:17 +0200] "GET /?lokasie=/proc/sys/net/ipv6/conf/lo/disable_ipv6&loknya=/proc/sys/net/ipv6/conf/lo HTTP/1.1" 200 4193 logesty-services.fr "http://logesty-services.fr/?loknya=/proc/sys/net/ipv6/conf/lo" "Mozilla/5.0 AppleWebKit/537.36 (KHTML, like Gecko; compatible; GPTBot/1.4; +https://openai.com/gptbot)" "-"
66.249.64.0 - - [30/Jul/2026:02:30:51 +0200] "GET /detail/645319332.shtm HTTP/1.1" 200 83792 logesty-services.fr "-" "Mozilla/5.0 (Linux; Android 6.0.1; Nexus 5X Build/MMB29P) AppleWebKit/537.36 (KHTML, like Gecko) Chrome/150.0.7871.186 Mobile Safari/537.36 (compatible; GoogleOther)" "-"
142.44.225.0 - - [30/Jul/2026:02:30:55 +0200] "GET /robots.txt HTTP/1.1" 200 1157 logesty-services.fr "-" "Mozilla/5.0 (compatible; AhrefsBot/7.0; +http://ahrefs.com/robot/)" "-"
74.7.242.0 - - [30/Jul/2026:02:30:59 +0200] "GET /?lokasie=/proc/sys/net/ipv6/conf/all/accept_ra&loknya=/proc/sys/net/ipv6/conf/all HTTP/1.1" 200 4193 logesty-services.fr "http://logesty-services.fr/?loknya=/proc/sys/net/ipv6/conf/all" "Mozilla/5.0 AppleWebKit/537.36 (KHTML, like Gecko; compatible; GPTBot/1.4; +https://openai.com/gptbot)" "-"
66.249.64.0 - - [30/Jul/2026:02:31:01 +0200] "GET /detail/645318818.shtm HTTP/1.1" 200 83792 logesty-services.fr "-" "Mozilla/5.0 (Linux; Android 6.0.1; Nexus 5X Build/MMB29P) AppleWebKit/537.36 (KHTML, like Gecko) Chrome/150.0.7871.186 Mobile Safari/537.36 (compatible; GoogleOther)" "-"
66.249.64.0 - - [30/Jul/2026:02:31:03 +0200] "GET /?u=7191771089 HTTP/1.1" 200 155562 logesty-services.fr "-" "Mozilla/5.0 (Linux; Android 6.0.1; Nexus 5X Build/MMB29P) AppleWebKit/537.36 (KHTML, like Gecko) Chrome/150.0.7871.186 Mobile Safari/537.36 (compatible; Googlebot/2.1; +http://www.google.com/bot.html)" "-"
66.249.64.0 - - [30/Jul/2026:02:31:15 +0200] "GET /detail/595477769.shtm HTTP/1.1" 200 83792 logesty-services.fr "-" "Mozilla/5.0 (Linux; Android 6.0.1; Nexus 5X Build/MMB29P) AppleWebKit/537.36 (KHTML, like Gecko) Chrome/150.0.7871.186 Mobile Safari/537.36 (compatible; GoogleOther)" "-"
43.157.188.0 - - [30/Jul/2026:02:31:21 +0200] "GET /?loknya=/homepages/43/d895481126/htdocs/clickandbuilds/LogestyServices/.wp-cli/cache HTTP/1.1" 200 8605 logesty-services.fr "-" "Mozilla/5.0 (iPhone; CPU iPhone OS 13_2_3 like Mac OS X) AppleWebKit/605.1.15 (KHTML, like Gecko) Version/13.0.3 Mobile/15E148 Safari/604.1" "-"
114.119.130.0 - - [30/Jul/2026:02:31:23 +0200] "GET /listing/4-12-studio-cosy-toulouse/?loknya=/homepages/43/d895481126/htdocs/clickandbuilds/LogestyServices/wp-content/imac0b77 HTTP/1.1" 200 9018 logesty-services.fr "https://logesty-services.fr/listing/4-12-studio-cosy-toulouse/?loknya=/homepages/43/d895481126/htdocs/clickandbuilds/LogestyServices/wp-content" "Mozilla/5.0 (Linux; Android 7.0;) AppleWebKit/537.36 (HTML, like Gecko) Mobile Safari/537.36 (compatible; PetalBot;+https://webmaster.petalsearch.com/site/petalbot)" "-"
66.249.64.0 - - [30/Jul/2026:02:31:25 +0200] "GET /detail/6396231.shtm HTTP/1.1" 200 83792 logesty-services.fr "-" "Mozilla/5.0 (Linux; Android 6.0.1; Nexus 5X Build/MMB29P) AppleWebKit/537.36 (KHTML, like Gecko) Chrome/150.0.7871.186 Mobile Safari/537.36 (compatible; GoogleOther)" "-"
148.113.128.0 - - [30/Jul/2026:02:31:28 +0200] "GET /city/perpignan/feed/ HTTP/1.1" 200 83793 logesty-services.fr "-" "Mozilla/5.0 (compatible; AhrefsBot/7.0; +http://ahrefs.com/robot/)" "-"
74.7.242.0 - - [30/Jul/2026:02:31:35 +0200] "GET /?lokasie=/proc/sys/net/ipv4/conf/lo/accept_local&loknya=/proc/sys/net/ipv4/conf/lo HTTP/1.1" 200 4193 logesty-services.fr "http://logesty-services.fr/?loknya=/proc/sys/net/ipv4/conf/lo" "Mozilla/5.0 AppleWebKit/537.36 (KHTML, like Gecko; compatible; GPTBot/1.4; +https://openai.com/gptbot)" "-"
66.249.64.0 - - [30/Jul/2026:02:31:43 +0200] "GET /detail/63723422.shtm?loknya=/homepages/43/d895481126/htdocs/clickandbuilds/LogestyServices/wp-content HTTP/1.1" 200 30670 logesty-services.fr "-" "Mozilla/5.0 (Linux; Android 6.0.1; Nexus 5X Build/MMB29P) AppleWebKit/537.36 (KHTML, like Gecko) Chrome/150.0.7871.186 Mobile Safari/537.36 (compatible; GoogleOther)" "-"
66.249.64.0 - - [30/Jul/2026:02:31:51 +0200] "GET /detail/446221205.shtm HTTP/1.1" 200 83792 logesty-services.fr "-" "Mozilla/5.0 (Linux; Android 6.0.1; Nexus 5X Build/MMB29P) AppleWebKit/537.36 (KHTML, like Gecko) Chrome/150.0.7871.186 Mobile Safari/537.36 (compatible; GoogleOther)" "-"
66.249.64.0 - - [30/Jul/2026:02:31:56 +0200] "GET /?u=1904536781 HTTP/1.1" 200 154016 logesty-services.fr "-" "Mozilla/5.0 (Linux; Android 6.0.1; Nexus 5X Build/MMB29P) AppleWebKit/537.36 (KHTML, like Gecko) Chrome/150.0.7871.186 Mobile Safari/537.36 (compatible; Googlebot/2.1; +http://www.google.com/bot.html)" "-"
66.249.64.0 - - [30/Jul/2026:02:32:01 +0200] "GET /detail/297316210.shtm HTTP/1.1" 200 83792 logesty-services.fr "-" "Mozilla/5.0 (Linux; Android 6.0.1; Nexus 5X Build/MMB29P) AppleWebKit/537.36 (KHTML, like Gecko) Chrome/150.0.7871.186 Mobile Safari/537.36 (compatible; GoogleOther)" "-"
74.7.242.0 - - [30/Jul/2026:02:32:09 +0200] "GET /?lokasie=/proc/sys/net/ipv4/conf/lo/proxy_arp_pvlan&loknya=/proc/sys/net/ipv4/conf/lo HTTP/1.1" 200 4196 logesty-services.fr "http://logesty-services.fr/?loknya=/proc/sys/net/ipv4/conf/lo" "Mozilla/5.0 AppleWebKit/537.36 (KHTML, like Gecko; compatible; GPTBot/1.4; +https://openai.com/gptbot)" "-"
66.249.64.0 - - [30/Jul/2026:02:32:19 +0200] "GET /detail/197282031.shtm?loknya=/homepages/43 HTTP/1.1" 200 10264 logesty-services.fr "-" "Mozilla/5.0 (Linux; Android 6.0.1; Nexus 5X Build/MMB29P) AppleWebKit/537.36 (KHTML, like Gecko) Chrome/150.0.7871.186 Mobile Safari/537.36 (compatible; GoogleOther)" "-"
40.77.167.0 - - [30/Jul/2026:02:32:19 +0200] "GET /etc.clientlibs/samsung/clientlibs/consumer/global/clientlib-common/resources/images/03-coverage-software-malfunction-mo.png?$260_140_PNG$ HTTP/1.1" 200 149077 logesty-services.fr "-" "Mozilla/5.0 AppleWebKit/537.36 (KHTML, like Gecko; compatible; bingbot/2.0; +http://www.bing.com/bingbot.htm) Chrome/116.0.1938.76 Safari/537.36" "-"
66.249.64.0 - - [30/Jul/2026:02:32:23 +0200] "GET /?u=3844582166 HTTP/1.1" 200 154852 logesty-services.fr "-" "Mozilla/5.0 (Linux; Android 6.0.1; Nexus 5X Build/MMB29P) AppleWebKit/537.36 (KHTML, like Gecko) Chrome/150.0.7871.186 Mobile Safari/537.36 (compatible; Googlebot/2.1; +http://www.google.com/bot.html)" "-"
66.249.64.0 - - [30/Jul/2026:02:32:35 +0200] "GET /?u=2233862620 HTTP/1.1" 200 156231 logesty-services.fr "-" "Mozilla/5.0 (Linux; Android 6.0.1; Nexus 5X Build/MMB29P) AppleWebKit/537.36 (KHTML, like Gecko) Chrome/150.0.7871.186 Mobile Safari/537.36 (compatible; Googlebot/2.1; +http://www.google.com/bot.html)" "-"
66.249.64.0 - - [30/Jul/2026:02:32:36 +0200] "GET /detail/595454451.shtm HTTP/1.1" 200 83792 logesty-services.fr "-" "Mozilla/5.0 (Linux; Android 6.0.1; Nexus 5X Build/MMB29P) AppleWebKit/537.36 (KHTML, like Gecko) Chrome/150.0.7871.186 Mobile Safari/537.36 (compatible; GoogleOther)" "-"
74.7.242.0 - - [30/Jul/2026:02:32:39 +0200] "GET /?lokasie=/proc/sys/net/ipv6/conf/all/force_tllao&loknya=/proc/sys/net/ipv6/conf/all HTTP/1.1" 200 4195 logesty-services.fr "http://logesty-services.fr/?loknya=/proc/sys/net/ipv6/conf/all" "Mozilla/5.0 AppleWebKit/537.36 (KHTML, like Gecko; compatible; GPTBot/1.4; +https://openai.com/gptbot)" "-"
114.119.133.0 - - [30/Jul/2026:02:32:46 +0200] "GET /listing/4-12-studio-cosy-toulouse/?loknya=/homepages/43/d895481126/htdocs/clickandbuilds/LogestyServices/wp-content/ HTTP/1.1" 200 30720 logesty-services.fr "https://logesty-services.fr/listing/4-12-studio-cosy-toulouse/?loknya=/homepages/43/d895481126/htdocs/clickandbuilds/LogestyServices/wp-content/gallery" "Mozilla/5.0 (Linux; Android 7.0;) AppleWebKit/537.36 (HTML, like Gecko) Mobile Safari/537.36 (compatible; PetalBot;+https://webmaster.petalsearch.com/site/petalbot)" "-"
66.249.64.0 - - [30/Jul/2026:02:32:49 +0200] "GET /detail/6401148.shtm HTTP/1.1" 200 83792 logesty-services.fr "-" "Mozilla/5.0 (Linux; Android 6.0.1; Nexus 5X Build/MMB29P) AppleWebKit/537.36 (KHTML, like Gecko) Chrome/150.0.7871.186 Mobile Safari/537.36 (compatible; GoogleOther)" "-"
66.249.64.0 - - [30/Jul/2026:02:33:00 +0200] "GET /detail/415143971.shtm HTTP/1.1" 200 83792 logesty-services.fr "-" "Mozilla/5.0 (Linux; Android 6.0.1; Nexus 5X Build/MMB29P) AppleWebKit/537.36 (KHTML, like Gecko) Chrome/150.0.7871.186 Mobile Safari/537.36 (compatible; GoogleOther)" "-"
66.249.64.0 - - [30/Jul/2026:02:33:01 +0200] "GET /?u=9903707871 HTTP/1.1" 200 154006 logesty-services.fr "-" "Mozilla/5.0 (Linux; Android 6.0.1; Nexus 5X Build/MMB29P) AppleWebKit/537.36 (KHTML, like Gecko) Chrome/150.0.7871.186 Mobile Safari/537.36 (compatible; Googlebot/2.1; +http://www.google.com/bot.html)" "-"
74.7.242.0 - - [30/Jul/2026:02:33:06 +0200] "GET /?lokasie=/proc/sys/net/ipv6/conf/all/accept_dad&loknya=/proc/sys/net/ipv6/conf/all HTTP/1.1" 200 4194 logesty-services.fr "http://logesty-services.fr/?loknya=/proc/sys/net/ipv6/conf/all" "Mozilla/5.0 AppleWebKit/537.36 (KHTML, like Gecko; compatible; GPTBot/1.4; +https://openai.com/gptbot)" "-"
66.249.64.0 - - [30/Jul/2026:02:33:19 +0200] "GET /detail/13568116.shtm HTTP/1.1" 200 83792 logesty-services.fr "-" "Mozilla/5.0 (Linux; Android 6.0.1; Nexus 5X Build/MMB29P) AppleWebKit/537.36 (KHTML, like Gecko) Chrome/150.0.7871.186 Mobile Safari/537.36 (compatible; GoogleOther)" "-"
66.249.64.0 - - [30/Jul/2026:02:33:26 +0200] "GET /detail/572117241.shtm HTTP/1.1" 200 83792 logesty-services.fr "-" "Mozilla/5.0 (Linux; Android 6.0.1; Nexus 5X Build/MMB29P) AppleWebKit/537.36 (KHTML, like Gecko) Chrome/150.0.7871.186 Mobile Safari/537.36 (compatible; GoogleOther)" "-"
74.7.242.0 - - [30/Jul/2026:02:33:30 +0200] "GET /?lokasie=/proc/sys/net/ipv4/conf/lo/arp_announce&loknya=/proc/sys/net/ipv4/conf/lo HTTP/1.1" 200 4193 logesty-services.fr "http://logesty-services.fr/?loknya=/proc/sys/net/ipv4/conf/lo" "Mozilla/5.0 AppleWebKit/537.36 (KHTML, like Gecko; compatible; GPTBot/1.4; +https://openai.com/gptbot)" "-"
66.249.64.0 - - [30/Jul/2026:02:33:31 +0200] "GET /?u=4983740390 HTTP/1.1" 200 154860 logesty-services.fr "-" "Mozilla/5.0 (Linux; Android 6.0.1; Nexus 5X Build/MMB29P) AppleWebKit/537.36 (KHTML, like Gecko) Chrome/150.0.7871.186 Mobile Safari/537.36 (compatible; Googlebot/2.1; +http://www.google.com/bot.html)" "-"
66.249.64.0 - - [30/Jul/2026:02:33:36 +0200] "GET /detail/645351460.shtm HTTP/1.1" 200 83792 logesty-services.fr "-" "Mozilla/5.0 (Linux; Android 6.0.1; Nexus 5X Build/MMB29P) AppleWebKit/537.36 (KHTML, like Gecko) Chrome/150.0.7871.186 Mobile Safari/537.36 (compatible; GoogleOther)" "-"
66.249.64.0 - - [30/Jul/2026:02:33:49 +0200] "GET /detail/645343425.shtm HTTP/1.1" 200 83792 logesty-services.fr "-" "Mozilla/5.0 (Linux; Android 6.0.1; Nexus 5X Build/MMB29P) AppleWebKit/537.36 (KHTML, like Gecko) Chrome/150.0.7871.186 Mobile Safari/537.36 (compatible; GoogleOther)" "-"
