216.73.216.0 - - [30/Jul/2026:00:24:24 +0200] "GET /shop/raw/rebel083045182.html?lokasie=%2Fbin%2Fpip&loknya=%2Fbin HTTP/1.1" 200 4877 logesty-services.fr "-" "Mozilla/5.0 AppleWebKit/537.36 (KHTML, like Gecko; compatible; ClaudeBot/1.0; +claudebot@anthropic.com)" "-"
216.73.216.0 - - [30/Jul/2026:00:24:29 +0200] "GET /item/142014572?loknya=%2Fhomepages%2F43%2Fd895481126%2Fhtdocs%2Fclickandbuilds%2FLogestyServices%2Fauthor HTTP/1.1" 200 11594 logesty-services.fr "-" "Mozilla/5.0 AppleWebKit/537.36 (KHTML, like Gecko; compatible; ClaudeBot/1.0; +claudebot@anthropic.com)" "-"
216.73.216.0 - - [30/Jul/2026:00:24:34 +0200] "GET /shop/finish/vital107041400.html?loknya=%2Fhomepages%2F43%2Fd895481126%2Fhtdocs%2Fclickandbuilds%2FLogestyServices%2F.wp-cli HTTP/1.1" 200 11569 logesty-services.fr "-" "Mozilla/5.0 AppleWebKit/537.36 (KHTML, like Gecko; compatible; ClaudeBot/1.0; +claudebot@anthropic.com)" "-"
66.249.64.0 - - [30/Jul/2026:00:24:35 +0200] "GET /detail/91722884.shtm?loknya=/homepages/43/d895481126/htdocs/clickandbuilds/LogestyServices/decouvrez-le-concept-innovant-de-logesty-service-des-logements-de-qualite-pour-vos-weekends-et-courts-sejours HTTP/1.1" 200 15883 logesty-services.fr "-" "Mozilla/5.0 (Linux; Android 6.0.1; Nexus 5X Build/MMB29P) AppleWebKit/537.36 (KHTML, like Gecko) Chrome/150.0.7871.186 Mobile Safari/537.36 (compatible; GoogleOther)" "-"
216.73.216.0 - - [30/Jul/2026:00:24:39 +0200] "GET /shop/finger/guess056001441.html?loknya=%2Fhomepages%2F43%2Fd895481126%2Fhtdocs%2Fclickandbuilds%2FLogestyServices%2Fwp-includes HTTP/1.1" 200 464442 logesty-services.fr "-" "Mozilla/5.0 AppleWebKit/537.36 (KHTML, like Gecko; compatible; ClaudeBot/1.0; +claudebot@anthropic.com)" "-"
114.119.138.0 - - [30/Jul/2026:00:24:41 +0200] "GET /search-rental-half-map/page/3?loknya=/homepages/43/d895481126/htdocs/clickandbuilds/LogestyServices/wp-includes/blocks/post-author-biography HTTP/1.1" 200 16181 logesty-services.fr "https://logesty-services.fr/search-rental-half-map/page/3?loknya=/homepages/43/d895481126/htdocs/clickandbuilds/LogestyServices/wp-includes/blocks" "Mozilla/5.0 (Linux; Android 7.0;) AppleWebKit/537.36 (HTML, like Gecko) Mobile Safari/537.36 (compatible; PetalBot;+https://webmaster.petalsearch.com/site/petalbot)" "-"
216.73.216.0 - - [30/Jul/2026:00:24:44 +0200] "GET /detail/751023302.shtm?loknya=%2Fhomepages%2F43%2Fd895481126%2Fhtdocs%2Fclickandbuilds%2FLogestyServices%2F.wp-cli HTTP/1.1" 200 11569 logesty-services.fr "-" "Mozilla/5.0 AppleWebKit/537.36 (KHTML, like Gecko; compatible; ClaudeBot/1.0; +claudebot@anthropic.com)" "-"
216.73.216.0 - - [30/Jul/2026:00:24:49 +0200] "GET /item/199045805?loknya=%2Fhomepages%2F43%2Fd895481126%2Fhtdocs%2Fclickandbuilds%2FLogestyServices HTTP/1.1" 200 83793 logesty-services.fr "-" "Mozilla/5.0 AppleWebKit/537.36 (KHTML, like Gecko; compatible; ClaudeBot/1.0; +claudebot@anthropic.com)" "-"
216.73.216.0 - - [30/Jul/2026:00:24:54 +0200] "GET /detail/758277832.shtm?loknya=%2Fhomepages%2F0 HTTP/1.1" 200 12312 logesty-services.fr "-" "Mozilla/5.0 AppleWebKit/537.36 (KHTML, like Gecko; compatible; ClaudeBot/1.0; +claudebot@anthropic.com)" "-"
216.73.216.0 - - [30/Jul/2026:00:24:59 +0200] "GET /detail/331614.shtm?lokasie=%2Fbin%2Frealpath&loknya=%2Fbin HTTP/1.1" 200 3941 logesty-services.fr "-" "Mozilla/5.0 AppleWebKit/537.36 (KHTML, like Gecko; compatible; ClaudeBot/1.0; +claudebot@anthropic.com)" "-"
216.73.216.0 - - [30/Jul/2026:00:25:04 +0200] "GET /detail/752586024.shtm?loknya=%2Fhomepages%2F43%2Fd895481126%2Fhtdocs%2Fclickandbuilds%2FLogestyServices%2F.wp-cli HTTP/1.1" 200 11569 logesty-services.fr "-" "Mozilla/5.0 AppleWebKit/537.36 (KHTML, like Gecko; compatible; ClaudeBot/1.0; +claudebot@anthropic.com)" "-"
66.249.64.0 - - [30/Jul/2026:00:25:06 +0200] "GET /?u=7124099973 HTTP/1.1" 200 149339 logesty-services.fr "-" "Mozilla/5.0 (Linux; Android 6.0.1; Nexus 5X Build/MMB29P) AppleWebKit/537.36 (KHTML, like Gecko) Chrome/150.0.7871.186 Mobile Safari/537.36 (compatible; Googlebot/2.1; +http://www.google.com/bot.html)" "-"
216.73.216.0 - - [30/Jul/2026:00:25:09 +0200] "GET /detail/756196968.shtm?loknya=%2Fhomepages%2F43 HTTP/1.1" 200 10265 logesty-services.fr "-" "Mozilla/5.0 AppleWebKit/537.36 (KHTML, like Gecko; compatible; ClaudeBot/1.0; +claudebot@anthropic.com)" "-"
74.7.242.0 - - [30/Jul/2026:00:25:09 +0200] "GET /?lokasie=/proc/net//arp&loknya=/proc/net/ HTTP/1.1" 200 3977 logesty-services.fr "http://logesty-services.fr/?loknya=/proc/net/" "Mozilla/5.0 AppleWebKit/537.36 (KHTML, like Gecko; compatible; GPTBot/1.4; +https://openai.com/gptbot)" "-"
219.249.37.0 - - [30/Jul/2026:00:25:12 +0200] "GET /author/lydiahallman3/ HTTP/1.1" 200 83793 logesty-services.fr "http://logesty-services.fr/" "Mozilla/5.0 (Macintosh; Intel Mac OS X 10_15_7) AppleWebKit/605.1.15 (KHTML, like Gecko) Version/16.6 Safari/605.1.15" "-"
216.73.216.0 - - [30/Jul/2026:00:25:14 +0200] "GET /shop/regional/sentence056016313.html?lokasie=%2Fbin%2Fpnmquant&loknya=%2Fbin HTTP/1.1" 200 7592 logesty-services.fr "-" "Mozilla/5.0 AppleWebKit/537.36 (KHTML, like Gecko; compatible; ClaudeBot/1.0; +claudebot@anthropic.com)" "-"
219.249.37.0 - - [30/Jul/2026:00:25:16 +0200] "GET /author/lydiahallman3/?loknya=/homepages/43/d895481126/htdocs/clickandbuilds/LogestyServices/decouvrez-le-concept-innovant-de-logesty-service-des-logements-de-qualite-pour-vos-weekends-et-courts-sejours HTTP/1.1" 200 15884 logesty-services.fr "http://logesty-services.fr/author/lydiahallman3/" "Mozilla/5.0 (Macintosh; Intel Mac OS X 10_15_7) AppleWebKit/605.1.15 (KHTML, like Gecko) Version/16.6 Safari/605.1.15" "-"
2a01:4f9:c000:: - - [30/Jul/2026:00:25:19 +0200] "GET /robots.txt HTTP/1.1" 200 1157 logesty-services.fr "-" "Mozilla/5.0 AppleWebKit/537.36 (KHTML, like Gecko; compatible; Bravebot/1.0; +https://search.brave.com/help/brave-search-crawler) Chrome/W.X.Y.Z Safari/537.36" "-"
216.73.216.0 - - [30/Jul/2026:00:25:19 +0200] "GET /item/200022602?loknya=%2Fhomepages%2F43%2Fd895481126%2Fhtdocs%2Fclickandbuilds%2FLogestyServices%2F.tmb HTTP/1.1" 200 13053 logesty-services.fr "-" "Mozilla/5.0 AppleWebKit/537.36 (KHTML, like Gecko; compatible; ClaudeBot/1.0; +claudebot@anthropic.com)" "-"
157.66.252.0 - - [30/Jul/2026:00:25:21 +0200] "GET /author/stewartrancour/ HTTP/1.1" 200 83792 logesty-services.fr "https://logesty-services.fr/" "Mozilla/5.0 (Windows NT 10.0; Win64; x64) AppleWebKit/537.36 (KHTML, like Gecko) Chrome/133.0.6943.141 Safari/537.36" "-"
157.66.252.0 - - [30/Jul/2026:00:25:23 +0200] "GET /author/stewartrancour/?loknya=/homepages/43/d895481126/htdocs/clickandbuilds/LogestyServices/decouvrez-le-concept-innovant-de-logesty-service-des-logements-de-qualite-pour-vos-weekends-et-courts-sejours HTTP/1.1" 200 15883 logesty-services.fr "https://logesty-services.fr/author/stewartrancour/" "Mozilla/5.0 (Windows NT 10.0; Win64; x64) AppleWebKit/537.36 (KHTML, like Gecko) Chrome/133.0.6943.141 Safari/537.36" "-"
216.73.216.0 - - [30/Jul/2026:00:25:24 +0200] "GET /detail/757245698.shtm?lokasie=%2Fsbin%2Freboot&loknya=%2Fsbin HTTP/1.1" 200 3942 logesty-services.fr "-" "Mozilla/5.0 AppleWebKit/537.36 (KHTML, like Gecko; compatible; ClaudeBot/1.0; +claudebot@anthropic.com)" "-"
216.73.216.0 - - [30/Jul/2026:00:25:29 +0200] "GET /detail/758095711.shtm?lokasie=%2Fusr%2Fbin%2Fgpgsm&loknya=%2Fusr%2Fbin HTTP/1.1" 200 3977 logesty-services.fr "-" "Mozilla/5.0 AppleWebKit/537.36 (KHTML, like Gecko; compatible; ClaudeBot/1.0; +claudebot@anthropic.com)" "-"
216.73.216.0 - - [30/Jul/2026:00:25:34 +0200] "GET /detail/757052944.shtm?lokasie=%2Fbin%2Fx86_64-linux-gnu-gprof&loknya=%2Fbin HTTP/1.1" 200 3955 logesty-services.fr "-" "Mozilla/5.0 AppleWebKit/537.36 (KHTML, like Gecko; compatible; ClaudeBot/1.0; +claudebot@anthropic.com)" "-"
216.73.216.0 - - [30/Jul/2026:00:25:39 +0200] "GET /shop/philosophy/helpful011031676.html?lokasie=%2Fbin%2Fzsh5&loknya=%2Fbin HTTP/1.1" 429 267 logesty-services.fr "-" "Mozilla/5.0 AppleWebKit/537.36 (KHTML, like Gecko; compatible; ClaudeBot/1.0; +claudebot@anthropic.com)" "-"
216.73.216.0 - - [30/Jul/2026:00:25:44 +0200] "GET /detail/754145899.shtm?loknya=%2Fhomepages%2F11 HTTP/1.1" 429 267 logesty-services.fr "-" "Mozilla/5.0 AppleWebKit/537.36 (KHTML, like Gecko; compatible; ClaudeBot/1.0; +claudebot@anthropic.com)" "-"
216.73.216.0 - - [30/Jul/2026:00:25:49 +0200] "GET /item/020039582?loknya=%2Fhomepages%2F43%2Fd895481126%2Fhtdocs%2Fclickandbuilds%2FLogestyServices%2Fcategory HTTP/1.1" 429 267 logesty-services.fr "-" "Mozilla/5.0 AppleWebKit/537.36 (KHTML, like Gecko; compatible; ClaudeBot/1.0; +claudebot@anthropic.com)" "-"
216.73.216.0 - - [30/Jul/2026:00:25:54 +0200] "GET /detail/758095711.shtm?lokasie=%2Fusr%2Fbin%2Fpnmdepth&loknya=%2Fusr%2Fbin HTTP/1.1" 429 267 logesty-services.fr "-" "Mozilla/5.0 AppleWebKit/537.36 (KHTML, like Gecko; compatible; ClaudeBot/1.0; +claudebot@anthropic.com)" "-"
216.73.216.0 - - [30/Jul/2026:00:25:59 +0200] "GET /shop/businessman/constraint199044412.html?loknya=%2Fhomepages%2F43%2Fd895481126 HTTP/1.1" 429 267 logesty-services.fr "-" "Mozilla/5.0 AppleWebKit/537.36 (KHTML, like Gecko; compatible; ClaudeBot/1.0; +claudebot@anthropic.com)" "-"
74.7.242.0 - - [30/Jul/2026:00:26:03 +0200] "GET /?lokasie=/proc/net//raw&loknya=/proc/net/ HTTP/1.1" 429 267 logesty-services.fr "http://logesty-services.fr/?loknya=/proc/net/" "Mozilla/5.0 AppleWebKit/537.36 (KHTML, like Gecko; compatible; GPTBot/1.4; +https://openai.com/gptbot)" "-"
216.73.216.0 - - [30/Jul/2026:00:26:04 +0200] "GET /detail/328761.shtm?lokasie=%2Fsbin%2Flogsave&loknya=%2Fsbin HTTP/1.1" 429 267 logesty-services.fr "-" "Mozilla/5.0 AppleWebKit/537.36 (KHTML, like Gecko; compatible; ClaudeBot/1.0; +claudebot@anthropic.com)" "-"
114.119.129.0 - - [30/Jul/2026:00:26:06 +0200] "GET /search-rental-half-map/page/3?loknya=/homepages/43/d895481126/htdocs/clickandbuilds/LogestyServices/listing/studio-10-min-disneyland-paris-avec-parking HTTP/1.1" 200 9401 logesty-services.fr "https://logesty-services.fr/search-rental-half-map/page/3?loknya=/homepages/43/d895481126/htdocs/clickandbuilds/LogestyServices/listing" "Mozilla/5.0 (Linux; Android 7.0;) AppleWebKit/537.36 (HTML, like Gecko) Mobile Safari/537.36 (compatible; PetalBot;+https://webmaster.petalsearch.com/site/petalbot)" "-"
216.73.216.0 - - [30/Jul/2026:00:26:09 +0200] "GET /item/015016885?loknya=%2Fhomepages%2F43%2Fd895481126%2Fhtdocs%2Fclickandbuilds%2FLogestyServices%2Fecff6c HTTP/1.1" 429 267 logesty-services.fr "-" "Mozilla/5.0 AppleWebKit/537.36 (KHTML, like Gecko; compatible; ClaudeBot/1.0; +claudebot@anthropic.com)" "-"
216.73.216.0 - - [30/Jul/2026:00:26:15 +0200] "GET /detail/618034131.shtm?loknya=%2Fhomepages%2F43%2Fd895481126%2Fhtdocs%2Fclickandbuilds%2F HTTP/1.1" 429 267 logesty-services.fr "-" "Mozilla/5.0 AppleWebKit/537.36 (KHTML, like Gecko; compatible; ClaudeBot/1.0; +claudebot@anthropic.com)" "-"
216.73.216.0 - - [30/Jul/2026:00:26:19 +0200] "GET /shop/online/driver187013996.html?loknya=%2Fhomepages%2F43%2Fd895481126%2Fhtdocs HTTP/1.1" 429 267 logesty-services.fr "-" "Mozilla/5.0 AppleWebKit/537.36 (KHTML, like Gecko; compatible; ClaudeBot/1.0; +claudebot@anthropic.com)" "-"
216.73.216.0 - - [30/Jul/2026:00:26:24 +0200] "GET /detail/502222468.shtm?loknya=%2Fhomepages HTTP/1.1" 429 267 logesty-services.fr "-" "Mozilla/5.0 AppleWebKit/537.36 (KHTML, like Gecko; compatible; ClaudeBot/1.0; +claudebot@anthropic.com)" "-"
216.73.216.0 - - [30/Jul/2026:00:26:29 +0200] "GET /item/141020733?loknya=%2Fhomepages%2F43%2Fd895481126%2Fhtdocs%2Fclickandbuilds%2FLogestyServices HTTP/1.1" 429 267 logesty-services.fr "-" "Mozilla/5.0 AppleWebKit/537.36 (KHTML, like Gecko; compatible; ClaudeBot/1.0; +claudebot@anthropic.com)" "-"
216.73.216.0 - - [30/Jul/2026:00:26:34 +0200] "GET /shop/retirement/topic234006943.html?lokasie=%2Fetc%2Fsubuid&loknya=%2Fetc HTTP/1.1" 429 267 logesty-services.fr "-" "Mozilla/5.0 AppleWebKit/537.36 (KHTML, like Gecko; compatible; ClaudeBot/1.0; +claudebot@anthropic.com)" "-"
66.249.64.0 - - [30/Jul/2026:00:26:39 +0200] "GET /?u=7613851092 HTTP/1.1" 200 155467 logesty-services.fr "-" "Mozilla/5.0 (Linux; Android 6.0.1; Nexus 5X Build/MMB29P) AppleWebKit/537.36 (KHTML, like Gecko) Chrome/150.0.7871.186 Mobile Safari/537.36 (compatible; Googlebot/2.1; +http://www.google.com/bot.html)" "-"
216.73.216.0 - - [30/Jul/2026:00:26:39 +0200] "GET /item/069048389?loknya=%2Fhomepages%2F43%2Fd895481126%2Fhtdocs%2Fclickandbuilds%2FLogestyServices%2Fecff6c HTTP/1.1" 200 8762 logesty-services.fr "-" "Mozilla/5.0 AppleWebKit/537.36 (KHTML, like Gecko; compatible; ClaudeBot/1.0; +claudebot@anthropic.com)" "-"
216.73.216.0 - - [30/Jul/2026:00:26:44 +0200] "GET /item/208042132?loknya=%2Fhomepages%2F43%2Fd895481126%2Fhtdocs%2Fclickandbuilds%2FLogestyServices%2Fauthor HTTP/1.1" 200 11594 logesty-services.fr "-" "Mozilla/5.0 AppleWebKit/537.36 (KHTML, like Gecko; compatible; ClaudeBot/1.0; +claudebot@anthropic.com)" "-"
66.249.64.0 - - [30/Jul/2026:00:26:46 +0200] "GET /detail/327457423.shtm?loknya=/homepages/43/d895481126/htdocs/clickandbuilds/LogestyServices/decouvrez-le-concept-innovant-de-logesty-service-des-logements-de-qualite-pour-vos-weekends-et-courts-sejours HTTP/1.1" 200 15883 logesty-services.fr "-" "Mozilla/5.0 (Linux; Android 6.0.1; Nexus 5X Build/MMB29P) AppleWebKit/537.36 (KHTML, like Gecko) Chrome/150.0.7871.186 Mobile Safari/537.36 (compatible; GoogleOther)" "-"
66.249.64.0 - - [30/Jul/2026:00:26:46 +0200] "GET /?u=1981820510 HTTP/1.1" 200 156112 logesty-services.fr "-" "Mozilla/5.0 (Linux; Android 6.0.1; Nexus 5X Build/MMB29P) AppleWebKit/537.36 (KHTML, like Gecko) Chrome/150.0.7871.186 Mobile Safari/537.36 (compatible; Googlebot/2.1; +http://www.google.com/bot.html)" "-"
216.73.216.0 - - [30/Jul/2026:00:26:49 +0200] "GET /item/256027200?loknya=%2Fhomepages%2F43%2Fd895481126%2Fhtdocs%2Fclickandbuilds%2FLogestyServices%2Fecff6c HTTP/1.1" 200 8762 logesty-services.fr "-" "Mozilla/5.0 AppleWebKit/537.36 (KHTML, like Gecko; compatible; ClaudeBot/1.0; +claudebot@anthropic.com)" "-"
74.7.242.0 - - [30/Jul/2026:00:26:54 +0200] "GET /?lokasie=/proc/net//icmp&loknya=/proc/net/ HTTP/1.1" 200 3978 logesty-services.fr "http://logesty-services.fr/?loknya=/proc/net/" "Mozilla/5.0 AppleWebKit/537.36 (KHTML, like Gecko; compatible; GPTBot/1.4; +https://openai.com/gptbot)" "-"
216.73.216.0 - - [30/Jul/2026:00:26:54 +0200] "GET /item/085024319?loknya=%2Fhomepages%2F43%2Fd895481126%2Fhtdocs%2Fclickandbuilds%2FLogestyServices%2F HTTP/1.1" 200 83967 logesty-services.fr "-" "Mozilla/5.0 AppleWebKit/537.36 (KHTML, like Gecko; compatible; ClaudeBot/1.0; +claudebot@anthropic.com)" "-"
216.73.216.0 - - [30/Jul/2026:00:26:59 +0200] "GET /shop/feminist/managing281003256.html?loknya=%2Fhomepages%2F43%2Fd895481126%2Fhtdocs%2Fclickandbuilds%2FLogestyServices%2Fwp-admin HTTP/1.1" 200 167345 logesty-services.fr "-" "Mozilla/5.0 AppleWebKit/537.36 (KHTML, like Gecko; compatible; ClaudeBot/1.0; +claudebot@anthropic.com)" "-"
216.73.216.0 - - [30/Jul/2026:00:27:05 +0200] "GET /item/255015875?loknya=%2Fhomepages%2F43%2Fd895481126%2Fhtdocs%2Fclickandbuilds%2FLogestyServices%2F HTTP/1.1" 200 83967 logesty-services.fr "-" "Mozilla/5.0 AppleWebKit/537.36 (KHTML, like Gecko; compatible; ClaudeBot/1.0; +claudebot@anthropic.com)" "-"
66.249.64.0 - - [30/Jul/2026:00:27:09 +0200] "GET /detail/262707818.shtm?loknya=/ HTTP/1.1" 200 29689 logesty-services.fr "-" "Mozilla/5.0 (Linux; Android 6.0.1; Nexus 5X Build/MMB29P) AppleWebKit/537.36 (KHTML, like Gecko) Chrome/150.0.7871.186 Mobile Safari/537.36 (compatible; GoogleOther)" "-"
216.73.216.0 - - [30/Jul/2026:00:27:10 +0200] "GET /city/triel-sur-seine/%7B%7Bitem.imgSrc%7D%7D?lokasie=%2Fetc%2Fbash.bashrc&loknya=%2Fetc HTTP/1.1" 200 5932 logesty-services.fr "-" "Mozilla/5.0 AppleWebKit/537.36 (KHTML, like Gecko; compatible; ClaudeBot/1.0; +claudebot@anthropic.com)" "-"
216.73.216.0 - - [30/Jul/2026:00:27:15 +0200] "GET /city/triel-sur-seine/%7B%7Bitem.imgSrc%7D%7D?loknya=%2Flib%2Fgnupg2 HTTP/1.1" 200 7706 logesty-services.fr "-" "Mozilla/5.0 AppleWebKit/537.36 (KHTML, like Gecko; compatible; ClaudeBot/1.0; +claudebot@anthropic.com)" "-"
216.73.216.0 - - [30/Jul/2026:00:27:20 +0200] "GET /detail/98185.shtm?loknya=%2Fhomepages%2F3%2Fd898548165 HTTP/1.1" 200 20838 logesty-services.fr "-" "Mozilla/5.0 AppleWebKit/537.36 (KHTML, like Gecko; compatible; ClaudeBot/1.0; +claudebot@anthropic.com)" "-"
216.73.216.0 - - [30/Jul/2026:00:27:25 +0200] "GET /detail/396896.shtm?loknya=%2Fhomepages%2F45%2Fd894867590 HTTP/1.1" 200 20895 logesty-services.fr "-" "Mozilla/5.0 AppleWebKit/537.36 (KHTML, like Gecko; compatible; ClaudeBot/1.0; +claudebot@anthropic.com)" "-"
114.119.130.0 - - [30/Jul/2026:00:27:28 +0200] "GET /rental_types/studio?loknya=/var/spool HTTP/1.1" 200 6092 logesty-services.fr "https://logesty-services.fr/rental_types/studio?loknya=/var" "Mozilla/5.0 (Linux; Android 7.0;) AppleWebKit/537.36 (HTML, like Gecko) Mobile Safari/537.36 (compatible; PetalBot;+https://webmaster.petalsearch.com/site/petalbot)" "-"
216.73.216.0 - - [30/Jul/2026:00:27:30 +0200] "GET /detail/337049.shtm?loknya=%2Fhomepages%2F1%2Fd748028548 HTTP/1.1" 200 22202 logesty-services.fr "-" "Mozilla/5.0 AppleWebKit/537.36 (KHTML, like Gecko; compatible; ClaudeBot/1.0; +claudebot@anthropic.com)" "-"
66.249.64.0 - - [30/Jul/2026:00:27:30 +0200] "GET /?u=8023241154 HTTP/1.1" 200 149594 logesty-services.fr "-" "Mozilla/5.0 (Linux; Android 6.0.1; Nexus 5X Build/MMB29P) AppleWebKit/537.36 (KHTML, like Gecko) Chrome/150.0.7871.186 Mobile Safari/537.36 (compatible; Googlebot/2.1; +http://www.google.com/bot.html)" "-"
216.73.216.0 - - [30/Jul/2026:00:27:35 +0200] "GET /shop/recall/real153039432.html?loknya=%2Fhomepages%2F43%2Fd895481126%2Fhtdocs%2Fclickandbuilds%2FLogestyServices%2Fwp-includes%2Fblock-bindings HTTP/1.1" 200 14092 logesty-services.fr "-" "Mozilla/5.0 AppleWebKit/537.36 (KHTML, like Gecko; compatible; ClaudeBot/1.0; +claudebot@anthropic.com)" "-"
216.73.216.0 - - [30/Jul/2026:00:27:40 +0200] "GET /detail/756221320.shtm?loknya=%2Fhomepages%2Foneclick HTTP/1.1" 200 7217 logesty-services.fr "-" "Mozilla/5.0 AppleWebKit/537.36 (KHTML, like Gecko; compatible; ClaudeBot/1.0; +claudebot@anthropic.com)" "-"
216.73.216.0 - - [30/Jul/2026:00:27:45 +0200] "GET /detail/422025.shtm?lokasie=%2Fhomepages%2F43%2Fd895481126%2Fhtdocs%2Fclickandbuilds%2FLogestyServices%2Fwp-includes%2FRequests%2Fsrc%2FSession.php&loknya=%2Fhomepages%2F43%2Fd895481126%2Fhtdocs%2Fclickandbuilds%2FLogestyServices%2Fwp-includes%2FRequests%2Fsrc HTTP/1.1" 200 13945 logesty-services.fr "-" "Mozilla/5.0 AppleWebKit/537.36 (KHTML, like Gecko; compatible; ClaudeBot/1.0; +claudebot@anthropic.com)" "-"
216.73.216.0 - - [30/Jul/2026:00:27:50 +0200] "GET /shop/recall/real153039432.html?loknya=%2Fhomepages%2F43%2Fd895481126%2Fhtdocs%2Fclickandbuilds%2FLogestyServices%2Fwp-includes%2FID3 HTTP/1.1" 200 36762 logesty-services.fr "-" "Mozilla/5.0 AppleWebKit/537.36 (KHTML, like Gecko; compatible; ClaudeBot/1.0; +claudebot@anthropic.com)" "-"
216.73.216.0 - - [30/Jul/2026:00:27:55 +0200] "GET /shop/recall/real153039432.html?loknya=%2Fhomepages%2F43%2Fd895481126%2Fhtdocs%2Fclickandbuilds%2FLogestyServices%2Fwp-includes%2FIXR HTTP/1.1" 200 23752 logesty-services.fr "-" "Mozilla/5.0 AppleWebKit/537.36 (KHTML, like Gecko; compatible; ClaudeBot/1.0; +claudebot@anthropic.com)" "-"
74.7.242.0 - - [30/Jul/2026:00:27:57 +0200] "GET /?lokasie=/proc/net//snmp&loknya=/proc/net/ HTTP/1.1" 200 3978 logesty-services.fr "http://logesty-services.fr/?loknya=/proc/net/" "Mozilla/5.0 AppleWebKit/537.36 (KHTML, like Gecko; compatible; GPTBot/1.4; +https://openai.com/gptbot)" "-"
216.73.216.0 - - [30/Jul/2026:00:28:00 +0200] "GET /shop/recall/real153039432.html?loknya=%2Fhomepages%2F43%2Fd895481126%2Fhtdocs%2Fclickandbuilds%2FLogestyServices%2Fwp-includes%2Fsitemaps HTTP/1.1" 200 18791 logesty-services.fr "-" "Mozilla/5.0 AppleWebKit/537.36 (KHTML, like Gecko; compatible; ClaudeBot/1.0; +claudebot@anthropic.com)" "-"
216.73.216.0 - - [30/Jul/2026:00:28:05 +0200] "GET /detail/240936.shtm?loknya=%2Fhomepages%2F4%2Fd897301867 HTTP/1.1" 200 20839 logesty-services.fr "-" "Mozilla/5.0 AppleWebKit/537.36 (KHTML, like Gecko; compatible; ClaudeBot/1.0; +claudebot@anthropic.com)" "-"
216.73.216.0 - - [30/Jul/2026:00:28:10 +0200] "GET /detail/337049.shtm?loknya=%2Fhomepages%2F0%2Fd898518364 HTTP/1.1" 200 19517 logesty-services.fr "-" "Mozilla/5.0 AppleWebKit/537.36 (KHTML, like Gecko; compatible; ClaudeBot/1.0; +claudebot@anthropic.com)" "-"
216.73.216.0 - - [30/Jul/2026:00:28:15 +0200] "GET /detail/396896.shtm?loknya=%2Fhomepages%2F22%2Fd892801635 HTTP/1.1" 429 267 logesty-services.fr "-" "Mozilla/5.0 AppleWebKit/537.36 (KHTML, like Gecko; compatible; ClaudeBot/1.0; +claudebot@anthropic.com)" "-"
66.249.64.0 - - [30/Jul/2026:00:28:15 +0200] "GET /detail/463394059.shtm HTTP/1.1" 200 158934 logesty-services.fr "-" "Mozilla/5.0 (Linux; Android 6.0.1; Nexus 5X Build/MMB29P) AppleWebKit/537.36 (KHTML, like Gecko) Chrome/150.0.7871.186 Mobile Safari/537.36 (compatible; Googlebot/2.1; +http://www.google.com/bot.html)" "-"
66.249.64.0 - - [30/Jul/2026:00:28:16 +0200] "GET /detail/124153779.shtm?loknya=/homepages/43/d895481126/htdocs/clickandbuilds/LogestyServices/decouvrez-le-concept-innovant-de-logesty-service-des-logements-de-qualite-pour-vos-weekends-et-courts-sejours/decouvrez-le-concept-innovant-de-logesty-service-des-logements-de-qualite-pour-vos-weekends-et-courts-sejours HTTP/1.1" 200 18576 logesty-services.fr "-" "Mozilla/5.0 (Linux; Android 6.0.1; Nexus 5X Build/MMB29P) AppleWebKit/537.36 (KHTML, like Gecko) Chrome/150.0.7871.186 Mobile Safari/537.36 (compatible; GoogleOther)" "-"
216.73.216.0 - - [30/Jul/2026:00:28:20 +0200] "GET /shop/recall/real153039432.html?loknya=%2Fhomepages%2F43%2Fd895481126%2Fhtdocs%2Fclickandbuilds%2FLogestyServices%2Fwp-includes%2Fsodium_compat HTTP/1.1" 429 267 logesty-services.fr "-" "Mozilla/5.0 AppleWebKit/537.36 (KHTML, like Gecko; compatible; ClaudeBot/1.0; +claudebot@anthropic.com)" "-"
216.73.216.0 - - [30/Jul/2026:00:28:25 +0200] "GET /city/triel-sur-seine/%7B%7Bitem.imgSrc%7D%7D?loknya=%2Flib%2Fmime HTTP/1.1" 429 267 logesty-services.fr "-" "Mozilla/5.0 AppleWebKit/537.36 (KHTML, like Gecko; compatible; ClaudeBot/1.0; +claudebot@anthropic.com)" "-"
216.73.216.0 - - [30/Jul/2026:00:28:31 +0200] "GET /detail/110105.shtm?lokasie=%2Fbin%2Fbzcmp&loknya=%2Fbin HTTP/1.1" 429 267 logesty-services.fr "-" "Mozilla/5.0 AppleWebKit/537.36 (KHTML, like Gecko; compatible; ClaudeBot/1.0; +claudebot@anthropic.com)" "-"
216.73.216.0 - - [30/Jul/2026:00:28:35 +0200] "GET /item/053041397?loknya=%2Fhomepages%2F43%2Fd895481126%2Fhtdocs%2Fclickandbuilds%2FLogestyServices%2F HTTP/1.1" 429 267 logesty-services.fr "-" "Mozilla/5.0 AppleWebKit/537.36 (KHTML, like Gecko; compatible; ClaudeBot/1.0; +claudebot@anthropic.com)" "-"
216.73.216.0 - - [30/Jul/2026:00:28:40 +0200] "GET /item/222015840?loknya=%2Fhomepages%2F43%2Fd895481126%2Fhtdocs%2Fclickandbuilds%2FLogestyServices HTTP/1.1" 429 267 logesty-services.fr "-" "Mozilla/5.0 AppleWebKit/537.36 (KHTML, like Gecko; compatible; ClaudeBot/1.0; +claudebot@anthropic.com)" "-"
216.73.216.0 - - [30/Jul/2026:00:28:45 +0200] "GET /shop/privilege/rear241015654.html?lokasie=%2Fbin%2Fruby&loknya=%2Fbin HTTP/1.1" 429 267 logesty-services.fr "-" "Mozilla/5.0 AppleWebKit/537.36 (KHTML, like Gecko; compatible; ClaudeBot/1.0; +claudebot@anthropic.com)" "-"
216.73.216.0 - - [30/Jul/2026:00:28:50 +0200] "GET /item/088017040?loknya=%2Fhomepages%2F43%2Fd895481126%2Fhtdocs%2Fclickandbuilds%2FLogestyServices%2Fcategory HTTP/1.1" 429 267 logesty-services.fr "-" "Mozilla/5.0 AppleWebKit/537.36 (KHTML, like Gecko; compatible; ClaudeBot/1.0; +claudebot@anthropic.com)" "-"
74.7.242.0 - - [30/Jul/2026:00:28:52 +0200] "GET /?lokasie=/proc/net//unix&loknya=/proc/net/ HTTP/1.1" 429 267 logesty-services.fr "http://logesty-services.fr/?loknya=/proc/net/" "Mozilla/5.0 AppleWebKit/537.36 (KHTML, like Gecko; compatible; GPTBot/1.4; +https://openai.com/gptbot)" "-"
114.119.143.0 - - [30/Jul/2026:00:28:52 +0200] "GET /listing/b309-appartement-proche-disney-paris-parking-prive?loknya=/homepages/43/d895481126/htdocs/clickandbuilds/LogestyServices/city/triel-sur-seine HTTP/1.1" 200 10326 logesty-services.fr "https://logesty-services.fr/listing/b309-appartement-proche-disney-paris-parking-prive?loknya=/homepages/43/d895481126/htdocs/clickandbuilds/LogestyServices/city" "Mozilla/5.0 (Linux; Android 7.0;) AppleWebKit/537.36 (HTML, like Gecko) Mobile Safari/537.36 (compatible; PetalBot;+https://webmaster.petalsearch.com/site/petalbot)" "-"
216.73.216.0 - - [30/Jul/2026:00:28:55 +0200] "GET /detail/502422474.shtm?loknya=%2Fhomepages%2Foneclick HTTP/1.1" 429 267 logesty-services.fr "-" "Mozilla/5.0 AppleWebKit/537.36 (KHTML, like Gecko; compatible; ClaudeBot/1.0; +claudebot@anthropic.com)" "-"
216.73.216.0 - - [30/Jul/2026:00:29:00 +0200] "GET /item/076003558?loknya=%2Fhomepages%2F43%2Fd895481126%2Fhtdocs%2Fclickandbuilds%2FLogestyServices%2Fecff6c HTTP/1.1" 429 267 logesty-services.fr "-" "Mozilla/5.0 AppleWebKit/537.36 (KHTML, like Gecko; compatible; ClaudeBot/1.0; +claudebot@anthropic.com)" "-"
138.201.207.0 - - [30/Jul/2026:00:29:02 +0200] "GET /author/gidgetjvm2361 HTTP/1.1" 200 83793 logesty-services.fr "http://logesty-services.fr/" "Mozilla/5.0 (Windows NT 10.0; Win64; x64) AppleWebKit/537.36 (KHTML, like Gecko) Chrome/146.0.0.0 Safari/537.36" "-"
138.201.207.0 - - [30/Jul/2026:00:29:04 +0200] "GET /author/gidgetjvm2361?loknya=/homepages/43/d895481126/htdocs/clickandbuilds/LogestyServices/decouvrez-le-concept-innovant-de-logesty-service-des-logements-de-qualite-pour-vos-weekends-et-courts-sejours HTTP/1.1" 200 15884 logesty-services.fr "http://logesty-services.fr/author/gidgetjvm2361" "Mozilla/5.0 (Windows NT 10.0; Win64; x64) AppleWebKit/537.36 (KHTML, like Gecko) Chrome/146.0.0.0 Safari/537.36" "-"
216.73.216.0 - - [30/Jul/2026:00:29:05 +0200] "GET /detail/328761.shtm?lokasie=%2Fproc%2Ffb&loknya=%2Fproc HTTP/1.1" 429 267 logesty-services.fr "-" "Mozilla/5.0 AppleWebKit/537.36 (KHTML, like Gecko; compatible; ClaudeBot/1.0; +claudebot@anthropic.com)" "-"
216.73.216.0 - - [30/Jul/2026:00:29:10 +0200] "GET /item/041041433?loknya=%2Fhomepages%2F43%2Fd895481126%2Fhtdocs%2Fclickandbuilds%2FLogestyServices HTTP/1.1" 429 267 logesty-services.fr "-" "Mozilla/5.0 AppleWebKit/537.36 (KHTML, like Gecko; compatible; ClaudeBot/1.0; +claudebot@anthropic.com)" "-"
216.73.216.0 - - [30/Jul/2026:00:29:15 +0200] "GET /item/227002717?lokasie=%2Fbin%2Fmigrate-pubring-from-classic-gpg&loknya=%2Fbin HTTP/1.1" 200 7573 logesty-services.fr "-" "Mozilla/5.0 AppleWebKit/537.36 (KHTML, like Gecko; compatible; ClaudeBot/1.0; +claudebot@anthropic.com)" "-"
66.249.64.0 - - [30/Jul/2026:00:29:18 +0200] "GET /?u=4591196695 HTTP/1.1" 200 147778 logesty-services.fr "-" "Mozilla/5.0 (Linux; Android 6.0.1; Nexus 5X Build/MMB29P) AppleWebKit/537.36 (KHTML, like Gecko) Chrome/150.0.7871.186 Mobile Safari/537.36 (compatible; Googlebot/2.1; +http://www.google.com/bot.html)" "-"
216.73.216.0 - - [30/Jul/2026:00:29:20 +0200] "GET /shop/tiny/wheat139023402.html?lokasie=%2Fhomepages%2F43%2Fd895481126%2Fhtdocs%2Fclickandbuilds%2FLogestyServices%2Fwp-admin%2Fupload.php&loknya=%2Fhomepages%2F43%2Fd895481126%2Fhtdocs%2Fclickandbuilds%2FLogestyServices%2Fwp-admin HTTP/1.1" 200 20930 logesty-services.fr "-" "Mozilla/5.0 AppleWebKit/537.36 (KHTML, like Gecko; compatible; ClaudeBot/1.0; +claudebot@anthropic.com)" "-"
43.229.135.0 - - [30/Jul/2026:00:29:23 +0200] "GET /author/kristinpetit2 HTTP/1.1" 200 83793 logesty-services.fr "http://logesty-services.fr/" "Mozilla/5.0 (X11; Linux x86_64) AppleWebKit/537.36 (KHTML, like Gecko) Chrome/129.0.0.0 Safari/537.36" "-"
66.249.64.0 - - [30/Jul/2026:00:29:24 +0200] "GET /detail/203088349.shtm HTTP/1.1" 200 83792 logesty-services.fr "-" "Mozilla/5.0 (Linux; Android 6.0.1; Nexus 5X Build/MMB29P) AppleWebKit/537.36 (KHTML, like Gecko) Chrome/150.0.7871.186 Mobile Safari/537.36 (compatible; GoogleOther)" "-"
43.229.135.0 - - [30/Jul/2026:00:29:24 +0200] "GET /author/kristinpetit2?loknya=/homepages/43/d895481126/htdocs/clickandbuilds/LogestyServices/decouvrez-le-concept-innovant-de-logesty-service-des-logements-de-qualite-pour-vos-weekends-et-courts-sejours HTTP/1.1" 200 15884 logesty-services.fr "http://logesty-services.fr/author/kristinpetit2" "Mozilla/5.0 (X11; Linux x86_64) AppleWebKit/537.36 (KHTML, like Gecko) Chrome/129.0.0.0 Safari/537.36" "-"
216.73.216.0 - - [30/Jul/2026:00:29:25 +0200] "GET /detail/343524.shtm?lokasie=%2Fsbin%2Fresize2fs&loknya=%2Fsbin HTTP/1.1" 200 3945 logesty-services.fr "-" "Mozilla/5.0 AppleWebKit/537.36 (KHTML, like Gecko; compatible; ClaudeBot/1.0; +claudebot@anthropic.com)" "-"
216.73.216.0 - - [30/Jul/2026:00:29:30 +0200] "GET /detail/301558.shtm?loknya=%2Fhomepages%2F43%2Fd895481126%2Fhtdocs%2Fclickandbuilds%2FLogestyServices%2Fwp-includes HTTP/1.1" 200 464442 logesty-services.fr "-" "Mozilla/5.0 AppleWebKit/537.36 (KHTML, like Gecko; compatible; ClaudeBot/1.0; +claudebot@anthropic.com)" "-"
216.73.216.0 - - [30/Jul/2026:00:29:35 +0200] "GET /shop/regional/sentence056016313.html?lokasie=%2Fbin%2FMail&loknya=%2Fbin HTTP/1.1" 200 3937 logesty-services.fr "-" "Mozilla/5.0 AppleWebKit/537.36 (KHTML, like Gecko; compatible; ClaudeBot/1.0; +claudebot@anthropic.com)" "-"
216.73.216.0 - - [30/Jul/2026:00:29:40 +0200] "GET /detail/752145343.shtm?lokasie=%2Fbin%2Fcrontab&loknya=%2Fbin HTTP/1.1" 200 3940 logesty-services.fr "-" "Mozilla/5.0 AppleWebKit/537.36 (KHTML, like Gecko; compatible; ClaudeBot/1.0; +claudebot@anthropic.com)" "-"
74.7.242.0 - - [30/Jul/2026:00:29:43 +0200] "GET /?lokasie=/proc/net//udp&loknya=/proc/net/ HTTP/1.1" 200 3977 logesty-services.fr "http://logesty-services.fr/?loknya=/proc/net/" "Mozilla/5.0 AppleWebKit/537.36 (KHTML, like Gecko; compatible; GPTBot/1.4; +https://openai.com/gptbot)" "-"
216.73.216.0 - - [30/Jul/2026:00:29:45 +0200] "GET /shop/jp/hardly100044165.html?loknya=%2Fhomepages%2F43%2Fd895481126%2Fhtdocs%2Fclickandbuilds%2FLogestyServices%2Fauthor HTTP/1.1" 200 11594 logesty-services.fr "-" "Mozilla/5.0 AppleWebKit/537.36 (KHTML, like Gecko; compatible; ClaudeBot/1.0; +claudebot@anthropic.com)" "-"
216.73.216.0 - - [30/Jul/2026:00:29:50 +0200] "GET /shop/raw/rebel083045182.html?lokasie=%2Fbin%2Fmariadb-conv&loknya=%2Fbin HTTP/1.1" 200 3945 logesty-services.fr "-" "Mozilla/5.0 AppleWebKit/537.36 (KHTML, like Gecko; compatible; ClaudeBot/1.0; +claudebot@anthropic.com)" "-"
66.249.64.0 - - [30/Jul/2026:00:29:52 +0200] "GET /?u=164878934 HTTP/1.1" 200 154221 logesty-services.fr "-" "Mozilla/5.0 (Linux; Android 6.0.1; Nexus 5X Build/MMB29P) AppleWebKit/537.36 (KHTML, like Gecko) Chrome/150.0.7871.186 Mobile Safari/537.36 (compatible; Googlebot/2.1; +http://www.google.com/bot.html)" "-"
216.73.216.0 - - [30/Jul/2026:00:29:57 +0200] "GET /item/116019702?loknya=%2Fhomepages%2F43%2Fd895481126%2Fhtdocs%2Fclickandbuilds%2FLogestyServices%2Fcategory HTTP/1.1" 200 12831 logesty-services.fr "-" "Mozilla/5.0 AppleWebKit/537.36 (KHTML, like Gecko; compatible; ClaudeBot/1.0; +claudebot@anthropic.com)" "-"
216.73.216.0 - - [30/Jul/2026:00:30:01 +0200] "GET /detail/752132389.shtm?loknya=%2Fhomepages%2F43 HTTP/1.1" 200 10265 logesty-services.fr "-" "Mozilla/5.0 AppleWebKit/537.36 (KHTML, like Gecko; compatible; ClaudeBot/1.0; +claudebot@anthropic.com)" "-"
216.73.216.0 - - [30/Jul/2026:00:30:06 +0200] "GET /detail/432488839.shtm?loknya=%2Fhomepages HTTP/1.1" 200 57019 logesty-services.fr "-" "Mozilla/5.0 AppleWebKit/537.36 (KHTML, like Gecko; compatible; ClaudeBot/1.0; +claudebot@anthropic.com)" "-"
216.73.216.0 - - [30/Jul/2026:00:30:11 +0200] "GET /shop/fascinating/physician253049898.html?loknya=%2Fhomepages%2F43%2Fd895481126%2Fhtdocs%2Fclickandbuilds%2FLogestyServices%2Ftype HTTP/1.1" 200 12747 logesty-services.fr "-" "Mozilla/5.0 AppleWebKit/537.36 (KHTML, like Gecko; compatible; ClaudeBot/1.0; +claudebot@anthropic.com)" "-"
114.119.130.0 - - [30/Jul/2026:00:30:15 +0200] "GET /listing/b306-appartement-15-min-disneyland/?loknya=/homepages/21 HTTP/1.1" 200 10266 logesty-services.fr "https://logesty-services.fr/listing/b306-appartement-15-min-disneyland/?loknya=/homepages" "Mozilla/5.0 (Linux; Android 7.0;) AppleWebKit/537.36 (HTML, like Gecko) Mobile Safari/537.36 (compatible; PetalBot;+https://webmaster.petalsearch.com/site/petalbot)" "-"
216.73.216.0 - - [30/Jul/2026:00:30:16 +0200] "GET /item/260004530?loknya=%2Fhomepages%2F43%2Fd895481126%2Fhtdocs%2Fclickandbuilds%2FLogestyServices%2Fecff6c HTTP/1.1" 200 8762 logesty-services.fr "-" "Mozilla/5.0 AppleWebKit/537.36 (KHTML, like Gecko; compatible; ClaudeBot/1.0; +claudebot@anthropic.com)" "-"
216.73.216.0 - - [30/Jul/2026:00:30:21 +0200] "GET /detail/758143116.shtm?lokasie=%2Fbin%2Fmysqloptimize&loknya=%2Fbin HTTP/1.1" 200 3946 logesty-services.fr "-" "Mozilla/5.0 AppleWebKit/537.36 (KHTML, like Gecko; compatible; ClaudeBot/1.0; +claudebot@anthropic.com)" "-"
216.73.216.0 - - [30/Jul/2026:00:30:26 +0200] "GET /item/282033862?lokasie=%2Fetc%2Fmail.rc&loknya=%2Fetc HTTP/1.1" 200 4065 logesty-services.fr "-" "Mozilla/5.0 AppleWebKit/537.36 (KHTML, like Gecko; compatible; ClaudeBot/1.0; +claudebot@anthropic.com)" "-"
216.73.216.0 - - [30/Jul/2026:00:30:31 +0200] "GET /shop/depending/yourself262025417.html?loknya=%2Fhomepages%2F43%2Fd895481126%2Fhtdocs%2Fclickandbuilds%2FLogestyServices%2Fauthor HTTP/1.1" 200 11594 logesty-services.fr "-" "Mozilla/5.0 AppleWebKit/537.36 (KHTML, like Gecko; compatible; ClaudeBot/1.0; +claudebot@anthropic.com)" "-"
216.73.216.0 - - [30/Jul/2026:00:30:36 +0200] "GET /detail/757264860.shtm?loknya=%2Fhomepages%2F43%2Fd895481126%2Fhtdocs%2Fclickandbuilds%2FLogestyServices%2F.wp-cli HTTP/1.1" 200 11569 logesty-services.fr "-" "Mozilla/5.0 AppleWebKit/537.36 (KHTML, like Gecko; compatible; ClaudeBot/1.0; +claudebot@anthropic.com)" "-"
216.73.216.0 - - [30/Jul/2026:00:30:41 +0200] "GET /detail/757274449.shtm?lokasie=%2Fbin%2Fmysqloptimize&loknya=%2Fbin HTTP/1.1" 200 3946 logesty-services.fr "-" "Mozilla/5.0 AppleWebKit/537.36 (KHTML, like Gecko; compatible; ClaudeBot/1.0; +claudebot@anthropic.com)" "-"
216.73.216.0 - - [30/Jul/2026:00:30:46 +0200] "GET /shop/sink/moral132023463.html?loknya=%2Fhomepages%2F43%2Fd895481126%2Fhtdocs%2Fclickandbuilds%2FLogestyServices%2Fwp-admin HTTP/1.1" 200 167345 logesty-services.fr "-" "Mozilla/5.0 AppleWebKit/537.36 (KHTML, like Gecko; compatible; ClaudeBot/1.0; +claudebot@anthropic.com)" "-"
74.7.242.0 - - [30/Jul/2026:00:30:48 +0200] "GET /?lokasie=/proc/net//if_inet6&loknya=/proc/net/ HTTP/1.1" 429 267 logesty-services.fr "http://logesty-services.fr/?loknya=/proc/net/" "Mozilla/5.0 AppleWebKit/537.36 (KHTML, like Gecko; compatible; GPTBot/1.4; +https://openai.com/gptbot)" "-"
216.73.216.0 - - [30/Jul/2026:00:30:51 +0200] "GET /detail/752074618.shtm?lokasie=%2Fproc%2F%2Fvmstat&loknya=%2Fproc%2F HTTP/1.1" 429 267 logesty-services.fr "-" "Mozilla/5.0 AppleWebKit/537.36 (KHTML, like Gecko; compatible; ClaudeBot/1.0; +claudebot@anthropic.com)" "-"
216.73.216.0 - - [30/Jul/2026:00:30:56 +0200] "GET /detail/432498946.shtm?loknya=%2Fhomepages%2F25 HTTP/1.1" 429 267 logesty-services.fr "-" "Mozilla/5.0 AppleWebKit/537.36 (KHTML, like Gecko; compatible; ClaudeBot/1.0; +claudebot@anthropic.com)" "-"
216.73.216.0 - - [30/Jul/2026:00:31:01 +0200] "GET /shop/academic/completely103011088.html?loknya=%2Fhomepages%2F43%2Fd895481126%2Fhtdocs%2Fclickandbuilds%2FLogestyServices%2Ftype HTTP/1.1" 429 267 logesty-services.fr "-" "Mozilla/5.0 AppleWebKit/537.36 (KHTML, like Gecko; compatible; ClaudeBot/1.0; +claudebot@anthropic.com)" "-"
216.73.216.0 - - [30/Jul/2026:00:31:06 +0200] "GET /detail/154410.shtm?loknya=%2Fhomepages%2F43 HTTP/1.1" 429 267 logesty-services.fr "-" "Mozilla/5.0 AppleWebKit/537.36 (KHTML, like Gecko; compatible; ClaudeBot/1.0; +claudebot@anthropic.com)" "-"
216.73.216.0 - - [30/Jul/2026:00:31:11 +0200] "GET /detail/110105.shtm?lokasie=%2Fbin%2Fpygettext3.9&loknya=%2Fbin HTTP/1.1" 429 267 logesty-services.fr "-" "Mozilla/5.0 AppleWebKit/537.36 (KHTML, like Gecko; compatible; ClaudeBot/1.0; +claudebot@anthropic.com)" "-"
216.73.216.0 - - [30/Jul/2026:00:31:16 +0200] "GET /item/091012299?loknya=%2Fhomepages%2F43%2Fd895481126%2Fhtdocs%2Fclickandbuilds%2FLogestyServices%2Fecff6c HTTP/1.1" 429 267 logesty-services.fr "-" "Mozilla/5.0 AppleWebKit/537.36 (KHTML, like Gecko; compatible; ClaudeBot/1.0; +claudebot@anthropic.com)" "-"
216.73.216.0 - - [30/Jul/2026:00:31:21 +0200] "GET /detail/757706840.shtm?loknya=%2Fhomepages%2F43%2Fd895481126%2Fhtdocs%2Fclickandbuilds%2FLogestyServices%2F.wp-cli HTTP/1.1" 429 267 logesty-services.fr "-" "Mozilla/5.0 AppleWebKit/537.36 (KHTML, like Gecko; compatible; ClaudeBot/1.0; +claudebot@anthropic.com)" "-"
216.73.216.0 - - [30/Jul/2026:00:31:26 +0200] "GET /shop/regional/sentence056016313.html?lokasie=%2Fbin%2Fmail&loknya=%2Fbin HTTP/1.1" 429 267 logesty-services.fr "-" "Mozilla/5.0 AppleWebKit/537.36 (KHTML, like Gecko; compatible; ClaudeBot/1.0; +claudebot@anthropic.com)" "-"
216.73.216.0 - - [30/Jul/2026:00:31:31 +0200] "GET /item/290043280?loknya=%2Fhomepages%2F43%2Fd895481126%2Fhtdocs%2Fclickandbuilds%2FLogestyServices%2Fecff6c HTTP/1.1" 429 267 logesty-services.fr "-" "Mozilla/5.0 AppleWebKit/537.36 (KHTML, like Gecko; compatible; ClaudeBot/1.0; +claudebot@anthropic.com)" "-"
66.249.64.0 - - [30/Jul/2026:00:31:32 +0200] "GET /detail/719636724.shtm HTTP/1.1" 200 83792 logesty-services.fr "-" "Mozilla/5.0 (Linux; Android 6.0.1; Nexus 5X Build/MMB29P) AppleWebKit/537.36 (KHTML, like Gecko) Chrome/150.0.7871.186 Mobile Safari/537.36 (compatible; GoogleOther)" "-"
66.249.64.0 - - [30/Jul/2026:00:31:33 +0200] "GET /detail/245751299.shtm?loknya=/homepages/43/d895481126/htdocs/clickandbuilds/LogestyServices/images HTTP/1.1" 200 9994 logesty-services.fr "-" "Mozilla/5.0 (Linux; Android 6.0.1; Nexus 5X Build/MMB29P) AppleWebKit/537.36 (KHTML, like Gecko) Chrome/150.0.7871.186 Mobile Safari/537.36 (compatible; GoogleOther)" "-"
216.73.216.0 - - [30/Jul/2026:00:31:36 +0200] "GET /shop/garlic/consistently296027231.html?loknya=%2Fhomepages%2F43%2Fd895481126%2Fhtdocs%2Fclickandbuilds%2FLogestyServices%2Fwp-admin HTTP/1.1" 429 267 logesty-services.fr "-" "Mozilla/5.0 AppleWebKit/537.36 (KHTML, like Gecko; compatible; ClaudeBot/1.0; +claudebot@anthropic.com)" "-"
114.119.136.0 - - [30/Jul/2026:00:31:38 +0200] "GET /listing/b210-appartement-disneyland-paris-parking-et-wifi/?loknya=/homepages/38/d902226984 HTTP/1.1" 200 20899 logesty-services.fr "https://logesty-services.fr/listing/b210-appartement-disneyland-paris-parking-et-wifi/?loknya=/homepages/38" "Mozilla/5.0 (Linux; Android 7.0;) AppleWebKit/537.36 (HTML, like Gecko) Mobile Safari/537.36 (compatible; PetalBot;+https://webmaster.petalsearch.com/site/petalbot)" "-"
66.249.64.0 - - [30/Jul/2026:00:31:39 +0200] "GET /?u=8683318835 HTTP/1.1" 200 154971 logesty-services.fr "-" "Mozilla/5.0 (Linux; Android 6.0.1; Nexus 5X Build/MMB29P) AppleWebKit/537.36 (KHTML, like Gecko) Chrome/150.0.7871.186 Mobile Safari/537.36 (compatible; Googlebot/2.1; +http://www.google.com/bot.html)" "-"
216.73.216.0 - - [30/Jul/2026:00:31:41 +0200] "GET /item/086026356?loknya=%2Fhomepages%2F43%2Fd895481126%2Fhtdocs%2Fclickandbuilds%2FLogestyServices HTTP/1.1" 429 267 logesty-services.fr "-" "Mozilla/5.0 AppleWebKit/537.36 (KHTML, like Gecko; compatible; ClaudeBot/1.0; +claudebot@anthropic.com)" "-"
74.7.242.0 - - [30/Jul/2026:00:31:42 +0200] "GET /?lokasie=/proc/net//tcp6&loknya=/proc/net/ HTTP/1.1" 429 267 logesty-services.fr "http://logesty-services.fr/?loknya=/proc/net/" "Mozilla/5.0 AppleWebKit/537.36 (KHTML, like Gecko; compatible; GPTBot/1.4; +https://openai.com/gptbot)" "-"
216.73.216.0 - - [30/Jul/2026:00:31:46 +0200] "GET /item/083025349?loknya=%2Fhomepages%2F43%2Fd895481126%2Fhtdocs%2Fclickandbuilds%2FLogestyServices%2F HTTP/1.1" 429 267 logesty-services.fr "-" "Mozilla/5.0 AppleWebKit/537.36 (KHTML, like Gecko; compatible; ClaudeBot/1.0; +claudebot@anthropic.com)" "-"
216.73.216.0 - - [30/Jul/2026:00:31:51 +0200] "GET /detail/758095711.shtm?lokasie=%2Fusr%2Fbin%2Fwhereis&loknya=%2Fusr%2Fbin HTTP/1.1" 200 3979 logesty-services.fr "-" "Mozilla/5.0 AppleWebKit/537.36 (KHTML, like Gecko; compatible; ClaudeBot/1.0; +claudebot@anthropic.com)" "-"
66.249.64.0 - - [30/Jul/2026:00:31:54 +0200] "GET /detail/699121073.shtm HTTP/1.1" 200 157379 logesty-services.fr "-" "Mozilla/5.0 (Linux; Android 6.0.1; Nexus 5X Build/MMB29P) AppleWebKit/537.36 (KHTML, like Gecko) Chrome/150.0.7871.186 Mobile Safari/537.36 (compatible; Googlebot/2.1; +http://www.google.com/bot.html)" "-"
216.73.216.0 - - [30/Jul/2026:00:31:56 +0200] "GET /detail/432498946.shtm?loknya=%2Fhomepages%2F10 HTTP/1.1" 200 19589 logesty-services.fr "-" "Mozilla/5.0 AppleWebKit/537.36 (KHTML, like Gecko; compatible; ClaudeBot/1.0; +claudebot@anthropic.com)" "-"
216.73.216.0 - - [30/Jul/2026:00:32:01 +0200] "GET /item/061043231?loknya=%2Fhomepages%2F43%2Fd895481126%2Fhtdocs%2Fclickandbuilds%2FLogestyServices HTTP/1.1" 200 83793 logesty-services.fr "-" "Mozilla/5.0 AppleWebKit/537.36 (KHTML, like Gecko; compatible; ClaudeBot/1.0; +claudebot@anthropic.com)" "-"
66.249.64.0 - - [30/Jul/2026:00:32:05 +0200] "GET /detail/415107177.shtm HTTP/1.1" 200 83792 logesty-services.fr "-" "Mozilla/5.0 (Linux; Android 6.0.1; Nexus 5X Build/MMB29P) AppleWebKit/537.36 (KHTML, like Gecko) Chrome/150.0.7871.186 Mobile Safari/537.36 (compatible; GoogleOther)" "-"
216.73.216.0 - - [30/Jul/2026:00:32:06 +0200] "GET /item/059044271?loknya=%2Fhomepages%2F43%2Fd895481126%2Fhtdocs%2Fclickandbuilds%2FLogestyServices%2Fauthor HTTP/1.1" 200 11594 logesty-services.fr "-" "Mozilla/5.0 AppleWebKit/537.36 (KHTML, like Gecko; compatible; ClaudeBot/1.0; +claudebot@anthropic.com)" "-"
216.73.216.0 - - [30/Jul/2026:00:32:11 +0200] "GET /item/051035007?loknya=%2Fhomepages%2F43%2Fd895481126%2Fhtdocs%2Fclickandbuilds%2FLogestyServices%2Fauthor HTTP/1.1" 200 11594 logesty-services.fr "-" "Mozilla/5.0 AppleWebKit/537.36 (KHTML, like Gecko; compatible; ClaudeBot/1.0; +claudebot@anthropic.com)" "-"
216.73.216.0 - - [30/Jul/2026:00:32:16 +0200] "GET /item/094008526?loknya=%2Fhomepages%2F43%2Fd895481126%2Fhtdocs%2Fclickandbuilds%2FLogestyServices%2Fecff6c HTTP/1.1" 200 8762 logesty-services.fr "-" "Mozilla/5.0 AppleWebKit/537.36 (KHTML, like Gecko; compatible; ClaudeBot/1.0; +claudebot@anthropic.com)" "-"
216.73.216.0 - - [30/Jul/2026:00:32:21 +0200] "GET /detail/394310.shtm?lokasie=%2Fbin%2Fsetterm&loknya=%2Fbin HTTP/1.1" 200 3940 logesty-services.fr "-" "Mozilla/5.0 AppleWebKit/537.36 (KHTML, like Gecko; compatible; ClaudeBot/1.0; +claudebot@anthropic.com)" "-"
216.73.216.0 - - [30/Jul/2026:00:32:26 +0200] "GET /detail/757052944.shtm?lokasie=%2Fbin%2Fpidwait&loknya=%2Fbin HTTP/1.1" 200 3940 logesty-services.fr "-" "Mozilla/5.0 AppleWebKit/537.36 (KHTML, like Gecko; compatible; ClaudeBot/1.0; +claudebot@anthropic.com)" "-"
66.249.64.0 - - [30/Jul/2026:00:32:31 +0200] "GET /?u=2581480389 HTTP/1.1" 200 157859 logesty-services.fr "-" "Mozilla/5.0 (Linux; Android 6.0.1; Nexus 5X Build/MMB29P) AppleWebKit/537.36 (KHTML, like Gecko) Chrome/150.0.7871.186 Mobile Safari/537.36 (compatible; Googlebot/2.1; +http://www.google.com/bot.html)" "-"
216.73.216.0 - - [30/Jul/2026:00:32:33 +0200] "GET /item/051026815?loknya=%2Fhomepages%2F43%2Fd895481126%2Fhtdocs%2Fclickandbuilds%2FLogestyServices%2Fwp-content HTTP/1.1" 200 30671 logesty-services.fr "-" "Mozilla/5.0 AppleWebKit/537.36 (KHTML, like Gecko; compatible; ClaudeBot/1.0; +claudebot@anthropic.com)" "-"
216.73.216.0 - - [30/Jul/2026:00:32:38 +0200] "GET /item/026026426?loknya=%2Fhomepages%2F43%2Fd895481126%2Fhtdocs%2Fclickandbuilds%2FLogestyServices%2Fecff6c HTTP/1.1" 200 8762 logesty-services.fr "-" "Mozilla/5.0 AppleWebKit/537.36 (KHTML, like Gecko; compatible; ClaudeBot/1.0; +claudebot@anthropic.com)" "-"
66.249.64.0 - - [30/Jul/2026:00:32:38 +0200] "GET /detail/623471013.shtm?loknya=/homepages/43/d895481126/htdocs/clickandbuilds/LogestyServices/wp-includes HTTP/1.1" 200 464441 logesty-services.fr "-" "Mozilla/5.0 (Linux; Android 6.0.1; Nexus 5X Build/MMB29P) AppleWebKit/537.36 (KHTML, like Gecko) Chrome/150.0.7871.186 Mobile Safari/537.36 (compatible; GoogleOther)" "-"
66.249.64.0 - - [30/Jul/2026:00:32:40 +0200] "GET /detail/595476992.shtm?loknya=/homepages/43/d895481126/htdocs/clickandbuilds/LogestyServices/decouvrez-le-concept-innovant-de-logesty-service-des-logements-de-qualite-pour-vos-weekends-et-courts-sejours HTTP/1.1" 200 15883 logesty-services.fr "-" "Mozilla/5.0 (Linux; Android 6.0.1; Nexus 5X Build/MMB29P) AppleWebKit/537.36 (KHTML, like Gecko) Chrome/150.0.7871.186 Mobile Safari/537.36 (compatible; GoogleOther)" "-"
216.73.216.0 - - [30/Jul/2026:00:32:43 +0200] "GET /shop/privilege/rear241015654.html?lokasie=%2Fbin%2Fdb_upgrade&loknya=%2Fbin HTTP/1.1" 200 3943 logesty-services.fr "-" "Mozilla/5.0 AppleWebKit/537.36 (KHTML, like Gecko; compatible; ClaudeBot/1.0; +claudebot@anthropic.com)" "-"
66.249.64.0 - - [30/Jul/2026:00:32:45 +0200] "GET /detail/726761204.shtm?lokasie=/homepages/18/d899388023/.htaccess&loknya=/homepages/18/d899388023 HTTP/1.1" 200 4070 logesty-services.fr "-" "Mozilla/5.0 (Linux; Android 6.0.1; Nexus 5X Build/MMB29P) AppleWebKit/537.36 (KHTML, like Gecko) Chrome/150.0.7871.186 Mobile Safari/537.36 (compatible; GoogleOther)" "-"
74.7.242.0 - - [30/Jul/2026:00:32:48 +0200] "GET /?lokasie=/proc/net//rt_cache&loknya=/proc/net/ HTTP/1.1" 200 4110 logesty-services.fr "http://logesty-services.fr/?loknya=/proc/net/" "Mozilla/5.0 AppleWebKit/537.36 (KHTML, like Gecko; compatible; GPTBot/1.4; +https://openai.com/gptbot)" "-"
216.73.216.0 - - [30/Jul/2026:00:32:48 +0200] "GET /detail/758143638.shtm?loknya=%2Fhomepages%2F8 HTTP/1.1" 200 18510 logesty-services.fr "-" "Mozilla/5.0 AppleWebKit/537.36 (KHTML, like Gecko; compatible; ClaudeBot/1.0; +claudebot@anthropic.com)" "-"
216.73.216.0 - - [30/Jul/2026:00:32:53 +0200] "GET /shop/journalism/mild287005894.html?loknya=%2Fhomepages%2F43%2Fd895481126%2Fhtdocs%2Fclickandbuilds%2FLogestyServices%2Ftype HTTP/1.1" 200 12747 logesty-services.fr "-" "Mozilla/5.0 AppleWebKit/537.36 (KHTML, like Gecko; compatible; ClaudeBot/1.0; +claudebot@anthropic.com)" "-"
216.73.216.0 - - [30/Jul/2026:00:32:58 +0200] "GET /shop/flight/your298040791.html?loknya=%2Fhomepages%2F43%2Fd895481126%2Fhtdocs%2Fclickandbuilds%2FLogestyServices%2Fecff6c HTTP/1.1" 200 8762 logesty-services.fr "-" "Mozilla/5.0 AppleWebKit/537.36 (KHTML, like Gecko; compatible; ClaudeBot/1.0; +claudebot@anthropic.com)" "-"
114.119.130.0 - - [30/Jul/2026:00:33:02 +0200] "GET /listing/appartement-paris-clichy/?loknya=/homepages/43/d895481126/htdocs/clickandbuilds/LogestyServices/wp-includes/images HTTP/1.1" 200 57923 logesty-services.fr "https://logesty-services.fr/listing/appartement-paris-clichy/?loknya=/homepages/43/d895481126/htdocs/clickandbuilds/LogestyServices/wp-includes" "Mozilla/5.0 (Linux; Android 7.0;) AppleWebKit/537.36 (HTML, like Gecko) Mobile Safari/537.36 (compatible; PetalBot;+https://webmaster.petalsearch.com/site/petalbot)" "-"
216.73.216.0 - - [30/Jul/2026:00:33:03 +0200] "GET /detail/618199417.shtm?lokasie=%2Flib%2Fx86_64-linux-gnu%2Flibgdbm_compat.so.4.0.0&loknya=%2Flib%2Fx86_64-linux-gnu HTTP/1.1" 200 4034 logesty-services.fr "-" "Mozilla/5.0 AppleWebKit/537.36 (KHTML, like Gecko; compatible; ClaudeBot/1.0; +claudebot@anthropic.com)" "-"
216.73.216.0 - - [30/Jul/2026:00:33:08 +0200] "GET /shop/raw/rebel083045182.html?lokasie=%2Fbin%2Fcatman&loknya=%2Fbin HTTP/1.1" 200 3939 logesty-services.fr "-" "Mozilla/5.0 AppleWebKit/537.36 (KHTML, like Gecko; compatible; ClaudeBot/1.0; +claudebot@anthropic.com)" "-"
216.73.216.0 - - [30/Jul/2026:00:33:13 +0200] "GET /shop/speculate/perfectly062016617.html?loknya=%2Fhomepages%2F43%2Fd895481126%2Fhtdocs%2Fclickandbuilds%2FLogestyServices%2Fwp-includes HTTP/1.1" 200 464442 logesty-services.fr "-" "Mozilla/5.0 AppleWebKit/537.36 (KHTML, like Gecko; compatible; ClaudeBot/1.0; +claudebot@anthropic.com)" "-"
216.73.216.0 - - [30/Jul/2026:00:33:18 +0200] "GET /detail/670721085.shtm?loknya=%2Fhomepages%2F43%2Fd895481126%2Fhtdocs%2Fclickandbuilds%2FLogestyServices%2F.wp-cli HTTP/1.1" 200 11569 logesty-services.fr "-" "Mozilla/5.0 AppleWebKit/537.36 (KHTML, like Gecko; compatible; ClaudeBot/1.0; +claudebot@anthropic.com)" "-"
216.73.216.0 - - [30/Jul/2026:00:33:23 +0200] "GET /detail/750991439.shtm?loknya=%2Fhomepages%2F43%2Fd895481126%2Fhtdocs HTTP/1.1" 200 14209 logesty-services.fr "-" "Mozilla/5.0 AppleWebKit/537.36 (KHTML, like Gecko; compatible; ClaudeBot/1.0; +claudebot@anthropic.com)" "-"
66.249.64.0 - - [30/Jul/2026:00:33:24 +0200] "GET /detail/185769905.shtm HTTP/1.1" 200 83792 logesty-services.fr "-" "Mozilla/5.0 (Linux; Android 6.0.1; Nexus 5X Build/MMB29P) AppleWebKit/537.36 (KHTML, like Gecko) Chrome/150.0.7871.186 Mobile Safari/537.36 (compatible; GoogleOther)" "-"
216.73.216.0 - - [30/Jul/2026:00:33:28 +0200] "GET /shop/developer/realize226013675.html?lokasie=%2Fhomepages%2F43%2Fd895481126%2Fhtdocs%2Fclickandbuilds%2FLogestyServices%2Fwp-admin%2Fincludes%2Fpost.php&loknya=%2Fhomepages%2F43%2Fd895481126%2Fhtdocs%2Fclickandbuilds%2FLogestyServices%2Fwp-admin%2Fincludes HTTP/1.1" 200 90371 logesty-services.fr "-" "Mozilla/5.0 AppleWebKit/537.36 (KHTML, like Gecko; compatible; ClaudeBot/1.0; +claudebot@anthropic.com)" "-"
66.249.64.0 - - [30/Jul/2026:00:33:28 +0200] "GET /detail/130500266.shtm HTTP/1.1" 200 83792 logesty-services.fr "-" "Mozilla/5.0 (Linux; Android 6.0.1; Nexus 5X Build/MMB29P) AppleWebKit/537.36 (KHTML, like Gecko) Chrome/150.0.7871.186 Mobile Safari/537.36 (compatible; GoogleOther)" "-"
66.249.64.0 - - [30/Jul/2026:00:33:30 +0200] "GET /detail/88432158.shtm HTTP/1.1" 200 83792 logesty-services.fr "-" "Mozilla/5.0 (Linux; Android 6.0.1; Nexus 5X Build/MMB29P) AppleWebKit/537.36 (KHTML, like Gecko) Chrome/150.0.7871.186 Mobile Safari/537.36 (compatible; GoogleOther)" "-"
