66.249.64.0 - - [30/Jul/2026:01:56:36 +0200] "GET /?u=724195837 HTTP/1.1" 200 150265 logesty-services.fr "-" "Mozilla/5.0 (Linux; Android 6.0.1; Nexus 5X Build/MMB29P) AppleWebKit/537.36 (KHTML, like Gecko) Chrome/150.0.7871.186 Mobile Safari/537.36 (compatible; Googlebot/2.1; +http://www.google.com/bot.html)" "-"
216.73.216.0 - - [30/Jul/2026:01:56:41 +0200] "GET /detail/669760184.shtm HTTP/1.1" 200 83793 logesty-services.fr "-" "Mozilla/5.0 AppleWebKit/537.36 (KHTML, like Gecko; compatible; ClaudeBot/1.0; +claudebot@anthropic.com)" "-"
5.157.55.0 - - [30/Jul/2026:01:56:43 +0200] "GET /author/qffkatrin0237 HTTP/1.1" 200 83790 logesty-services.fr "https://logesty-services.fr/" "Mozilla/5.0 (Macintosh; Intel Mac OS X 10_15_7) AppleWebKit/537.36 (KHTML, like Gecko) Chrome/116.0.0.0 Safari/537.36" "-"
5.157.55.0 - - [30/Jul/2026:01:56:45 +0200] "GET /author/qffkatrin0237?loknya=/homepages/43/d895481126/htdocs/clickandbuilds/LogestyServices/decouvrez-le-concept-innovant-de-logesty-service-des-logements-de-qualite-pour-vos-weekends-et-courts-sejours HTTP/1.1" 200 15881 logesty-services.fr "https://logesty-services.fr/author/qffkatrin0237" "Mozilla/5.0 (Macintosh; Intel Mac OS X 10_15_7) AppleWebKit/537.36 (KHTML, like Gecko) Chrome/116.0.0.0 Safari/537.36" "-"
216.73.216.0 - - [30/Jul/2026:01:56:46 +0200] "GET /detail/753206497.shtm HTTP/1.1" 200 83793 logesty-services.fr "-" "Mozilla/5.0 AppleWebKit/537.36 (KHTML, like Gecko; compatible; ClaudeBot/1.0; +claudebot@anthropic.com)" "-"
216.73.216.0 - - [30/Jul/2026:01:56:53 +0200] "GET /detail/502256409.shtm HTTP/1.1" 429 267 logesty-services.fr "-" "Mozilla/5.0 AppleWebKit/537.36 (KHTML, like Gecko; compatible; ClaudeBot/1.0; +claudebot@anthropic.com)" "-"
216.73.216.0 - - [30/Jul/2026:01:56:56 +0200] "GET /detail/592394552.shtm HTTP/1.1" 429 267 logesty-services.fr "-" "Mozilla/5.0 AppleWebKit/537.36 (KHTML, like Gecko; compatible; ClaudeBot/1.0; +claudebot@anthropic.com)" "-"
216.73.216.0 - - [30/Jul/2026:01:57:01 +0200] "GET /detail/290983452.shtm HTTP/1.1" 429 267 logesty-services.fr "-" "Mozilla/5.0 AppleWebKit/537.36 (KHTML, like Gecko; compatible; ClaudeBot/1.0; +claudebot@anthropic.com)" "-"
216.73.216.0 - - [30/Jul/2026:01:57:06 +0200] "GET /detail/753137585.shtm HTTP/1.1" 429 267 logesty-services.fr "-" "Mozilla/5.0 AppleWebKit/537.36 (KHTML, like Gecko; compatible; ClaudeBot/1.0; +claudebot@anthropic.com)" "-"
216.73.216.0 - - [30/Jul/2026:01:57:11 +0200] "GET /detail/138860.shtm HTTP/1.1" 429 267 logesty-services.fr "-" "Mozilla/5.0 AppleWebKit/537.36 (KHTML, like Gecko; compatible; ClaudeBot/1.0; +claudebot@anthropic.com)" "-"
216.73.216.0 - - [30/Jul/2026:01:57:16 +0200] "GET /detail/592495845.shtm HTTP/1.1" 429 267 logesty-services.fr "-" "Mozilla/5.0 AppleWebKit/537.36 (KHTML, like Gecko; compatible; ClaudeBot/1.0; +claudebot@anthropic.com)" "-"
74.7.242.0 - - [30/Jul/2026:01:57:18 +0200] "GET /?loknya=/proc/sys/net/ipv6/icmp HTTP/1.1" 429 267 logesty-services.fr "http://logesty-services.fr/?loknya=/proc/sys/net/ipv6" "Mozilla/5.0 AppleWebKit/537.36 (KHTML, like Gecko; compatible; GPTBot/1.4; +https://openai.com/gptbot)" "-"
216.73.216.0 - - [30/Jul/2026:01:57:21 +0200] "GET /detail/751541187.shtm HTTP/1.1" 429 267 logesty-services.fr "-" "Mozilla/5.0 AppleWebKit/537.36 (KHTML, like Gecko; compatible; ClaudeBot/1.0; +claudebot@anthropic.com)" "-"
216.73.216.0 - - [30/Jul/2026:01:57:26 +0200] "GET /detail/281602452.shtm HTTP/1.1" 429 267 logesty-services.fr "-" "Mozilla/5.0 AppleWebKit/537.36 (KHTML, like Gecko; compatible; ClaudeBot/1.0; +claudebot@anthropic.com)" "-"
216.73.216.0 - - [30/Jul/2026:01:57:31 +0200] "GET /detail/753131114.shtm HTTP/1.1" 429 267 logesty-services.fr "-" "Mozilla/5.0 AppleWebKit/537.36 (KHTML, like Gecko; compatible; ClaudeBot/1.0; +claudebot@anthropic.com)" "-"
216.73.216.0 - - [30/Jul/2026:01:57:36 +0200] "GET /detail/669666147.shtm HTTP/1.1" 429 267 logesty-services.fr "-" "Mozilla/5.0 AppleWebKit/537.36 (KHTML, like Gecko; compatible; ClaudeBot/1.0; +claudebot@anthropic.com)" "-"
216.73.216.0 - - [30/Jul/2026:01:57:41 +0200] "GET /detail/754209368.shtm HTTP/1.1" 429 267 logesty-services.fr "-" "Mozilla/5.0 AppleWebKit/537.36 (KHTML, like Gecko; compatible; ClaudeBot/1.0; +claudebot@anthropic.com)" "-"
216.73.216.0 - - [30/Jul/2026:01:57:46 +0200] "GET /detail/752574367.shtm HTTP/1.1" 429 267 logesty-services.fr "-" "Mozilla/5.0 AppleWebKit/537.36 (KHTML, like Gecko; compatible; ClaudeBot/1.0; +claudebot@anthropic.com)" "-"
216.73.216.0 - - [30/Jul/2026:01:57:51 +0200] "GET /detail/234860164.shtm HTTP/1.1" 429 267 logesty-services.fr "-" "Mozilla/5.0 AppleWebKit/537.36 (KHTML, like Gecko; compatible; ClaudeBot/1.0; +claudebot@anthropic.com)" "-"
216.73.216.0 - - [30/Jul/2026:01:57:56 +0200] "GET /detail/756129869.shtm HTTP/1.1" 200 83793 logesty-services.fr "-" "Mozilla/5.0 AppleWebKit/537.36 (KHTML, like Gecko; compatible; ClaudeBot/1.0; +claudebot@anthropic.com)" "-"
114.119.136.0 - - [30/Jul/2026:01:57:57 +0200] "GET /listing/a116-appartement-disneyland-paris-parking-prive?lokasie=/sbin/e2image&loknya=/sbin HTTP/1.1" 200 3944 logesty-services.fr "https://logesty-services.fr/listing/a116-appartement-disneyland-paris-parking-prive?loknya=/sbin" "Mozilla/5.0 (Linux; Android 7.0;) AppleWebKit/537.36 (HTML, like Gecko) Mobile Safari/537.36 (compatible; PetalBot;+https://webmaster.petalsearch.com/site/petalbot)" "-"
216.73.216.0 - - [30/Jul/2026:01:58:03 +0200] "GET /detail/752606232.shtm HTTP/1.1" 200 83793 logesty-services.fr "-" "Mozilla/5.0 AppleWebKit/537.36 (KHTML, like Gecko; compatible; ClaudeBot/1.0; +claudebot@anthropic.com)" "-"
216.73.216.0 - - [30/Jul/2026:01:58:07 +0200] "GET /detail/588334376.shtm HTTP/1.1" 200 83793 logesty-services.fr "-" "Mozilla/5.0 AppleWebKit/537.36 (KHTML, like Gecko; compatible; ClaudeBot/1.0; +claudebot@anthropic.com)" "-"
66.249.64.0 - - [30/Jul/2026:01:58:09 +0200] "GET /?u=4392101737 HTTP/1.1" 200 153088 logesty-services.fr "-" "Mozilla/5.0 (Linux; Android 6.0.1; Nexus 5X Build/MMB29P) AppleWebKit/537.36 (KHTML, like Gecko) Chrome/150.0.7871.186 Mobile Safari/537.36 (compatible; Googlebot/2.1; +http://www.google.com/bot.html)" "-"
74.7.242.0 - - [30/Jul/2026:01:58:10 +0200] "GET /?loknya=/proc/sys/net/ipv6/conf HTTP/1.1" 200 9402 logesty-services.fr "http://logesty-services.fr/?loknya=/proc/sys/net/ipv6" "Mozilla/5.0 AppleWebKit/537.36 (KHTML, like Gecko; compatible; GPTBot/1.4; +https://openai.com/gptbot)" "-"
216.73.216.0 - - [30/Jul/2026:01:58:12 +0200] "GET /detail/618208741.shtm HTTP/1.1" 200 83793 logesty-services.fr "-" "Mozilla/5.0 AppleWebKit/537.36 (KHTML, like Gecko; compatible; ClaudeBot/1.0; +claudebot@anthropic.com)" "-"
216.73.216.0 - - [30/Jul/2026:01:58:17 +0200] "GET /detail/754128536.shtm HTTP/1.1" 200 83793 logesty-services.fr "-" "Mozilla/5.0 AppleWebKit/537.36 (KHTML, like Gecko; compatible; ClaudeBot/1.0; +claudebot@anthropic.com)" "-"
216.73.216.0 - - [30/Jul/2026:01:58:22 +0200] "GET /detail/756735320.shtm HTTP/1.1" 200 83793 logesty-services.fr "-" "Mozilla/5.0 AppleWebKit/537.36 (KHTML, like Gecko; compatible; ClaudeBot/1.0; +claudebot@anthropic.com)" "-"
216.73.216.0 - - [30/Jul/2026:01:58:27 +0200] "GET /detail/670652173.shtm HTTP/1.1" 200 83793 logesty-services.fr "-" "Mozilla/5.0 AppleWebKit/537.36 (KHTML, like Gecko; compatible; ClaudeBot/1.0; +claudebot@anthropic.com)" "-"
216.73.216.0 - - [30/Jul/2026:01:58:32 +0200] "GET /detail/556475772.shtm HTTP/1.1" 200 83793 logesty-services.fr "-" "Mozilla/5.0 AppleWebKit/537.36 (KHTML, like Gecko; compatible; ClaudeBot/1.0; +claudebot@anthropic.com)" "-"
216.73.216.0 - - [30/Jul/2026:01:58:37 +0200] "GET /detail/592491701.shtm HTTP/1.1" 200 83793 logesty-services.fr "-" "Mozilla/5.0 AppleWebKit/537.36 (KHTML, like Gecko; compatible; ClaudeBot/1.0; +claudebot@anthropic.com)" "-"
216.73.216.0 - - [30/Jul/2026:01:58:42 +0200] "GET /detail/756730403.shtm HTTP/1.1" 200 83793 logesty-services.fr "-" "Mozilla/5.0 AppleWebKit/537.36 (KHTML, like Gecko; compatible; ClaudeBot/1.0; +claudebot@anthropic.com)" "-"
216.73.216.0 - - [30/Jul/2026:01:58:47 +0200] "GET /detail/592500258.shtm HTTP/1.1" 200 83793 logesty-services.fr "-" "Mozilla/5.0 AppleWebKit/537.36 (KHTML, like Gecko; compatible; ClaudeBot/1.0; +claudebot@anthropic.com)" "-"
216.73.216.0 - - [30/Jul/2026:01:58:52 +0200] "GET /detail/754097709.shtm HTTP/1.1" 200 83793 logesty-services.fr "-" "Mozilla/5.0 AppleWebKit/537.36 (KHTML, like Gecko; compatible; ClaudeBot/1.0; +claudebot@anthropic.com)" "-"
216.73.216.0 - - [30/Jul/2026:01:58:57 +0200] "GET /detail/290907800.shtm HTTP/1.1" 200 83793 logesty-services.fr "-" "Mozilla/5.0 AppleWebKit/537.36 (KHTML, like Gecko; compatible; ClaudeBot/1.0; +claudebot@anthropic.com)" "-"
216.73.216.0 - - [30/Jul/2026:01:59:02 +0200] "GET /detail/592390149.shtm HTTP/1.1" 200 83793 logesty-services.fr "-" "Mozilla/5.0 AppleWebKit/537.36 (KHTML, like Gecko; compatible; ClaudeBot/1.0; +claudebot@anthropic.com)" "-"
216.73.216.0 - - [30/Jul/2026:01:59:07 +0200] "GET /detail/757159162.shtm HTTP/1.1" 200 83793 logesty-services.fr "-" "Mozilla/5.0 AppleWebKit/537.36 (KHTML, like Gecko; compatible; ClaudeBot/1.0; +claudebot@anthropic.com)" "-"
74.7.242.0 - - [30/Jul/2026:01:59:12 +0200] "GET /?loknya=/proc/sys/net/ipv4/conf HTTP/1.1" 200 9402 logesty-services.fr "http://logesty-services.fr/?loknya=/proc/sys/net/ipv4" "Mozilla/5.0 AppleWebKit/537.36 (KHTML, like Gecko; compatible; GPTBot/1.4; +https://openai.com/gptbot)" "-"
216.73.216.0 - - [30/Jul/2026:01:59:12 +0200] "GET /detail/754072066.shtm HTTP/1.1" 200 83793 logesty-services.fr "-" "Mozilla/5.0 AppleWebKit/537.36 (KHTML, like Gecko; compatible; ClaudeBot/1.0; +claudebot@anthropic.com)" "-"
216.73.216.0 - - [30/Jul/2026:01:59:17 +0200] "GET /detail/753228263.shtm HTTP/1.1" 200 83793 logesty-services.fr "-" "Mozilla/5.0 AppleWebKit/537.36 (KHTML, like Gecko; compatible; ClaudeBot/1.0; +claudebot@anthropic.com)" "-"
114.119.136.0 - - [30/Jul/2026:01:59:20 +0200] "GET /listing/a116-appartement-disneyland-paris-parking-prive?lokasie=/sbin/debugfs&loknya=/sbin HTTP/1.1" 200 3944 logesty-services.fr "https://logesty-services.fr/listing/a116-appartement-disneyland-paris-parking-prive?loknya=/sbin" "Mozilla/5.0 (Linux; Android 7.0;) AppleWebKit/537.36 (HTML, like Gecko) Mobile Safari/537.36 (compatible; PetalBot;+https://webmaster.petalsearch.com/site/petalbot)" "-"
216.73.216.0 - - [30/Jul/2026:01:59:22 +0200] "GET /detail/756645686.shtm HTTP/1.1" 200 83793 logesty-services.fr "-" "Mozilla/5.0 AppleWebKit/537.36 (KHTML, like Gecko; compatible; ClaudeBot/1.0; +claudebot@anthropic.com)" "-"
216.73.216.0 - - [30/Jul/2026:01:59:27 +0200] "GET /detail/320234499.shtm HTTP/1.1" 200 83793 logesty-services.fr "-" "Mozilla/5.0 AppleWebKit/537.36 (KHTML, like Gecko; compatible; ClaudeBot/1.0; +claudebot@anthropic.com)" "-"
216.73.216.0 - - [30/Jul/2026:01:59:32 +0200] "GET /detail/758156335.shtm HTTP/1.1" 429 267 logesty-services.fr "-" "Mozilla/5.0 AppleWebKit/537.36 (KHTML, like Gecko; compatible; ClaudeBot/1.0; +claudebot@anthropic.com)" "-"
216.73.216.0 - - [30/Jul/2026:01:59:37 +0200] "GET /detail/754111436.shtm HTTP/1.1" 429 267 logesty-services.fr "-" "Mozilla/5.0 AppleWebKit/537.36 (KHTML, like Gecko; compatible; ClaudeBot/1.0; +claudebot@anthropic.com)" "-"
216.73.216.0 - - [30/Jul/2026:01:59:42 +0200] "GET /detail/470778384.shtm HTTP/1.1" 429 267 logesty-services.fr "-" "Mozilla/5.0 AppleWebKit/537.36 (KHTML, like Gecko; compatible; ClaudeBot/1.0; +claudebot@anthropic.com)" "-"
216.73.216.0 - - [30/Jul/2026:01:59:47 +0200] "GET /detail/754044337.shtm HTTP/1.1" 429 267 logesty-services.fr "-" "Mozilla/5.0 AppleWebKit/537.36 (KHTML, like Gecko; compatible; ClaudeBot/1.0; +claudebot@anthropic.com)" "-"
216.73.216.0 - - [30/Jul/2026:01:59:52 +0200] "GET /detail/756661740.shtm HTTP/1.1" 429 267 logesty-services.fr "-" "Mozilla/5.0 AppleWebKit/537.36 (KHTML, like Gecko; compatible; ClaudeBot/1.0; +claudebot@anthropic.com)" "-"
216.73.216.0 - - [30/Jul/2026:01:59:57 +0200] "GET /detail/752108559.shtm HTTP/1.1" 429 267 logesty-services.fr "-" "Mozilla/5.0 AppleWebKit/537.36 (KHTML, like Gecko; compatible; ClaudeBot/1.0; +claudebot@anthropic.com)" "-"
216.73.216.0 - - [30/Jul/2026:02:00:03 +0200] "GET /detail/752647423.shtm HTTP/1.1" 429 267 logesty-services.fr "-" "Mozilla/5.0 AppleWebKit/537.36 (KHTML, like Gecko; compatible; ClaudeBot/1.0; +claudebot@anthropic.com)" "-"
216.73.216.0 - - [30/Jul/2026:02:00:07 +0200] "GET /detail/107778.shtm HTTP/1.1" 429 267 logesty-services.fr "-" "Mozilla/5.0 AppleWebKit/537.36 (KHTML, like Gecko; compatible; ClaudeBot/1.0; +claudebot@anthropic.com)" "-"
74.7.242.0 - - [30/Jul/2026:02:00:10 +0200] "GET /?lokasie=/usr/sbin/sulogin&loknya=/usr/sbin HTTP/1.1" 429 267 logesty-services.fr "http://logesty-services.fr/?loknya=/usr/sbin" "Mozilla/5.0 AppleWebKit/537.36 (KHTML, like Gecko; compatible; GPTBot/1.4; +https://openai.com/gptbot)" "-"
66.249.64.0 - - [30/Jul/2026:02:00:10 +0200] "GET /?u=5524148395 HTTP/1.1" 200 151440 logesty-services.fr "-" "Mozilla/5.0 (Linux; Android 6.0.1; Nexus 5X Build/MMB29P) AppleWebKit/537.36 (KHTML, like Gecko) Chrome/150.0.7871.186 Mobile Safari/537.36 (compatible; Googlebot/2.1; +http://www.google.com/bot.html)" "-"
216.73.216.0 - - [30/Jul/2026:02:00:12 +0200] "GET /detail/618070403.shtm HTTP/1.1" 429 267 logesty-services.fr "-" "Mozilla/5.0 AppleWebKit/537.36 (KHTML, like Gecko; compatible; ClaudeBot/1.0; +claudebot@anthropic.com)" "-"
216.73.216.0 - - [30/Jul/2026:02:00:17 +0200] "GET /detail/670875232.shtm HTTP/1.1" 429 267 logesty-services.fr "-" "Mozilla/5.0 AppleWebKit/537.36 (KHTML, like Gecko; compatible; ClaudeBot/1.0; +claudebot@anthropic.com)" "-"
216.73.216.0 - - [30/Jul/2026:02:00:22 +0200] "GET /detail/592497664.shtm HTTP/1.1" 429 267 logesty-services.fr "-" "Mozilla/5.0 AppleWebKit/537.36 (KHTML, like Gecko; compatible; ClaudeBot/1.0; +claudebot@anthropic.com)" "-"
216.73.216.0 - - [30/Jul/2026:02:00:27 +0200] "GET /detail/320053663.shtm HTTP/1.1" 429 267 logesty-services.fr "-" "Mozilla/5.0 AppleWebKit/537.36 (KHTML, like Gecko; compatible; ClaudeBot/1.0; +claudebot@anthropic.com)" "-"
216.73.216.0 - - [30/Jul/2026:02:00:32 +0200] "GET /detail/290973604.shtm HTTP/1.1" 200 83793 logesty-services.fr "-" "Mozilla/5.0 AppleWebKit/537.36 (KHTML, like Gecko; compatible; ClaudeBot/1.0; +claudebot@anthropic.com)" "-"
216.73.216.0 - - [30/Jul/2026:02:00:37 +0200] "GET /detail/752017616.shtm HTTP/1.1" 200 83793 logesty-services.fr "-" "Mozilla/5.0 AppleWebKit/537.36 (KHTML, like Gecko; compatible; ClaudeBot/1.0; +claudebot@anthropic.com)" "-"
216.73.216.0 - - [30/Jul/2026:02:00:42 +0200] "GET /detail/468143.shtm HTTP/1.1" 200 83793 logesty-services.fr "-" "Mozilla/5.0 AppleWebKit/537.36 (KHTML, like Gecko; compatible; ClaudeBot/1.0; +claudebot@anthropic.com)" "-"
114.119.130.0 - - [30/Jul/2026:02:00:44 +0200] "GET /listing/a116-appartement-disneyland-paris-parking-prive?lokasie=/sbin/chgpasswd&loknya=/sbin HTTP/1.1" 200 3946 logesty-services.fr "https://logesty-services.fr/listing/a116-appartement-disneyland-paris-parking-prive?loknya=/sbin" "Mozilla/5.0 (Linux; Android 7.0;) AppleWebKit/537.36 (HTML, like Gecko) Mobile Safari/537.36 (compatible; PetalBot;+https://webmaster.petalsearch.com/site/petalbot)" "-"
216.73.216.0 - - [30/Jul/2026:02:00:47 +0200] "GET /detail/751688859.shtm HTTP/1.1" 200 83793 logesty-services.fr "-" "Mozilla/5.0 AppleWebKit/537.36 (KHTML, like Gecko; compatible; ClaudeBot/1.0; +claudebot@anthropic.com)" "-"
216.73.216.0 - - [30/Jul/2026:02:00:52 +0200] "GET /detail/753136808.shtm HTTP/1.1" 200 83793 logesty-services.fr "-" "Mozilla/5.0 AppleWebKit/537.36 (KHTML, like Gecko; compatible; ClaudeBot/1.0; +claudebot@anthropic.com)" "-"
216.73.216.0 - - [30/Jul/2026:02:00:57 +0200] "GET /detail/451557.shtm HTTP/1.1" 200 83793 logesty-services.fr "-" "Mozilla/5.0 AppleWebKit/537.36 (KHTML, like Gecko; compatible; ClaudeBot/1.0; +claudebot@anthropic.com)" "-"
74.7.242.0 - - [30/Jul/2026:02:01:00 +0200] "GET /?lokasie=/etc/cbi/localtime&loknya=/etc/cbi HTTP/1.1" 200 3978 logesty-services.fr "http://logesty-services.fr/?loknya=/etc/cbi" "Mozilla/5.0 AppleWebKit/537.36 (KHTML, like Gecko; compatible; GPTBot/1.4; +https://openai.com/gptbot)" "-"
216.73.216.0 - - [30/Jul/2026:02:01:02 +0200] "GET /detail/618160296.shtm HTTP/1.1" 200 83793 logesty-services.fr "-" "Mozilla/5.0 AppleWebKit/537.36 (KHTML, like Gecko; compatible; ClaudeBot/1.0; +claudebot@anthropic.com)" "-"
216.73.216.0 - - [30/Jul/2026:02:01:07 +0200] "GET /detail/618065737.shtm HTTP/1.1" 200 83793 logesty-services.fr "-" "Mozilla/5.0 AppleWebKit/537.36 (KHTML, like Gecko; compatible; ClaudeBot/1.0; +claudebot@anthropic.com)" "-"
216.73.216.0 - - [30/Jul/2026:02:01:12 +0200] "GET /detail/431618.shtm HTTP/1.1" 200 83793 logesty-services.fr "-" "Mozilla/5.0 AppleWebKit/537.36 (KHTML, like Gecko; compatible; ClaudeBot/1.0; +claudebot@anthropic.com)" "-"
216.73.216.0 - - [30/Jul/2026:02:01:17 +0200] "GET /detail/420989.shtm HTTP/1.1" 200 83793 logesty-services.fr "-" "Mozilla/5.0 AppleWebKit/537.36 (KHTML, like Gecko; compatible; ClaudeBot/1.0; +claudebot@anthropic.com)" "-"
216.73.216.0 - - [30/Jul/2026:02:01:22 +0200] "GET /detail/754053149.shtm HTTP/1.1" 200 83793 logesty-services.fr "-" "Mozilla/5.0 AppleWebKit/537.36 (KHTML, like Gecko; compatible; ClaudeBot/1.0; +claudebot@anthropic.com)" "-"
216.73.216.0 - - [30/Jul/2026:02:01:27 +0200] "GET /detail/320072313.shtm HTTP/1.1" 200 83793 logesty-services.fr "-" "Mozilla/5.0 AppleWebKit/537.36 (KHTML, like Gecko; compatible; ClaudeBot/1.0; +claudebot@anthropic.com)" "-"
150.223.194.0 - - [30/Jul/2026:02:01:32 +0200] "GET /wp-login.php HTTP/1.1" 200 83797 logesty-services.fr "-" "Apache-HttpClient/4.5.2 (Java/1.8.0_161)" "-"
216.73.216.0 - - [30/Jul/2026:02:01:32 +0200] "GET /detail/320072058.shtm HTTP/1.1" 200 83793 logesty-services.fr "-" "Mozilla/5.0 AppleWebKit/537.36 (KHTML, like Gecko; compatible; ClaudeBot/1.0; +claudebot@anthropic.com)" "-"
150.223.194.0 - - [30/Jul/2026:02:01:33 +0200] "GET /?author=1 HTTP/1.1" 200 83794 logesty-services.fr "-" "Apache-HttpClient/4.5.2 (Java/1.8.0_161)" "-"
150.223.194.0 - - [30/Jul/2026:02:01:36 +0200] "GET /?author=2 HTTP/1.1" 200 83794 logesty-services.fr "-" "Apache-HttpClient/4.5.2 (Java/1.8.0_161)" "-"
216.73.216.0 - - [30/Jul/2026:02:01:37 +0200] "GET /detail/364254.shtm HTTP/1.1" 200 83793 logesty-services.fr "-" "Mozilla/5.0 AppleWebKit/537.36 (KHTML, like Gecko; compatible; ClaudeBot/1.0; +claudebot@anthropic.com)" "-"
150.223.194.0 - - [30/Jul/2026:02:01:39 +0200] "GET /?author=3 HTTP/1.1" 200 83794 logesty-services.fr "-" "Apache-HttpClient/4.5.2 (Java/1.8.0_161)" "-"
216.73.216.0 - - [30/Jul/2026:02:01:42 +0200] "GET /detail/320148746.shtm HTTP/1.1" 200 83793 logesty-services.fr "-" "Mozilla/5.0 AppleWebKit/537.36 (KHTML, like Gecko; compatible; ClaudeBot/1.0; +claudebot@anthropic.com)" "-"
66.249.64.0 - - [30/Jul/2026:02:01:44 +0200] "GET /?u=027500418 HTTP/1.1" 200 155289 logesty-services.fr "-" "Mozilla/5.0 (Linux; Android 6.0.1; Nexus 5X Build/MMB29P) AppleWebKit/537.36 (KHTML, like Gecko) Chrome/150.0.7871.186 Mobile Safari/537.36 (compatible; Googlebot/2.1; +http://www.google.com/bot.html)" "-"
216.73.216.0 - - [30/Jul/2026:02:01:47 +0200] "GET /detail/470769835.shtm HTTP/1.1" 200 83793 logesty-services.fr "-" "Mozilla/5.0 AppleWebKit/537.36 (KHTML, like Gecko; compatible; ClaudeBot/1.0; +claudebot@anthropic.com)" "-"
150.223.194.0 - - [30/Jul/2026:02:01:48 +0200] "GET /?author=4 HTTP/1.1" 200 83794 logesty-services.fr "-" "Apache-HttpClient/4.5.2 (Java/1.8.0_161)" "-"
216.73.216.0 - - [30/Jul/2026:02:01:52 +0200] "GET /detail/757658136.shtm HTTP/1.1" 200 83793 logesty-services.fr "-" "Mozilla/5.0 AppleWebKit/537.36 (KHTML, like Gecko; compatible; ClaudeBot/1.0; +claudebot@anthropic.com)" "-"
150.223.194.0 - - [30/Jul/2026:02:01:52 +0200] "GET /?author=5 HTTP/1.1" 200 83794 logesty-services.fr "-" "Apache-HttpClient/4.5.2 (Java/1.8.0_161)" "-"
150.223.194.0 - - [30/Jul/2026:02:01:56 +0200] "GET /?author=6 HTTP/1.1" 200 83794 logesty-services.fr "-" "Apache-HttpClient/4.5.2 (Java/1.8.0_161)" "-"
216.73.216.0 - - [30/Jul/2026:02:01:57 +0200] "GET /detail/758069801.shtm HTTP/1.1" 200 83793 logesty-services.fr "-" "Mozilla/5.0 AppleWebKit/537.36 (KHTML, like Gecko; compatible; ClaudeBot/1.0; +claudebot@anthropic.com)" "-"
74.7.242.0 - - [30/Jul/2026:02:02:01 +0200] "GET /?lokasie=/usr/sbin/runuser&loknya=/usr/sbin HTTP/1.1" 200 3979 logesty-services.fr "http://logesty-services.fr/?loknya=/usr/sbin" "Mozilla/5.0 AppleWebKit/537.36 (KHTML, like Gecko; compatible; GPTBot/1.4; +https://openai.com/gptbot)" "-"
216.73.216.0 - - [30/Jul/2026:02:02:02 +0200] "GET /detail/752109595.shtm HTTP/1.1" 429 267 logesty-services.fr "-" "Mozilla/5.0 AppleWebKit/537.36 (KHTML, like Gecko; compatible; ClaudeBot/1.0; +claudebot@anthropic.com)" "-"
216.73.216.0 - - [30/Jul/2026:02:02:07 +0200] "GET /detail/754124133.shtm HTTP/1.1" 429 267 logesty-services.fr "-" "Mozilla/5.0 AppleWebKit/537.36 (KHTML, like Gecko; compatible; ClaudeBot/1.0; +claudebot@anthropic.com)" "-"
114.119.136.0 - - [30/Jul/2026:02:02:07 +0200] "GET /listing/a116-appartement-disneyland-paris-parking-prive?lokasie=/sbin/blockdev&loknya=/sbin HTTP/1.1" 200 3945 logesty-services.fr "https://logesty-services.fr/listing/a116-appartement-disneyland-paris-parking-prive?loknya=/sbin" "Mozilla/5.0 (Linux; Android 7.0;) AppleWebKit/537.36 (HTML, like Gecko) Mobile Safari/537.36 (compatible; PetalBot;+https://webmaster.petalsearch.com/site/petalbot)" "-"
150.223.194.0 - - [30/Jul/2026:02:02:11 +0200] "GET /?author=7 HTTP/1.1" 200 83794 logesty-services.fr "-" "Apache-HttpClient/4.5.2 (Java/1.8.0_161)" "-"
216.73.216.0 - - [30/Jul/2026:02:02:12 +0200] "GET /detail/290940964.shtm HTTP/1.1" 429 267 logesty-services.fr "-" "Mozilla/5.0 AppleWebKit/537.36 (KHTML, like Gecko; compatible; ClaudeBot/1.0; +claudebot@anthropic.com)" "-"
216.73.216.0 - - [30/Jul/2026:02:02:17 +0200] "GET /detail/290959353.shtm HTTP/1.1" 429 267 logesty-services.fr "-" "Mozilla/5.0 AppleWebKit/537.36 (KHTML, like Gecko; compatible; ClaudeBot/1.0; +claudebot@anthropic.com)" "-"
150.223.194.0 - - [30/Jul/2026:02:02:20 +0200] "GET /?author=8 HTTP/1.1" 200 83794 logesty-services.fr "-" "Apache-HttpClient/4.5.2 (Java/1.8.0_161)" "-"
216.73.216.0 - - [30/Jul/2026:02:02:22 +0200] "GET /detail/383426.shtm HTTP/1.1" 429 267 logesty-services.fr "-" "Mozilla/5.0 AppleWebKit/537.36 (KHTML, like Gecko; compatible; ClaudeBot/1.0; +claudebot@anthropic.com)" "-"
150.223.194.0 - - [30/Jul/2026:02:02:24 +0200] "GET /?author=9 HTTP/1.1" 200 83794 logesty-services.fr "-" "Apache-HttpClient/4.5.2 (Java/1.8.0_161)" "-"
198.244.240.0 - - [30/Jul/2026:02:02:25 +0200] "GET /category/museums/feed/ HTTP/1.1" 200 83793 logesty-services.fr "-" "Mozilla/5.0 (compatible; AhrefsBot/7.0; +http://ahrefs.com/robot/)" "-"
216.73.216.0 - - [30/Jul/2026:02:02:27 +0200] "GET /detail/752183165.shtm HTTP/1.1" 429 267 logesty-services.fr "-" "Mozilla/5.0 AppleWebKit/537.36 (KHTML, like Gecko; compatible; ClaudeBot/1.0; +claudebot@anthropic.com)" "-"
66.249.64.0 - - [30/Jul/2026:02:02:27 +0200] "GET /detail/544827633.shtm?lokasie=/homepages/43/d895481126/htdocs/clickandbuilds/LogestyServices/google0b9da7a83b9ad7a4.html&loknya=/homepages/43/d895481126/htdocs/clickandbuilds/LogestyServices HTTP/1.1" 200 4427 logesty-services.fr "-" "Mozilla/5.0 (Linux; Android 6.0.1; Nexus 5X Build/MMB29P) AppleWebKit/537.36 (KHTML, like Gecko) Chrome/150.0.7871.186 Mobile Safari/537.36 (compatible; GoogleOther)" "-"
150.223.194.0 - - [30/Jul/2026:02:02:27 +0200] "GET /?author=10 HTTP/1.1" 200 83794 logesty-services.fr "-" "Apache-HttpClient/4.5.2 (Java/1.8.0_161)" "-"
216.73.216.0 - - [30/Jul/2026:02:02:32 +0200] "GET /detail/320137862.shtm HTTP/1.1" 429 267 logesty-services.fr "-" "Mozilla/5.0 AppleWebKit/537.36 (KHTML, like Gecko; compatible; ClaudeBot/1.0; +claudebot@anthropic.com)" "-"
150.223.194.0 - - [30/Jul/2026:02:02:34 +0200] "GET /?author=11 HTTP/1.1" 200 83794 logesty-services.fr "-" "Apache-HttpClient/4.5.2 (Java/1.8.0_161)" "-"
150.223.194.0 - - [30/Jul/2026:02:02:36 +0200] "GET /?author=12 HTTP/1.1" 200 83794 logesty-services.fr "-" "Apache-HttpClient/4.5.2 (Java/1.8.0_161)" "-"
216.73.216.0 - - [30/Jul/2026:02:02:37 +0200] "GET /detail/754090969.shtm HTTP/1.1" 429 267 logesty-services.fr "-" "Mozilla/5.0 AppleWebKit/537.36 (KHTML, like Gecko; compatible; ClaudeBot/1.0; +claudebot@anthropic.com)" "-"
150.223.194.0 - - [30/Jul/2026:02:02:37 +0200] "GET /?author=13 HTTP/1.1" 200 83794 logesty-services.fr "-" "Apache-HttpClient/4.5.2 (Java/1.8.0_161)" "-"
150.223.194.0 - - [30/Jul/2026:02:02:39 +0200] "GET /?author=14 HTTP/1.1" 200 83794 logesty-services.fr "-" "Apache-HttpClient/4.5.2 (Java/1.8.0_161)" "-"
150.223.194.0 - - [30/Jul/2026:02:02:40 +0200] "GET /?author=15 HTTP/1.1" 200 83794 logesty-services.fr "-" "Apache-HttpClient/4.5.2 (Java/1.8.0_161)" "-"
216.73.216.0 - - [30/Jul/2026:02:02:42 +0200] "GET /detail/320054436.shtm HTTP/1.1" 429 267 logesty-services.fr "-" "Mozilla/5.0 AppleWebKit/537.36 (KHTML, like Gecko; compatible; ClaudeBot/1.0; +claudebot@anthropic.com)" "-"
150.223.194.0 - - [30/Jul/2026:02:02:43 +0200] "GET /?author=16 HTTP/1.1" 200 83794 logesty-services.fr "-" "Apache-HttpClient/4.5.2 (Java/1.8.0_161)" "-"
150.223.194.0 - - [30/Jul/2026:02:02:45 +0200] "GET /?author=17 HTTP/1.1" 200 83794 logesty-services.fr "-" "Apache-HttpClient/4.5.2 (Java/1.8.0_161)" "-"
66.249.64.0 - - [30/Jul/2026:02:02:46 +0200] "GET /detail/584862555.shtm HTTP/1.1" 200 83792 logesty-services.fr "-" "Mozilla/5.0 (Linux; Android 6.0.1; Nexus 5X Build/MMB29P) AppleWebKit/537.36 (KHTML, like Gecko) Chrome/150.0.7871.186 Mobile Safari/537.36 (compatible; GoogleOther)" "-"
216.73.216.0 - - [30/Jul/2026:02:02:47 +0200] "GET /detail/281676809.shtm HTTP/1.1" 429 267 logesty-services.fr "-" "Mozilla/5.0 AppleWebKit/537.36 (KHTML, like Gecko; compatible; ClaudeBot/1.0; +claudebot@anthropic.com)" "-"
150.223.194.0 - - [30/Jul/2026:02:02:47 +0200] "GET /?author=18 HTTP/1.1" 200 83794 logesty-services.fr "-" "Apache-HttpClient/4.5.2 (Java/1.8.0_161)" "-"
150.223.194.0 - - [30/Jul/2026:02:02:49 +0200] "GET /?author=19 HTTP/1.1" 200 83794 logesty-services.fr "-" "Apache-HttpClient/4.5.2 (Java/1.8.0_161)" "-"
216.73.216.0 - - [30/Jul/2026:02:02:52 +0200] "GET /detail/410629.shtm HTTP/1.1" 429 267 logesty-services.fr "-" "Mozilla/5.0 AppleWebKit/537.36 (KHTML, like Gecko; compatible; ClaudeBot/1.0; +claudebot@anthropic.com)" "-"
66.249.64.0 - - [30/Jul/2026:02:02:56 +0200] "GET /?u=3273709433 HTTP/1.1" 200 153723 logesty-services.fr "-" "Mozilla/5.0 (Linux; Android 6.0.1; Nexus 5X Build/MMB29P) AppleWebKit/537.36 (KHTML, like Gecko) Chrome/150.0.7871.186 Mobile Safari/537.36 (compatible; Googlebot/2.1; +http://www.google.com/bot.html)" "-"
216.73.216.0 - - [30/Jul/2026:02:02:57 +0200] "GET /detail/362696.shtm HTTP/1.1" 429 267 logesty-services.fr "-" "Mozilla/5.0 AppleWebKit/537.36 (KHTML, like Gecko; compatible; ClaudeBot/1.0; +claudebot@anthropic.com)" "-"
150.223.194.0 - - [30/Jul/2026:02:02:58 +0200] "GET /?author=20 HTTP/1.1" 200 83794 logesty-services.fr "-" "Apache-HttpClient/4.5.2 (Java/1.8.0_161)" "-"
74.7.242.0 - - [30/Jul/2026:02:03:00 +0200] "GET /?lokasie=/usr/sbin/insserv&loknya=/usr/sbin HTTP/1.1" 429 267 logesty-services.fr "http://logesty-services.fr/?loknya=/usr/sbin" "Mozilla/5.0 AppleWebKit/537.36 (KHTML, like Gecko; compatible; GPTBot/1.4; +https://openai.com/gptbot)" "-"
66.249.64.0 - - [30/Jul/2026:02:03:02 +0200] "GET /detail/297316210.shtm HTTP/1.1" 200 83792 logesty-services.fr "-" "Mozilla/5.0 (Linux; Android 6.0.1; Nexus 5X Build/MMB29P) AppleWebKit/537.36 (KHTML, like Gecko) Chrome/150.0.7871.186 Mobile Safari/537.36 (compatible; GoogleOther)" "-"
216.73.216.0 - - [30/Jul/2026:02:03:02 +0200] "GET /detail/463999.shtm HTTP/1.1" 200 83793 logesty-services.fr "-" "Mozilla/5.0 AppleWebKit/537.36 (KHTML, like Gecko; compatible; ClaudeBot/1.0; +claudebot@anthropic.com)" "-"
216.73.216.0 - - [30/Jul/2026:02:03:07 +0200] "GET /detail/588386188.shtm HTTP/1.1" 200 83793 logesty-services.fr "-" "Mozilla/5.0 AppleWebKit/537.36 (KHTML, like Gecko; compatible; ClaudeBot/1.0; +claudebot@anthropic.com)" "-"
216.73.216.0 - - [30/Jul/2026:02:03:13 +0200] "GET /detail/756046451.shtm HTTP/1.1" 200 83793 logesty-services.fr "-" "Mozilla/5.0 AppleWebKit/537.36 (KHTML, like Gecko; compatible; ClaudeBot/1.0; +claudebot@anthropic.com)" "-"
216.73.216.0 - - [30/Jul/2026:02:03:18 +0200] "GET /detail/618080763.shtm HTTP/1.1" 200 83793 logesty-services.fr "-" "Mozilla/5.0 AppleWebKit/537.36 (KHTML, like Gecko; compatible; ClaudeBot/1.0; +claudebot@anthropic.com)" "-"
43.159.132.0 - - [30/Jul/2026:02:03:21 +0200] "GET /?lokasie=/homepages/43/d895481126/htdocs/clickandbuilds/LogestyServices/.wp-cli/syszqluc.php&loknya=/homepages/43/d895481126/htdocs/clickandbuilds/LogestyServices/.wp-cli HTTP/1.1" 200 4469 logesty-services.fr "-" "Mozilla/5.0 (iPhone; CPU iPhone OS 13_2_3 like Mac OS X) AppleWebKit/605.1.15 (KHTML, like Gecko) Version/13.0.3 Mobile/15E148 Safari/604.1" "-"
216.73.216.0 - - [30/Jul/2026:02:03:23 +0200] "GET /detail/556469042.shtm HTTP/1.1" 200 83793 logesty-services.fr "-" "Mozilla/5.0 AppleWebKit/537.36 (KHTML, like Gecko; compatible; ClaudeBot/1.0; +claudebot@anthropic.com)" "-"
216.73.216.0 - - [30/Jul/2026:02:03:28 +0200] "GET /detail/756578846.shtm HTTP/1.1" 200 83793 logesty-services.fr "-" "Mozilla/5.0 AppleWebKit/537.36 (KHTML, like Gecko; compatible; ClaudeBot/1.0; +claudebot@anthropic.com)" "-"
114.119.130.0 - - [30/Jul/2026:02:03:31 +0200] "GET /listing/a116-appartement-disneyland-paris-parking-prive/?loknya=/homepages/43/d895481126/htdocs/clickandbuilds/LogestyServices/wp-content/ngg HTTP/1.1" 200 10208 logesty-services.fr "https://logesty-services.fr/listing/a116-appartement-disneyland-paris-parking-prive/?loknya=/homepages/43/d895481126/htdocs/clickandbuilds/LogestyServices/wp-content" "Mozilla/5.0 (Linux; Android 7.0;) AppleWebKit/537.36 (HTML, like Gecko) Mobile Safari/537.36 (compatible; PetalBot;+https://webmaster.petalsearch.com/site/petalbot)" "-"
216.73.216.0 - - [30/Jul/2026:02:03:33 +0200] "GET /detail/753145361.shtm HTTP/1.1" 200 83793 logesty-services.fr "-" "Mozilla/5.0 AppleWebKit/537.36 (KHTML, like Gecko; compatible; ClaudeBot/1.0; +claudebot@anthropic.com)" "-"
65.109.174.0 - - [30/Jul/2026:02:03:35 +0200] "GET /wp-content/uploads/2018/10/blog-07-1140x760.jpg HTTP/1.1" 200 193876 logesty-services.fr "-" "Mozilla/5.0 (X11; Ubuntu; Linux x86_64; rv:72.0) Gecko/20100101 Firefox/72.0" "-"
216.73.216.0 - - [30/Jul/2026:02:03:38 +0200] "GET /detail/752620736.shtm HTTP/1.1" 200 83793 logesty-services.fr "-" "Mozilla/5.0 AppleWebKit/537.36 (KHTML, like Gecko; compatible; ClaudeBot/1.0; +claudebot@anthropic.com)" "-"
65.109.174.0 - - [30/Jul/2026:02:03:45 +0200] "GET /wp-content/uploads/2024/12/Capture-decran-2024-12-15-a-19.53.04-120x80.png HTTP/1.1" 200 18782 logesty-services.fr "-" "Mozilla/5.0 (X11; Ubuntu; Linux x86_64; rv:72.0) Gecko/20100101 Firefox/72.0" "-"
216.73.216.0 - - [30/Jul/2026:02:03:45 +0200] "GET /detail/320174911.shtm HTTP/1.1" 200 83793 logesty-services.fr "-" "Mozilla/5.0 AppleWebKit/537.36 (KHTML, like Gecko; compatible; ClaudeBot/1.0; +claudebot@anthropic.com)" "-"
216.73.216.0 - - [30/Jul/2026:02:03:49 +0200] "GET /detail/290997183.shtm HTTP/1.1" 200 83793 logesty-services.fr "-" "Mozilla/5.0 AppleWebKit/537.36 (KHTML, like Gecko; compatible; ClaudeBot/1.0; +claudebot@anthropic.com)" "-"
74.7.242.0 - - [30/Jul/2026:02:03:52 +0200] "GET /?lokasie=/usr/sbin/service&loknya=/usr/sbin HTTP/1.1" 200 14710 logesty-services.fr "http://logesty-services.fr/?loknya=/usr/sbin" "Mozilla/5.0 AppleWebKit/537.36 (KHTML, like Gecko; compatible; GPTBot/1.4; +https://openai.com/gptbot)" "-"
66.249.64.0 - - [30/Jul/2026:02:03:53 +0200] "GET /?u=2381742444 HTTP/1.1" 200 154332 logesty-services.fr "-" "Mozilla/5.0 (Linux; Android 6.0.1; Nexus 5X Build/MMB29P) AppleWebKit/537.36 (KHTML, like Gecko) Chrome/150.0.7871.186 Mobile Safari/537.36 (compatible; Googlebot/2.1; +http://www.google.com/bot.html)" "-"
216.73.216.0 - - [30/Jul/2026:02:03:54 +0200] "GET /detail/290846403.shtm HTTP/1.1" 200 83793 logesty-services.fr "-" "Mozilla/5.0 AppleWebKit/537.36 (KHTML, like Gecko; compatible; ClaudeBot/1.0; +claudebot@anthropic.com)" "-"
216.73.216.0 - - [30/Jul/2026:02:04:02 +0200] "GET /detail/432440135.shtm HTTP/1.1" 200 83793 logesty-services.fr "-" "Mozilla/5.0 AppleWebKit/537.36 (KHTML, like Gecko; compatible; ClaudeBot/1.0; +claudebot@anthropic.com)" "-"
216.73.216.0 - - [30/Jul/2026:02:04:06 +0200] "GET /detail/290833971.shtm HTTP/1.1" 200 83793 logesty-services.fr "-" "Mozilla/5.0 AppleWebKit/537.36 (KHTML, like Gecko; compatible; ClaudeBot/1.0; +claudebot@anthropic.com)" "-"
216.73.216.0 - - [30/Jul/2026:02:04:11 +0200] "GET /detail/751612954.shtm HTTP/1.1" 200 83793 logesty-services.fr "-" "Mozilla/5.0 AppleWebKit/537.36 (KHTML, like Gecko; compatible; ClaudeBot/1.0; +claudebot@anthropic.com)" "-"
216.73.216.0 - - [30/Jul/2026:02:04:16 +0200] "GET /detail/757731969.shtm HTTP/1.1" 200 83793 logesty-services.fr "-" "Mozilla/5.0 AppleWebKit/537.36 (KHTML, like Gecko; compatible; ClaudeBot/1.0; +claudebot@anthropic.com)" "-"
216.73.216.0 - - [30/Jul/2026:02:04:21 +0200] "GET /detail/290824896.shtm HTTP/1.1" 200 83793 logesty-services.fr "-" "Mozilla/5.0 AppleWebKit/537.36 (KHTML, like Gecko; compatible; ClaudeBot/1.0; +claudebot@anthropic.com)" "-"
216.73.216.0 - - [30/Jul/2026:02:04:26 +0200] "GET /detail/618256156.shtm HTTP/1.1" 200 83793 logesty-services.fr "-" "Mozilla/5.0 AppleWebKit/537.36 (KHTML, like Gecko; compatible; ClaudeBot/1.0; +claudebot@anthropic.com)" "-"
216.73.216.0 - - [30/Jul/2026:02:04:31 +0200] "GET /detail/320075166.shtm HTTP/1.1" 200 83793 logesty-services.fr "-" "Mozilla/5.0 AppleWebKit/537.36 (KHTML, like Gecko; compatible; ClaudeBot/1.0; +claudebot@anthropic.com)" "-"
66.249.64.0 - - [30/Jul/2026:02:04:36 +0200] "GET /?u=6702072831 HTTP/1.1" 200 151147 logesty-services.fr "-" "Mozilla/5.0 (Linux; Android 6.0.1; Nexus 5X Build/MMB29P) AppleWebKit/537.36 (KHTML, like Gecko) Chrome/150.0.7871.186 Mobile Safari/537.36 (compatible; Googlebot/2.1; +http://www.google.com/bot.html)" "-"
216.73.216.0 - - [30/Jul/2026:02:04:36 +0200] "GET /detail/556487178.shtm HTTP/1.1" 200 83793 logesty-services.fr "-" "Mozilla/5.0 AppleWebKit/537.36 (KHTML, like Gecko; compatible; ClaudeBot/1.0; +claudebot@anthropic.com)" "-"
216.73.216.0 - - [30/Jul/2026:02:04:40 +0200] "GET /robots.txt HTTP/1.1" 429 267 logesty-services.fr "-" "Mozilla/5.0 AppleWebKit/537.36 (KHTML, like Gecko; compatible; ClaudeBot/1.0; +claudebot@anthropic.com)" "-"
216.73.216.0 - - [30/Jul/2026:02:04:41 +0200] "GET /detail/670688702.shtm HTTP/1.1" 429 267 logesty-services.fr "-" "Mozilla/5.0 AppleWebKit/537.36 (KHTML, like Gecko; compatible; ClaudeBot/1.0; +claudebot@anthropic.com)" "-"
66.249.64.0 - - [30/Jul/2026:02:04:42 +0200] "GET /?u=390250036 HTTP/1.1" 200 157653 logesty-services.fr "-" "Mozilla/5.0 (Linux; Android 6.0.1; Nexus 5X Build/MMB29P) AppleWebKit/537.36 (KHTML, like Gecko) Chrome/150.0.7871.186 Mobile Safari/537.36 (compatible; Googlebot/2.1; +http://www.google.com/bot.html)" "-"
216.73.216.0 - - [30/Jul/2026:02:04:46 +0200] "GET /detail/234792551.shtm HTTP/1.1" 429 267 logesty-services.fr "-" "Mozilla/5.0 AppleWebKit/537.36 (KHTML, like Gecko; compatible; ClaudeBot/1.0; +claudebot@anthropic.com)" "-"
216.73.216.0 - - [30/Jul/2026:02:04:51 +0200] "GET /robots.txt HTTP/1.1" 429 267 logesty-services.fr "-" "Mozilla/5.0 AppleWebKit/537.36 (KHTML, like Gecko; compatible; ClaudeBot/1.0; +claudebot@anthropic.com)" "-"
216.73.216.0 - - [30/Jul/2026:02:04:51 +0200] "GET /detail/618222992.shtm HTTP/1.1" 429 267 logesty-services.fr "-" "Mozilla/5.0 AppleWebKit/537.36 (KHTML, like Gecko; compatible; ClaudeBot/1.0; +claudebot@anthropic.com)" "-"
74.7.242.0 - - [30/Jul/2026:02:04:55 +0200] "GET /?lokasie=/proc//ioports&loknya=/proc/ HTTP/1.1" 429 267 logesty-services.fr "http://logesty-services.fr/?loknya=/proc/" "Mozilla/5.0 AppleWebKit/537.36 (KHTML, like Gecko; compatible; GPTBot/1.4; +https://openai.com/gptbot)" "-"
114.119.138.0 - - [30/Jul/2026:02:04:55 +0200] "GET /listing/a116-appartement-disneyland-paris-parking-prive/?loknya=/homepages/43/d895481126/htdocs/clickandbuilds/LogestyServices/wp-content/cache HTTP/1.1" 200 9956 logesty-services.fr "https://logesty-services.fr/listing/a116-appartement-disneyland-paris-parking-prive/?loknya=/homepages/43/d895481126/htdocs/clickandbuilds/LogestyServices/wp-content" "Mozilla/5.0 (Linux; Android 7.0;) AppleWebKit/537.36 (HTML, like Gecko) Mobile Safari/537.36 (compatible; PetalBot;+https://webmaster.petalsearch.com/site/petalbot)" "-"
216.73.216.0 - - [30/Jul/2026:02:04:56 +0200] "GET /detail/752059845.shtm HTTP/1.1" 429 267 logesty-services.fr "-" "Mozilla/5.0 AppleWebKit/537.36 (KHTML, like Gecko; compatible; ClaudeBot/1.0; +claudebot@anthropic.com)" "-"
216.73.216.0 - - [30/Jul/2026:02:05:01 +0200] "GET /detail/752552860.shtm HTTP/1.1" 429 267 logesty-services.fr "-" "Mozilla/5.0 AppleWebKit/537.36 (KHTML, like Gecko; compatible; ClaudeBot/1.0; +claudebot@anthropic.com)" "-"
216.73.216.0 - - [30/Jul/2026:02:05:06 +0200] "GET /detail/588294223.shtm HTTP/1.1" 429 267 logesty-services.fr "-" "Mozilla/5.0 AppleWebKit/537.36 (KHTML, like Gecko; compatible; ClaudeBot/1.0; +claudebot@anthropic.com)" "-"
216.73.216.0 - - [30/Jul/2026:02:05:11 +0200] "GET /detail/757169787.shtm HTTP/1.1" 429 267 logesty-services.fr "-" "Mozilla/5.0 AppleWebKit/537.36 (KHTML, like Gecko; compatible; ClaudeBot/1.0; +claudebot@anthropic.com)" "-"
216.73.216.0 - - [30/Jul/2026:02:05:16 +0200] "GET /detail/756646463.shtm HTTP/1.1" 429 267 logesty-services.fr "-" "Mozilla/5.0 AppleWebKit/537.36 (KHTML, like Gecko; compatible; ClaudeBot/1.0; +claudebot@anthropic.com)" "-"
66.249.64.0 - - [30/Jul/2026:02:05:19 +0200] "GET /detail/202249742.shtm?loknya=/homepages HTTP/1.1" 200 57018 logesty-services.fr "-" "Mozilla/5.0 (Linux; Android 6.0.1; Nexus 5X Build/MMB29P) AppleWebKit/537.36 (KHTML, like Gecko) Chrome/150.0.7871.186 Mobile Safari/537.36 (compatible; GoogleOther)" "-"
216.73.216.0 - - [30/Jul/2026:02:05:21 +0200] "GET /detail/281505044.shtm HTTP/1.1" 429 267 logesty-services.fr "-" "Mozilla/5.0 AppleWebKit/537.36 (KHTML, like Gecko; compatible; ClaudeBot/1.0; +claudebot@anthropic.com)" "-"
216.73.216.0 - - [30/Jul/2026:02:05:26 +0200] "GET /detail/756684797.shtm HTTP/1.1" 429 267 logesty-services.fr "-" "Mozilla/5.0 AppleWebKit/537.36 (KHTML, like Gecko; compatible; ClaudeBot/1.0; +claudebot@anthropic.com)" "-"
66.249.64.0 - - [30/Jul/2026:02:05:27 +0200] "GET /?u=818344053 HTTP/1.1" 200 83792 logesty-services.fr "-" "Mozilla/5.0 (Linux; Android 6.0.1; Nexus 5X Build/MMB29P) AppleWebKit/537.36 (KHTML, like Gecko) Chrome/150.0.7871.186 Mobile Safari/537.36 (compatible; GoogleOther)" "-"
216.73.216.0 - - [30/Jul/2026:02:05:31 +0200] "GET /detail/588315467.shtm HTTP/1.1" 429 267 logesty-services.fr "-" "Mozilla/5.0 AppleWebKit/537.36 (KHTML, like Gecko; compatible; ClaudeBot/1.0; +claudebot@anthropic.com)" "-"
66.249.64.0 - - [30/Jul/2026:02:05:32 +0200] "GET /detail/698824962.shtm HTTP/1.1" 200 83792 logesty-services.fr "-" "Mozilla/5.0 (Linux; Android 6.0.1; Nexus 5X Build/MMB29P) AppleWebKit/537.36 (KHTML, like Gecko) Chrome/150.0.7871.186 Mobile Safari/537.36 (compatible; GoogleOther)" "-"
2a03:2880:f800:: - - [30/Jul/2026:02:05:34 +0200] "GET /sitemap-hot-2994038.xml?loknya=/homepages/43/d895481126/htdocs/clickandbuilds/LogestyServices/decouvrez-le-concept-innovant-de-logesty-service-des-logements-de-qualite-pour-vos-weekends-et-courts-sejours HTTP/1.1" 200 15889 logesty-services.fr "-" "Mozilla/5.0 (Macintosh; Intel Mac OS X 10_15_7) AppleWebKit/537.36 (KHTML, like Gecko) Chrome/145.0.0.0 Safari/537.36 (compatible; meta-externalagent/1.1 (+https://developers.facebook.com/docs/sharing/webmasters/crawler))" "-"
216.73.216.0 - - [30/Jul/2026:02:05:36 +0200] "GET /detail/756726771.shtm HTTP/1.1" 429 267 logesty-services.fr "-" "Mozilla/5.0 AppleWebKit/537.36 (KHTML, like Gecko; compatible; ClaudeBot/1.0; +claudebot@anthropic.com)" "-"
216.73.216.0 - - [30/Jul/2026:02:05:41 +0200] "GET /detail/149908641.shtm HTTP/1.1" 200 83793 logesty-services.fr "-" "Mozilla/5.0 AppleWebKit/537.36 (KHTML, like Gecko; compatible; ClaudeBot/1.0; +claudebot@anthropic.com)" "-"
216.73.216.0 - - [30/Jul/2026:02:05:47 +0200] "GET /detail/290926199.shtm HTTP/1.1" 200 83793 logesty-services.fr "-" "Mozilla/5.0 AppleWebKit/537.36 (KHTML, like Gecko; compatible; ClaudeBot/1.0; +claudebot@anthropic.com)" "-"
74.7.242.0 - - [30/Jul/2026:02:05:52 +0200] "GET /?lokasie=/usr/sbin/e2label&loknya=/usr/sbin HTTP/1.1" 200 3979 logesty-services.fr "http://logesty-services.fr/?loknya=/usr/sbin" "Mozilla/5.0 AppleWebKit/537.36 (KHTML, like Gecko; compatible; GPTBot/1.4; +https://openai.com/gptbot)" "-"
216.73.216.0 - - [30/Jul/2026:02:05:52 +0200] "GET /detail/753111161.shtm HTTP/1.1" 200 83793 logesty-services.fr "-" "Mozilla/5.0 AppleWebKit/537.36 (KHTML, like Gecko; compatible; ClaudeBot/1.0; +claudebot@anthropic.com)" "-"
216.73.216.0 - - [30/Jul/2026:02:05:57 +0200] "GET /detail/756167699.shtm HTTP/1.1" 200 83793 logesty-services.fr "-" "Mozilla/5.0 AppleWebKit/537.36 (KHTML, like Gecko; compatible; ClaudeBot/1.0; +claudebot@anthropic.com)" "-"
216.73.216.0 - - [30/Jul/2026:02:06:02 +0200] "GET /detail/756745680.shtm HTTP/1.1" 200 83793 logesty-services.fr "-" "Mozilla/5.0 AppleWebKit/537.36 (KHTML, like Gecko; compatible; ClaudeBot/1.0; +claudebot@anthropic.com)" "-"
216.73.216.0 - - [30/Jul/2026:02:06:07 +0200] "GET /detail/758183532.shtm HTTP/1.1" 200 83793 logesty-services.fr "-" "Mozilla/5.0 AppleWebKit/537.36 (KHTML, like Gecko; compatible; ClaudeBot/1.0; +claudebot@anthropic.com)" "-"
216.73.216.0 - - [30/Jul/2026:02:06:12 +0200] "GET /detail/757767464.shtm HTTP/1.1" 200 83793 logesty-services.fr "-" "Mozilla/5.0 AppleWebKit/537.36 (KHTML, like Gecko; compatible; ClaudeBot/1.0; +claudebot@anthropic.com)" "-"
114.119.129.0 - - [30/Jul/2026:02:06:18 +0200] "GET /listing/a116-appartement-disneyland-paris-parking-prive/?loknya=/homepages/43/d895481126/htdocs/clickandbuilds/LogestyServices/listing/studio-propre-et-equipe-de-wifi HTTP/1.1" 200 9257 logesty-services.fr "https://logesty-services.fr/listing/a116-appartement-disneyland-paris-parking-prive/?loknya=/homepages/43/d895481126/htdocs/clickandbuilds/LogestyServices/listing" "Mozilla/5.0 (Linux; Android 7.0;) AppleWebKit/537.36 (HTML, like Gecko) Mobile Safari/537.36 (compatible; PetalBot;+https://webmaster.petalsearch.com/site/petalbot)" "-"
66.249.64.0 - - [30/Jul/2026:02:06:52 +0200] "GET /?u=6481067584 HTTP/1.1" 200 154359 logesty-services.fr "-" "Mozilla/5.0 (Linux; Android 6.0.1; Nexus 5X Build/MMB29P) AppleWebKit/537.36 (KHTML, like Gecko) Chrome/150.0.7871.186 Mobile Safari/537.36 (compatible; Googlebot/2.1; +http://www.google.com/bot.html)" "-"
74.7.242.0 - - [30/Jul/2026:02:06:57 +0200] "GET /?loknya=/proc/sys/net/core HTTP/1.1" 200 11802 logesty-services.fr "http://logesty-services.fr/?loknya=/proc/sys/net/" "Mozilla/5.0 AppleWebKit/537.36 (KHTML, like Gecko; compatible; GPTBot/1.4; +https://openai.com/gptbot)" "-"
204.12.208.0 - - [30/Jul/2026:02:07:41 +0200] "GET /wp-includes/pl4a6c2c/edit.php HTTP/1.1" 403 603 logesty-services.fr "https://logesty-services.fr/wp-includes/pl4a6c2c/edit.php" "Mozilla/5.0 (Macintosh; Intel Mac OS X 10_7_2) AppleWebKit/535.2 (KHTML, like Gecko) Chrome/15.0.874.106 Safari/535.2" "-"
204.12.208.0 - - [30/Jul/2026:02:07:42 +0200] "GET /wp-includes/pl4a6c2c/edit.php HTTP/1.1" 403 603 logesty-services.fr "https://logesty-services.fr/wp-includes/pl4a6c2c/edit.php" "Mozilla/5.0 (Windows NT 6.1; WOW64; rv:5.0) Gecko/20100101 Firefox/5.0" "-"
204.12.208.0 - - [30/Jul/2026:02:07:42 +0200] "GET /wp-includes/pl4a6c2c/edit.php HTTP/1.1" 403 603 logesty-services.fr "https://logesty-services.fr/wp-includes/pl4a6c2c/edit.php" "Mozilla/5.0 (Windows NT 5.1; rv:6.0) Gecko/20100101 Firefox/6.0" "-"
114.119.136.0 - - [30/Jul/2026:02:07:42 +0200] "GET /listing/a116-appartement-disneyland-paris-parking-prive/?loknya=/homepages/43/d895481126/htdocs/clickandbuilds/LogestyServices/listing/paris-metro-hoche-ligne-5 HTTP/1.1" 200 10568 logesty-services.fr "https://logesty-services.fr/listing/a116-appartement-disneyland-paris-parking-prive/?loknya=/homepages/43/d895481126/htdocs/clickandbuilds/LogestyServices/listing" "Mozilla/5.0 (Linux; Android 7.0;) AppleWebKit/537.36 (HTML, like Gecko) Mobile Safari/537.36 (compatible; PetalBot;+https://webmaster.petalsearch.com/site/petalbot)" "-"
66.249.64.0 - - [30/Jul/2026:02:07:42 +0200] "GET /?u=8671002784 HTTP/1.1" 200 156636 logesty-services.fr "-" "Mozilla/5.0 (Linux; Android 6.0.1; Nexus 5X Build/MMB29P) AppleWebKit/537.36 (KHTML, like Gecko) Chrome/150.0.7871.186 Mobile Safari/537.36 (compatible; Googlebot/2.1; +http://www.google.com/bot.html)" "-"
74.7.242.0 - - [30/Jul/2026:02:07:56 +0200] "GET /?loknya=/proc/sys/net/unix HTTP/1.1" 200 6490 logesty-services.fr "http://logesty-services.fr/?loknya=/proc/sys/net/" "Mozilla/5.0 AppleWebKit/537.36 (KHTML, like Gecko; compatible; GPTBot/1.4; +https://openai.com/gptbot)" "-"
66.249.64.0 - - [30/Jul/2026:02:08:44 +0200] "GET /?u=740921139 HTTP/1.1" 200 157193 logesty-services.fr "-" "Mozilla/5.0 (Linux; Android 6.0.1; Nexus 5X Build/MMB29P) AppleWebKit/537.36 (KHTML, like Gecko) Chrome/150.0.7871.186 Mobile Safari/537.36 (compatible; Googlebot/2.1; +http://www.google.com/bot.html)" "-"
74.7.242.0 - - [30/Jul/2026:02:08:46 +0200] "GET /?loknya=/proc/sys/net/ipv6/conf/lo HTTP/1.1" 200 54402 logesty-services.fr "http://logesty-services.fr/?loknya=/proc/sys/net/ipv6/conf" "Mozilla/5.0 AppleWebKit/537.36 (KHTML, like Gecko; compatible; GPTBot/1.4; +https://openai.com/gptbot)" "-"
165.140.118.0 - - [30/Jul/2026:02:08:51 +0200] "GET /author/stewartrancour/?username=daniloodonovan4&useremail=nicolas%40debarras-nice.fr&register_pass=2ZK5C%21sQpCG9&register_pass_retype=2ZK5C%21sQpCG9&term_condition=on&homey_register_security=c8eb8a8839&_wp_http_referer=%2Fauthor%2Fstewartrancour%2F&action=homey_register&username=leoneltrent47&useremail=nico%40debarras-marseille-13.fr&register_pass=a70Um%21zsTo6Y&register_pass_retype=a70Um%21zsTo6Y&term_condition=on&homey_register_security=979a3dc7f4&_wp_http_referer=%2Fauthor%2Fstewartrancour%2F%3Fusername%3Ddaniloodonovan4%26useremail%3Dnicolas%2540debarras-nice.fr%26register_pass%3D2ZK5C%2521sQpCG9%26register_pass_retype%3D2ZK5C%2521sQpCG9%26term_condition%3Don%26homey_register_security%3Dc8eb8a8839%26action%3Dhomey_register&action=homey_register HTTP/1.1" 200 83792 logesty-services.fr "https://logesty-services.fr/" "Mozilla/5.0 (Windows NT 10.0; Win64; x64) AppleWebKit/537.36 (KHTML, like Gecko) Chrome/146.0.0.0 Safari/537.36" "-"
165.140.118.0 - - [30/Jul/2026:02:08:55 +0200] "GET /author/stewartrancour/?lokasie=/homepages/43/d895481126/htdocs/clickandbuilds/LogestyServices/wp-login.php&loknya=/homepages/43/d895481126/htdocs/clickandbuilds/LogestyServices HTTP/1.1" 200 61739 logesty-services.fr "https://logesty-services.fr/author/stewartrancour/?username=daniloodonovan4&useremail=nicolas%40debarras-nice.fr&register_pass=2ZK5C%21sQpCG9&register_pass_retype=2ZK5C%21sQpCG9&term_condition=on&homey_register_security=c8eb8a8839&_wp_http_referer=%2Fauthor%2Fstewartrancour%2F&action=homey_register&username=leoneltrent47&useremail=nico%40debarras-marseille-13.fr&register_pass=a70Um%21zsTo6Y&register_pass_retype=a70Um%21zsTo6Y&term_condition=on&homey_register_security=979a3dc7f4&_wp_http_referer=%2Fauthor%2Fstewartrancour%2F%3Fusername%3Ddaniloodonovan4%26useremail%3Dnicolas%2540debarras-nice.fr%26register_pass%3D2ZK5C%2521sQpCG9%26register_pass_retype%3D2ZK5C%2521sQpCG9%26term_condition%3Don%26homey_register_security%3Dc8eb8a8839%26action%3Dhomey_register&action=homey_register" "Mozilla/5.0 (Windows NT 6.3; Win64; x64) AppleWebKit/537.36 (KHTML, like Gecko) Chrome/103.0.0.0 Safari/537.36" "-"
165.140.118.0 - - [30/Jul/2026:02:08:57 +0200] "POST /author/stewartrancour/?lokasie=/homepages/43/d895481126/htdocs/clickandbuilds/LogestyServices/wp-login.php&loknya=/homepages/43/d895481126/htdocs/clickandbuilds/LogestyServices HTTP/1.1" 200 61792 logesty-services.fr "https://logesty-services.fr/author/stewartrancour/?lokasie=/homepages/43/d895481126/htdocs/clickandbuilds/LogestyServices/wp-login.php&loknya=/homepages/43/d895481126/htdocs/clickandbuilds/LogestyServices" "Mozilla/5.0 (Windows NT 6.3; Win64; x64) AppleWebKit/537.36 (KHTML, like Gecko) Chrome/103.0.0.0 Safari/537.36" "-"
165.140.118.0 - - [30/Jul/2026:02:08:59 +0200] "GET /wp-login.php HTTP/1.1" 200 83795 logesty-services.fr "https://logesty-services.fr/author/stewartrancour/?lokasie=/homepages/43/d895481126/htdocs/clickandbuilds/LogestyServices/wp-login.php&loknya=/homepages/43/d895481126/htdocs/clickandbuilds/LogestyServices" "Mozilla/5.0 (Windows NT 6.3; Win64; x64) AppleWebKit/537.36 (KHTML, like Gecko) Chrome/103.0.0.0 Safari/537.36" "-"
114.119.133.0 - - [30/Jul/2026:02:09:05 +0200] "GET /listing/a116-appartement-disneyland-paris-parking-prive/?loknya=/homepages/43/d895481126/htdocs/clickandbuilds/LogestyServices/category HTTP/1.1" 200 12832 logesty-services.fr "https://logesty-services.fr/listing/a116-appartement-disneyland-paris-parking-prive/?loknya=/homepages/43/d895481126/htdocs/clickandbuilds/LogestyServices/category/booking" "Mozilla/5.0 (Linux; Android 7.0;) AppleWebKit/537.36 (HTML, like Gecko) Mobile Safari/537.36 (compatible; PetalBot;+https://webmaster.petalsearch.com/site/petalbot)" "-"
