45.156.128.0 - - [30/Jul/2026:03:41:59 +0200] "GET /wp-content/plugins/all-in-one-wp-security-and-firewall/readme.txt HTTP/1.1" 200 83793 logesty-services.fr "-" "Mozilla/5.0 AppleWebKit/537.36 (KHTML, like Gecko) Chrome/123.0.6312.86 Safari/537.36" "-"
45.156.128.0 - - [30/Jul/2026:03:41:59 +0200] "GET /wp-content/plugins/wp-optimize/readme.txt HTTP/1.1" 200 83793 logesty-services.fr "-" "Mozilla/5.0 AppleWebKit/537.36 (KHTML, like Gecko) Chrome/123.0.6312.86 Safari/537.36" "-"
45.156.128.0 - - [30/Jul/2026:03:42:00 +0200] "GET /wp-content/plugins/better-wp-security/readme.txt HTTP/1.1" 500 676 logesty-services.fr "-" "Mozilla/5.0 AppleWebKit/537.36 (KHTML, like Gecko) Chrome/123.0.6312.86 Safari/537.36" "-"
45.156.128.0 - - [30/Jul/2026:03:42:00 +0200] "GET /wp-content/plugins/coming-soon/readme.txt HTTP/1.1" 500 676 logesty-services.fr "-" "Mozilla/5.0 AppleWebKit/537.36 (KHTML, like Gecko) Chrome/123.0.6312.86 Safari/537.36" "-"
45.156.128.0 - - [30/Jul/2026:03:42:00 +0200] "GET /wp-content/plugins/smart-slider-3/readme.txt HTTP/1.1" 500 676 logesty-services.fr "-" "Mozilla/5.0 AppleWebKit/537.36 (KHTML, like Gecko) Chrome/123.0.6312.86 Safari/537.36" "-"
45.156.128.0 - - [30/Jul/2026:03:42:00 +0200] "GET /wp-content/plugins/ewww-image-optimizer/readme.txt HTTP/1.1" 500 676 logesty-services.fr "-" "Mozilla/5.0 AppleWebKit/537.36 (KHTML, like Gecko) Chrome/123.0.6312.86 Safari/537.36" "-"
45.156.128.0 - - [30/Jul/2026:03:42:00 +0200] "GET /wp-content/plugins/autoptimize/readme.txt HTTP/1.1" 200 83793 logesty-services.fr "-" "Mozilla/5.0 AppleWebKit/537.36 (KHTML, like Gecko) Chrome/123.0.6312.86 Safari/537.36" "-"
45.156.128.0 - - [30/Jul/2026:03:42:00 +0200] "GET /wp-content/plugins/ultimate-addons-for-gutenberg/readme.txt HTTP/1.1" 200 83793 logesty-services.fr "-" "Mozilla/5.0 AppleWebKit/537.36 (KHTML, like Gecko) Chrome/123.0.6312.86 Safari/537.36" "-"
216.73.217.0 - - [30/Jul/2026:03:42:02 +0200] "GET /detail/502233615.shtm?loknya=%2Fhomepages%2F43%2Fd895481126%2Fhtdocs HTTP/1.1" 200 14208 logesty-services.fr "-" "Mozilla/5.0 AppleWebKit/537.36 (KHTML, like Gecko; compatible; ClaudeBot/1.0; +claudebot@anthropic.com)" "-"
45.156.128.0 - - [30/Jul/2026:03:42:03 +0200] "GET /wp-content/plugins/fancy-product-designer/readme.txt HTTP/1.1" 200 83793 logesty-services.fr "-" "Mozilla/5.0 AppleWebKit/537.36 (KHTML, like Gecko) Chrome/123.0.6312.86 Safari/537.36" "-"
45.156.128.0 - - [30/Jul/2026:03:42:04 +0200] "GET /wp-content/plugins/bbpress/readme.txt HTTP/1.1" 200 83793 logesty-services.fr "-" "Mozilla/5.0 AppleWebKit/537.36 (KHTML, like Gecko) Chrome/123.0.6312.86 Safari/537.36" "-"
45.156.128.0 - - [30/Jul/2026:03:42:06 +0200] "GET /wp-content/plugins/iwp-client/readme.txt HTTP/1.1" 200 83793 logesty-services.fr "-" "Mozilla/5.0 AppleWebKit/537.36 (KHTML, like Gecko) Chrome/123.0.6312.86 Safari/537.36" "-"
216.73.217.0 - - [30/Jul/2026:03:42:07 +0200] "GET /shop/sector/birthday132022645.html?loknya=%2Fhomepages%2F43%2Fd895481126%2Fhtdocs%2Fclickandbuilds%2FLogestyServices%2Fwp-includes%2Fblocks%2Fpost-title HTTP/1.1" 200 15874 logesty-services.fr "-" "Mozilla/5.0 AppleWebKit/537.36 (KHTML, like Gecko; compatible; ClaudeBot/1.0; +claudebot@anthropic.com)" "-"
45.156.128.0 - - [30/Jul/2026:03:42:07 +0200] "GET /wp-content/plugins/wp-central/readme.txt HTTP/1.1" 200 83793 logesty-services.fr "-" "Mozilla/5.0 AppleWebKit/537.36 (KHTML, like Gecko) Chrome/123.0.6312.86 Safari/537.36" "-"
45.156.128.0 - - [30/Jul/2026:03:42:09 +0200] "GET /wp-content/plugins/wordpress-database-reset/readme.txt HTTP/1.1" 200 83793 logesty-services.fr "-" "Mozilla/5.0 AppleWebKit/537.36 (KHTML, like Gecko) Chrome/123.0.6312.86 Safari/537.36" "-"
43.133.91.0 - - [30/Jul/2026:03:42:09 +0200] "GET /?loknya=/homepages/43/d895481126/htdocs/clickandbuilds/LogestyServices/politique-de-confidentialite HTTP/1.1" 200 13695 logesty-services.fr "-" "Mozilla/5.0 (iPhone; CPU iPhone OS 13_2_3 like Mac OS X) AppleWebKit/605.1.15 (KHTML, like Gecko) Version/13.0.3 Mobile/15E148 Safari/604.1" "-"
216.73.217.0 - - [30/Jul/2026:03:42:12 +0200] "GET /shop/bowl/legitimate061046464.html?loknya=%2Fhomepages%2F43%2Fd895481126 HTTP/1.1" 200 21728 logesty-services.fr "-" "Mozilla/5.0 AppleWebKit/537.36 (KHTML, like Gecko; compatible; ClaudeBot/1.0; +claudebot@anthropic.com)" "-"
45.156.128.0 - - [30/Jul/2026:03:42:12 +0200] "GET /login.do HTTP/1.1" 200 83793 logesty-services.fr "-" "Mozilla/5.0 AppleWebKit/537.36 (KHTML, like Gecko) Chrome/123.0.6312.86 Safari/537.36" "-"
2a10:3c0:100:: - - [30/Jul/2026:03:42:14 +0200] "GET /favicon.ico HTTP/1.1" 200 83802 logesty-services.fr "-" "Mozilla/5.0 AppleWebKit/537.36 (KHTML, like Gecko) Chrome/123.0.6312.86 Safari/537.36" "-"
45.156.128.0 - - [30/Jul/2026:03:42:15 +0200] "GET /sitecore/shell/sitecore.version.xml HTTP/1.1" 200 83793 logesty-services.fr "-" "Mozilla/5.0 AppleWebKit/537.36 (KHTML, like Gecko) Chrome/123.0.6312.86 Safari/537.36" "-"
45.156.128.0 - - [30/Jul/2026:03:42:16 +0200] "GET /favicon.ico HTTP/1.1" 200 83793 logesty-services.fr "-" "Mozilla/5.0 AppleWebKit/537.36 (KHTML, like Gecko) Chrome/123.0.6312.86 Safari/537.36" "-"
216.73.217.0 - - [30/Jul/2026:03:42:17 +0200] "GET /shop/effectively/average262047041.html?lokasie=%2Fhomepages%2F43%2Fd895481126%2Fhtdocs%2Fclickandbuilds%2FLogestyServices%2Fwp-includes%2Fclass-wp-theme.php&loknya=%2Fhomepages%2F43%2Fd895481126%2Fhtdocs%2Fclickandbuilds%2FLogestyServices%2Fwp-includes HTTP/1.1" 200 72222 logesty-services.fr "-" "Mozilla/5.0 AppleWebKit/537.36 (KHTML, like Gecko; compatible; ClaudeBot/1.0; +claudebot@anthropic.com)" "-"
45.156.128.0 - - [30/Jul/2026:03:42:18 +0200] "GET /index.jsp HTTP/1.1" 200 83793 logesty-services.fr "-" "Mozilla/5.0 AppleWebKit/537.36 (KHTML, like Gecko) Chrome/123.0.6312.86 Safari/537.36" "-"
45.156.128.0 - - [30/Jul/2026:03:42:20 +0200] "GET /admin/ HTTP/1.1" 200 83793 logesty-services.fr "-" "Mozilla/5.0 AppleWebKit/537.36 (KHTML, like Gecko) Chrome/123.0.6312.86 Safari/537.36" "-"
45.156.128.0 - - [30/Jul/2026:03:42:21 +0200] "GET /sugar_version.json HTTP/1.1" 200 83793 logesty-services.fr "-" "Mozilla/5.0 AppleWebKit/537.36 (KHTML, like Gecko) Chrome/123.0.6312.86 Safari/537.36" "-"
45.156.128.0 - - [30/Jul/2026:03:42:22 +0200] "GET /static/historypage.js HTTP/1.1" 200 83793 logesty-services.fr "-" "Mozilla/5.0 AppleWebKit/537.36 (KHTML, like Gecko) Chrome/123.0.6312.86 Safari/537.36" "-"
216.73.217.0 - - [30/Jul/2026:03:42:22 +0200] "GET /shop/soap/handful172034559.html?loknya=%2Fhomepages%2F43%2Fd895481126%2Fhtdocs%2Fclickandbuilds%2FLogestyServices%2Fwp-includes%2Fassets HTTP/1.1" 200 12403 logesty-services.fr "-" "Mozilla/5.0 AppleWebKit/537.36 (KHTML, like Gecko; compatible; ClaudeBot/1.0; +claudebot@anthropic.com)" "-"
45.156.128.0 - - [30/Jul/2026:03:42:24 +0200] "GET / HTTP/1.1" 200 83793 logesty-services.fr "-" "Mozilla/5.0 AppleWebKit/537.36 (KHTML, like Gecko) Chrome/123.0.6312.86 Safari/537.36" "-"
45.156.128.0 - - [30/Jul/2026:03:42:25 +0200] "GET /favicon-32x32.png HTTP/1.1" 200 83793 logesty-services.fr "-" "Mozilla/5.0 AppleWebKit/537.36 (KHTML, like Gecko) Chrome/123.0.6312.86 Safari/537.36" "-"
216.73.217.0 - - [30/Jul/2026:03:42:27 +0200] "GET /item/116015528?loknya=%2Fhomepages%2F43%2Fd895481126%2Fhtdocs%2Fclickandbuilds%2FLogestyServices%2Ftag HTTP/1.1" 200 12740 logesty-services.fr "-" "Mozilla/5.0 AppleWebKit/537.36 (KHTML, like Gecko; compatible; ClaudeBot/1.0; +claudebot@anthropic.com)" "-"
216.73.217.0 - - [30/Jul/2026:03:42:32 +0200] "GET /detail/755539962.shtm?loknya=%2Fhomepages%2F10 HTTP/1.1" 200 19588 logesty-services.fr "-" "Mozilla/5.0 AppleWebKit/537.36 (KHTML, like Gecko; compatible; ClaudeBot/1.0; +claudebot@anthropic.com)" "-"
216.73.217.0 - - [30/Jul/2026:03:42:37 +0200] "GET /shop/potential/west207025950.html?loknya=%2Fhomepages%2F43%2Fd895481126%2Fhtdocs%2Fclickandbuilds%2FLogestyServices%2Fecff6c HTTP/1.1" 200 8761 logesty-services.fr "-" "Mozilla/5.0 AppleWebKit/537.36 (KHTML, like Gecko; compatible; ClaudeBot/1.0; +claudebot@anthropic.com)" "-"
216.73.217.0 - - [30/Jul/2026:03:42:42 +0200] "GET /detail/752613747.shtm?loknya=%2Fhomepages%2F43%2Fd895481126%2Fhtdocs%2Fclickandbuilds%2FLogestyServices%2F.wp-cli HTTP/1.1" 200 11568 logesty-services.fr "-" "Mozilla/5.0 AppleWebKit/537.36 (KHTML, like Gecko; compatible; ClaudeBot/1.0; +claudebot@anthropic.com)" "-"
216.73.217.0 - - [30/Jul/2026:03:42:47 +0200] "GET /shop/function/supportive112026565.html?loknya=%2Fhomepages%2F43%2Fd895481126%2Fhtdocs%2Fclickandbuilds%2FLogestyServices%2Fpolitique-de-confidentialite HTTP/1.1" 200 13696 logesty-services.fr "-" "Mozilla/5.0 AppleWebKit/537.36 (KHTML, like Gecko; compatible; ClaudeBot/1.0; +claudebot@anthropic.com)" "-"
74.7.242.0 - - [30/Jul/2026:03:42:48 +0200] "GET /?lokasie=/usr/sbin/swapon&loknya=/usr/sbin HTTP/1.1" 200 3978 logesty-services.fr "http://logesty-services.fr/?loknya=/usr/sbin" "Mozilla/5.0 AppleWebKit/537.36 (KHTML, like Gecko; compatible; GPTBot/1.4; +https://openai.com/gptbot)" "-"
216.73.217.0 - - [30/Jul/2026:03:42:52 +0200] "GET /pay_deposit/list.php?lokasie=%2Fhomepages%2F43%2Fd895481126%2Fhtdocs%2Fclickandbuilds%2FLogestyServices%2Fwp-includes%2Fclass-simplepie.php&loknya=%2Fhomepages%2F43%2Fd895481126%2Fhtdocs%2Fclickandbuilds%2FLogestyServices%2Fwp-includes HTTP/1.1" 200 4943 logesty-services.fr "-" "Mozilla/5.0 AppleWebKit/537.36 (KHTML, like Gecko; compatible; ClaudeBot/1.0; +claudebot@anthropic.com)" "-"
114.119.143.0 - - [30/Jul/2026:03:42:56 +0200] "GET /listing/appartement-disneyland-paris/?loknya=/homepages/8/d894156537 HTTP/1.1" 200 19518 logesty-services.fr "https://logesty-services.fr/listing/appartement-disneyland-paris/?loknya=/homepages/8" "Mozilla/5.0 (Linux; Android 7.0;) AppleWebKit/537.36 (HTML, like Gecko) Mobile Safari/537.36 (compatible; PetalBot;+https://webmaster.petalsearch.com/site/petalbot)" "-"
216.73.217.0 - - [30/Jul/2026:03:42:57 +0200] "GET /shop/fill/both269004204.html?loknya=%2Fhomepages%2F43%2Fd895481126%2Fhtdocs%2Fclickandbuilds%2FLogestyServices%2F.metadata HTTP/1.1" 200 16338 logesty-services.fr "-" "Mozilla/5.0 AppleWebKit/537.36 (KHTML, like Gecko; compatible; ClaudeBot/1.0; +claudebot@anthropic.com)" "-"
216.73.217.0 - - [30/Jul/2026:03:43:02 +0200] "GET /item/177010969?loknya=%2Fhomepages%2F43%2Fd895481126%2Fhtdocs%2Fclickandbuilds%2FLogestyServices%2Fecff6c HTTP/1.1" 200 8761 logesty-services.fr "-" "Mozilla/5.0 AppleWebKit/537.36 (KHTML, like Gecko; compatible; ClaudeBot/1.0; +claudebot@anthropic.com)" "-"
216.73.217.0 - - [30/Jul/2026:03:43:07 +0200] "GET /detail/320072058.shtm?loknya=%2Fhomepages%2F43%2Fd895481126%2Fhtdocs%2Fclickandbuilds HTTP/1.1" 200 12473 logesty-services.fr "-" "Mozilla/5.0 AppleWebKit/537.36 (KHTML, like Gecko; compatible; ClaudeBot/1.0; +claudebot@anthropic.com)" "-"
216.73.217.0 - - [30/Jul/2026:03:43:12 +0200] "GET /item/221030961?lokasie=%2Fbin%2Fwhatis&loknya=%2Fbin HTTP/1.1" 200 3938 logesty-services.fr "-" "Mozilla/5.0 AppleWebKit/537.36 (KHTML, like Gecko; compatible; ClaudeBot/1.0; +claudebot@anthropic.com)" "-"
216.73.217.0 - - [30/Jul/2026:03:43:17 +0200] "GET /item/137013471?loknya=%2Fhomepages%2F43%2Fd895481126%2Fhtdocs%2Fclickandbuilds%2FLogestyServices%2Fauthor HTTP/1.1" 200 11593 logesty-services.fr "-" "Mozilla/5.0 AppleWebKit/537.36 (KHTML, like Gecko; compatible; ClaudeBot/1.0; +claudebot@anthropic.com)" "-"
216.73.217.0 - - [30/Jul/2026:03:43:22 +0200] "GET /shop/agency/double117027616.html?loknya=%2Fhomepages%2F43%2Fd895481126%2Fhtdocs%2Fclickandbuilds%2FLogestyServices%2Fwp-includes%2Fcollaboration HTTP/1.1" 200 12633 logesty-services.fr "-" "Mozilla/5.0 AppleWebKit/537.36 (KHTML, like Gecko; compatible; ClaudeBot/1.0; +claudebot@anthropic.com)" "-"
216.73.217.0 - - [30/Jul/2026:03:43:27 +0200] "GET /detail/752577989.shtm?loknya=%2Fhomepages%2F1 HTTP/1.1" 200 11278 logesty-services.fr "-" "Mozilla/5.0 AppleWebKit/537.36 (KHTML, like Gecko; compatible; ClaudeBot/1.0; +claudebot@anthropic.com)" "-"
216.73.217.0 - - [30/Jul/2026:03:43:32 +0200] "GET /detail/592379524.shtm?lokasie=%2Fbin%2Fx86_64-linux-gnu-gcc-ranlib&loknya=%2Fbin HTTP/1.1" 200 3959 logesty-services.fr "-" "Mozilla/5.0 AppleWebKit/537.36 (KHTML, like Gecko; compatible; ClaudeBot/1.0; +claudebot@anthropic.com)" "-"
216.73.217.0 - - [30/Jul/2026:03:43:37 +0200] "GET /item/215043477?loknya=%2Fhomepages%2F43%2Fd895481126%2Fhtdocs%2Fclickandbuilds%2FLogestyServices%2Fecff6c HTTP/1.1" 200 8761 logesty-services.fr "-" "Mozilla/5.0 AppleWebKit/537.36 (KHTML, like Gecko; compatible; ClaudeBot/1.0; +claudebot@anthropic.com)" "-"
216.73.217.0 - - [30/Jul/2026:03:43:42 +0200] "GET /shop/line/calm263038984.html?loknya=%2Fhomepages%2F43%2Fd895481126%2Fhtdocs%2Fclickandbuilds%2FLogestyServices%2Fwp-content%2Fuploads%2Fst_uploadfont HTTP/1.1" 429 267 logesty-services.fr "-" "Mozilla/5.0 AppleWebKit/537.36 (KHTML, like Gecko; compatible; ClaudeBot/1.0; +claudebot@anthropic.com)" "-"
216.73.217.0 - - [30/Jul/2026:03:43:47 +0200] "GET /detail/432321995.shtm?loknya=%2Fhomepages%2F43%2Fd895481126%2Fhtdocs%2Fclickandbuilds HTTP/1.1" 429 267 logesty-services.fr "-" "Mozilla/5.0 AppleWebKit/537.36 (KHTML, like Gecko; compatible; ClaudeBot/1.0; +claudebot@anthropic.com)" "-"
74.7.242.0 - - [30/Jul/2026:03:43:52 +0200] "GET /?lokasie=/usr/sbin/sysctl&loknya=/usr/sbin HTTP/1.1" 429 267 logesty-services.fr "http://logesty-services.fr/?loknya=/usr/sbin" "Mozilla/5.0 AppleWebKit/537.36 (KHTML, like Gecko; compatible; GPTBot/1.4; +https://openai.com/gptbot)" "-"
216.73.217.0 - - [30/Jul/2026:03:43:52 +0200] "GET /detail/756622370.shtm?loknya=%2Fhomepages%2F43 HTTP/1.1" 429 267 logesty-services.fr "-" "Mozilla/5.0 AppleWebKit/537.36 (KHTML, like Gecko; compatible; ClaudeBot/1.0; +claudebot@anthropic.com)" "-"
66.249.64.0 - - [30/Jul/2026:03:43:56 +0200] "GET /?u=1464262441 HTTP/1.1" 200 155017 logesty-services.fr "-" "Mozilla/5.0 (Linux; Android 6.0.1; Nexus 5X Build/MMB29P) AppleWebKit/537.36 (KHTML, like Gecko) Chrome/150.0.7871.186 Mobile Safari/537.36 (compatible; Googlebot/2.1; +http://www.google.com/bot.html)" "-"
54.38.147.0 - - [30/Jul/2026:03:43:58 +0200] "GET /sitemap-hot-2994038.xml HTTP/1.1" 200 167013 logesty-services.fr "-" "Mozilla/5.0 (compatible; AhrefsBot/7.0; +http://ahrefs.com/robot/)" "-"
216.73.217.0 - - [30/Jul/2026:03:43:59 +0200] "GET /item/134049128?loknya=%2Fhomepages%2F43%2Fd895481126%2Fhtdocs%2Fclickandbuilds%2FLogestyServices%2Fauthor HTTP/1.1" 429 267 logesty-services.fr "-" "Mozilla/5.0 AppleWebKit/537.36 (KHTML, like Gecko; compatible; ClaudeBot/1.0; +claudebot@anthropic.com)" "-"
216.73.217.0 - - [30/Jul/2026:03:44:04 +0200] "GET /detail/618112628.shtm?loknya=%2Fhomepages%2F43%2Fd895481126%2Fhtdocs%2Fclickandbuilds%2FLogestyServices%2Fwp-includes%2Fai-client HTTP/1.1" 429 267 logesty-services.fr "-" "Mozilla/5.0 AppleWebKit/537.36 (KHTML, like Gecko; compatible; ClaudeBot/1.0; +claudebot@anthropic.com)" "-"
216.73.217.0 - - [30/Jul/2026:03:44:09 +0200] "GET /item/134049128?lokasie=%2Fbin%2Fyuvsplittoppm&loknya=%2Fbin HTTP/1.1" 429 267 logesty-services.fr "-" "Mozilla/5.0 AppleWebKit/537.36 (KHTML, like Gecko; compatible; ClaudeBot/1.0; +claudebot@anthropic.com)" "-"
216.73.217.0 - - [30/Jul/2026:03:44:14 +0200] "GET /shop/speech/presumably039009352.html?loknya=%2Fhomepages%2F43%2Fd895481126%2Fhtdocs%2Fclickandbuilds%2FLogestyServices%2Fecff6c HTTP/1.1" 429 267 logesty-services.fr "-" "Mozilla/5.0 AppleWebKit/537.36 (KHTML, like Gecko; compatible; ClaudeBot/1.0; +claudebot@anthropic.com)" "-"
216.73.217.0 - - [30/Jul/2026:03:44:19 +0200] "GET /shop/subtle/mentally102020715.html?loknya=%2Fhomepages%2F43%2Fd895481126%2Fhtdocs%2Fclickandbuilds%2FLogestyServices%2F.metadata HTTP/1.1" 429 267 logesty-services.fr "-" "Mozilla/5.0 AppleWebKit/537.36 (KHTML, like Gecko; compatible; ClaudeBot/1.0; +claudebot@anthropic.com)" "-"
114.119.138.0 - - [30/Jul/2026:03:44:19 +0200] "GET /type/apartment/page/2/?loknya=/homepages/43/d895481126/htdocs/clickandbuilds/LogestyServices/listing/a4-11-studio-cosy-toulouse HTTP/1.1" 200 10586 logesty-services.fr "https://logesty-services.fr/type/apartment/page/2/?loknya=/homepages/43/d895481126/htdocs/clickandbuilds/LogestyServices/listing" "Mozilla/5.0 (Linux; Android 7.0;) AppleWebKit/537.36 (HTML, like Gecko) Mobile Safari/537.36 (compatible; PetalBot;+https://webmaster.petalsearch.com/site/petalbot)" "-"
216.73.217.0 - - [30/Jul/2026:03:44:24 +0200] "GET /detail/754094346.shtm?lokasie=%2Fproc%2Fcmdline&loknya=%2Fproc HTTP/1.1" 429 267 logesty-services.fr "-" "Mozilla/5.0 AppleWebKit/537.36 (KHTML, like Gecko; compatible; ClaudeBot/1.0; +claudebot@anthropic.com)" "-"
216.73.217.0 - - [30/Jul/2026:03:44:33 +0200] "GET /item/083026575?loknya=%2Fhomepages%2F43%2Fd895481126%2Fhtdocs%2Fclickandbuilds%2FLogestyServices%2Fcategory HTTP/1.1" 429 267 logesty-services.fr "-" "Mozilla/5.0 AppleWebKit/537.36 (KHTML, like Gecko; compatible; ClaudeBot/1.0; +claudebot@anthropic.com)" "-"
216.73.217.0 - - [30/Jul/2026:03:44:38 +0200] "GET /item/087040347?loknya=%2Fhomepages%2F43%2Fd895481126%2Fhtdocs%2Fclickandbuilds%2FLogestyServices%2Fcategory HTTP/1.1" 429 267 logesty-services.fr "-" "Mozilla/5.0 AppleWebKit/537.36 (KHTML, like Gecko; compatible; ClaudeBot/1.0; +claudebot@anthropic.com)" "-"
216.73.217.0 - - [30/Jul/2026:03:44:43 +0200] "GET /item/213029305?loknya=%2Fhomepages%2F43%2Fd895481126%2Fhtdocs%2Fclickandbuilds%2FLogestyServices%2Fauthor HTTP/1.1" 200 11593 logesty-services.fr "-" "Mozilla/5.0 AppleWebKit/537.36 (KHTML, like Gecko; compatible; ClaudeBot/1.0; +claudebot@anthropic.com)" "-"
216.73.217.0 - - [30/Jul/2026:03:44:48 +0200] "GET /detail/254145.shtm?lokasie=%2Fbin%2Fcmp&loknya=%2Fbin HTTP/1.1" 200 3935 logesty-services.fr "-" "Mozilla/5.0 AppleWebKit/537.36 (KHTML, like Gecko; compatible; ClaudeBot/1.0; +claudebot@anthropic.com)" "-"
74.7.242.0 - - [30/Jul/2026:03:44:50 +0200] "GET /?lokasie=/usr/sbin/blkzone&loknya=/usr/sbin HTTP/1.1" 200 3979 logesty-services.fr "http://logesty-services.fr/?loknya=/usr/sbin" "Mozilla/5.0 AppleWebKit/537.36 (KHTML, like Gecko; compatible; GPTBot/1.4; +https://openai.com/gptbot)" "-"
216.73.217.0 - - [30/Jul/2026:03:44:53 +0200] "GET /shop/jet/bunch073002500.html?loknya=%2Fhomepages%2F43%2Fd895481126%2Fhtdocs%2Fclickandbuilds%2FLogestyServices%2Fcategory HTTP/1.1" 200 12830 logesty-services.fr "-" "Mozilla/5.0 AppleWebKit/537.36 (KHTML, like Gecko; compatible; ClaudeBot/1.0; +claudebot@anthropic.com)" "-"
216.73.217.0 - - [30/Jul/2026:03:44:58 +0200] "GET /shop/raw/rebel083045182.html?lokasie=%2Fbin%2Fzgrep&loknya=%2Fbin HTTP/1.1" 200 13016 logesty-services.fr "-" "Mozilla/5.0 AppleWebKit/537.36 (KHTML, like Gecko; compatible; ClaudeBot/1.0; +claudebot@anthropic.com)" "-"
216.73.217.0 - - [30/Jul/2026:03:45:03 +0200] "GET /shop/fully/American298025847.html?loknya=%2Fhomepages%2F43%2Fd895481126%2Fhtdocs%2Fclickandbuilds%2FLogestyServices%2Fauthor HTTP/1.1" 200 11593 logesty-services.fr "-" "Mozilla/5.0 AppleWebKit/537.36 (KHTML, like Gecko; compatible; ClaudeBot/1.0; +claudebot@anthropic.com)" "-"
216.73.217.0 - - [30/Jul/2026:03:45:08 +0200] "GET /item/059002147?loknya=%2Fhomepages%2F43%2Fd895481126%2Fhtdocs%2Fclickandbuilds%2FLogestyServices%2Fecff6c HTTP/1.1" 200 8761 logesty-services.fr "-" "Mozilla/5.0 AppleWebKit/537.36 (KHTML, like Gecko; compatible; ClaudeBot/1.0; +claudebot@anthropic.com)" "-"
216.73.217.0 - - [30/Jul/2026:03:45:13 +0200] "GET /detail/758199337.shtm?lokasie=%2Fsbin%2Frunuser&loknya=%2Fsbin HTTP/1.1" 200 3942 logesty-services.fr "-" "Mozilla/5.0 AppleWebKit/537.36 (KHTML, like Gecko; compatible; ClaudeBot/1.0; +claudebot@anthropic.com)" "-"
216.73.217.0 - - [30/Jul/2026:03:45:18 +0200] "GET /shop/mind/magazine281025016.html?loknya=%2Fhomepages%2F43%2Fd895481126%2Fhtdocs%2Fclickandbuilds%2FLogestyServices%2Fwp-includes%2Fassets HTTP/1.1" 200 12403 logesty-services.fr "-" "Mozilla/5.0 AppleWebKit/537.36 (KHTML, like Gecko; compatible; ClaudeBot/1.0; +claudebot@anthropic.com)" "-"
216.73.217.0 - - [30/Jul/2026:03:45:23 +0200] "GET /shop/swell/inform260038909.html?loknya=%2Fhomepages%2F43%2Fd895481126%2Fhtdocs%2Fclickandbuilds%2FLogestyServices%2Fwp-includes HTTP/1.1" 200 464441 logesty-services.fr "-" "Mozilla/5.0 AppleWebKit/537.36 (KHTML, like Gecko; compatible; ClaudeBot/1.0; +claudebot@anthropic.com)" "-"
216.73.217.0 - - [30/Jul/2026:03:45:28 +0200] "GET /detail/281644167.shtm?loknya=%2Fhomepages%2F43%2Fd895481126%2Fhtdocs%2Fclickandbuilds%2FLogestyServices%2Fwp-includes%2Fassets HTTP/1.1" 200 12403 logesty-services.fr "-" "Mozilla/5.0 AppleWebKit/537.36 (KHTML, like Gecko; compatible; ClaudeBot/1.0; +claudebot@anthropic.com)" "-"
216.73.217.0 - - [30/Jul/2026:03:45:33 +0200] "GET /shop/hill/announce056036893.html?loknya=%2Fhomepages%2F43%2Fd895481126%2Fhtdocs%2Fclickandbuilds%2FLogestyServices%2Fwp-includes%2FID3 HTTP/1.1" 200 36761 logesty-services.fr "-" "Mozilla/5.0 AppleWebKit/537.36 (KHTML, like Gecko; compatible; ClaudeBot/1.0; +claudebot@anthropic.com)" "-"
216.73.217.0 - - [30/Jul/2026:03:45:38 +0200] "GET /detail/362437.shtm?loknya=%2Fhomepages%2F43%2Fd895481126%2Fhtdocs%2Fclickandbuilds%2FLogestyServices%2Fwp-includes%2Fsitemaps HTTP/1.1" 200 18790 logesty-services.fr "-" "Mozilla/5.0 AppleWebKit/537.36 (KHTML, like Gecko; compatible; ClaudeBot/1.0; +claudebot@anthropic.com)" "-"
114.119.130.0 - - [30/Jul/2026:03:45:42 +0200] "GET /the-castle-on-the-cliff-majestic-magic-manoir?loknya=/homepages/43/d895481126/htdocs/clickandbuilds/LogestyServices/wp-includes/blocks/site-logo HTTP/1.1" 200 22462 logesty-services.fr "https://logesty-services.fr/the-castle-on-the-cliff-majestic-magic-manoir?loknya=/homepages/43/d895481126/htdocs/clickandbuilds/LogestyServices/wp-includes/blocks" "Mozilla/5.0 (Linux; Android 7.0;) AppleWebKit/537.36 (HTML, like Gecko) Mobile Safari/537.36 (compatible; PetalBot;+https://webmaster.petalsearch.com/site/petalbot)" "-"
216.73.217.0 - - [30/Jul/2026:03:45:43 +0200] "GET /shop/shrimp/component134019709.html?loknya=%2Fhomepages%2F43%2Fd895481126%2Fhtdocs%2Fclickandbuilds%2FLogestyServices%2F251b67 HTTP/1.1" 200 9983 logesty-services.fr "-" "Mozilla/5.0 AppleWebKit/537.36 (KHTML, like Gecko; compatible; ClaudeBot/1.0; +claudebot@anthropic.com)" "-"
216.73.217.0 - - [30/Jul/2026:03:45:49 +0200] "GET /shop/kiss/trash212001705.html?loknya=%2Fhomepages%2F43%2Fd895481126%2Fhtdocs%2Fclickandbuilds%2FLogestyServices%2Fwp-includes%2Fstyle-engine HTTP/1.1" 200 16082 logesty-services.fr "-" "Mozilla/5.0 AppleWebKit/537.36 (KHTML, like Gecko; compatible; ClaudeBot/1.0; +claudebot@anthropic.com)" "-"
74.7.242.0 - - [30/Jul/2026:03:45:53 +0200] "GET /?lokasie=/usr/sbin/sfdisk&loknya=/usr/sbin HTTP/1.1" 200 3978 logesty-services.fr "http://logesty-services.fr/?loknya=/usr/sbin" "Mozilla/5.0 AppleWebKit/537.36 (KHTML, like Gecko; compatible; GPTBot/1.4; +https://openai.com/gptbot)" "-"
216.73.217.0 - - [30/Jul/2026:03:45:53 +0200] "GET /shop/culture/book157031746.html?loknya=%2Fhomepages%2F43%2Fd895481126%2Fhtdocs%2Fclickandbuilds%2FLogestyServices%2Fwp-includes%2Frest-api HTTP/1.1" 200 16254 logesty-services.fr "-" "Mozilla/5.0 AppleWebKit/537.36 (KHTML, like Gecko; compatible; ClaudeBot/1.0; +claudebot@anthropic.com)" "-"
216.73.217.0 - - [30/Jul/2026:03:45:59 +0200] "GET /detail/755758361.shtm?loknya=%2Fhomepages%2F43%2Fd895481126%2Fhtdocs%2Fclickandbuilds%2FLogestyServices%2F.wp-cli HTTP/1.1" 200 11568 logesty-services.fr "-" "Mozilla/5.0 AppleWebKit/537.36 (KHTML, like Gecko; compatible; ClaudeBot/1.0; +claudebot@anthropic.com)" "-"
216.73.217.0 - - [30/Jul/2026:03:46:04 +0200] "GET /shop/wake/secondary180049555.html?loknya=%2Fhomepages%2F43%2Fd895481126%2Fhtdocs%2Fclickandbuilds%2FLogestyServices%2Ftype HTTP/1.1" 200 12746 logesty-services.fr "-" "Mozilla/5.0 AppleWebKit/537.36 (KHTML, like Gecko; compatible; ClaudeBot/1.0; +claudebot@anthropic.com)" "-"
216.73.217.0 - - [30/Jul/2026:03:46:09 +0200] "GET /shop/fluid/domain022017413.html?loknya=%2Fhomepages%2F43%2Fd895481126%2Fhtdocs%2Fclickandbuilds%2FLogestyServices%2Ftag HTTP/1.1" 200 12740 logesty-services.fr "-" "Mozilla/5.0 AppleWebKit/537.36 (KHTML, like Gecko; compatible; ClaudeBot/1.0; +claudebot@anthropic.com)" "-"
216.73.217.0 - - [30/Jul/2026:03:46:14 +0200] "GET /detail/752610639.shtm?loknya=%2Fhomepages%2F14 HTTP/1.1" 200 16480 logesty-services.fr "-" "Mozilla/5.0 AppleWebKit/537.36 (KHTML, like Gecko; compatible; ClaudeBot/1.0; +claudebot@anthropic.com)" "-"
216.73.217.0 - - [30/Jul/2026:03:46:19 +0200] "GET /shop/regional/sentence056016313.html?lokasie=%2Fbin%2Flzcmp&loknya=%2Fbin HTTP/1.1" 429 267 logesty-services.fr "-" "Mozilla/5.0 AppleWebKit/537.36 (KHTML, like Gecko; compatible; ClaudeBot/1.0; +claudebot@anthropic.com)" "-"
216.73.217.0 - - [30/Jul/2026:03:46:24 +0200] "GET /shop/lack/guy105033550.html?lokasie=%2Fbin%2Flessecho&loknya=%2Fbin HTTP/1.1" 429 267 logesty-services.fr "-" "Mozilla/5.0 AppleWebKit/537.36 (KHTML, like Gecko; compatible; ClaudeBot/1.0; +claudebot@anthropic.com)" "-"
216.73.217.0 - - [30/Jul/2026:03:46:29 +0200] "GET /detail/266846.shtm?loknya=%2Fhomepages%2F43%2Fd895481126%2Fhtdocs%2Fclickandbuilds%2F HTTP/1.1" 429 267 logesty-services.fr "-" "Mozilla/5.0 AppleWebKit/537.36 (KHTML, like Gecko; compatible; ClaudeBot/1.0; +claudebot@anthropic.com)" "-"
216.73.217.0 - - [30/Jul/2026:03:46:34 +0200] "GET /detail/751151021.shtm?loknya=%2Fhomepages%2F6 HTTP/1.1" 429 267 logesty-services.fr "-" "Mozilla/5.0 AppleWebKit/537.36 (KHTML, like Gecko; compatible; ClaudeBot/1.0; +claudebot@anthropic.com)" "-"
66.249.64.0 - - [30/Jul/2026:03:46:34 +0200] "GET /?u=2013192869 HTTP/1.1" 200 157826 logesty-services.fr "-" "Mozilla/5.0 (Linux; Android 6.0.1; Nexus 5X Build/MMB29P) AppleWebKit/537.36 (KHTML, like Gecko) Chrome/150.0.7871.186 Mobile Safari/537.36 (compatible; Googlebot/2.1; +http://www.google.com/bot.html)" "-"
216.73.217.0 - - [30/Jul/2026:03:46:39 +0200] "GET /shop/dying/treasure001020468.html?loknya=%2Fhomepages%2F43%2Fd895481126%2Fhtdocs%2Fclickandbuilds%2FLogestyServices%2Fecff6c HTTP/1.1" 429 267 logesty-services.fr "-" "Mozilla/5.0 AppleWebKit/537.36 (KHTML, like Gecko; compatible; ClaudeBot/1.0; +claudebot@anthropic.com)" "-"
216.73.217.0 - - [30/Jul/2026:03:46:44 +0200] "GET /shop/commodity/testing120045071.html?lokasie=%2Fhomepages%2F43%2Fd895481126%2Fhtdocs%2Fclickandbuilds%2FLogestyServices%2Fwp-admin%2Finstall.php&loknya=%2Fhomepages%2F43%2Fd895481126%2Fhtdocs%2Fclickandbuilds%2FLogestyServices%2Fwp-admin HTTP/1.1" 429 267 logesty-services.fr "-" "Mozilla/5.0 AppleWebKit/537.36 (KHTML, like Gecko; compatible; ClaudeBot/1.0; +claudebot@anthropic.com)" "-"
74.7.242.0 - - [30/Jul/2026:03:46:49 +0200] "GET /?lokasie=/usr/sbin/route&loknya=/usr/sbin HTTP/1.1" 429 267 logesty-services.fr "http://logesty-services.fr/?loknya=/usr/sbin" "Mozilla/5.0 AppleWebKit/537.36 (KHTML, like Gecko; compatible; GPTBot/1.4; +https://openai.com/gptbot)" "-"
216.73.217.0 - - [30/Jul/2026:03:46:49 +0200] "GET /category/mahmoud/%7B%7Bitem.imgSrc%7D%7D?loknya=%2Fhomepages%2F43%2Fd895481126%2Fhtdocs%2Fclickandbuilds%2FLogestyServices%2F HTTP/1.1" 429 267 logesty-services.fr "-" "Mozilla/5.0 AppleWebKit/537.36 (KHTML, like Gecko; compatible; ClaudeBot/1.0; +claudebot@anthropic.com)" "-"
66.249.64.0 - - [30/Jul/2026:03:46:50 +0200] "GET /detail/259553358.shtm HTTP/1.1" 200 83792 logesty-services.fr "-" "Mozilla/5.0 (Linux; Android 6.0.1; Nexus 5X Build/MMB29P) AppleWebKit/537.36 (KHTML, like Gecko) Chrome/150.0.7871.186 Mobile Safari/537.36 (compatible; GoogleOther)" "-"
216.73.217.0 - - [30/Jul/2026:03:46:54 +0200] "GET /item/186022752?loknya=%2Fhomepages%2F43%2Fd895481126%2Fhtdocs%2Fclickandbuilds%2FLogestyServices HTTP/1.1" 429 267 logesty-services.fr "-" "Mozilla/5.0 AppleWebKit/537.36 (KHTML, like Gecko; compatible; ClaudeBot/1.0; +claudebot@anthropic.com)" "-"
216.73.217.0 - - [30/Jul/2026:03:46:59 +0200] "GET /item/104030968?loknya=%2Fhomepages%2F43%2Fd895481126%2Fhtdocs%2Fclickandbuilds%2FLogestyServices%2Fcategory HTTP/1.1" 429 267 logesty-services.fr "-" "Mozilla/5.0 AppleWebKit/537.36 (KHTML, like Gecko; compatible; ClaudeBot/1.0; +claudebot@anthropic.com)" "-"
216.73.217.0 - - [30/Jul/2026:03:47:04 +0200] "GET /item/011035861?loknya=%2Fhomepages%2F43%2Fd895481126%2Fhtdocs%2Fclickandbuilds%2FLogestyServices%2Fecff6c HTTP/1.1" 429 267 logesty-services.fr "-" "Mozilla/5.0 AppleWebKit/537.36 (KHTML, like Gecko; compatible; ClaudeBot/1.0; +claudebot@anthropic.com)" "-"
114.119.130.0 - - [30/Jul/2026:03:47:06 +0200] "GET /the-castle-on-the-cliff-majestic-magic-manoir/?loknya=/homepages/43/d895481126/htdocs/clickandbuilds/LogestyServices/city HTTP/1.1" 200 22720 logesty-services.fr "https://logesty-services.fr/the-castle-on-the-cliff-majestic-magic-manoir/" "Mozilla/5.0 (Linux; Android 7.0;) AppleWebKit/537.36 (HTML, like Gecko) Mobile Safari/537.36 (compatible; PetalBot;+https://webmaster.petalsearch.com/site/petalbot)" "-"
216.73.217.0 - - [30/Jul/2026:03:47:12 +0200] "GET /detail/215546.shtm?loknya=%2Fhomepages%2F43%2Fd895481126%2Fhtdocs%2Fclickandbuilds%2FLogestyServices%2Fwp-includes%2Fphp-ai-client HTTP/1.1" 429 267 logesty-services.fr "-" "Mozilla/5.0 AppleWebKit/537.36 (KHTML, like Gecko; compatible; ClaudeBot/1.0; +claudebot@anthropic.com)" "-"
216.73.217.0 - - [30/Jul/2026:03:47:17 +0200] "GET /shop/demographic/kind169047840.html?loknya=%2Fhomepages%2F43%2Fd895481126%2Fhtdocs%2Fclickandbuilds%2FLogestyServices%2Fwp-includes%2Fabilities-api HTTP/1.1" 429 267 logesty-services.fr "-" "Mozilla/5.0 AppleWebKit/537.36 (KHTML, like Gecko; compatible; ClaudeBot/1.0; +claudebot@anthropic.com)" "-"
216.73.217.0 - - [30/Jul/2026:03:47:22 +0200] "GET /detail/502388017.shtm?loknya=%2Flib32 HTTP/1.1" 200 5015 logesty-services.fr "-" "Mozilla/5.0 AppleWebKit/537.36 (KHTML, like Gecko; compatible; ClaudeBot/1.0; +claudebot@anthropic.com)" "-"
216.73.217.0 - - [30/Jul/2026:03:47:27 +0200] "GET /detail/194567.shtm?loknya=%2Fhomepages%2F43%2Fd895481126%2Fhtdocs HTTP/1.1" 200 14208 logesty-services.fr "-" "Mozilla/5.0 AppleWebKit/537.36 (KHTML, like Gecko; compatible; ClaudeBot/1.0; +claudebot@anthropic.com)" "-"
216.73.217.0 - - [30/Jul/2026:03:47:32 +0200] "GET /detail/396896.shtm?loknya=%2Fhomepages%2F25 HTTP/1.1" 200 18552 logesty-services.fr "-" "Mozilla/5.0 AppleWebKit/537.36 (KHTML, like Gecko; compatible; ClaudeBot/1.0; +claudebot@anthropic.com)" "-"
13.36.159.0 - - [30/Jul/2026:03:47:33 +0200] "GET /ical/?iCal=c46fa13f5e9902e8891e4e5447bae21b HTTP/1.1" 200 83792 logesty-services.fr "-" "SuperHote" "-"
13.36.159.0 - - [30/Jul/2026:03:47:34 +0200] "GET /ical/?iCal=b9b3cf8f06b3b241f9c5e8c37744a54e HTTP/1.1" 200 83792 logesty-services.fr "-" "SuperHote" "-"
216.73.217.0 - - [30/Jul/2026:03:47:37 +0200] "GET /detail/161140.shtm?loknya=%2Fhomepages%2F43%2Fd895481126%2Fhtdocs%2Fclickandbuilds%2FLogestyServices%2F.wp-cli%2Fcache HTTP/1.1" 200 8605 logesty-services.fr "-" "Mozilla/5.0 AppleWebKit/537.36 (KHTML, like Gecko; compatible; ClaudeBot/1.0; +claudebot@anthropic.com)" "-"
74.7.242.0 - - [30/Jul/2026:03:47:38 +0200] "GET /?lokasie=/usr/sbin/blkid&loknya=/usr/sbin HTTP/1.1" 200 3977 logesty-services.fr "http://logesty-services.fr/?loknya=/usr/sbin" "Mozilla/5.0 AppleWebKit/537.36 (KHTML, like Gecko; compatible; GPTBot/1.4; +https://openai.com/gptbot)" "-"
66.249.64.0 - - [30/Jul/2026:03:47:42 +0200] "GET /?u=0322601188 HTTP/1.1" 200 155864 logesty-services.fr "-" "Mozilla/5.0 (Linux; Android 6.0.1; Nexus 5X Build/MMB29P) AppleWebKit/537.36 (KHTML, like Gecko) Chrome/150.0.7871.186 Mobile Safari/537.36 (compatible; Googlebot/2.1; +http://www.google.com/bot.html)" "-"
216.73.217.0 - - [30/Jul/2026:03:47:43 +0200] "GET /detail/556523962.shtm?loknya=%2Fhomepages%2F43%2Fd895481126%2Fhtdocs%2F HTTP/1.1" 200 14232 logesty-services.fr "-" "Mozilla/5.0 AppleWebKit/537.36 (KHTML, like Gecko; compatible; ClaudeBot/1.0; +claudebot@anthropic.com)" "-"
216.73.217.0 - - [30/Jul/2026:03:47:47 +0200] "GET /shop/dozen/urban282008049.html?loknya=%2Fhomepages%2F43%2Fd895481126%2Fhtdocs%2Fclickandbuilds%2FLogestyServices%2Fwp-includes%2Fcss HTTP/1.1" 200 83743 logesty-services.fr "-" "Mozilla/5.0 AppleWebKit/537.36 (KHTML, like Gecko; compatible; ClaudeBot/1.0; +claudebot@anthropic.com)" "-"
156.253.14.0 - - [30/Jul/2026:03:47:50 +0200] "GET /sxallsitemap.xml HTTP/1.1" 200 166112 logesty-services.fr "-" "req/v3 (https://github.com/imroc/req)" "-"
156.253.14.0 - - [30/Jul/2026:03:47:52 +0200] "GET /allsitemap.xml HTTP/1.1" 200 167013 logesty-services.fr "-" "req/v3 (https://github.com/imroc/req)" "-"
216.73.217.0 - - [30/Jul/2026:03:47:56 +0200] "GET /detail/328761.shtm?loknya=%2Fhomepages%2F HTTP/1.1" 200 57124 logesty-services.fr "-" "Mozilla/5.0 AppleWebKit/537.36 (KHTML, like Gecko; compatible; ClaudeBot/1.0; +claudebot@anthropic.com)" "-"
216.73.217.0 - - [30/Jul/2026:03:48:01 +0200] "GET /detail/337049.shtm?loknya=%2Fhomepages%2F20 HTTP/1.1" 200 14408 logesty-services.fr "-" "Mozilla/5.0 AppleWebKit/537.36 (KHTML, like Gecko; compatible; ClaudeBot/1.0; +claudebot@anthropic.com)" "-"
216.73.217.0 - - [30/Jul/2026:03:48:06 +0200] "GET /detail/502379727.shtm?loknya=%2Flib64 HTTP/1.1" 200 6318 logesty-services.fr "-" "Mozilla/5.0 AppleWebKit/537.36 (KHTML, like Gecko; compatible; ClaudeBot/1.0; +claudebot@anthropic.com)" "-"
216.73.217.0 - - [30/Jul/2026:03:48:11 +0200] "GET /detail/752204154.shtm?loknya=%2Fhomepages%2F43%2Fd895481126%2Fhtdocs%2Fclickandbuilds%2FLogestyServices%2F.wp-cli%2Fcache HTTP/1.1" 200 8605 logesty-services.fr "-" "Mozilla/5.0 AppleWebKit/537.36 (KHTML, like Gecko; compatible; ClaudeBot/1.0; +claudebot@anthropic.com)" "-"
216.73.217.0 - - [30/Jul/2026:03:48:16 +0200] "GET /detail/757610980.shtm?loknya=%2Fhomepages%2F43%2Fd895481126%2Fhtdocs%2Fclickandbuilds%2FLogestyServices%2F.wp-cli%2Fcache HTTP/1.1" 200 8605 logesty-services.fr "-" "Mozilla/5.0 AppleWebKit/537.36 (KHTML, like Gecko; compatible; ClaudeBot/1.0; +claudebot@anthropic.com)" "-"
148.113.210.0 - - [30/Jul/2026:03:48:21 +0200] "GET /author/leonort5451346 HTTP/1.1" 200 83793 logesty-services.fr "http://logesty-services.fr/" "Mozilla/5.0 (X11; Linux x86_64) AppleWebKit/537.36 (KHTML, like Gecko) Chrome/134.0.0.0 Safari/537.36" "-"
216.73.217.0 - - [30/Jul/2026:03:48:21 +0200] "GET /detail/758076798.shtm?loknya=%2Fhomepages%2F43%2Fd895481126%2Fhtdocs%2Fclickandbuilds%2FLogestyServices%2F.wp-cli%2Fcache HTTP/1.1" 200 8605 logesty-services.fr "-" "Mozilla/5.0 AppleWebKit/537.36 (KHTML, like Gecko; compatible; ClaudeBot/1.0; +claudebot@anthropic.com)" "-"
148.113.210.0 - - [30/Jul/2026:03:48:22 +0200] "GET /author/leonort5451346?loknya=/homepages/43/d895481126/htdocs/clickandbuilds/LogestyServices/decouvrez-le-concept-innovant-de-logesty-service-des-logements-de-qualite-pour-vos-weekends-et-courts-sejours HTTP/1.1" 200 15884 logesty-services.fr "http://logesty-services.fr/author/leonort5451346" "Mozilla/5.0 (X11; Linux x86_64) AppleWebKit/537.36 (KHTML, like Gecko) Chrome/134.0.0.0 Safari/537.36" "-"
216.73.217.0 - - [30/Jul/2026:03:48:26 +0200] "GET /detail/618112628.shtm?loknya=%2Fhomepages%2F43%2Fd895481126%2Fhtdocs%2Fclickandbuilds%2FLogestyServices%2Fwp-includes%2Fblock-patterns HTTP/1.1" 200 27905 logesty-services.fr "-" "Mozilla/5.0 AppleWebKit/537.36 (KHTML, like Gecko; compatible; ClaudeBot/1.0; +claudebot@anthropic.com)" "-"
114.119.143.0 - - [30/Jul/2026:03:48:30 +0200] "GET /seven-awesome-things-you-can-learn-from-booking/?loknya=/homepages/43/d895481126/htdocs/clickandbuilds/LogestyServices/wp-includes/IXR HTTP/1.1" 200 23752 logesty-services.fr "https://logesty-services.fr/seven-awesome-things-you-can-learn-from-booking/?loknya=/homepages/43/d895481126/htdocs/clickandbuilds/LogestyServices/wp-includes" "Mozilla/5.0 (Linux; Android 7.0;) AppleWebKit/537.36 (HTML, like Gecko) Mobile Safari/537.36 (compatible; PetalBot;+https://webmaster.petalsearch.com/site/petalbot)" "-"
216.73.217.0 - - [30/Jul/2026:03:48:31 +0200] "GET /detail/756159923.shtm?loknya=%2Fhomepages%2F43%2Fd895481126%2Fhtdocs%2Fclickandbuilds%2FLogestyServices%2Fwp-includes%2Fblocks%2Fquery HTTP/1.1" 200 15758 logesty-services.fr "-" "Mozilla/5.0 AppleWebKit/537.36 (KHTML, like Gecko; compatible; ClaudeBot/1.0; +claudebot@anthropic.com)" "-"
216.73.217.0 - - [30/Jul/2026:03:48:36 +0200] "GET /shop/resolution/president133008170.html?loknya=%2Fhomepages%2F43%2Fd895481126%2Fhtdocs%2Fclickandbuilds%2FLogestyServices%2Fwp-includes%2Fabilities-api HTTP/1.1" 200 15621 logesty-services.fr "-" "Mozilla/5.0 AppleWebKit/537.36 (KHTML, like Gecko; compatible; ClaudeBot/1.0; +claudebot@anthropic.com)" "-"
74.7.242.0 - - [30/Jul/2026:03:48:39 +0200] "GET /?lokasie=/proc//timer_list&loknya=/proc/ HTTP/1.1" 200 3944 logesty-services.fr "http://logesty-services.fr/?loknya=/proc/" "Mozilla/5.0 AppleWebKit/537.36 (KHTML, like Gecko; compatible; GPTBot/1.4; +https://openai.com/gptbot)" "-"
216.73.217.0 - - [30/Jul/2026:03:48:41 +0200] "GET /detail/618147350.shtm?loknya=%2Fhomepages%2F43%2Fd895481126%2Fhtdocs%2Fclickandbuilds%2FLogestyServices%2F.wp-cli%2Fcache HTTP/1.1" 200 8605 logesty-services.fr "-" "Mozilla/5.0 AppleWebKit/537.36 (KHTML, like Gecko; compatible; ClaudeBot/1.0; +claudebot@anthropic.com)" "-"
216.73.217.0 - - [30/Jul/2026:03:48:46 +0200] "GET /detail/364254.shtm?loknya=%2Fhomepages HTTP/1.1" 200 57018 logesty-services.fr "-" "Mozilla/5.0 AppleWebKit/537.36 (KHTML, like Gecko; compatible; ClaudeBot/1.0; +claudebot@anthropic.com)" "-"
216.73.217.0 - - [30/Jul/2026:03:48:52 +0200] "GET /city/triel-sur-seine/%7B%7Bitem.imgSrc%7D%7D?loknya=%2Fetc%2Fgroff HTTP/1.1" 200 7618 logesty-services.fr "-" "Mozilla/5.0 AppleWebKit/537.36 (KHTML, like Gecko; compatible; ClaudeBot/1.0; +claudebot@anthropic.com)" "-"
216.73.217.0 - - [30/Jul/2026:03:48:57 +0200] "GET /detail/502298897.shtm?loknya=%2Fhomepages%2FsclientMF HTTP/1.1" 200 5112 logesty-services.fr "-" "Mozilla/5.0 AppleWebKit/537.36 (KHTML, like Gecko; compatible; ClaudeBot/1.0; +claudebot@anthropic.com)" "-"
216.73.217.0 - - [30/Jul/2026:03:49:02 +0200] "GET /detail/754150557.shtm?loknya=%2Fhomepages%2F43%2Fd895481126%2Fhtdocs%2Fclickandbuilds%2FLogestyServices%2F.wp-cli%2Fcache HTTP/1.1" 429 267 logesty-services.fr "-" "Mozilla/5.0 AppleWebKit/537.36 (KHTML, like Gecko; compatible; ClaudeBot/1.0; +claudebot@anthropic.com)" "-"
216.73.217.0 - - [30/Jul/2026:03:49:07 +0200] "GET /shop/dialogue/college142037363.html?loknya=%2Fhomepages%2F43%2Fd895481126%2Fhtdocs%2Fclickandbuilds%2FLogestyServices%2Fwp-includes%2Fabilities-api HTTP/1.1" 429 267 logesty-services.fr "-" "Mozilla/5.0 AppleWebKit/537.36 (KHTML, like Gecko; compatible; ClaudeBot/1.0; +claudebot@anthropic.com)" "-"
66.249.64.0 - - [30/Jul/2026:03:49:09 +0200] "GET /?u=2522822942 HTTP/1.1" 200 149533 logesty-services.fr "-" "Mozilla/5.0 (Linux; Android 6.0.1; Nexus 5X Build/MMB29P) AppleWebKit/537.36 (KHTML, like Gecko) Chrome/150.0.7871.186 Mobile Safari/537.36 (compatible; Googlebot/2.1; +http://www.google.com/bot.html)" "-"
216.73.217.0 - - [30/Jul/2026:03:49:12 +0200] "GET /shop/flesh/beach208038747.html?loknya=%2Fhomepages%2F43%2Fd895481126%2Fhtdocs%2Fclickandbuilds%2FLogestyServices%2Ftype%2Fstudio%2Fstudio HTTP/1.1" 429 267 logesty-services.fr "-" "Mozilla/5.0 AppleWebKit/537.36 (KHTML, like Gecko; compatible; ClaudeBot/1.0; +claudebot@anthropic.com)" "-"
216.73.217.0 - - [30/Jul/2026:03:49:17 +0200] "GET /shop/sexuality/pollution182024205.html?loknya=%2Fhomepages%2F43%2Fd895481126%2Fhtdocs%2Fclickandbuilds%2FLogestyServices%2Fwp-includes%2FText HTTP/1.1" 429 267 logesty-services.fr "-" "Mozilla/5.0 AppleWebKit/537.36 (KHTML, like Gecko; compatible; ClaudeBot/1.0; +claudebot@anthropic.com)" "-"
216.73.217.0 - - [30/Jul/2026:03:49:22 +0200] "GET /detail/751095324.shtm?loknya=%2Fhomepages%2F43%2Fd895481126%2Fhtdocs%2Fclickandbuilds%2FLogestyServices%2F.wp-cli%2Fcache HTTP/1.1" 429 267 logesty-services.fr "-" "Mozilla/5.0 AppleWebKit/537.36 (KHTML, like Gecko; compatible; ClaudeBot/1.0; +claudebot@anthropic.com)" "-"
66.249.64.0 - - [30/Jul/2026:03:49:26 +0200] "GET /detail/749942195.shtm?lokasie=/homepages/43/d895481126/htdocs/clickandbuilds/LogestyServices/wp-content/jjblfgaw.php&loknya=/homepages/43/d895481126/htdocs/clickandbuilds/LogestyServices/wp-content HTTP/1.1" 200 4477 logesty-services.fr "-" "Mozilla/5.0 (Linux; Android 6.0.1; Nexus 5X Build/MMB29P) AppleWebKit/537.36 (KHTML, like Gecko) Chrome/150.0.7871.186 Mobile Safari/537.36 (compatible; GoogleOther)" "-"
216.73.217.0 - - [30/Jul/2026:03:49:27 +0200] "GET /detail/396896.shtm?loknya=%2Fhomepages%2F21 HTTP/1.1" 429 267 logesty-services.fr "-" "Mozilla/5.0 AppleWebKit/537.36 (KHTML, like Gecko; compatible; ClaudeBot/1.0; +claudebot@anthropic.com)" "-"
216.73.217.0 - - [30/Jul/2026:03:49:32 +0200] "GET /shop/lawsuit/oxygen013045796.html?loknya=%2Fhomepages%2F43%2Fd895481126%2Fhtdocs%2Fclickandbuilds%2FLogestyServices%2Fwp-includes%2Fcss HTTP/1.1" 429 267 logesty-services.fr "-" "Mozilla/5.0 AppleWebKit/537.36 (KHTML, like Gecko; compatible; ClaudeBot/1.0; +claudebot@anthropic.com)" "-"
216.73.217.0 - - [30/Jul/2026:03:49:37 +0200] "GET /detail/752018652.shtm?loknya=%2Fhomepages%2F43%2Fd895481126%2Fhtdocs%2Fclickandbuilds%2FLogestyServices%2Fwp-includes%2Fcss HTTP/1.1" 429 267 logesty-services.fr "-" "Mozilla/5.0 AppleWebKit/537.36 (KHTML, like Gecko; compatible; ClaudeBot/1.0; +claudebot@anthropic.com)" "-"
74.7.242.0 - - [30/Jul/2026:03:49:38 +0200] "GET /?lokasie=/usr/sbin/e2fsck&loknya=/usr/sbin HTTP/1.1" 429 267 logesty-services.fr "http://logesty-services.fr/?loknya=/usr/sbin" "Mozilla/5.0 AppleWebKit/537.36 (KHTML, like Gecko; compatible; GPTBot/1.4; +https://openai.com/gptbot)" "-"
216.73.217.0 - - [30/Jul/2026:03:49:42 +0200] "GET /detail/756159923.shtm?loknya=%2Fhomepages%2F43%2Fd895481126%2Fhtdocs%2Fclickandbuilds%2FLogestyServices%2Fwp-includes%2FSimplePie HTTP/1.1" 429 267 logesty-services.fr "-" "Mozilla/5.0 AppleWebKit/537.36 (KHTML, like Gecko; compatible; ClaudeBot/1.0; +claudebot@anthropic.com)" "-"
185.99.255.0 - - [30/Jul/2026:03:49:45 +0200] "GET /author/qffkatrin0237/ HTTP/1.1" 200 83792 logesty-services.fr "https://logesty-services.fr/" "Mozilla/5.0 (Macintosh; Intel Mac OS X 10_15_7) AppleWebKit/605.1.15 (KHTML, like Gecko) Version/17.4.1 Safari/605.1.15" "-"
185.99.255.0 - - [30/Jul/2026:03:49:46 +0200] "GET /author/qffkatrin0237/?loknya=/homepages/43/d895481126/htdocs/clickandbuilds/LogestyServices/decouvrez-le-concept-innovant-de-logesty-service-des-logements-de-qualite-pour-vos-weekends-et-courts-sejours HTTP/1.1" 200 15883 logesty-services.fr "https://logesty-services.fr/author/qffkatrin0237/" "Mozilla/5.0 (Macintosh; Intel Mac OS X 10_15_7) AppleWebKit/605.1.15 (KHTML, like Gecko) Version/17.4.1 Safari/605.1.15" "-"
216.73.217.0 - - [30/Jul/2026:03:49:47 +0200] "GET /detail/752666073.shtm?loknya=%2Fhomepages%2FsclientMF HTTP/1.1" 429 267 logesty-services.fr "-" "Mozilla/5.0 AppleWebKit/537.36 (KHTML, like Gecko; compatible; ClaudeBot/1.0; +claudebot@anthropic.com)" "-"
66.249.64.0 - - [30/Jul/2026:03:49:48 +0200] "GET /?u=46273795 HTTP/1.1" 200 83792 logesty-services.fr "-" "Mozilla/5.0 (Linux; Android 6.0.1; Nexus 5X Build/MMB29P) AppleWebKit/537.36 (KHTML, like Gecko) Chrome/150.0.7871.186 Mobile Safari/537.36 (compatible; GoogleOther)" "-"
114.119.130.0 - - [30/Jul/2026:03:49:53 +0200] "GET /seven-awesome-things-you-can-learn-from-booking/?loknya=/homepages/43/d895481126/htdocs/clickandbuilds/LogestyServices/.metadata/784565 HTTP/1.1" 200 8985 logesty-services.fr "https://logesty-services.fr/seven-awesome-things-you-can-learn-from-booking/?loknya=/homepages/43/d895481126/htdocs/clickandbuilds/LogestyServices/.metadata" "Mozilla/5.0 (Linux; Android 7.0;) AppleWebKit/537.36 (HTML, like Gecko) Mobile Safari/537.36 (compatible; PetalBot;+https://webmaster.petalsearch.com/site/petalbot)" "-"
216.73.217.0 - - [30/Jul/2026:03:49:55 +0200] "GET /detail/420989.shtm?loknya=%2Fhomepages%2F43%2Fd895481126%2Fhtdocs HTTP/1.1" 429 267 logesty-services.fr "-" "Mozilla/5.0 AppleWebKit/537.36 (KHTML, like Gecko; compatible; ClaudeBot/1.0; +claudebot@anthropic.com)" "-"
216.73.217.0 - - [30/Jul/2026:03:49:59 +0200] "GET /shop/dialogue/college142037363.html?loknya=%2Fhomepages%2F43%2Fd895481126%2Fhtdocs%2Fclickandbuilds%2FLogestyServices%2Fwp-includes%2Fsodium_compat%2Fsrc HTTP/1.1" 429 267 logesty-services.fr "-" "Mozilla/5.0 AppleWebKit/537.36 (KHTML, like Gecko; compatible; ClaudeBot/1.0; +claudebot@anthropic.com)" "-"
198.244.168.0 - - [30/Jul/2026:03:50:00 +0200] "GET /sitemap-hot-2980038.xml HTTP/1.1" 200 167013 logesty-services.fr "-" "Mozilla/5.0 (compatible; AhrefsBot/7.0; +http://ahrefs.com/robot/)" "-"
216.73.217.0 - - [30/Jul/2026:03:50:04 +0200] "GET /shop/tribe/elder124023655.html?loknya=%2Fhomepages%2F43%2Fd895481126%2Fhtdocs%2Fclickandbuilds%2FLogestyServices%2Fwp-content%2Fplugins%2Fmailchimp-for-wp HTTP/1.1" 200 23970 logesty-services.fr "-" "Mozilla/5.0 AppleWebKit/537.36 (KHTML, like Gecko; compatible; ClaudeBot/1.0; +claudebot@anthropic.com)" "-"
216.73.217.0 - - [30/Jul/2026:03:50:11 +0200] "GET /detail/751706218.shtm?loknya=%2Fhomepages%2F43%2Fd895481126%2Fhtdocs%2Fclickandbuilds%2FLogestyServices%2F.wp-cli%2Fcache HTTP/1.1" 200 8605 logesty-services.fr "-" "Mozilla/5.0 AppleWebKit/537.36 (KHTML, like Gecko; compatible; ClaudeBot/1.0; +claudebot@anthropic.com)" "-"
216.73.217.0 - - [30/Jul/2026:03:50:15 +0200] "GET /detail/756602676.shtm?loknya=%2Fhomepages%2F43%2Fd895481126%2Fhtdocs%2Fclickandbuilds%2FLogestyServices%2F.wp-cli%2Fcache HTTP/1.1" 200 8605 logesty-services.fr "-" "Mozilla/5.0 AppleWebKit/537.36 (KHTML, like Gecko; compatible; ClaudeBot/1.0; +claudebot@anthropic.com)" "-"
216.73.217.0 - - [30/Jul/2026:03:50:20 +0200] "GET /shop/speculate/perfectly062016617.html?loknya=%2Fhomepages%2F43%2Fd895481126%2Fhtdocs%2Fclickandbuilds%2FLogestyServices%2Fwp-includes%2Fblock-patterns HTTP/1.1" 200 27905 logesty-services.fr "-" "Mozilla/5.0 AppleWebKit/537.36 (KHTML, like Gecko; compatible; ClaudeBot/1.0; +claudebot@anthropic.com)" "-"
216.73.217.0 - - [30/Jul/2026:03:50:25 +0200] "GET /detail/618084654.shtm?loknya=%2Fhomepages HTTP/1.1" 200 57018 logesty-services.fr "-" "Mozilla/5.0 AppleWebKit/537.36 (KHTML, like Gecko; compatible; ClaudeBot/1.0; +claudebot@anthropic.com)" "-"
74.7.242.0 - - [30/Jul/2026:03:50:31 +0200] "GET /?lokasie=/usr/sbin/e2image&loknya=/usr/sbin HTTP/1.1" 200 3979 logesty-services.fr "http://logesty-services.fr/?loknya=/usr/sbin" "Mozilla/5.0 AppleWebKit/537.36 (KHTML, like Gecko; compatible; GPTBot/1.4; +https://openai.com/gptbot)" "-"
216.73.217.0 - - [30/Jul/2026:03:50:32 +0200] "GET /detail/98185.shtm?loknya=%2Fhomepages%2F22 HTTP/1.1" 200 19588 logesty-services.fr "-" "Mozilla/5.0 AppleWebKit/537.36 (KHTML, like Gecko; compatible; ClaudeBot/1.0; +claudebot@anthropic.com)" "-"
216.73.217.0 - - [30/Jul/2026:03:50:36 +0200] "GET /detail/293747232.shtm?loknya=%2Fhomepages%2F43%2Fd895481126%2Fhtdocs HTTP/1.1" 200 14208 logesty-services.fr "-" "Mozilla/5.0 AppleWebKit/537.36 (KHTML, like Gecko; compatible; ClaudeBot/1.0; +claudebot@anthropic.com)" "-"
216.73.217.0 - - [30/Jul/2026:03:50:41 +0200] "GET /shop/similarity/relevant271027244.html?loknya=%2Fhomepages%2F43%2Fd895481126%2Fhtdocs%2Fclickandbuilds%2FLogestyServices%2Fwp-content%2Fplugins%2Fduplicate-page HTTP/1.1" 200 16201 logesty-services.fr "-" "Mozilla/5.0 AppleWebKit/537.36 (KHTML, like Gecko; compatible; ClaudeBot/1.0; +claudebot@anthropic.com)" "-"
216.73.217.0 - - [30/Jul/2026:03:50:46 +0200] "GET /detail/754128536.shtm?loknya=%2Fhomepages HTTP/1.1" 200 57018 logesty-services.fr "-" "Mozilla/5.0 AppleWebKit/537.36 (KHTML, like Gecko; compatible; ClaudeBot/1.0; +claudebot@anthropic.com)" "-"
216.73.217.0 - - [30/Jul/2026:03:50:51 +0200] "GET /shop/thereby/exact179014946.html?loknya=%2Fhomepages%2F43%2Fd895481126%2Fhtdocs%2Fclickandbuilds%2FLogestyServices%2Fwp-content%2Fcache HTTP/1.1" 200 9955 logesty-services.fr "-" "Mozilla/5.0 AppleWebKit/537.36 (KHTML, like Gecko; compatible; ClaudeBot/1.0; +claudebot@anthropic.com)" "-"
216.73.217.0 - - [30/Jul/2026:03:50:57 +0200] "GET /shop/speculate/perfectly062016617.html?loknya=%2Fhomepages%2F43%2Fd895481126%2Fhtdocs%2Fclickandbuilds%2FLogestyServices%2Fwp-includes%2Frest-api HTTP/1.1" 200 16254 logesty-services.fr "-" "Mozilla/5.0 AppleWebKit/537.36 (KHTML, like Gecko; compatible; ClaudeBot/1.0; +claudebot@anthropic.com)" "-"
66.249.64.0 - - [30/Jul/2026:03:50:59 +0200] "GET /?u=4803727840 HTTP/1.1" 200 152203 logesty-services.fr "-" "Mozilla/5.0 (Linux; Android 6.0.1; Nexus 5X Build/MMB29P) AppleWebKit/537.36 (KHTML, like Gecko) Chrome/150.0.7871.186 Mobile Safari/537.36 (compatible; Googlebot/2.1; +http://www.google.com/bot.html)" "-"
216.73.217.0 - - [30/Jul/2026:03:51:02 +0200] "GET /shop/them/across008023545.html?loknya=%2Fhomepages%2F43%2Fd895481126%2Fhtdocs%2Fclickandbuilds%2FLogestyServices%2Fwp-content%2Fplugins%2Fwp-file-manager HTTP/1.1" 200 7653 logesty-services.fr "-" "Mozilla/5.0 AppleWebKit/537.36 (KHTML, like Gecko; compatible; ClaudeBot/1.0; +claudebot@anthropic.com)" "-"
216.73.217.0 - - [30/Jul/2026:03:51:07 +0200] "GET /detail/753040958.shtm?loknya=%2Fhomepages HTTP/1.1" 200 57018 logesty-services.fr "-" "Mozilla/5.0 AppleWebKit/537.36 (KHTML, like Gecko; compatible; ClaudeBot/1.0; +claudebot@anthropic.com)" "-"
216.73.217.0 - - [30/Jul/2026:03:51:12 +0200] "GET /detail/324876.shtm?loknya=%2Fhomepages%2F43%2Fd895481126%2Fhtdocs%2Fclickandbuilds%2FLogestyServices%2Fwp-includes%2Fcss HTTP/1.1" 200 83743 logesty-services.fr "-" "Mozilla/5.0 AppleWebKit/537.36 (KHTML, like Gecko; compatible; ClaudeBot/1.0; +claudebot@anthropic.com)" "-"
216.73.217.0 - - [30/Jul/2026:03:51:17 +0200] "GET /detail/756154480.shtm?loknya=%2Fhomepages%2F43%2Fd895481126%2Fhtdocs%2Fclickandbuilds%2FLogestyServices%2Fwp-content%2Fplugins HTTP/1.1" 200 36401 logesty-services.fr "-" "Mozilla/5.0 AppleWebKit/537.36 (KHTML, like Gecko; compatible; ClaudeBot/1.0; +claudebot@anthropic.com)" "-"
