74.7.242.0 - - [30/Jul/2026:04:26:09 +0200] "GET /?lokasie=/usr/sbin/zic&loknya=/usr/sbin HTTP/1.1" 200 3975 logesty-services.fr "http://logesty-services.fr/?loknya=/usr/sbin" "Mozilla/5.0 AppleWebKit/537.36 (KHTML, like Gecko; compatible; GPTBot/1.4; +https://openai.com/gptbot)" "-"
218.152.33.0 - - [30/Jul/2026:04:26:12 +0200] "GET /author/lucienneslavin/ HTTP/1.1" 200 83793 logesty-services.fr "http://logesty-services.fr/" "Mozilla/5.0 (Macintosh; Intel Mac OS X 10_15_7) AppleWebKit/537.36 (KHTML, like Gecko) Chrome/145.0.0.0 Safari/537.36 OPR/129.0.0.0" "-"
66.249.64.0 - - [30/Jul/2026:04:26:12 +0200] "GET /?u=2253801191 HTTP/1.1" 200 146573 logesty-services.fr "-" "Mozilla/5.0 (Linux; Android 6.0.1; Nexus 5X Build/MMB29P) AppleWebKit/537.36 (KHTML, like Gecko) Chrome/150.0.7871.186 Mobile Safari/537.36 (compatible; Googlebot/2.1; +http://www.google.com/bot.html)" "-"
218.152.33.0 - - [30/Jul/2026:04:26:19 +0200] "GET /author/lucienneslavin/?lokasie=/homepages/43/d895481126/htdocs/clickandbuilds/LogestyServices/wp-login.php&loknya=/homepages/43/d895481126/htdocs/clickandbuilds/LogestyServices HTTP/1.1" 200 61740 logesty-services.fr "http://logesty-services.fr/author/lucienneslavin/" "Mozilla/5.0 (Windows NT 6.3; Win64; x64) AppleWebKit/537.36 (KHTML, like Gecko) Chrome/103.0.0.0 Safari/537.36" "-"
218.152.33.0 - - [30/Jul/2026:04:26:21 +0200] "POST /author/lucienneslavin/?lokasie=/homepages/43/d895481126/htdocs/clickandbuilds/LogestyServices/wp-login.php&loknya=/homepages/43/d895481126/htdocs/clickandbuilds/LogestyServices HTTP/1.1" 200 61793 logesty-services.fr "http://logesty-services.fr/author/lucienneslavin/?lokasie=/homepages/43/d895481126/htdocs/clickandbuilds/LogestyServices/wp-login.php&loknya=/homepages/43/d895481126/htdocs/clickandbuilds/LogestyServices" "Mozilla/5.0 (Windows NT 6.3; Win64; x64) AppleWebKit/537.36 (KHTML, like Gecko) Chrome/103.0.0.0 Safari/537.36" "-"
218.152.33.0 - - [30/Jul/2026:04:26:23 +0200] "GET /wp-login.php HTTP/1.1" 200 83796 logesty-services.fr "http://logesty-services.fr/author/lucienneslavin/?lokasie=/homepages/43/d895481126/htdocs/clickandbuilds/LogestyServices/wp-login.php&loknya=/homepages/43/d895481126/htdocs/clickandbuilds/LogestyServices" "Mozilla/5.0 (Windows NT 6.3; Win64; x64) AppleWebKit/537.36 (KHTML, like Gecko) Chrome/103.0.0.0 Safari/537.36" "-"
74.7.242.0 - - [30/Jul/2026:04:26:33 +0200] "GET /?lokasie=/etc/cbi/mtab&loknya=/etc/cbi HTTP/1.1" 200 4150 logesty-services.fr "http://logesty-services.fr/?loknya=/etc/cbi" "Mozilla/5.0 AppleWebKit/537.36 (KHTML, like Gecko; compatible; GPTBot/1.4; +https://openai.com/gptbot)" "-"
218.152.33.0 - - [30/Jul/2026:04:26:35 +0200] "GET /wp-login.php HTTP/1.1" 200 83796 logesty-services.fr "http://logesty-services.fr/wp-login.php" "Mozilla/5.0 (Windows NT 6.3; Win64; x64) AppleWebKit/537.36 (KHTML, like Gecko) Chrome/103.0.0.0 Safari/537.36" "-"
114.119.136.0 - - [30/Jul/2026:04:26:46 +0200] "GET /listing/appartement-disneyland-paris/?loknya=/homepages/8/d893877028 HTTP/1.1" 200 19516 logesty-services.fr "https://logesty-services.fr/listing/appartement-disneyland-paris/?loknya=/homepages/8" "Mozilla/5.0 (Linux; Android 7.0;) AppleWebKit/537.36 (HTML, like Gecko) Mobile Safari/537.36 (compatible; PetalBot;+https://webmaster.petalsearch.com/site/petalbot)" "-"
218.152.33.0 - - [30/Jul/2026:04:26:47 +0200] "POST /wp-login.php HTTP/1.1" 200 83849 logesty-services.fr "http://logesty-services.fr/wp-login.php" "Mozilla/5.0 (Windows NT 6.3; Win64; x64) AppleWebKit/537.36 (KHTML, like Gecko) Chrome/103.0.0.0 Safari/537.36" "-"
218.152.33.0 - - [30/Jul/2026:04:26:48 +0200] "GET /author/lucienneslavin/ HTTP/1.1" 200 83793 logesty-services.fr "http://logesty-services.fr/wp-login.php" "Mozilla/5.0 (Windows NT 6.3; Win64; x64) AppleWebKit/537.36 (KHTML, like Gecko) Chrome/103.0.0.0 Safari/537.36" "-"
218.152.33.0 - - [30/Jul/2026:04:26:51 +0200] "GET /author/lucienneslavin/ HTTP/1.1" 200 83793 logesty-services.fr "http://logesty-services.fr/xmlrpc.php" "Mozilla/5.0 (Windows NT 6.3; Win64; x64) AppleWebKit/537.36 (KHTML, like Gecko) Chrome/103.0.0.0 Safari/537.36" "-"
218.152.33.0 - - [30/Jul/2026:04:26:53 +0200] "GET /author/wp-admin/post-new.php HTTP/1.1" 200 83793 logesty-services.fr "http://logesty-services.fr/author/lucienneslavin/" "Mozilla/5.0 (Windows NT 6.3; Win64; x64) AppleWebKit/537.36 (KHTML, like Gecko) Chrome/103.0.0.0 Safari/537.36" "-"
218.152.33.0 - - [30/Jul/2026:04:26:55 +0200] "GET /author/wp-admin/edit-tags.php?taxonomy=category HTTP/1.1" 200 83793 logesty-services.fr "http://logesty-services.fr/author/wp-admin/post-new.php" "Mozilla/5.0 (Windows NT 6.3; Win64; x64) AppleWebKit/537.36 (KHTML, like Gecko) Chrome/103.0.0.0 Safari/537.36" "-"
74.7.242.0 - - [30/Jul/2026:04:26:55 +0200] "GET /?lokasie=/proc//keys&loknya=/proc/ HTTP/1.1" 200 4082 logesty-services.fr "http://logesty-services.fr/?loknya=/proc/" "Mozilla/5.0 AppleWebKit/537.36 (KHTML, like Gecko; compatible; GPTBot/1.4; +https://openai.com/gptbot)" "-"
218.152.33.0 - - [30/Jul/2026:04:26:57 +0200] "POST /author/wp-admin/edit-tags.php?pilihan&loknya=/homepages/43/d895481126/htdocs/clickandbuilds/LogestyServices HTTP/1.1" 200 84465 logesty-services.fr "http://logesty-services.fr/author/wp-admin/edit-tags.php?taxonomy=category" "Mozilla/5.0 (Windows NT 6.3; Win64; x64) AppleWebKit/537.36 (KHTML, like Gecko) Chrome/103.0.0.0 Safari/537.36" "-"
218.152.33.0 - - [30/Jul/2026:04:26:59 +0200] "GET /author/wp-admin/edit-tags.php?lokasie=/homepages/43/d895481126/htdocs/clickandbuilds/LogestyServices/wp-comments-post.php&loknya=/homepages/43/d895481126/htdocs/clickandbuilds/LogestyServices HTTP/1.1" 200 6762 logesty-services.fr "http://logesty-services.fr/author/wp-admin/edit-tags.php?taxonomy=category" "Mozilla/5.0 (Windows NT 6.3; Win64; x64) AppleWebKit/537.36 (KHTML, like Gecko) Chrome/103.0.0.0 Safari/537.36" "-"
204.12.208.0 - - [30/Jul/2026:04:27:02 +0200] "GET /wp-includes/pl4a6c2c/edit.php HTTP/1.1" 403 603 logesty-services.fr "https://logesty-services.fr/wp-includes/pl4a6c2c/edit.php" "Mozilla/5.0 (Macintosh; Intel Mac OS X 10_6_8) AppleWebKit/534.30 (KHTML, like Gecko) Chrome/12.0.742.112 Safari/534.30" "-"
204.12.208.0 - - [30/Jul/2026:04:27:02 +0200] "GET /wp-includes/pl4a6c2c/edit.php HTTP/1.1" 403 603 logesty-services.fr "https://logesty-services.fr/wp-includes/pl4a6c2c/edit.php" "Mozilla/5.0 (Macintosh; Intel Mac OS X 10_6_8) AppleWebKit/535.1 (KHTML, like Gecko) Chrome/13.0.782.112 Safari/535.1" "-"
204.12.208.0 - - [30/Jul/2026:04:27:03 +0200] "GET /wp-includes/pl4a6c2c/edit.php HTTP/1.1" 403 603 logesty-services.fr "https://logesty-services.fr/wp-includes/pl4a6c2c/edit.php" "Mozilla/5.0 (Windows NT 6.1; WOW64) AppleWebKit/535.1 (KHTML, like Gecko) Chrome/14.0.835.202 Safari/535.1" "-"
74.7.242.0 - - [30/Jul/2026:04:27:14 +0200] "GET /?lokasie=/usr/sbin/hwclock&loknya=/usr/sbin HTTP/1.1" 200 3979 logesty-services.fr "http://logesty-services.fr/?loknya=/usr/sbin" "Mozilla/5.0 AppleWebKit/537.36 (KHTML, like Gecko; compatible; GPTBot/1.4; +https://openai.com/gptbot)" "-"
74.7.242.0 - - [30/Jul/2026:04:27:32 +0200] "GET /?lokasie=/usr/sbin/edquota&loknya=/usr/sbin HTTP/1.1" 200 3979 logesty-services.fr "http://logesty-services.fr/?loknya=/usr/sbin" "Mozilla/5.0 AppleWebKit/537.36 (KHTML, like Gecko; compatible; GPTBot/1.4; +https://openai.com/gptbot)" "-"
74.7.242.0 - - [30/Jul/2026:04:27:48 +0200] "GET /?lokasie=/usr/sbin/grpconv&loknya=/usr/sbin HTTP/1.1" 200 3979 logesty-services.fr "http://logesty-services.fr/?loknya=/usr/sbin" "Mozilla/5.0 AppleWebKit/537.36 (KHTML, like Gecko; compatible; GPTBot/1.4; +https://openai.com/gptbot)" "-"
66.249.64.0 - - [30/Jul/2026:04:27:52 +0200] "GET /?u=4202463776 HTTP/1.1" 200 150465 logesty-services.fr "-" "Mozilla/5.0 (Linux; Android 6.0.1; Nexus 5X Build/MMB29P) AppleWebKit/537.36 (KHTML, like Gecko) Chrome/150.0.7871.186 Mobile Safari/537.36 (compatible; Googlebot/2.1; +http://www.google.com/bot.html)" "-"
74.7.242.0 - - [30/Jul/2026:04:28:01 +0200] "GET /?lokasie=/usr/sbin/pwconv&loknya=/usr/sbin HTTP/1.1" 200 3978 logesty-services.fr "http://logesty-services.fr/?loknya=/usr/sbin" "Mozilla/5.0 AppleWebKit/537.36 (KHTML, like Gecko; compatible; GPTBot/1.4; +https://openai.com/gptbot)" "-"
66.249.64.0 - - [30/Jul/2026:04:28:04 +0200] "GET /detail/758113847.shtm?loknya=/homepages/43/d895481126/htdocs/clickandbuilds/ HTTP/1.1" 200 12493 logesty-services.fr "-" "Mozilla/5.0 (Linux; Android 6.0.1; Nexus 5X Build/MMB29P) AppleWebKit/537.36 (KHTML, like Gecko) Chrome/150.0.7871.186 Mobile Safari/537.36 (compatible; GoogleOther)" "-"
114.119.138.0 - - [30/Jul/2026:04:28:11 +0200] "GET /listing/appartement-disneyland-paris/?loknya=/homepages/43/d895481126/htdocs/clickandbuilds/LogestyServices/wp-admin/images HTTP/1.1" 200 155688 logesty-services.fr "https://logesty-services.fr/listing/appartement-disneyland-paris/?loknya=/homepages/43/d895481126/htdocs/clickandbuilds/LogestyServices/wp-admin" "Mozilla/5.0 (Linux; Android 7.0;) AppleWebKit/537.36 (HTML, like Gecko) Mobile Safari/537.36 (compatible; PetalBot;+https://webmaster.petalsearch.com/site/petalbot)" "-"
185.191.171.0 - - [30/Jul/2026:04:28:12 +0200] "GET /author/gidgetjvm2361 HTTP/1.1" 429 267 logesty-services.fr "-" "Mozilla/5.0 (compatible; SemrushBot/7~bl; +http://www.semrush.com/bot.html)" "-"
74.7.242.0 - - [30/Jul/2026:04:28:14 +0200] "GET /?lokasie=/usr/sbin/depmod&loknya=/usr/sbin HTTP/1.1" 200 3978 logesty-services.fr "http://logesty-services.fr/?loknya=/usr/sbin" "Mozilla/5.0 AppleWebKit/537.36 (KHTML, like Gecko; compatible; GPTBot/1.4; +https://openai.com/gptbot)" "-"
74.7.242.0 - - [30/Jul/2026:04:28:25 +0200] "GET /?lokasie=/usr/sbin/rtcwake&loknya=/usr/sbin HTTP/1.1" 200 3979 logesty-services.fr "http://logesty-services.fr/?loknya=/usr/sbin" "Mozilla/5.0 AppleWebKit/537.36 (KHTML, like Gecko; compatible; GPTBot/1.4; +https://openai.com/gptbot)" "-"
66.249.64.0 - - [30/Jul/2026:04:28:27 +0200] "GET /?u=6952790492 HTTP/1.1" 200 156857 logesty-services.fr "-" "Mozilla/5.0 (Linux; Android 6.0.1; Nexus 5X Build/MMB29P) AppleWebKit/537.36 (KHTML, like Gecko) Chrome/150.0.7871.186 Mobile Safari/537.36 (compatible; Googlebot/2.1; +http://www.google.com/bot.html)" "-"
66.249.64.0 - - [30/Jul/2026:04:28:33 +0200] "GET /detail/73628001.shtm?loknya=/homepages/43/d895481126/htdocs/clickandbuilds/LogestyServices/decouvrez-le-concept-innovant-de-logesty-service-des-logements-de-qualite-pour-vos-weekends-et-courts-sejours/decouvrez-le-concept-innovant-de-logesty-service-des-logements-de-qualite-pour-vos-weekends-et-courts-sejours HTTP/1.1" 200 18576 logesty-services.fr "-" "Mozilla/5.0 (Linux; Android 6.0.1; Nexus 5X Build/MMB29P) AppleWebKit/537.36 (KHTML, like Gecko) Chrome/150.0.7871.186 Mobile Safari/537.36 (compatible; GoogleOther)" "-"
74.7.242.0 - - [30/Jul/2026:04:28:36 +0200] "GET /?lokasie=/usr/sbin/chmem&loknya=/usr/sbin HTTP/1.1" 200 3977 logesty-services.fr "http://logesty-services.fr/?loknya=/usr/sbin" "Mozilla/5.0 AppleWebKit/537.36 (KHTML, like Gecko; compatible; GPTBot/1.4; +https://openai.com/gptbot)" "-"
74.7.242.0 - - [30/Jul/2026:04:28:45 +0200] "GET /?lokasie=/usr/sbin/zramctl&loknya=/usr/sbin HTTP/1.1" 200 3979 logesty-services.fr "http://logesty-services.fr/?loknya=/usr/sbin" "Mozilla/5.0 AppleWebKit/537.36 (KHTML, like Gecko; compatible; GPTBot/1.4; +https://openai.com/gptbot)" "-"
74.7.242.0 - - [30/Jul/2026:04:28:54 +0200] "GET /?lokasie=/proc//filesystems&loknya=/proc/ HTTP/1.1" 200 4293 logesty-services.fr "http://logesty-services.fr/?loknya=/proc/" "Mozilla/5.0 AppleWebKit/537.36 (KHTML, like Gecko; compatible; GPTBot/1.4; +https://openai.com/gptbot)" "-"
74.7.242.0 - - [30/Jul/2026:04:29:01 +0200] "GET /?lokasie=/proc/tty/drivers&loknya=/proc/tty HTTP/1.1" 200 4612 logesty-services.fr "http://logesty-services.fr/?loknya=/proc/tty" "Mozilla/5.0 AppleWebKit/537.36 (KHTML, like Gecko; compatible; GPTBot/1.4; +https://openai.com/gptbot)" "-"
66.249.64.0 - - [30/Jul/2026:04:29:07 +0200] "GET /detail/715115661.shtm HTTP/1.1" 200 83792 logesty-services.fr "-" "Mozilla/5.0 (Linux; Android 6.0.1; Nexus 5X Build/MMB29P) AppleWebKit/537.36 (KHTML, like Gecko) Chrome/150.0.7871.186 Mobile Safari/537.36 (compatible; GoogleOther)" "-"
74.7.242.0 - - [30/Jul/2026:04:29:08 +0200] "GET /?lokasie=/proc//cmdline&loknya=/proc/ HTTP/1.1" 429 267 logesty-services.fr "http://logesty-services.fr/?loknya=/proc/" "Mozilla/5.0 AppleWebKit/537.36 (KHTML, like Gecko; compatible; GPTBot/1.4; +https://openai.com/gptbot)" "-"
74.7.242.0 - - [30/Jul/2026:04:29:14 +0200] "GET /?lokasie=/proc//modules&loknya=/proc/ HTTP/1.1" 429 267 logesty-services.fr "http://logesty-services.fr/?loknya=/proc/" "Mozilla/5.0 AppleWebKit/537.36 (KHTML, like Gecko; compatible; GPTBot/1.4; +https://openai.com/gptbot)" "-"
66.249.64.0 - - [30/Jul/2026:04:29:27 +0200] "GET /?u=8201822543 HTTP/1.1" 200 154380 logesty-services.fr "-" "Mozilla/5.0 (Linux; Android 6.0.1; Nexus 5X Build/MMB29P) AppleWebKit/537.36 (KHTML, like Gecko) Chrome/150.0.7871.186 Mobile Safari/537.36 (compatible; Googlebot/2.1; +http://www.google.com/bot.html)" "-"
74.7.242.0 - - [30/Jul/2026:04:29:33 +0200] "GET /?lokasie=/proc//devices&loknya=/proc/ HTTP/1.1" 429 267 logesty-services.fr "http://logesty-services.fr/?loknya=/proc/" "Mozilla/5.0 AppleWebKit/537.36 (KHTML, like Gecko; compatible; GPTBot/1.4; +https://openai.com/gptbot)" "-"
240e:37a:3c00:: - - [30/Jul/2026:04:29:40 +0200] "GET /sxallsitemap.xml HTTP/1.1" 200 167013 logesty-services.fr "-" "req/v3 (https://github.com/imroc/req)" "-"
240e:37a:3c00:: - - [30/Jul/2026:04:29:42 +0200] "GET /allsitemap.xml HTTP/1.1" 200 166112 logesty-services.fr "-" "req/v3 (https://github.com/imroc/req)" "-"
74.7.242.0 - - [30/Jul/2026:04:30:27 +0200] "GET /?lokasie=/proc//loadavg&loknya=/proc/ HTTP/1.1" 200 3975 logesty-services.fr "http://logesty-services.fr/?loknya=/proc/" "Mozilla/5.0 AppleWebKit/537.36 (KHTML, like Gecko; compatible; GPTBot/1.4; +https://openai.com/gptbot)" "-"
114.119.129.0 - - [30/Jul/2026:04:30:59 +0200] "GET /listing/appartement-disneyland-paris/?loknya=/homepages/23 HTTP/1.1" 200 18553 logesty-services.fr "https://logesty-services.fr/listing/appartement-disneyland-paris/?loknya=/homepages" "Mozilla/5.0 (Linux; Android 7.0;) AppleWebKit/537.36 (HTML, like Gecko) Mobile Safari/537.36 (compatible; PetalBot;+https://webmaster.petalsearch.com/site/petalbot)" "-"
66.249.64.0 - - [30/Jul/2026:04:30:59 +0200] "GET /?u=0484500088 HTTP/1.1" 200 146231 logesty-services.fr "-" "Mozilla/5.0 (Linux; Android 6.0.1; Nexus 5X Build/MMB29P) AppleWebKit/537.36 (KHTML, like Gecko) Chrome/150.0.7871.186 Mobile Safari/537.36 (compatible; Googlebot/2.1; +http://www.google.com/bot.html)" "-"
66.249.64.0 - - [30/Jul/2026:04:31:07 +0200] "GET /detail/72638345.shtm HTTP/1.1" 200 83792 logesty-services.fr "-" "Mozilla/5.0 (Linux; Android 6.0.1; Nexus 5X Build/MMB29P) AppleWebKit/537.36 (KHTML, like Gecko) Chrome/150.0.7871.186 Mobile Safari/537.36 (compatible; GoogleOther)" "-"
74.7.242.0 - - [30/Jul/2026:04:31:33 +0200] "GET /?lokasie=/proc//meminfo&loknya=/proc/ HTTP/1.1" 200 4985 logesty-services.fr "http://logesty-services.fr/?loknya=/proc/" "Mozilla/5.0 AppleWebKit/537.36 (KHTML, like Gecko; compatible; GPTBot/1.4; +https://openai.com/gptbot)" "-"
62.197.45.0 - - [30/Jul/2026:04:31:34 +0200] "GET /author/henryallman059/ HTTP/1.1" 200 83792 logesty-services.fr "http://logesty-services.fr/author/henryallman059/" "Mozilla/5.0 (Windows NT 10.0; Win64; x64) AppleWebKit/537.36 (KHTML, like Gecko) Chrome/131.0.0.0 Safari/537.36" "-"
62.197.45.0 - - [30/Jul/2026:04:31:35 +0200] "GET /author/henryallman059/?loknya=/homepages/43/d895481126/htdocs/clickandbuilds/LogestyServices/contact-logesty-service HTTP/1.1" 200 13561 logesty-services.fr "http://logesty-services.fr/author/henryallman059/?loknya=/homepages/43/d895481126/htdocs/clickandbuilds/LogestyServices/contact-logesty-service" "Mozilla/5.0 (Windows NT 10.0; Win64; x64) AppleWebKit/537.36 (KHTML, like Gecko) Chrome/131.0.0.0 Safari/537.36" "-"
66.249.64.0 - - [30/Jul/2026:04:31:53 +0200] "GET /detail/418120181.shtm HTTP/1.1" 200 83792 logesty-services.fr "-" "Mozilla/5.0 (Linux; Android 6.0.1; Nexus 5X Build/MMB29P) AppleWebKit/537.36 (KHTML, like Gecko) Chrome/150.0.7871.186 Mobile Safari/537.36 (compatible; GoogleOther)" "-"
65.21.2.0 - - [30/Jul/2026:04:32:19 +0200] "GET /wp-content/uploads/2023/05/france-eiffel-tower-paris-120x80.jpg HTTP/1.1" 200 8828 logesty-services.fr "-" "Mozilla/5.0 (X11; Ubuntu; Linux x86_64; rv:72.0) Gecko/20100101 Firefox/72.0" "-"
114.119.129.0 - - [30/Jul/2026:04:32:21 +0200] "GET /listing/appart-3-pieces-centre-ville/?loknya=/homepages/38 HTTP/1.1" 200 17517 logesty-services.fr "https://logesty-services.fr/listing/appart-3-pieces-centre-ville/?loknya=/homepages" "Mozilla/5.0 (Linux; Android 7.0;) AppleWebKit/537.36 (HTML, like Gecko) Mobile Safari/537.36 (compatible; PetalBot;+https://webmaster.petalsearch.com/site/petalbot)" "-"
74.7.242.0 - - [30/Jul/2026:04:32:29 +0200] "GET /?lokasie=/proc//locks&loknya=/proc/ HTTP/1.1" 200 6335 logesty-services.fr "http://logesty-services.fr/?loknya=/proc/" "Mozilla/5.0 AppleWebKit/537.36 (KHTML, like Gecko; compatible; GPTBot/1.4; +https://openai.com/gptbot)" "-"
66.249.64.0 - - [30/Jul/2026:04:32:43 +0200] "GET /?u=2403446582 HTTP/1.1" 200 150707 logesty-services.fr "-" "Mozilla/5.0 (Linux; Android 6.0.1; Nexus 5X Build/MMB29P) AppleWebKit/537.36 (KHTML, like Gecko) Chrome/150.0.7871.186 Mobile Safari/537.36 (compatible; Googlebot/2.1; +http://www.google.com/bot.html)" "-"
170.106.72.0 - - [30/Jul/2026:04:33:07 +0200] "GET /?lokasie=/homepages/43/d895481126/htdocs/clickandbuilds/LogestyServices/author/jjblfgaw.php&loknya=/homepages/43/d895481126/htdocs/clickandbuilds/LogestyServices/author HTTP/1.1" 200 4466 logesty-services.fr "-" "Mozilla/5.0 (iPhone; CPU iPhone OS 13_2_3 like Mac OS X) AppleWebKit/605.1.15 (KHTML, like Gecko) Version/13.0.3 Mobile/15E148 Safari/604.1" "-"
74.7.242.0 - - [30/Jul/2026:04:33:20 +0200] "GET /?lokasie=/proc//swaps&loknya=/proc/ HTTP/1.1" 200 4043 logesty-services.fr "http://logesty-services.fr/?loknya=/proc/" "Mozilla/5.0 AppleWebKit/537.36 (KHTML, like Gecko; compatible; GPTBot/1.4; +https://openai.com/gptbot)" "-"
74.7.242.0 - - [30/Jul/2026:04:34:06 +0200] "GET /?lokasie=/proc/config.gz&loknya=/proc HTTP/1.1" 200 3942 logesty-services.fr "http://logesty-services.fr/?loknya=/proc" "Mozilla/5.0 AppleWebKit/537.36 (KHTML, like Gecko; compatible; GPTBot/1.4; +https://openai.com/gptbot)" "-"
74.7.242.0 - - [30/Jul/2026:04:34:46 +0200] "GET /?lokasie=/kunden/CBI_ID&loknya=/kunden HTTP/1.1" 200 3967 logesty-services.fr "http://logesty-services.fr/?loknya=/kunden" "Mozilla/5.0 AppleWebKit/537.36 (KHTML, like Gecko; compatible; GPTBot/1.4; +https://openai.com/gptbot)" "-"
66.249.64.0 - - [30/Jul/2026:04:35:03 +0200] "GET /detail/747054832.shtm HTTP/1.1" 200 153691 logesty-services.fr "-" "Mozilla/5.0 (Linux; Android 6.0.1; Nexus 5X Build/MMB29P) AppleWebKit/537.36 (KHTML, like Gecko) Chrome/150.0.7871.186 Mobile Safari/537.36 (compatible; Googlebot/2.1; +http://www.google.com/bot.html)" "-"
66.249.64.0 - - [30/Jul/2026:04:35:09 +0200] "GET /?u=5053172730 HTTP/1.1" 200 157253 logesty-services.fr "-" "Mozilla/5.0 (Linux; Android 6.0.1; Nexus 5X Build/MMB29P) AppleWebKit/537.36 (KHTML, like Gecko) Chrome/150.0.7871.186 Mobile Safari/537.36 (compatible; Googlebot/2.1; +http://www.google.com/bot.html)" "-"
66.249.64.0 - - [30/Jul/2026:04:35:11 +0200] "GET /?u=3531658174 HTTP/1.1" 200 154757 logesty-services.fr "-" "Mozilla/5.0 (Linux; Android 6.0.1; Nexus 5X Build/MMB29P) AppleWebKit/537.36 (KHTML, like Gecko) Chrome/150.0.7871.186 Mobile Safari/537.36 (compatible; Googlebot/2.1; +http://www.google.com/bot.html)" "-"
74.7.242.0 - - [30/Jul/2026:04:35:24 +0200] "GET /?lokasie=/etc/vim/vimrc&loknya=/etc/vim HTTP/1.1" 200 6530 logesty-services.fr "http://logesty-services.fr/?loknya=/etc/vim" "Mozilla/5.0 AppleWebKit/537.36 (KHTML, like Gecko; compatible; GPTBot/1.4; +https://openai.com/gptbot)" "-"
74.7.242.0 - - [30/Jul/2026:04:35:59 +0200] "GET /?lokasie=/proc//diskstats&loknya=/proc/ HTTP/1.1" 200 6933 logesty-services.fr "http://logesty-services.fr/?loknya=/proc/" "Mozilla/5.0 AppleWebKit/537.36 (KHTML, like Gecko; compatible; GPTBot/1.4; +https://openai.com/gptbot)" "-"
66.249.64.0 - - [30/Jul/2026:04:36:03 +0200] "GET /?u=2352521820 HTTP/1.1" 200 149753 logesty-services.fr "-" "Mozilla/5.0 (Linux; Android 6.0.1; Nexus 5X Build/MMB29P) AppleWebKit/537.36 (KHTML, like Gecko) Chrome/150.0.7871.186 Mobile Safari/537.36 (compatible; Googlebot/2.1; +http://www.google.com/bot.html)" "-"
74.7.242.0 - - [30/Jul/2026:04:36:27 +0200] "GET /?lokasie=/proc//userinfo&loknya=/proc/ HTTP/1.1" 200 3942 logesty-services.fr "http://logesty-services.fr/?loknya=/proc/" "Mozilla/5.0 AppleWebKit/537.36 (KHTML, like Gecko; compatible; GPTBot/1.4; +https://openai.com/gptbot)" "-"
74.7.242.0 - - [30/Jul/2026:04:36:53 +0200] "GET /?lokasie=/proc//slabinfo&loknya=/proc/ HTTP/1.1" 200 3942 logesty-services.fr "http://logesty-services.fr/?loknya=/proc/" "Mozilla/5.0 AppleWebKit/537.36 (KHTML, like Gecko; compatible; GPTBot/1.4; +https://openai.com/gptbot)" "-"
74.7.242.0 - - [30/Jul/2026:04:37:18 +0200] "GET /?lokasie=/usr/sbin/rmt&loknya=/usr/sbin HTTP/1.1" 200 3975 logesty-services.fr "http://logesty-services.fr/?loknya=/usr/sbin" "Mozilla/5.0 AppleWebKit/537.36 (KHTML, like Gecko; compatible; GPTBot/1.4; +https://openai.com/gptbot)" "-"
66.249.64.0 - - [30/Jul/2026:04:37:20 +0200] "GET /?u=589337034 HTTP/1.1" 200 83792 logesty-services.fr "-" "Mozilla/5.0 (Linux; Android 6.0.1; Nexus 5X Build/MMB29P) AppleWebKit/537.36 (KHTML, like Gecko) Chrome/150.0.7871.186 Mobile Safari/537.36 (compatible; GoogleOther)" "-"
114.119.130.0 - - [30/Jul/2026:04:37:30 +0200] "GET /listing/a4-14-studio-cosy-toulouse/?loknya=/homepages/43/d895481126/htdocs/clickandbuilds/LogestyServices/wp-content/ HTTP/1.1" 200 30720 logesty-services.fr "https://logesty-services.fr/listing/a4-14-studio-cosy-toulouse/?loknya=/homepages/43/d895481126/htdocs/clickandbuilds/LogestyServices/wp-content/smush-webp" "Mozilla/5.0 (Linux; Android 7.0;) AppleWebKit/537.36 (HTML, like Gecko) Mobile Safari/537.36 (compatible; PetalBot;+https://webmaster.petalsearch.com/site/petalbot)" "-"
66.249.64.0 - - [30/Jul/2026:04:37:32 +0200] "GET /?u=3911153252 HTTP/1.1" 200 83792 logesty-services.fr "-" "Mozilla/5.0 (Linux; Android 6.0.1; Nexus 5X Build/MMB29P) AppleWebKit/537.36 (KHTML, like Gecko) Chrome/150.0.7871.186 Mobile Safari/537.36 (compatible; GoogleOther)" "-"
116.111.119.0 - - [30/Jul/2026:04:37:36 +0200] "GET /author/kellieq5452006 HTTP/1.1" 200 83794 logesty-services.fr "http://logesty-services.fr/" "Mozilla/5.0 (Windows NT 10.0; Win64; x64) AppleWebKit/537.36 (KHTML, like Gecko) Chrome/134.0.0.0 Safari/537.36" "-"
116.111.119.0 - - [30/Jul/2026:04:37:39 +0200] "GET /author/kellieq5452006?loknya=/homepages/43/d895481126/htdocs/clickandbuilds/LogestyServices/decouvrez-le-concept-innovant-de-logesty-service-des-logements-de-qualite-pour-vos-weekends-et-courts-sejours HTTP/1.1" 200 15885 logesty-services.fr "http://logesty-services.fr/author/kellieq5452006" "Mozilla/5.0 (Windows NT 10.0; Win64; x64) AppleWebKit/537.36 (KHTML, like Gecko) Chrome/134.0.0.0 Safari/537.36" "-"
74.7.242.0 - - [30/Jul/2026:04:37:41 +0200] "GET /?lokasie=/proc//softirqs&loknya=/proc/ HTTP/1.1" 200 19591 logesty-services.fr "http://logesty-services.fr/?loknya=/proc/" "Mozilla/5.0 AppleWebKit/537.36 (KHTML, like Gecko; compatible; GPTBot/1.4; +https://openai.com/gptbot)" "-"
66.249.64.0 - - [30/Jul/2026:04:37:50 +0200] "GET /detail/418526925.shtm?loknya=/homepages/43/d895481126/htdocs/clickandbuilds/LogestyServices/.wp-cli HTTP/1.1" 200 11568 logesty-services.fr "-" "Mozilla/5.0 (Linux; Android 6.0.1; Nexus 5X Build/MMB29P) AppleWebKit/537.36 (KHTML, like Gecko) Chrome/150.0.7871.186 Mobile Safari/537.36 (compatible; GoogleOther)" "-"
66.249.64.0 - - [30/Jul/2026:04:37:55 +0200] "GET /?u=9364592942 HTTP/1.1" 200 153899 logesty-services.fr "-" "Mozilla/5.0 (Linux; Android 6.0.1; Nexus 5X Build/MMB29P) AppleWebKit/537.36 (KHTML, like Gecko) Chrome/150.0.7871.186 Mobile Safari/537.36 (compatible; Googlebot/2.1; +http://www.google.com/bot.html)" "-"
74.7.242.0 - - [30/Jul/2026:04:38:01 +0200] "GET /?lokasie=/proc//schedstat&loknya=/proc/ HTTP/1.1" 200 84411 logesty-services.fr "http://logesty-services.fr/?loknya=/proc/" "Mozilla/5.0 AppleWebKit/537.36 (KHTML, like Gecko; compatible; GPTBot/1.4; +https://openai.com/gptbot)" "-"
114.119.133.0 - - [30/Jul/2026:04:38:10 +0200] "GET /listing/a4-14-studio-cosy-toulouse/?loknya=/homepages/43/d895481126/htdocs/clickandbuilds/LogestyServices/contact-us-2 HTTP/1.1" 200 13266 logesty-services.fr "https://logesty-services.fr/listing/a4-14-studio-cosy-toulouse/" "Mozilla/5.0 (Linux; Android 7.0;) AppleWebKit/537.36 (HTML, like Gecko) Mobile Safari/537.36 (compatible; PetalBot;+https://webmaster.petalsearch.com/site/petalbot)" "-"
74.7.242.0 - - [30/Jul/2026:04:38:19 +0200] "GET /?lokasie=/proc/schedstat&loknya=/proc HTTP/1.1" 200 84410 logesty-services.fr "http://logesty-services.fr/?loknya=/proc" "Mozilla/5.0 AppleWebKit/537.36 (KHTML, like Gecko; compatible; GPTBot/1.4; +https://openai.com/gptbot)" "-"
65.109.168.0 - - [30/Jul/2026:04:38:28 +0200] "GET /wp-content/uploads/2018/10/blog-04-1140x760.jpg HTTP/1.1" 200 270844 logesty-services.fr "-" "Mozilla/5.0 (X11; Ubuntu; Linux x86_64; rv:72.0) Gecko/20100101 Firefox/72.0" "-"
74.7.242.0 - - [30/Jul/2026:04:38:35 +0200] "GET /?lokasie=/proc/diskstats&loknya=/proc HTTP/1.1" 200 6929 logesty-services.fr "http://logesty-services.fr/?loknya=/proc" "Mozilla/5.0 AppleWebKit/537.36 (KHTML, like Gecko; compatible; GPTBot/1.4; +https://openai.com/gptbot)" "-"
66.249.64.0 - - [30/Jul/2026:04:38:41 +0200] "GET /?u=8273278636 HTTP/1.1" 200 156307 logesty-services.fr "-" "Mozilla/5.0 (Linux; Android 6.0.1; Nexus 5X Build/MMB29P) AppleWebKit/537.36 (KHTML, like Gecko) Chrome/150.0.7871.186 Mobile Safari/537.36 (compatible; Googlebot/2.1; +http://www.google.com/bot.html)" "-"
74.7.242.0 - - [30/Jul/2026:04:38:49 +0200] "GET /?lokasie=/etc/cbi/group&loknya=/etc/cbi HTTP/1.1" 200 4529 logesty-services.fr "http://logesty-services.fr/?loknya=/etc/cbi" "Mozilla/5.0 AppleWebKit/537.36 (KHTML, like Gecko; compatible; GPTBot/1.4; +https://openai.com/gptbot)" "-"
65.21.1.0 - - [30/Jul/2026:04:39:02 +0200] "GET /wp-content/uploads/2023/05/6cc80f19-1e3d-41c4-b4e4-316c956d94cf-1140x760.jpg HTTP/1.1" 200 117474 logesty-services.fr "-" "Mozilla/5.0 (X11; Ubuntu; Linux x86_64; rv:72.0) Gecko/20100101 Firefox/72.0" "-"
74.7.242.0 - - [30/Jul/2026:04:39:03 +0200] "GET /?loknya=/proc/sys/net/ipv6/conf/eth0 HTTP/1.1" 200 54698 logesty-services.fr "http://logesty-services.fr/?loknya=/proc/sys/net/ipv6/conf" "Mozilla/5.0 AppleWebKit/537.36 (KHTML, like Gecko; compatible; GPTBot/1.4; +https://openai.com/gptbot)" "-"
66.249.64.0 - - [30/Jul/2026:04:39:09 +0200] "GET /?u=8814743472 HTTP/1.1" 200 154444 logesty-services.fr "-" "Mozilla/5.0 (Linux; Android 6.0.1; Nexus 5X Build/MMB29P) AppleWebKit/537.36 (KHTML, like Gecko) Chrome/150.0.7871.186 Mobile Safari/537.36 (compatible; Googlebot/2.1; +http://www.google.com/bot.html)" "-"
74.7.242.0 - - [30/Jul/2026:04:39:14 +0200] "GET /?loknya=/proc/sys/net/ipv4/conf/eth0 HTTP/1.1" 200 44851 logesty-services.fr "http://logesty-services.fr/?loknya=/proc/sys/net/ipv4/conf" "Mozilla/5.0 AppleWebKit/537.36 (KHTML, like Gecko; compatible; GPTBot/1.4; +https://openai.com/gptbot)" "-"
74.7.242.0 - - [30/Jul/2026:04:39:25 +0200] "GET /?lokasie=/proc//mtrr&loknya=/proc/ HTTP/1.1" 200 4288 logesty-services.fr "http://logesty-services.fr/?loknya=/proc/" "Mozilla/5.0 AppleWebKit/537.36 (KHTML, like Gecko; compatible; GPTBot/1.4; +https://openai.com/gptbot)" "-"
114.119.129.0 - - [30/Jul/2026:04:39:31 +0200] "GET /listing/a4-12-studio-cosy-toulouse/?loknya=/homepages/43/d895481126/htdocs/clickandbuilds/LogestyServices/what-i-wish-everyone-knew-about-reservations HTTP/1.1" 200 14129 logesty-services.fr "https://logesty-services.fr/listing/a4-12-studio-cosy-toulouse/" "Mozilla/5.0 (Linux; Android 7.0;) AppleWebKit/537.36 (HTML, like Gecko) Mobile Safari/537.36 (compatible; PetalBot;+https://webmaster.petalsearch.com/site/petalbot)" "-"
74.7.242.0 - - [30/Jul/2026:04:39:35 +0200] "GET /?lokasie=/proc//dma&loknya=/proc/ HTTP/1.1" 200 3949 logesty-services.fr "http://logesty-services.fr/?loknya=/proc/" "Mozilla/5.0 AppleWebKit/537.36 (KHTML, like Gecko; compatible; GPTBot/1.4; +https://openai.com/gptbot)" "-"
74.7.242.0 - - [30/Jul/2026:04:39:43 +0200] "GET /?lokasie=/proc//kmsg&loknya=/proc/ HTTP/1.1" 200 3938 logesty-services.fr "http://logesty-services.fr/?loknya=/proc/" "Mozilla/5.0 AppleWebKit/537.36 (KHTML, like Gecko; compatible; GPTBot/1.4; +https://openai.com/gptbot)" "-"
74.7.242.0 - - [30/Jul/2026:04:39:50 +0200] "GET /?lokasie=/proc//stat&loknya=/proc/ HTTP/1.1" 429 267 logesty-services.fr "http://logesty-services.fr/?loknya=/proc/" "Mozilla/5.0 AppleWebKit/537.36 (KHTML, like Gecko; compatible; GPTBot/1.4; +https://openai.com/gptbot)" "-"
74.7.242.0 - - [30/Jul/2026:04:39:58 +0200] "GET /?lokasie=/proc//misc&loknya=/proc/ HTTP/1.1" 429 267 logesty-services.fr "http://logesty-services.fr/?loknya=/proc/" "Mozilla/5.0 AppleWebKit/537.36 (KHTML, like Gecko; compatible; GPTBot/1.4; +https://openai.com/gptbot)" "-"
62.238.54.0 - - [30/Jul/2026:04:40:14 +0200] "GET /wp-content/uploads/2023/05/fbfdfbc7-4809-4966-b1d2-5ab124fb9508-450x300.jpg HTTP/1.1" 200 20380 logesty-services.fr "-" "Mozilla/5.0 (X11; Ubuntu; Linux x86_64; rv:72.0) Gecko/20100101 Firefox/72.0" "-"
74.7.242.0 - - [30/Jul/2026:04:40:18 +0200] "GET /?lokasie=/proc//iomem&loknya=/proc/ HTTP/1.1" 429 267 logesty-services.fr "http://logesty-services.fr/?loknya=/proc/" "Mozilla/5.0 AppleWebKit/537.36 (KHTML, like Gecko; compatible; GPTBot/1.4; +https://openai.com/gptbot)" "-"
114.119.136.0 - - [30/Jul/2026:04:40:56 +0200] "GET /listing/a4-12-studio-cosy-toulouse/?loknya=/homepages/43/d895481126/htdocs/clickandbuilds/LogestyServices/locations-de-vacances-de-choix HTTP/1.1" 200 13751 logesty-services.fr "https://logesty-services.fr/listing/a4-12-studio-cosy-toulouse/" "Mozilla/5.0 (Linux; Android 7.0;) AppleWebKit/537.36 (HTML, like Gecko) Mobile Safari/537.36 (compatible; PetalBot;+https://webmaster.petalsearch.com/site/petalbot)" "-"
74.7.242.0 - - [30/Jul/2026:04:41:17 +0200] "GET /?loknya=/kunden/sys HTTP/1.1" 200 5070 logesty-services.fr "http://logesty-services.fr/?loknya=/kunden" "Mozilla/5.0 AppleWebKit/537.36 (KHTML, like Gecko; compatible; GPTBot/1.4; +https://openai.com/gptbot)" "-"
66.249.64.0 - - [30/Jul/2026:04:41:46 +0200] "GET /?u=8484662699 HTTP/1.1" 200 150729 logesty-services.fr "-" "Mozilla/5.0 (Linux; Android 6.0.1; Nexus 5X Build/MMB29P) AppleWebKit/537.36 (KHTML, like Gecko) Chrome/150.0.7871.186 Mobile Safari/537.36 (compatible; Googlebot/2.1; +http://www.google.com/bot.html)" "-"
204.12.208.0 - - [30/Jul/2026:04:41:57 +0200] "GET /wp-includes/pl4a6c2c/edit.php HTTP/1.1" 403 603 logesty-services.fr "https://logesty-services.fr/wp-includes/pl4a6c2c/edit.php" "Mozilla/5.0 (Macintosh; U; Intel Mac OS X 10_6_3; ja-jp) AppleWebKit/531.21.11 (KHTML, like Gecko) Version/4.0.4 Safari/531.21.10" "-"
204.12.208.0 - - [30/Jul/2026:04:42:02 +0200] "GET /wp-includes/pl4a6c2c/edit.php HTTP/1.1" 403 603 logesty-services.fr "https://logesty-services.fr/wp-includes/pl4a6c2c/edit.php" "Mozilla/4.0 (compatible; MSIE 6.0; X11; Linux i686; ja) Opera 10.10" "-"
43.165.167.0 - - [30/Jul/2026:04:42:03 +0200] "GET /?loknya=/homepages/43/d895481126/htdocs/clickandbuilds/LogestyServices/politique-de-confidentialite/politique-de-confidentialite HTTP/1.1" 200 14487 logesty-services.fr "-" "Mozilla/5.0 (iPhone; CPU iPhone OS 13_2_3 like Mac OS X) AppleWebKit/605.1.15 (KHTML, like Gecko) Version/13.0.3 Mobile/15E148 Safari/604.1" "-"
204.12.208.0 - - [30/Jul/2026:04:42:07 +0200] "GET /wp-includes/pl4a6c2c/edit.php HTTP/1.1" 403 603 logesty-services.fr "https://logesty-services.fr/wp-includes/pl4a6c2c/edit.php" "Mozilla/4.0 (compatible; MSIE 7.0; Windows NT 5.1; .NET CLR 1.1.4322; .NET CLR 2.0.50727)" "-"
114.119.129.0 - - [30/Jul/2026:04:42:19 +0200] "GET /listing/a4-11-studio-cosy-toulouse/?loknya=/homepages/43/d895481126/htdocs/clickandbuilds/LogestyServices/wp-content/uploads HTTP/1.1" 403 603 logesty-services.fr "https://logesty-services.fr/listing/a4-14-studio-cosy-toulouse/?loknya=/homepages/43/d895481126/htdocs/clickandbuilds/LogestyServices/wp-content/uploads" "Mozilla/5.0 (Linux; Android 7.0;) AppleWebKit/537.36 (HTML, like Gecko) Mobile Safari/537.36 (compatible; PetalBot;+https://webmaster.petalsearch.com/site/petalbot)" "-"
74.7.242.0 - - [30/Jul/2026:04:42:22 +0200] "GET /?loknya=/kunden/bin HTTP/1.1" 200 1634655 logesty-services.fr "http://logesty-services.fr/?loknya=/kunden" "Mozilla/5.0 AppleWebKit/537.36 (KHTML, like Gecko; compatible; GPTBot/1.4; +https://openai.com/gptbot)" "-"
66.249.64.0 - - [30/Jul/2026:04:42:36 +0200] "GET /detail/219239680.shtm?lokasie=/homepages/43/d895481126/htdocs/clickandbuilds/LogestyServices/decouvrez-le-concept-innovant-de-logesty-service-des-logements-de-qualite-pour-vos-weekends-et-courts-sejours/.htaccess&loknya=/homepages/43/d895481126/htdocs/clickandbuilds/LogestyServices/decouvrez-le-concept-innovant-de-logesty-service-des-logements-de-qualite-pour-vos-weekends-et-courts-sejours HTTP/1.1" 200 4910 logesty-services.fr "-" "Mozilla/5.0 (Linux; Android 6.0.1; Nexus 5X Build/MMB29P) AppleWebKit/537.36 (KHTML, like Gecko) Chrome/150.0.7871.186 Mobile Safari/537.36 (compatible; GoogleOther)" "-"
122.246.3.0 - - [30/Jul/2026:04:42:55 +0200] "GET /author/lydiahallman3/ HTTP/1.1" 200 83791 logesty-services.fr "http://logesty-services.fr/" "Mozilla/5.0 (Macintosh; Intel Mac OS X 10_15_7) AppleWebKit/605.1.15 (KHTML, like Gecko) Version/16.6 Safari/605.1.15" "-"
122.246.3.0 - - [30/Jul/2026:04:42:59 +0200] "GET /author/lydiahallman3/?loknya=/homepages/43/d895481126/htdocs/clickandbuilds/LogestyServices/decouvrez-le-concept-innovant-de-logesty-service-des-logements-de-qualite-pour-vos-weekends-et-courts-sejours HTTP/1.1" 200 15882 logesty-services.fr "http://logesty-services.fr/author/lydiahallman3/" "Mozilla/5.0 (Macintosh; Intel Mac OS X 10_15_7) AppleWebKit/605.1.15 (KHTML, like Gecko) Version/16.6 Safari/605.1.15" "-"
74.7.242.0 - - [30/Jul/2026:04:43:20 +0200] "GET /?loknya=/mnt/strato HTTP/1.1" 200 6070 logesty-services.fr "http://logesty-services.fr/?loknya=/mnt" "Mozilla/5.0 AppleWebKit/537.36 (KHTML, like Gecko; compatible; GPTBot/1.4; +https://openai.com/gptbot)" "-"
65.111.11.0 - - [30/Jul/2026:04:43:29 +0200] "GET /author/kristinpetit2/ HTTP/1.1" 200 83790 logesty-services.fr "http://logesty-services.fr/" "Mozilla/5.0 (Macintosh; Intel Mac OS X 10_15_7) AppleWebKit/605.1.15 (KHTML, like Gecko) Version/18.3 Safari/605.1.15" "-"
65.111.11.0 - - [30/Jul/2026:04:43:31 +0200] "GET /author/kristinpetit2/?loknya=/homepages/43/d895481126/htdocs/clickandbuilds/LogestyServices/decouvrez-le-concept-innovant-de-logesty-service-des-logements-de-qualite-pour-vos-weekends-et-courts-sejours HTTP/1.1" 200 15881 logesty-services.fr "http://logesty-services.fr/author/kristinpetit2/" "Mozilla/5.0 (Macintosh; Intel Mac OS X 10_15_7) AppleWebKit/605.1.15 (KHTML, like Gecko) Version/18.3 Safari/605.1.15" "-"
114.119.130.0 - - [30/Jul/2026:04:43:42 +0200] "GET /listing/a116-appartement-disneyland-paris-parking-prive?loknya=/homepages/43/d895481126/htdocs/clickandbuilds/LogestyServices/wp-admin/css/colors HTTP/1.1" 200 24090 logesty-services.fr "https://logesty-services.fr/listing/a116-appartement-disneyland-paris-parking-prive?loknya=/homepages/43/d895481126/htdocs/clickandbuilds/LogestyServices/wp-admin/css" "Mozilla/5.0 (Linux; Android 7.0;) AppleWebKit/537.36 (HTML, like Gecko) Mobile Safari/537.36 (compatible; PetalBot;+https://webmaster.petalsearch.com/site/petalbot)" "-"
66.249.64.0 - - [30/Jul/2026:04:44:04 +0200] "GET /?u=4381630559 HTTP/1.1" 200 155929 logesty-services.fr "-" "Mozilla/5.0 (Linux; Android 6.0.1; Nexus 5X Build/MMB29P) AppleWebKit/537.36 (KHTML, like Gecko) Chrome/150.0.7871.186 Mobile Safari/537.36 (compatible; Googlebot/2.1; +http://www.google.com/bot.html)" "-"
74.7.242.0 - - [30/Jul/2026:04:44:10 +0200] "GET /?lokasie=/proc/sys/net/ipv6/conf/eth0/autoconf&loknya=/proc/sys/net/ipv6/conf/eth0 HTTP/1.1" 200 4195 logesty-services.fr "http://logesty-services.fr/?loknya=/proc/sys/net/ipv6/conf/eth0" "Mozilla/5.0 AppleWebKit/537.36 (KHTML, like Gecko; compatible; GPTBot/1.4; +https://openai.com/gptbot)" "-"
31.223.75.0 - - [30/Jul/2026:04:44:37 +0200] "GET /author/stewartrancour/ HTTP/1.1" 200 83792 logesty-services.fr "https://logesty-services.fr/" "Mozilla/5.0 (Windows NT 10.0; Win64; x64) AppleWebKit/537.36 (KHTML, like Gecko) Chrome/120.0.0.0 Safari/537.36" "-"
31.223.75.0 - - [30/Jul/2026:04:44:43 +0200] "GET /author/stewartrancour/?lokasie=/homepages/43/d895481126/htdocs/clickandbuilds/LogestyServices/wp-login.php&loknya=/homepages/43/d895481126/htdocs/clickandbuilds/LogestyServices HTTP/1.1" 200 61739 logesty-services.fr "https://logesty-services.fr/author/stewartrancour/" "Mozilla/5.0 (Windows NT 6.3; Win64; x64) AppleWebKit/537.36 (KHTML, like Gecko) Chrome/103.0.0.0 Safari/537.36" "-"
31.223.75.0 - - [30/Jul/2026:04:44:45 +0200] "POST /author/stewartrancour/?lokasie=/homepages/43/d895481126/htdocs/clickandbuilds/LogestyServices/wp-login.php&loknya=/homepages/43/d895481126/htdocs/clickandbuilds/LogestyServices HTTP/1.1" 200 61792 logesty-services.fr "https://logesty-services.fr/author/stewartrancour/?lokasie=/homepages/43/d895481126/htdocs/clickandbuilds/LogestyServices/wp-login.php&loknya=/homepages/43/d895481126/htdocs/clickandbuilds/LogestyServices" "Mozilla/5.0 (Windows NT 6.3; Win64; x64) AppleWebKit/537.36 (KHTML, like Gecko) Chrome/103.0.0.0 Safari/537.36" "-"
31.223.75.0 - - [30/Jul/2026:04:44:46 +0200] "GET /wp-login.php HTTP/1.1" 200 83795 logesty-services.fr "https://logesty-services.fr/author/stewartrancour/?lokasie=/homepages/43/d895481126/htdocs/clickandbuilds/LogestyServices/wp-login.php&loknya=/homepages/43/d895481126/htdocs/clickandbuilds/LogestyServices" "Mozilla/5.0 (Windows NT 6.3; Win64; x64) AppleWebKit/537.36 (KHTML, like Gecko) Chrome/103.0.0.0 Safari/537.36" "-"
37.67.192.0 - - [30/Jul/2026:04:44:55 +0200] "GET / HTTP/1.1" 200 998 logesty-services.fr "https://www.google.com/search?q=logesty-services" "Mozilla/5.0 (Windows NT 10.0; Win64; x64) AppleWebKit/537.36 (KHTML, like Gecko) Chrome/147.0.0.0 Safari/537.36" "-"
74.7.242.0 - - [30/Jul/2026:04:44:55 +0200] "GET /?lokasie=/proc/sys/net/ipv6/conf/eth0/accept_ra&loknya=/proc/sys/net/ipv6/conf/eth0 HTTP/1.1" 200 4196 logesty-services.fr "http://logesty-services.fr/?loknya=/proc/sys/net/ipv6/conf/eth0" "Mozilla/5.0 AppleWebKit/537.36 (KHTML, like Gecko; compatible; GPTBot/1.4; +https://openai.com/gptbot)" "-"
37.67.192.0 - - [30/Jul/2026:04:44:57 +0200] "GET / HTTP/1.1" 200 998 logesty-services.fr "https://www.google.com/search?q=logesty-services" "Mozilla/5.0 (Macintosh; Intel Mac OS X 10_15_7) AppleWebKit/537.36 (KHTML, like Gecko) Chrome/147.0.0.0 Safari/537.36" "-"
66.249.64.0 - - [30/Jul/2026:04:44:57 +0200] "GET /?u=5943038576 HTTP/1.1" 200 149165 logesty-services.fr "-" "Mozilla/5.0 (Linux; Android 6.0.1; Nexus 5X Build/MMB29P) AppleWebKit/537.36 (KHTML, like Gecko) Chrome/150.0.7871.186 Mobile Safari/537.36 (compatible; Googlebot/2.1; +http://www.google.com/bot.html)" "-"
31.223.75.0 - - [30/Jul/2026:04:44:58 +0200] "GET /wp-login.php HTTP/1.1" 200 83795 logesty-services.fr "https://logesty-services.fr/wp-login.php" "Mozilla/5.0 (Windows NT 6.3; Win64; x64) AppleWebKit/537.36 (KHTML, like Gecko) Chrome/103.0.0.0 Safari/537.36" "-"
114.119.143.0 - - [30/Jul/2026:04:45:06 +0200] "GET /listing/a116-appartement-disneyland-paris-parking-prive?lokasie=/sbin/quotastats&loknya=/sbin HTTP/1.1" 200 3946 logesty-services.fr "https://logesty-services.fr/listing/a116-appartement-disneyland-paris-parking-prive?loknya=/sbin" "Mozilla/5.0 (Linux; Android 7.0;) AppleWebKit/537.36 (HTML, like Gecko) Mobile Safari/537.36 (compatible; PetalBot;+https://webmaster.petalsearch.com/site/petalbot)" "-"
31.223.75.0 - - [30/Jul/2026:04:45:10 +0200] "POST /wp-login.php HTTP/1.1" 200 83848 logesty-services.fr "https://logesty-services.fr/wp-login.php" "Mozilla/5.0 (Windows NT 6.3; Win64; x64) AppleWebKit/537.36 (KHTML, like Gecko) Chrome/103.0.0.0 Safari/537.36" "-"
31.223.75.0 - - [30/Jul/2026:04:45:11 +0200] "GET /author/stewartrancour/ HTTP/1.1" 200 83792 logesty-services.fr "https://logesty-services.fr/wp-login.php" "Mozilla/5.0 (Windows NT 6.3; Win64; x64) AppleWebKit/537.36 (KHTML, like Gecko) Chrome/103.0.0.0 Safari/537.36" "-"
31.223.75.0 - - [30/Jul/2026:04:45:12 +0200] "GET /author/stewartrancour/ HTTP/1.1" 200 83792 logesty-services.fr "https://logesty-services.fr/xmlrpc.php" "Mozilla/5.0 (Windows NT 6.3; Win64; x64) AppleWebKit/537.36 (KHTML, like Gecko) Chrome/103.0.0.0 Safari/537.36" "-"
31.223.75.0 - - [30/Jul/2026:04:45:13 +0200] "GET /author/wp-admin/post-new.php HTTP/1.1" 200 83792 logesty-services.fr "https://logesty-services.fr/author/stewartrancour/" "Mozilla/5.0 (Windows NT 6.3; Win64; x64) AppleWebKit/537.36 (KHTML, like Gecko) Chrome/103.0.0.0 Safari/537.36" "-"
31.223.75.0 - - [30/Jul/2026:04:45:15 +0200] "GET /author/wp-admin/edit-tags.php?taxonomy=category HTTP/1.1" 200 83792 logesty-services.fr "https://logesty-services.fr/author/wp-admin/post-new.php" "Mozilla/5.0 (Windows NT 6.3; Win64; x64) AppleWebKit/537.36 (KHTML, like Gecko) Chrome/103.0.0.0 Safari/537.36" "-"
31.223.75.0 - - [30/Jul/2026:04:45:16 +0200] "POST /author/wp-admin/edit-tags.php?pilihan&loknya=/homepages/43/d895481126/htdocs/clickandbuilds/LogestyServices HTTP/1.1" 200 84464 logesty-services.fr "https://logesty-services.fr/author/wp-admin/edit-tags.php?taxonomy=category" "Mozilla/5.0 (Windows NT 6.3; Win64; x64) AppleWebKit/537.36 (KHTML, like Gecko) Chrome/103.0.0.0 Safari/537.36" "-"
31.223.75.0 - - [30/Jul/2026:04:45:17 +0200] "GET /author/wp-admin/edit-tags.php?lokasie=/homepages/43/d895481126/htdocs/clickandbuilds/LogestyServices/wp-comments-post.php&loknya=/homepages/43/d895481126/htdocs/clickandbuilds/LogestyServices HTTP/1.1" 200 6761 logesty-services.fr "https://logesty-services.fr/author/wp-admin/edit-tags.php?taxonomy=category" "Mozilla/5.0 (Windows NT 6.3; Win64; x64) AppleWebKit/537.36 (KHTML, like Gecko) Chrome/103.0.0.0 Safari/537.36" "-"
66.249.64.0 - - [30/Jul/2026:04:45:18 +0200] "GET /?u=695422297 HTTP/1.1" 200 152389 logesty-services.fr "-" "Mozilla/5.0 (Linux; Android 6.0.1; Nexus 5X Build/MMB29P) AppleWebKit/537.36 (KHTML, like Gecko) Chrome/150.0.7871.186 Mobile Safari/537.36 (compatible; Googlebot/2.1; +http://www.google.com/bot.html)" "-"
66.249.64.0 - - [30/Jul/2026:04:45:28 +0200] "GET /?u=8742958640 HTTP/1.1" 200 154275 logesty-services.fr "-" "Mozilla/5.0 (Linux; Android 6.0.1; Nexus 5X Build/MMB29P) AppleWebKit/537.36 (KHTML, like Gecko) Chrome/150.0.7871.186 Mobile Safari/537.36 (compatible; Googlebot/2.1; +http://www.google.com/bot.html)" "-"
74.7.242.0 - - [30/Jul/2026:04:45:37 +0200] "GET /?lokasie=/proc/sys/net/ipv4/conf/eth0/proxy_arp&loknya=/proc/sys/net/ipv4/conf/eth0 HTTP/1.1" 200 4196 logesty-services.fr "http://logesty-services.fr/?loknya=/proc/sys/net/ipv4/conf/eth0" "Mozilla/5.0 AppleWebKit/537.36 (KHTML, like Gecko; compatible; GPTBot/1.4; +https://openai.com/gptbot)" "-"
74.7.242.0 - - [30/Jul/2026:04:46:13 +0200] "GET /?lokasie=/proc/sys/net/ipv4/conf/eth0/rp_filter&loknya=/proc/sys/net/ipv4/conf/eth0 HTTP/1.1" 200 4196 logesty-services.fr "http://logesty-services.fr/?loknya=/proc/sys/net/ipv4/conf/eth0" "Mozilla/5.0 AppleWebKit/537.36 (KHTML, like Gecko; compatible; GPTBot/1.4; +https://openai.com/gptbot)" "-"
114.119.136.0 - - [30/Jul/2026:04:46:30 +0200] "GET /listing/a116-appartement-disneyland-paris-parking-prive?lokasie=/sbin/iconvconfig&loknya=/sbin HTTP/1.1" 200 3948 logesty-services.fr "https://logesty-services.fr/listing/a116-appartement-disneyland-paris-parking-prive?loknya=/sbin" "Mozilla/5.0 (Linux; Android 7.0;) AppleWebKit/537.36 (HTML, like Gecko) Mobile Safari/537.36 (compatible; PetalBot;+https://webmaster.petalsearch.com/site/petalbot)" "-"
74.7.242.0 - - [30/Jul/2026:04:46:46 +0200] "GET /?lokasie=/proc/sys/net/ipv4/conf/eth0/bootp_relay&loknya=/proc/sys/net/ipv4/conf/eth0 HTTP/1.1" 200 4198 logesty-services.fr "http://logesty-services.fr/?loknya=/proc/sys/net/ipv4/conf/eth0" "Mozilla/5.0 AppleWebKit/537.36 (KHTML, like Gecko; compatible; GPTBot/1.4; +https://openai.com/gptbot)" "-"
66.249.64.0 - - [30/Jul/2026:04:46:58 +0200] "GET /detail/368204783.shtm?lokasie=/homepages/43/d895481126/htdocs/clickandbuilds/LogestyServices/decouvrez-le-concept-innovant-de-logesty-service-des-logements-de-qualite-pour-vos-weekends-et-courts-sejours/index.php&loknya=/homepages/43/d895481126/htdocs/clickandbuilds/LogestyServices/decouvrez-le-concept-innovant-de-logesty-service-des-logements-de-qualite-pour-vos-weekends-et-courts-sejours HTTP/1.1" 200 793195 logesty-services.fr "-" "Mozilla/5.0 (Linux; Android 6.0.1; Nexus 5X Build/MMB29P) AppleWebKit/537.36 (KHTML, like Gecko) Chrome/150.0.7871.186 Mobile Safari/537.36 (compatible; GoogleOther)" "-"
66.249.64.0 - - [30/Jul/2026:04:47:11 +0200] "GET /?u=3112682454 HTTP/1.1" 200 156611 logesty-services.fr "-" "Mozilla/5.0 (Linux; Android 6.0.1; Nexus 5X Build/MMB29P) AppleWebKit/537.36 (KHTML, like Gecko) Chrome/150.0.7871.186 Mobile Safari/537.36 (compatible; Googlebot/2.1; +http://www.google.com/bot.html)" "-"
74.7.242.0 - - [30/Jul/2026:04:47:15 +0200] "GET /?lokasie=/proc/sys/net/ipv6/conf/eth0/force_tllao&loknya=/proc/sys/net/ipv6/conf/eth0 HTTP/1.1" 200 4198 logesty-services.fr "http://logesty-services.fr/?loknya=/proc/sys/net/ipv6/conf/eth0" "Mozilla/5.0 AppleWebKit/537.36 (KHTML, like Gecko; compatible; GPTBot/1.4; +https://openai.com/gptbot)" "-"
13.36.159.0 - - [30/Jul/2026:04:47:22 +0200] "GET /ical/?iCal=c46fa13f5e9902e8891e4e5447bae21b HTTP/1.1" 200 83792 logesty-services.fr "-" "SuperHote" "-"
13.36.159.0 - - [30/Jul/2026:04:47:29 +0200] "GET /ical/?iCal=b9b3cf8f06b3b241f9c5e8c37744a54e HTTP/1.1" 200 83792 logesty-services.fr "-" "SuperHote" "-"
74.7.242.0 - - [30/Jul/2026:04:47:43 +0200] "GET /?lokasie=/proc/sys/net/ipv6/conf/eth0/hop_limit&loknya=/proc/sys/net/ipv6/conf/eth0 HTTP/1.1" 200 4197 logesty-services.fr "http://logesty-services.fr/?loknya=/proc/sys/net/ipv6/conf/eth0" "Mozilla/5.0 AppleWebKit/537.36 (KHTML, like Gecko; compatible; GPTBot/1.4; +https://openai.com/gptbot)" "-"
114.119.138.0 - - [30/Jul/2026:04:47:53 +0200] "GET /listing/a116-appartement-disneyland-paris-parking-prive?lokasie=/sbin/accessdb&loknya=/sbin HTTP/1.1" 200 3944 logesty-services.fr "https://logesty-services.fr/listing/a116-appartement-disneyland-paris-parking-prive?loknya=/sbin" "Mozilla/5.0 (Linux; Android 7.0;) AppleWebKit/537.36 (HTML, like Gecko) Mobile Safari/537.36 (compatible; PetalBot;+https://webmaster.petalsearch.com/site/petalbot)" "-"
66.249.64.0 - - [30/Jul/2026:04:48:07 +0200] "GET /?u=9481867239 HTTP/1.1" 200 155365 logesty-services.fr "-" "Mozilla/5.0 (Linux; Android 6.0.1; Nexus 5X Build/MMB29P) AppleWebKit/537.36 (KHTML, like Gecko) Chrome/150.0.7871.186 Mobile Safari/537.36 (compatible; Googlebot/2.1; +http://www.google.com/bot.html)" "-"
74.7.242.0 - - [30/Jul/2026:04:48:07 +0200] "GET /?lokasie=/proc/sys/net/ipv6/conf/eth0/proxy_ndp&loknya=/proc/sys/net/ipv6/conf/eth0 HTTP/1.1" 200 4196 logesty-services.fr "http://logesty-services.fr/?loknya=/proc/sys/net/ipv6/conf/eth0" "Mozilla/5.0 AppleWebKit/537.36 (KHTML, like Gecko; compatible; GPTBot/1.4; +https://openai.com/gptbot)" "-"
66.249.64.0 - - [30/Jul/2026:04:48:19 +0200] "GET /?u=556764652 HTTP/1.1" 200 155248 logesty-services.fr "-" "Mozilla/5.0 (Linux; Android 6.0.1; Nexus 5X Build/MMB29P) AppleWebKit/537.36 (KHTML, like Gecko) Chrome/150.0.7871.186 Mobile Safari/537.36 (compatible; Googlebot/2.1; +http://www.google.com/bot.html)" "-"
66.249.64.0 - - [30/Jul/2026:04:48:23 +0200] "GET /?u=8143152244 HTTP/1.1" 200 155708 logesty-services.fr "-" "Mozilla/5.0 (Linux; Android 6.0.1; Nexus 5X Build/MMB29P) AppleWebKit/537.36 (KHTML, like Gecko) Chrome/150.0.7871.186 Mobile Safari/537.36 (compatible; Googlebot/2.1; +http://www.google.com/bot.html)" "-"
74.7.242.0 - - [30/Jul/2026:04:48:29 +0200] "GET /?lokasie=/proc/sys/net/ipv6/conf/eth0/mtu&loknya=/proc/sys/net/ipv6/conf/eth0 HTTP/1.1" 200 4193 logesty-services.fr "http://logesty-services.fr/?loknya=/proc/sys/net/ipv6/conf/eth0" "Mozilla/5.0 AppleWebKit/537.36 (KHTML, like Gecko; compatible; GPTBot/1.4; +https://openai.com/gptbot)" "-"
66.249.64.0 - - [30/Jul/2026:04:48:42 +0200] "GET /?u=4463055285 HTTP/1.1" 200 155822 logesty-services.fr "-" "Mozilla/5.0 (Linux; Android 6.0.1; Nexus 5X Build/MMB29P) AppleWebKit/537.36 (KHTML, like Gecko) Chrome/150.0.7871.186 Mobile Safari/537.36 (compatible; Googlebot/2.1; +http://www.google.com/bot.html)" "-"
74.7.242.0 - - [30/Jul/2026:04:48:48 +0200] "GET /?lokasie=/kunden/bin/xpath&loknya=/kunden/bin HTTP/1.1" 200 9170 logesty-services.fr "http://logesty-services.fr/?loknya=/kunden/bin" "Mozilla/5.0 AppleWebKit/537.36 (KHTML, like Gecko; compatible; GPTBot/1.4; +https://openai.com/gptbot)" "-"
74.7.242.0 - - [30/Jul/2026:04:49:06 +0200] "GET /?lokasie=/kunden/bin/strip&loknya=/kunden/bin HTTP/1.1" 200 3986 logesty-services.fr "http://logesty-services.fr/?loknya=/kunden/bin" "Mozilla/5.0 AppleWebKit/537.36 (KHTML, like Gecko; compatible; GPTBot/1.4; +https://openai.com/gptbot)" "-"
