216.73.217.0 - - [30/Jul/2026:04:02:12 +0200] "GET /shop/adoption/climb178022573.html?loknya=%2Fhomepages%2F43%2Fd895481126%2Fhtdocs%2Fclickandbuilds%2FLogestyServices%2Fwp-includes HTTP/1.1" 200 464441 logesty-services.fr "-" "Mozilla/5.0 AppleWebKit/537.36 (KHTML, like Gecko; compatible; ClaudeBot/1.0; +claudebot@anthropic.com)" "-"
216.73.217.0 - - [30/Jul/2026:04:02:17 +0200] "GET /item/227002717?lokasie=%2Fbin%2Fhg&loknya=%2Fbin HTTP/1.1" 200 5115 logesty-services.fr "-" "Mozilla/5.0 AppleWebKit/537.36 (KHTML, like Gecko; compatible; ClaudeBot/1.0; +claudebot@anthropic.com)" "-"
45.41.144.0 - - [30/Jul/2026:04:02:19 +0200] "GET /wp-content/uploads/2024/12/Capture-decran-2024-12-14-a-10.50.14-120x80.png HTTP/1.1" 200 19253 logesty-services.fr "https://logesty-services.fr/city/meulan-en-yvelines/" "Mozilla/5.0 (Macintosh; Intel Mac OS X 10_15_7) AppleWebKit/537.36 (KHTML, like Gecko) Chrome/131.0.0.0 Safari/537.36" "-"
216.73.217.0 - - [30/Jul/2026:04:02:22 +0200] "GET /detail/753184217.shtm?loknya=%2Fhomepages%2F43%2Fd895481126%2Fhtdocs HTTP/1.1" 200 14208 logesty-services.fr "-" "Mozilla/5.0 AppleWebKit/537.36 (KHTML, like Gecko; compatible; ClaudeBot/1.0; +claudebot@anthropic.com)" "-"
216.73.217.0 - - [30/Jul/2026:04:02:27 +0200] "GET /detail/754143564.shtm?loknya=%2Fhomepages%2F21 HTTP/1.1" 429 267 logesty-services.fr "-" "Mozilla/5.0 AppleWebKit/537.36 (KHTML, like Gecko; compatible; ClaudeBot/1.0; +claudebot@anthropic.com)" "-"
216.73.217.0 - - [30/Jul/2026:04:02:32 +0200] "GET /listing/studio-cosy-perpignan/%7B%7Bitem.imgSrc%7D%7D?loknya=%2Fhomepages%2F43%2Fd895481126%2Fhtdocs%2Fclickandbuilds%2FLogestyServices%2F251b67 HTTP/1.1" 429 267 logesty-services.fr "-" "Mozilla/5.0 AppleWebKit/537.36 (KHTML, like Gecko; compatible; ClaudeBot/1.0; +claudebot@anthropic.com)" "-"
216.73.217.0 - - [30/Jul/2026:04:02:37 +0200] "GET /detail/751706218.shtm?loknya=%2Fhomepages%2F36 HTTP/1.1" 429 267 logesty-services.fr "-" "Mozilla/5.0 AppleWebKit/537.36 (KHTML, like Gecko; compatible; ClaudeBot/1.0; +claudebot@anthropic.com)" "-"
216.73.217.0 - - [30/Jul/2026:04:02:42 +0200] "GET /item/092042874?loknya=%2Fhomepages%2F43%2Fd895481126%2Fhtdocs%2Fclickandbuilds%2FLogestyServices%2F HTTP/1.1" 429 267 logesty-services.fr "-" "Mozilla/5.0 AppleWebKit/537.36 (KHTML, like Gecko; compatible; ClaudeBot/1.0; +claudebot@anthropic.com)" "-"
216.73.217.0 - - [30/Jul/2026:04:02:47 +0200] "GET /shop/particle/bare220018917.html?loknya=%2Fhomepages%2F43%2Fd895481126%2Fhtdocs%2Fclickandbuilds%2FLogestyServices%2Fauthor HTTP/1.1" 429 267 logesty-services.fr "-" "Mozilla/5.0 AppleWebKit/537.36 (KHTML, like Gecko; compatible; ClaudeBot/1.0; +claudebot@anthropic.com)" "-"
216.73.217.0 - - [30/Jul/2026:04:02:52 +0200] "GET /detail/752683695.shtm?loknya=%2Fhomepages%2F42 HTTP/1.1" 429 267 logesty-services.fr "-" "Mozilla/5.0 AppleWebKit/537.36 (KHTML, like Gecko; compatible; ClaudeBot/1.0; +claudebot@anthropic.com)" "-"
216.73.217.0 - - [30/Jul/2026:04:02:57 +0200] "GET /detail/754101853.shtm?lokasie=%2Fbin%2Ffalse&loknya=%2Fbin HTTP/1.1" 429 267 logesty-services.fr "-" "Mozilla/5.0 AppleWebKit/537.36 (KHTML, like Gecko; compatible; ClaudeBot/1.0; +claudebot@anthropic.com)" "-"
216.73.217.0 - - [30/Jul/2026:04:03:02 +0200] "GET /detail/588183596.shtm?loknya=%2Fhomepages%2F43 HTTP/1.1" 429 267 logesty-services.fr "-" "Mozilla/5.0 AppleWebKit/537.36 (KHTML, like Gecko; compatible; ClaudeBot/1.0; +claudebot@anthropic.com)" "-"
43.166.239.0 - - [30/Jul/2026:04:03:03 +0200] "GET /?loknya=/homepages/43/d895481126/htdocs/clickandbuilds/LogestyServices/images/images HTTP/1.1" 200 13328 logesty-services.fr "-" "Mozilla/5.0 (iPhone; CPU iPhone OS 13_2_3 like Mac OS X) AppleWebKit/605.1.15 (KHTML, like Gecko) Version/13.0.3 Mobile/15E148 Safari/604.1" "-"
74.7.242.0 - - [30/Jul/2026:04:03:06 +0200] "GET /?loknya=/usr/lib32 HTTP/1.1" 429 267 logesty-services.fr "http://logesty-services.fr/?loknya=/usr" "Mozilla/5.0 AppleWebKit/537.36 (KHTML, like Gecko; compatible; GPTBot/1.4; +https://openai.com/gptbot)" "-"
216.73.217.0 - - [30/Jul/2026:04:03:07 +0200] "GET /shop/bug/correspondent273001356.html?loknya=%2Fhomepages%2F43%2Fd895481126%2Fhtdocs%2Fclickandbuilds%2FLogestyServices%2Fauthor HTTP/1.1" 429 267 logesty-services.fr "-" "Mozilla/5.0 AppleWebKit/537.36 (KHTML, like Gecko; compatible; ClaudeBot/1.0; +claudebot@anthropic.com)" "-"
114.119.130.0 - - [30/Jul/2026:04:03:07 +0200] "GET /listing/c101-studio-proche-disneyland-paris-parking?loknya=/homepages/30 HTTP/1.1" 200 15446 logesty-services.fr "https://logesty-services.fr/listing/c101-studio-proche-disneyland-paris-parking?loknya=/homepages" "Mozilla/5.0 (Linux; Android 7.0;) AppleWebKit/537.36 (HTML, like Gecko) Mobile Safari/537.36 (compatible; PetalBot;+https://webmaster.petalsearch.com/site/petalbot)" "-"
216.73.217.0 - - [30/Jul/2026:04:03:12 +0200] "GET /shop/sad/reward133020474.html?loknya=%2Fhomepages%2F43%2Fd895481126%2Fhtdocs%2Fclickandbuilds%2FLogestyServices%2Fwp-includes%2Fblocks%2Fnavigation-link HTTP/1.1" 429 267 logesty-services.fr "-" "Mozilla/5.0 AppleWebKit/537.36 (KHTML, like Gecko; compatible; ClaudeBot/1.0; +claudebot@anthropic.com)" "-"
216.73.217.0 - - [30/Jul/2026:04:03:17 +0200] "GET /shop/release/trash053005446.html?loknya=%2Fhomepages%2F43%2Fd895481126%2Fhtdocs%2Fclickandbuilds%2FLogestyServices%2Fauthor HTTP/1.1" 429 267 logesty-services.fr "-" "Mozilla/5.0 AppleWebKit/537.36 (KHTML, like Gecko; compatible; ClaudeBot/1.0; +claudebot@anthropic.com)" "-"
216.73.217.0 - - [30/Jul/2026:04:03:22 +0200] "GET /shop/arm/box221019768.html?loknya=%2Fhomepages%2F43%2Fd895481126%2Fhtdocs%2Fclickandbuilds%2FLogestyServices%2Fecff6c HTTP/1.1" 429 267 logesty-services.fr "-" "Mozilla/5.0 AppleWebKit/537.36 (KHTML, like Gecko; compatible; ClaudeBot/1.0; +claudebot@anthropic.com)" "-"
216.73.217.0 - - [30/Jul/2026:04:03:27 +0200] "GET /item/134049128?lokasie=%2Fbin%2Fgzexe&loknya=%2Fbin HTTP/1.1" 200 11283 logesty-services.fr "-" "Mozilla/5.0 AppleWebKit/537.36 (KHTML, like Gecko; compatible; ClaudeBot/1.0; +claudebot@anthropic.com)" "-"
216.73.217.0 - - [30/Jul/2026:04:03:32 +0200] "GET /detail/757065376.shtm?loknya=%2Fhomepages%2F43%2Fd895481126%2Fhtdocs%2Fclickandbuilds%2FLogestyServices%2F.wp-cli HTTP/1.1" 200 11568 logesty-services.fr "-" "Mozilla/5.0 AppleWebKit/537.36 (KHTML, like Gecko; compatible; ClaudeBot/1.0; +claudebot@anthropic.com)" "-"
216.73.217.0 - - [30/Jul/2026:04:03:37 +0200] "GET /shop/regional/sentence056016313.html?lokasie=%2Fbin%2Fx86_64-linux-gnu-gcov-dump&loknya=%2Fbin HTTP/1.1" 200 3958 logesty-services.fr "-" "Mozilla/5.0 AppleWebKit/537.36 (KHTML, like Gecko; compatible; ClaudeBot/1.0; +claudebot@anthropic.com)" "-"
216.73.217.0 - - [30/Jul/2026:04:03:42 +0200] "GET /shop/swell/inform260038909.html?loknya=%2Fhomepages%2F43%2Fd895481126%2Fhtdocs%2Fclickandbuilds%2FLogestyServices%2Fwp-admin%2Fnetwork HTTP/1.1" 200 58183 logesty-services.fr "-" "Mozilla/5.0 AppleWebKit/537.36 (KHTML, like Gecko; compatible; ClaudeBot/1.0; +claudebot@anthropic.com)" "-"
216.73.217.0 - - [30/Jul/2026:04:03:47 +0200] "GET /shop/alone/festival264033649.html?loknya=%2Fhomepages%2F43%2Fd895481126%2Fhtdocs%2Fclickandbuilds%2FLogestyServices%2Fwp-includes%2F HTTP/1.1" 200 465543 logesty-services.fr "-" "Mozilla/5.0 AppleWebKit/537.36 (KHTML, like Gecko; compatible; ClaudeBot/1.0; +claudebot@anthropic.com)" "-"
216.73.217.0 - - [30/Jul/2026:04:03:52 +0200] "GET /shop/pencil/rat282029383.html?loknya=%2Fhomepages%2F43%2Fd895481126%2Fhtdocs%2Fclickandbuilds%2FLogestyServices%2Fwp-includes%2Fjs HTTP/1.1" 200 183914 logesty-services.fr "-" "Mozilla/5.0 AppleWebKit/537.36 (KHTML, like Gecko; compatible; ClaudeBot/1.0; +claudebot@anthropic.com)" "-"
74.7.242.0 - - [30/Jul/2026:04:03:55 +0200] "GET /?loknya=/usr/lib64 HTTP/1.1" 200 6377 logesty-services.fr "http://logesty-services.fr/?loknya=/usr" "Mozilla/5.0 AppleWebKit/537.36 (KHTML, like Gecko; compatible; GPTBot/1.4; +https://openai.com/gptbot)" "-"
216.73.217.0 - - [30/Jul/2026:04:03:58 +0200] "GET /detail/751156723.shtm HTTP/1.1" 200 83792 logesty-services.fr "-" "Mozilla/5.0 AppleWebKit/537.36 (KHTML, like Gecko; compatible; ClaudeBot/1.0; +claudebot@anthropic.com)" "-"
216.73.217.0 - - [30/Jul/2026:04:04:03 +0200] "GET /detail/149870297.shtm HTTP/1.1" 200 83792 logesty-services.fr "-" "Mozilla/5.0 AppleWebKit/537.36 (KHTML, like Gecko; compatible; ClaudeBot/1.0; +claudebot@anthropic.com)" "-"
216.73.217.0 - - [30/Jul/2026:04:04:08 +0200] "GET /detail/432536507.shtm HTTP/1.1" 200 83792 logesty-services.fr "-" "Mozilla/5.0 AppleWebKit/537.36 (KHTML, like Gecko; compatible; ClaudeBot/1.0; +claudebot@anthropic.com)" "-"
216.73.217.0 - - [30/Jul/2026:04:04:13 +0200] "GET /detail/592388589.shtm HTTP/1.1" 200 83792 logesty-services.fr "-" "Mozilla/5.0 AppleWebKit/537.36 (KHTML, like Gecko; compatible; ClaudeBot/1.0; +claudebot@anthropic.com)" "-"
216.73.217.0 - - [30/Jul/2026:04:04:18 +0200] "GET /detail/234827524.shtm HTTP/1.1" 200 83792 logesty-services.fr "-" "Mozilla/5.0 AppleWebKit/537.36 (KHTML, like Gecko; compatible; ClaudeBot/1.0; +claudebot@anthropic.com)" "-"
216.73.217.0 - - [30/Jul/2026:04:04:24 +0200] "GET /detail/618183875.shtm?loknya=%2Fhomepages%2F43%2Fd895481126%2Fhtdocs%2Fclickandbuilds%2FLogestyServices%2F.wp-cli%2F HTTP/1.1" 200 11584 logesty-services.fr "-" "Mozilla/5.0 AppleWebKit/537.36 (KHTML, like Gecko; compatible; ClaudeBot/1.0; +claudebot@anthropic.com)" "-"
216.73.217.0 - - [30/Jul/2026:04:04:29 +0200] "GET /shop/idea/individual154025581.html?loknya=%2Fhomepages%2F43%2Fd895481126 HTTP/1.1" 200 21728 logesty-services.fr "-" "Mozilla/5.0 AppleWebKit/537.36 (KHTML, like Gecko; compatible; ClaudeBot/1.0; +claudebot@anthropic.com)" "-"
114.119.129.0 - - [30/Jul/2026:04:04:30 +0200] "GET /listing/b306-appartement-15-min-disneyland?loknya=/homepages/35 HTTP/1.1" 200 13373 logesty-services.fr "https://logesty-services.fr/listing/b306-appartement-15-min-disneyland?loknya=/homepages" "Mozilla/5.0 (Linux; Android 7.0;) AppleWebKit/537.36 (HTML, like Gecko) Mobile Safari/537.36 (compatible; PetalBot;+https://webmaster.petalsearch.com/site/petalbot)" "-"
216.73.217.0 - - [30/Jul/2026:04:04:34 +0200] "GET /detail/588215200.shtm HTTP/1.1" 200 83792 logesty-services.fr "-" "Mozilla/5.0 AppleWebKit/537.36 (KHTML, like Gecko; compatible; ClaudeBot/1.0; +claudebot@anthropic.com)" "-"
216.73.217.0 - - [30/Jul/2026:04:04:39 +0200] "GET /item/086000712?loknya=%2Fboot HTTP/1.1" 200 5011 logesty-services.fr "-" "Mozilla/5.0 AppleWebKit/537.36 (KHTML, like Gecko; compatible; ClaudeBot/1.0; +claudebot@anthropic.com)" "-"
216.73.217.0 - - [30/Jul/2026:04:04:44 +0200] "GET /detail/502402521.shtm HTTP/1.1" 200 83792 logesty-services.fr "-" "Mozilla/5.0 AppleWebKit/537.36 (KHTML, like Gecko; compatible; ClaudeBot/1.0; +claudebot@anthropic.com)" "-"
216.73.217.0 - - [30/Jul/2026:04:04:49 +0200] "GET /detail/758142602.shtm?loknya=%2Flib%2Fpython3 HTTP/1.1" 200 6117 logesty-services.fr "-" "Mozilla/5.0 AppleWebKit/537.36 (KHTML, like Gecko; compatible; ClaudeBot/1.0; +claudebot@anthropic.com)" "-"
216.73.217.0 - - [30/Jul/2026:04:04:54 +0200] "GET /detail/588216758.shtm HTTP/1.1" 200 83792 logesty-services.fr "-" "Mozilla/5.0 AppleWebKit/537.36 (KHTML, like Gecko; compatible; ClaudeBot/1.0; +claudebot@anthropic.com)" "-"
216.73.217.0 - - [30/Jul/2026:04:04:59 +0200] "GET /item/086000712?loknya=%2Fusr HTTP/1.1" 200 16876 logesty-services.fr "-" "Mozilla/5.0 AppleWebKit/537.36 (KHTML, like Gecko; compatible; ClaudeBot/1.0; +claudebot@anthropic.com)" "-"
74.7.242.0 - - [30/Jul/2026:04:05:00 +0200] "GET /?lokasie=/proc/nuserproc&loknya=/proc HTTP/1.1" 200 3944 logesty-services.fr "http://logesty-services.fr/?loknya=/proc" "Mozilla/5.0 AppleWebKit/537.36 (KHTML, like Gecko; compatible; GPTBot/1.4; +https://openai.com/gptbot)" "-"
216.73.217.0 - - [30/Jul/2026:04:05:04 +0200] "GET /item/128012012?loknya=%2Fusr HTTP/1.1" 429 267 logesty-services.fr "-" "Mozilla/5.0 AppleWebKit/537.36 (KHTML, like Gecko; compatible; ClaudeBot/1.0; +claudebot@anthropic.com)" "-"
216.73.217.0 - - [30/Jul/2026:04:05:09 +0200] "GET /item/128012012?loknya=%2Fboot HTTP/1.1" 429 267 logesty-services.fr "-" "Mozilla/5.0 AppleWebKit/537.36 (KHTML, like Gecko; compatible; ClaudeBot/1.0; +claudebot@anthropic.com)" "-"
66.249.64.0 - - [30/Jul/2026:04:05:12 +0200] "GET /detail/30618427.shtm?lokasie=/homepages/43/d895481126/htdocs/clickandbuilds/LogestyServices/wp-activate.php?contents/event/kansyasai HTTP/1.1" 200 4387 logesty-services.fr "-" "Mozilla/5.0 (Linux; Android 6.0.1; Nexus 5X Build/MMB29P) AppleWebKit/537.36 (KHTML, like Gecko) Chrome/150.0.7871.186 Mobile Safari/537.36 (compatible; GoogleOther)" "-"
216.73.217.0 - - [30/Jul/2026:04:05:14 +0200] "GET /detail/751052577.shtm HTTP/1.1" 429 267 logesty-services.fr "-" "Mozilla/5.0 AppleWebKit/537.36 (KHTML, like Gecko; compatible; ClaudeBot/1.0; +claudebot@anthropic.com)" "-"
216.73.217.0 - - [30/Jul/2026:04:05:18 +0200] "GET /robots.txt HTTP/1.1" 429 267 logesty-services.fr "-" "Mozilla/5.0 AppleWebKit/537.36 (KHTML, like Gecko; compatible; ClaudeBot/1.0; +claudebot@anthropic.com)" "-"
216.73.217.0 - - [30/Jul/2026:04:05:19 +0200] "GET /detail/281697539.shtm HTTP/1.1" 429 267 logesty-services.fr "-" "Mozilla/5.0 AppleWebKit/537.36 (KHTML, like Gecko; compatible; ClaudeBot/1.0; +claudebot@anthropic.com)" "-"
216.73.217.0 - - [30/Jul/2026:04:05:24 +0200] "GET /detail/502442160.shtm HTTP/1.1" 429 267 logesty-services.fr "-" "Mozilla/5.0 AppleWebKit/537.36 (KHTML, like Gecko; compatible; ClaudeBot/1.0; +claudebot@anthropic.com)" "-"
216.73.217.0 - - [30/Jul/2026:04:05:28 +0200] "GET /robots.txt HTTP/1.1" 429 267 logesty-services.fr "-" "Mozilla/5.0 AppleWebKit/537.36 (KHTML, like Gecko; compatible; ClaudeBot/1.0; +claudebot@anthropic.com)" "-"
216.73.217.0 - - [30/Jul/2026:04:05:30 +0200] "GET /shop/storm/humor116002845.html?loknya=%2Fhomepages%2F43%2Fd895481126%2Fhtdocs%2Fclickandbuilds%2F HTTP/1.1" 429 267 logesty-services.fr "-" "Mozilla/5.0 AppleWebKit/537.36 (KHTML, like Gecko; compatible; ClaudeBot/1.0; +claudebot@anthropic.com)" "-"
216.73.217.0 - - [30/Jul/2026:04:05:35 +0200] "GET /detail/290956504.shtm?loknya=%2Fhomepages%2F38 HTTP/1.1" 429 267 logesty-services.fr "-" "Mozilla/5.0 AppleWebKit/537.36 (KHTML, like Gecko; compatible; ClaudeBot/1.0; +claudebot@anthropic.com)" "-"
216.73.217.0 - - [30/Jul/2026:04:05:40 +0200] "GET /detail/758240789.shtm?lokasie=%2Fsbin%2Fcheck_forensic&loknya=%2Fsbin HTTP/1.1" 429 267 logesty-services.fr "-" "Mozilla/5.0 AppleWebKit/537.36 (KHTML, like Gecko; compatible; ClaudeBot/1.0; +claudebot@anthropic.com)" "-"
216.73.217.0 - - [30/Jul/2026:04:05:45 +0200] "GET /detail/502281797.shtm?loknya=%2Fhomepages%2F2 HTTP/1.1" 429 267 logesty-services.fr "-" "Mozilla/5.0 AppleWebKit/537.36 (KHTML, like Gecko; compatible; ClaudeBot/1.0; +claudebot@anthropic.com)" "-"
216.73.217.0 - - [30/Jul/2026:04:05:50 +0200] "GET /item/038038094?loknya=%2Fhomepages%2F43%2Fd895481126%2Fhtdocs%2Fclickandbuilds%2FLogestyServices%2Fwp-content HTTP/1.1" 429 267 logesty-services.fr "-" "Mozilla/5.0 AppleWebKit/537.36 (KHTML, like Gecko; compatible; ClaudeBot/1.0; +claudebot@anthropic.com)" "-"
114.119.143.0 - - [30/Jul/2026:04:05:52 +0200] "GET /listing/appartement-paris-clichy/?loknya=/homepages/45 HTTP/1.1" 200 18553 logesty-services.fr "https://logesty-services.fr/listing/appartement-paris-clichy/?loknya=/homepages" "Mozilla/5.0 (Linux; Android 7.0;) AppleWebKit/537.36 (HTML, like Gecko) Mobile Safari/537.36 (compatible; PetalBot;+https://webmaster.petalsearch.com/site/petalbot)" "-"
216.73.217.0 - - [30/Jul/2026:04:05:55 +0200] "GET /shop/incentive/presence021021026.html?loknya=%2Fhomepages%2F43%2Fd895481126%2Fhtdocs%2Fclickandbuilds%2FLogestyServices%2Fwp-includes%2Fblocks%2Fpost-content HTTP/1.1" 429 267 logesty-services.fr "-" "Mozilla/5.0 AppleWebKit/537.36 (KHTML, like Gecko; compatible; ClaudeBot/1.0; +claudebot@anthropic.com)" "-"
74.7.242.0 - - [30/Jul/2026:04:05:58 +0200] "GET /?lokasie=/usr/sbin/e4crypt&loknya=/usr/sbin HTTP/1.1" 429 267 logesty-services.fr "http://logesty-services.fr/?loknya=/usr/sbin" "Mozilla/5.0 AppleWebKit/537.36 (KHTML, like Gecko; compatible; GPTBot/1.4; +https://openai.com/gptbot)" "-"
216.73.217.0 - - [30/Jul/2026:04:06:00 +0200] "GET /shop/complete/compete101033088.html?loknya=%2Fhomepages%2F43%2Fd895481126%2Fhtdocs%2Fclickandbuilds%2FLogestyServices%2Fcategory HTTP/1.1" 429 267 logesty-services.fr "-" "Mozilla/5.0 AppleWebKit/537.36 (KHTML, like Gecko; compatible; ClaudeBot/1.0; +claudebot@anthropic.com)" "-"
216.73.217.0 - - [30/Jul/2026:04:06:05 +0200] "GET /detail/290890186.shtm?loknya=%2Fhomepages%2F38 HTTP/1.1" 200 17516 logesty-services.fr "-" "Mozilla/5.0 AppleWebKit/537.36 (KHTML, like Gecko; compatible; ClaudeBot/1.0; +claudebot@anthropic.com)" "-"
216.73.217.0 - - [30/Jul/2026:04:06:10 +0200] "GET /item/015016885?loknya=%2Fhomepages%2F43%2Fd895481126%2Fhtdocs%2Fclickandbuilds%2FLogestyServices%2Fauthor HTTP/1.1" 200 11593 logesty-services.fr "-" "Mozilla/5.0 AppleWebKit/537.36 (KHTML, like Gecko; compatible; ClaudeBot/1.0; +claudebot@anthropic.com)" "-"
216.73.217.0 - - [30/Jul/2026:04:06:15 +0200] "GET /shop/galaxy/highly001006712.html?lokasie=%2Fhomepages%2F43%2Fd895481126%2Fhtdocs%2Fclickandbuilds%2FLogestyServices%2Fwp-includes%2Fscript-loader.php&loknya=%2Fhomepages%2F43%2Fd895481126%2Fhtdocs%2Fclickandbuilds%2FLogestyServices%2Fwp-includes HTTP/1.1" 200 174486 logesty-services.fr "-" "Mozilla/5.0 AppleWebKit/537.36 (KHTML, like Gecko; compatible; ClaudeBot/1.0; +claudebot@anthropic.com)" "-"
216.73.217.0 - - [30/Jul/2026:04:06:20 +0200] "GET /detail/314255.shtm?loknya=%2Fhomepages%2F43%2Fd895481126%2Fhtdocs%2Fclickandbuilds HTTP/1.1" 200 12473 logesty-services.fr "-" "Mozilla/5.0 AppleWebKit/537.36 (KHTML, like Gecko; compatible; ClaudeBot/1.0; +claudebot@anthropic.com)" "-"
216.73.217.0 - - [30/Jul/2026:04:06:25 +0200] "GET /detail/757052944.shtm?lokasie=%2Fbin%2Fdeb-systemd-invoke&loknya=%2Fbin HTTP/1.1" 200 8592 logesty-services.fr "-" "Mozilla/5.0 AppleWebKit/537.36 (KHTML, like Gecko; compatible; ClaudeBot/1.0; +claudebot@anthropic.com)" "-"
216.73.217.0 - - [30/Jul/2026:04:06:30 +0200] "GET /detail/669863037.shtm?loknya=%2Fhomepages HTTP/1.1" 200 57018 logesty-services.fr "-" "Mozilla/5.0 AppleWebKit/537.36 (KHTML, like Gecko; compatible; ClaudeBot/1.0; +claudebot@anthropic.com)" "-"
216.73.217.0 - - [30/Jul/2026:04:06:35 +0200] "GET /detail/752678252.shtm?loknya=%2Fhomepages%2F26 HTTP/1.1" 200 14408 logesty-services.fr "-" "Mozilla/5.0 AppleWebKit/537.36 (KHTML, like Gecko; compatible; ClaudeBot/1.0; +claudebot@anthropic.com)" "-"
216.73.217.0 - - [30/Jul/2026:04:06:40 +0200] "GET /item/227002717?lokasie=%2Fbin%2Flynx&loknya=%2Fbin HTTP/1.1" 200 3936 logesty-services.fr "-" "Mozilla/5.0 AppleWebKit/537.36 (KHTML, like Gecko; compatible; ClaudeBot/1.0; +claudebot@anthropic.com)" "-"
216.73.217.0 - - [30/Jul/2026:04:06:45 +0200] "GET /shop/sad/reward133020474.html?loknya=%2Fhomepages%2F43%2Fd895481126%2Fhtdocs%2Fclickandbuilds%2FLogestyServices%2Fwp-includes%2Fblocks%2Fpreformatted HTTP/1.1" 200 15931 logesty-services.fr "-" "Mozilla/5.0 AppleWebKit/537.36 (KHTML, like Gecko; compatible; ClaudeBot/1.0; +claudebot@anthropic.com)" "-"
74.7.242.0 - - [30/Jul/2026:04:06:50 +0200] "GET /?loknya=/proc/scsi HTTP/1.1" 200 8583 logesty-services.fr "http://logesty-services.fr/?loknya=/proc" "Mozilla/5.0 AppleWebKit/537.36 (KHTML, like Gecko; compatible; GPTBot/1.4; +https://openai.com/gptbot)" "-"
216.73.217.0 - - [30/Jul/2026:04:06:50 +0200] "GET /detail/754145899.shtm?loknya=%2Fhomepages%2Fconfig HTTP/1.1" 200 5100 logesty-services.fr "-" "Mozilla/5.0 AppleWebKit/537.36 (KHTML, like Gecko; compatible; ClaudeBot/1.0; +claudebot@anthropic.com)" "-"
216.73.217.0 - - [30/Jul/2026:04:06:55 +0200] "GET /detail/343524.shtm?lokasie=%2Fsbin%2Fe2image&loknya=%2Fsbin HTTP/1.1" 200 3942 logesty-services.fr "-" "Mozilla/5.0 AppleWebKit/537.36 (KHTML, like Gecko; compatible; ClaudeBot/1.0; +claudebot@anthropic.com)" "-"
66.249.64.0 - - [30/Jul/2026:04:06:59 +0200] "GET /detail/557129154.shtm?loknya=/homepages/43/d895481126/htdocs/clickandbuilds/LogestyServices/listing/a4-11-studio-cosy-toulouse HTTP/1.1" 200 151311 logesty-services.fr "-" "Mozilla/5.0 (Linux; Android 6.0.1; Nexus 5X Build/MMB29P) AppleWebKit/537.36 (KHTML, like Gecko) Chrome/150.0.7871.186 Mobile Safari/537.36 (compatible; Googlebot/2.1; +http://www.google.com/bot.html)" "-"
216.73.217.0 - - [30/Jul/2026:04:07:00 +0200] "GET /item/199045805?loknya=%2Fhomepages%2F43%2Fd895481126%2Fhtdocs%2Fclickandbuilds%2FLogestyServices%2Fauthor HTTP/1.1" 200 11593 logesty-services.fr "-" "Mozilla/5.0 AppleWebKit/537.36 (KHTML, like Gecko; compatible; ClaudeBot/1.0; +claudebot@anthropic.com)" "-"
216.73.217.0 - - [30/Jul/2026:04:07:05 +0200] "GET /shop/enemy/compelling227029898.html?loknya=%2Fhomepages%2F43%2Fd895481126%2Fhtdocs%2Fclickandbuilds%2FLogestyServices%2Fcategory HTTP/1.1" 200 12830 logesty-services.fr "-" "Mozilla/5.0 AppleWebKit/537.36 (KHTML, like Gecko; compatible; ClaudeBot/1.0; +claudebot@anthropic.com)" "-"
216.73.217.0 - - [30/Jul/2026:04:07:11 +0200] "GET /detail/277461.shtm?lokasie=%2Fbin%2Fmysql_waitpid&loknya=%2Fbin HTTP/1.1" 200 3945 logesty-services.fr "-" "Mozilla/5.0 AppleWebKit/537.36 (KHTML, like Gecko; compatible; ClaudeBot/1.0; +claudebot@anthropic.com)" "-"
216.73.217.0 - - [30/Jul/2026:04:07:13 +0200] "GET /detail/236531.shtm?loknya=%2Fhomepages%2F43%2Fd895481126%2Fhtdocs%2Fclickandbuilds%2FLogestyServices%2Fwp-includes%2FRequests HTTP/1.1" 200 9957 logesty-services.fr "-" "Mozilla/5.0 AppleWebKit/537.36 (KHTML, like Gecko; compatible; ClaudeBot/1.0; +claudebot@anthropic.com)" "-"
216.73.217.0 - - [30/Jul/2026:04:07:16 +0200] "GET /detail/754079832.shtm?loknya=%2Fhomepages%2F1 HTTP/1.1" 200 11278 logesty-services.fr "-" "Mozilla/5.0 AppleWebKit/537.36 (KHTML, like Gecko; compatible; ClaudeBot/1.0; +claudebot@anthropic.com)" "-"
66.249.64.0 - - [30/Jul/2026:04:07:19 +0200] "GET /detail/726761204.shtm?loknya=/homepages/18/d896675230 HTTP/1.1" 200 19533 logesty-services.fr "-" "Mozilla/5.0 (Linux; Android 6.0.1; Nexus 5X Build/MMB29P) AppleWebKit/537.36 (KHTML, like Gecko) Chrome/150.0.7871.186 Mobile Safari/537.36 (compatible; GoogleOther)" "-"
216.73.217.0 - - [30/Jul/2026:04:07:19 +0200] "GET /item/103010647?loknya=%2Fhomepages%2F43%2Fd895481126%2Fhtdocs%2Fclickandbuilds%2FLogestyServices%2Fauthor HTTP/1.1" 200 11593 logesty-services.fr "-" "Mozilla/5.0 AppleWebKit/537.36 (KHTML, like Gecko; compatible; ClaudeBot/1.0; +claudebot@anthropic.com)" "-"
216.73.217.0 - - [30/Jul/2026:04:07:22 +0200] "GET /detail/290828526.shtm?loknya=%2Fhomepages%2F31 HTTP/1.1" 200 16480 logesty-services.fr "-" "Mozilla/5.0 AppleWebKit/537.36 (KHTML, like Gecko; compatible; ClaudeBot/1.0; +claudebot@anthropic.com)" "-"
216.73.217.0 - - [30/Jul/2026:04:07:25 +0200] "GET /detail/754145899.shtm?loknya=%2Fhomepages%2F10 HTTP/1.1" 200 19588 logesty-services.fr "-" "Mozilla/5.0 AppleWebKit/537.36 (KHTML, like Gecko; compatible; ClaudeBot/1.0; +claudebot@anthropic.com)" "-"
216.73.217.0 - - [30/Jul/2026:04:07:28 +0200] "GET /item/138029596?loknya=%2Fhomepages%2F43%2Fd895481126%2Fhtdocs%2Fclickandbuilds%2FLogestyServices%2F.metadata HTTP/1.1" 200 16338 logesty-services.fr "-" "Mozilla/5.0 AppleWebKit/537.36 (KHTML, like Gecko; compatible; ClaudeBot/1.0; +claudebot@anthropic.com)" "-"
216.73.217.0 - - [30/Jul/2026:04:07:31 +0200] "GET /detail/758180946.shtm?loknya=%2Fhomepages%2F43 HTTP/1.1" 429 267 logesty-services.fr "-" "Mozilla/5.0 AppleWebKit/537.36 (KHTML, like Gecko; compatible; ClaudeBot/1.0; +claudebot@anthropic.com)" "-"
216.73.217.0 - - [30/Jul/2026:04:07:36 +0200] "GET /item/097012005?loknya=%2Fhomepages%2F43%2Fd895481126%2Fhtdocs%2Fclickandbuilds%2FLogestyServices%2Fcategory HTTP/1.1" 429 267 logesty-services.fr "-" "Mozilla/5.0 AppleWebKit/537.36 (KHTML, like Gecko; compatible; ClaudeBot/1.0; +claudebot@anthropic.com)" "-"
216.73.217.0 - - [30/Jul/2026:04:07:41 +0200] "GET /shop/annual/interesting242034493.html?loknya=%2Fhomepages%2F43%2Fd895481126%2Fhtdocs%2Fclickandbuilds%2FLogestyServices%2Fauthor HTTP/1.1" 429 267 logesty-services.fr "-" "Mozilla/5.0 AppleWebKit/537.36 (KHTML, like Gecko; compatible; ClaudeBot/1.0; +claudebot@anthropic.com)" "-"
216.73.217.0 - - [30/Jul/2026:04:07:46 +0200] "GET /detail/752188090.shtm?loknya=%2Fhomepages%2F43%2Fd895481126%2Fhtdocs%2Fclickandbuilds%2FLogestyServices%2F.wp-cli HTTP/1.1" 429 267 logesty-services.fr "-" "Mozilla/5.0 AppleWebKit/537.36 (KHTML, like Gecko; compatible; ClaudeBot/1.0; +claudebot@anthropic.com)" "-"
66.249.64.0 - - [30/Jul/2026:04:07:48 +0200] "GET /detail/573253278.shtm?loknya=/homepages/43/d895481126/htdocs HTTP/1.1" 200 14208 logesty-services.fr "-" "Mozilla/5.0 (Linux; Android 6.0.1; Nexus 5X Build/MMB29P) AppleWebKit/537.36 (KHTML, like Gecko) Chrome/150.0.7871.186 Mobile Safari/537.36 (compatible; GoogleOther)" "-"
216.73.217.0 - - [30/Jul/2026:04:07:51 +0200] "GET /detail/752118919.shtm?loknya=%2Fhomepages%2F43%2Fd901540977 HTTP/1.1" 429 267 logesty-services.fr "-" "Mozilla/5.0 AppleWebKit/537.36 (KHTML, like Gecko; compatible; ClaudeBot/1.0; +claudebot@anthropic.com)" "-"
74.7.242.0 - - [30/Jul/2026:04:07:55 +0200] "GET /?loknya=/proc/ipmi HTTP/1.1" 429 267 logesty-services.fr "http://logesty-services.fr/?loknya=/proc" "Mozilla/5.0 AppleWebKit/537.36 (KHTML, like Gecko; compatible; GPTBot/1.4; +https://openai.com/gptbot)" "-"
114.119.133.0 - - [30/Jul/2026:04:08:41 +0200] "GET /the-castle-on-the-cliff-majestic-magic-manoir?loknya=/homepages/43/d895481126/htdocs/clickandbuilds/LogestyServices/wp-includes/blocks/accordion-item HTTP/1.1" 200 15996 logesty-services.fr "https://logesty-services.fr/the-castle-on-the-cliff-majestic-magic-manoir?loknya=/homepages/43/d895481126/htdocs/clickandbuilds/LogestyServices/wp-includes/blocks" "Mozilla/5.0 (Linux; Android 7.0;) AppleWebKit/537.36 (HTML, like Gecko) Mobile Safari/537.36 (compatible; PetalBot;+https://webmaster.petalsearch.com/site/petalbot)" "-"
74.7.242.0 - - [30/Jul/2026:04:08:50 +0200] "GET /?loknya=/etc/emacs HTTP/1.1" 200 6095 logesty-services.fr "http://logesty-services.fr/?loknya=/etc" "Mozilla/5.0 AppleWebKit/537.36 (KHTML, like Gecko; compatible; GPTBot/1.4; +https://openai.com/gptbot)" "-"
66.249.64.0 - - [30/Jul/2026:04:09:00 +0200] "GET /?u=8633678759 HTTP/1.1" 200 157984 logesty-services.fr "-" "Mozilla/5.0 (Linux; Android 6.0.1; Nexus 5X Build/MMB29P) AppleWebKit/537.36 (KHTML, like Gecko) Chrome/150.0.7871.186 Mobile Safari/537.36 (compatible; Googlebot/2.1; +http://www.google.com/bot.html)" "-"
74.7.242.0 - - [30/Jul/2026:04:09:51 +0200] "GET /?loknya=/etc/fonts HTTP/1.1" 200 8377 logesty-services.fr "http://logesty-services.fr/?loknya=/etc" "Mozilla/5.0 AppleWebKit/537.36 (KHTML, like Gecko; compatible; GPTBot/1.4; +https://openai.com/gptbot)" "-"
66.249.64.0 - - [30/Jul/2026:04:09:58 +0200] "GET /detail/726761204.shtm?loknya=/homepages/33/d900944631 HTTP/1.1" 200 19563 logesty-services.fr "-" "Mozilla/5.0 (Linux; Android 6.0.1; Nexus 5X Build/MMB29P) AppleWebKit/537.36 (KHTML, like Gecko) Chrome/150.0.7871.186 Mobile Safari/537.36 (compatible; GoogleOther)" "-"
114.119.143.0 - - [30/Jul/2026:04:10:03 +0200] "GET /seven-awesome-things-you-can-learn-from-booking/?loknya=/homepages/43/d895481126/htdocs/clickandbuilds/LogestyServices/wp-includes/sodium_compat/namespaced HTTP/1.1" 200 13996 logesty-services.fr "https://logesty-services.fr/seven-awesome-things-you-can-learn-from-booking/?loknya=/homepages/43/d895481126/htdocs/clickandbuilds/LogestyServices/wp-includes/sodium_compat" "Mozilla/5.0 (Linux; Android 7.0;) AppleWebKit/537.36 (HTML, like Gecko) Mobile Safari/537.36 (compatible; PetalBot;+https://webmaster.petalsearch.com/site/petalbot)" "-"
66.249.64.0 - - [30/Jul/2026:04:10:17 +0200] "GET /?u=4871435805 HTTP/1.1" 200 155433 logesty-services.fr "-" "Mozilla/5.0 (Linux; Android 6.0.1; Nexus 5X Build/MMB29P) AppleWebKit/537.36 (KHTML, like Gecko) Chrome/150.0.7871.186 Mobile Safari/537.36 (compatible; Googlebot/2.1; +http://www.google.com/bot.html)" "-"
66.249.64.0 - - [30/Jul/2026:04:10:24 +0200] "GET /?u=4703888941 HTTP/1.1" 200 155721 logesty-services.fr "-" "Mozilla/5.0 (Linux; Android 6.0.1; Nexus 5X Build/MMB29P) AppleWebKit/537.36 (KHTML, like Gecko) Chrome/150.0.7871.186 Mobile Safari/537.36 (compatible; Googlebot/2.1; +http://www.google.com/bot.html)" "-"
74.7.242.0 - - [30/Jul/2026:04:10:50 +0200] "GET /?lokasie=/usr/sbin/logsave&loknya=/usr/sbin HTTP/1.1" 200 3979 logesty-services.fr "http://logesty-services.fr/?loknya=/usr/sbin" "Mozilla/5.0 AppleWebKit/537.36 (KHTML, like Gecko; compatible; GPTBot/1.4; +https://openai.com/gptbot)" "-"
66.249.64.0 - - [30/Jul/2026:04:11:28 +0200] "GET /?u=152190652 HTTP/1.1" 200 153290 logesty-services.fr "-" "Mozilla/5.0 (Linux; Android 6.0.1; Nexus 5X Build/MMB29P) AppleWebKit/537.36 (KHTML, like Gecko) Chrome/150.0.7871.186 Mobile Safari/537.36 (compatible; Googlebot/2.1; +http://www.google.com/bot.html)" "-"
114.119.130.0 - - [30/Jul/2026:04:11:33 +0200] "GET /seven-awesome-things-you-can-learn-from-booking/?loknya=/homepages/43/d895481126/htdocs/clickandbuilds/LogestyServices/wp-includes/js/jcrop HTTP/1.1" 200 12429 logesty-services.fr "https://logesty-services.fr/seven-awesome-things-you-can-learn-from-booking/?loknya=/homepages/43/d895481126/htdocs/clickandbuilds/LogestyServices/wp-includes/js" "Mozilla/5.0 (Linux; Android 7.0;) AppleWebKit/537.36 (HTML, like Gecko) Mobile Safari/537.36 (compatible; PetalBot;+https://webmaster.petalsearch.com/site/petalbot)" "-"
66.249.64.0 - - [30/Jul/2026:04:11:34 +0200] "GET /detail/30618427.shtm?lokasie=/homepages/43/d895481126/htdocs/clickandbuilds/LogestyServices/wp-activate.php?shop/customer/entry HTTP/1.1" 200 4382 logesty-services.fr "-" "Mozilla/5.0 (Linux; Android 6.0.1; Nexus 5X Build/MMB29P) AppleWebKit/537.36 (KHTML, like Gecko) Chrome/150.0.7871.186 Mobile Safari/537.36 (compatible; GoogleOther)" "-"
74.7.242.0 - - [30/Jul/2026:04:11:42 +0200] "GET /?lokasie=/usr/sbin/fstrim&loknya=/usr/sbin HTTP/1.1" 200 3978 logesty-services.fr "http://logesty-services.fr/?loknya=/usr/sbin" "Mozilla/5.0 AppleWebKit/537.36 (KHTML, like Gecko; compatible; GPTBot/1.4; +https://openai.com/gptbot)" "-"
141.164.86.0 - - [30/Jul/2026:04:12:15 +0200] "GET /author/bettie36947529/ HTTP/1.1" 200 83792 logesty-services.fr "http://logesty-services.fr/" "Mozilla/5.0 (Macintosh; Intel Mac OS X 10_15_7) AppleWebKit/605.1.15 (KHTML, like Gecko) Version/18.3 Safari/605.1.15" "-"
141.164.86.0 - - [30/Jul/2026:04:12:16 +0200] "GET /author/bettie36947529/?http://logesty-services.fr/author/bettie36947529/ HTTP/1.1" 200 83792 logesty-services.fr "http://logesty-services.fr/author/bettie36947529/" "Mozilla/5.0 (Macintosh; Intel Mac OS X 10_15_7) AppleWebKit/605.1.15 (KHTML, like Gecko) Version/18.3 Safari/605.1.15" "-"
74.7.242.0 - - [30/Jul/2026:04:12:27 +0200] "GET /?lokasie=/usr/sbin/agetty&loknya=/usr/sbin HTTP/1.1" 200 3978 logesty-services.fr "http://logesty-services.fr/?loknya=/usr/sbin" "Mozilla/5.0 AppleWebKit/537.36 (KHTML, like Gecko; compatible; GPTBot/1.4; +https://openai.com/gptbot)" "-"
43.130.53.0 - - [30/Jul/2026:04:12:53 +0200] "GET /?loknya=/homepages/43/d895481126/htdocs/clickandbuilds/LogestyServices/author/logesty-services HTTP/1.1" 200 10378 logesty-services.fr "-" "Mozilla/5.0 (iPhone; CPU iPhone OS 13_2_3 like Mac OS X) AppleWebKit/605.1.15 (KHTML, like Gecko) Version/13.0.3 Mobile/15E148 Safari/604.1" "-"
74.7.242.0 - - [30/Jul/2026:04:13:06 +0200] "GET /?lokasie=/usr/sbin/swapoff&loknya=/usr/sbin HTTP/1.1" 200 3979 logesty-services.fr "http://logesty-services.fr/?loknya=/usr/sbin" "Mozilla/5.0 AppleWebKit/537.36 (KHTML, like Gecko; compatible; GPTBot/1.4; +https://openai.com/gptbot)" "-"
66.249.64.0 - - [30/Jul/2026:04:13:25 +0200] "GET /detail/126706155.shtm?loknya=/ HTTP/1.1" 200 29689 logesty-services.fr "-" "Mozilla/5.0 (Linux; Android 6.0.1; Nexus 5X Build/MMB29P) AppleWebKit/537.36 (KHTML, like Gecko) Chrome/150.0.7871.186 Mobile Safari/537.36 (compatible; GoogleOther)" "-"
66.249.64.0 - - [30/Jul/2026:04:13:27 +0200] "GET /detail/39930764.shtm?loknya=/homepages/43/d895481126/htdocs/clickandbuilds/LogestyServices/decouvrez-le-concept-innovant-de-logesty-service-des-logements-de-qualite-pour-vos-weekends-et-courts-sejours/decouvrez-le-concept-innovant-de-logesty-service-des-logements-de-qualite-pour-vos-weekends-et-courts-sejours HTTP/1.1" 200 18576 logesty-services.fr "-" "Mozilla/5.0 (Linux; Android 6.0.1; Nexus 5X Build/MMB29P) AppleWebKit/537.36 (KHTML, like Gecko) Chrome/150.0.7871.186 Mobile Safari/537.36 (compatible; GoogleOther)" "-"
74.7.242.0 - - [30/Jul/2026:04:13:43 +0200] "GET /?lokasie=/proc//pagetypeinfo&loknya=/proc/ HTTP/1.1" 200 3946 logesty-services.fr "http://logesty-services.fr/?loknya=/proc/" "Mozilla/5.0 AppleWebKit/537.36 (KHTML, like Gecko; compatible; GPTBot/1.4; +https://openai.com/gptbot)" "-"
114.119.136.0 - - [30/Jul/2026:04:14:12 +0200] "GET /listing/studio-cosy-centre-ville-gare?loknya=/homepages/43/d895481126/htdocs/clickandbuilds/LogestyServices/ecff6c HTTP/1.1" 200 8763 logesty-services.fr "https://logesty-services.fr/listing/studio-cosy-centre-ville-gare" "Mozilla/5.0 (Linux; Android 7.0;) AppleWebKit/537.36 (HTML, like Gecko) Mobile Safari/537.36 (compatible; PetalBot;+https://webmaster.petalsearch.com/site/petalbot)" "-"
74.7.242.0 - - [30/Jul/2026:04:14:18 +0200] "GET /?lokasie=/usr/sbin/losetup&loknya=/usr/sbin HTTP/1.1" 200 3979 logesty-services.fr "http://logesty-services.fr/?loknya=/usr/sbin" "Mozilla/5.0 AppleWebKit/537.36 (KHTML, like Gecko; compatible; GPTBot/1.4; +https://openai.com/gptbot)" "-"
74.7.242.0 - - [30/Jul/2026:04:14:49 +0200] "GET /?lokasie=/proc/tty/ldiscs&loknya=/proc/tty HTTP/1.1" 200 4007 logesty-services.fr "http://logesty-services.fr/?loknya=/proc/tty" "Mozilla/5.0 AppleWebKit/537.36 (KHTML, like Gecko; compatible; GPTBot/1.4; +https://openai.com/gptbot)" "-"
74.7.242.0 - - [30/Jul/2026:04:15:17 +0200] "GET /?lokasie=/usr/sbin/chroot&loknya=/usr/sbin HTTP/1.1" 200 3978 logesty-services.fr "http://logesty-services.fr/?loknya=/usr/sbin" "Mozilla/5.0 AppleWebKit/537.36 (KHTML, like Gecko; compatible; GPTBot/1.4; +https://openai.com/gptbot)" "-"
51.195.244.0 - - [30/Jul/2026:04:15:18 +0200] "GET /sitemap-hot-2972038.xml HTTP/1.1" 200 167013 logesty-services.fr "-" "Mozilla/5.0 (compatible; AhrefsBot/7.0; +http://ahrefs.com/robot/)" "-"
66.249.64.0 - - [30/Jul/2026:04:15:22 +0200] "GET /?u=5634062833 HTTP/1.1" 200 155283 logesty-services.fr "-" "Mozilla/5.0 (Linux; Android 6.0.1; Nexus 5X Build/MMB29P) AppleWebKit/537.36 (KHTML, like Gecko) Chrome/150.0.7871.186 Mobile Safari/537.36 (compatible; Googlebot/2.1; +http://www.google.com/bot.html)" "-"
74.7.242.0 - - [30/Jul/2026:04:15:41 +0200] "GET /?lokasie=/etc/cbi/papersize&loknya=/etc/cbi HTTP/1.1" 200 3981 logesty-services.fr "http://logesty-services.fr/?loknya=/etc/cbi" "Mozilla/5.0 AppleWebKit/537.36 (KHTML, like Gecko; compatible; GPTBot/1.4; +https://openai.com/gptbot)" "-"
114.119.143.0 - - [30/Jul/2026:04:15:42 +0200] "GET /listing/c301-appartement-disneyland-paris/ HTTP/1.1" 200 83793 logesty-services.fr "https://logesty-services.fr/author/logesty-services?service=rental" "Mozilla/5.0 (Linux; Android 7.0;) AppleWebKit/537.36 (HTML, like Gecko) Mobile Safari/537.36 (compatible; PetalBot;+https://webmaster.petalsearch.com/site/petalbot)" "-"
74.7.242.0 - - [30/Jul/2026:04:16:03 +0200] "GET /?lokasie=/usr/sbin/cfdisk&loknya=/usr/sbin HTTP/1.1" 200 3978 logesty-services.fr "http://logesty-services.fr/?loknya=/usr/sbin" "Mozilla/5.0 AppleWebKit/537.36 (KHTML, like Gecko; compatible; GPTBot/1.4; +https://openai.com/gptbot)" "-"
74.7.242.0 - - [30/Jul/2026:04:16:24 +0200] "GET /?lokasie=/usr/sbin/debugfs&loknya=/usr/sbin HTTP/1.1" 200 3979 logesty-services.fr "http://logesty-services.fr/?loknya=/usr/sbin" "Mozilla/5.0 AppleWebKit/537.36 (KHTML, like Gecko; compatible; GPTBot/1.4; +https://openai.com/gptbot)" "-"
74.7.242.0 - - [30/Jul/2026:04:16:41 +0200] "GET /?lokasie=/usr/sbin/chcpu&loknya=/usr/sbin HTTP/1.1" 200 3977 logesty-services.fr "http://logesty-services.fr/?loknya=/usr/sbin" "Mozilla/5.0 AppleWebKit/537.36 (KHTML, like Gecko; compatible; GPTBot/1.4; +https://openai.com/gptbot)" "-"
74.7.242.0 - - [30/Jul/2026:04:16:58 +0200] "GET /?lokasie=/proc//vmallocinfo&loknya=/proc/ HTTP/1.1" 200 3945 logesty-services.fr "http://logesty-services.fr/?loknya=/proc/" "Mozilla/5.0 AppleWebKit/537.36 (KHTML, like Gecko; compatible; GPTBot/1.4; +https://openai.com/gptbot)" "-"
114.119.136.0 - - [30/Jul/2026:04:17:02 +0200] "GET /listing/b210-appartement-disneyland-paris-parking-et-wifi/?loknya=/homepages/43/d895481126/htdocs/clickandbuilds/LogestyServices/listing/studio-propre-et-equipe-de-wifi HTTP/1.1" 200 9257 logesty-services.fr "https://logesty-services.fr/listing/b210-appartement-disneyland-paris-parking-et-wifi/?loknya=/homepages/43/d895481126/htdocs/clickandbuilds/LogestyServices/listing" "Mozilla/5.0 (Linux; Android 7.0;) AppleWebKit/537.36 (HTML, like Gecko) Mobile Safari/537.36 (compatible; PetalBot;+https://webmaster.petalsearch.com/site/petalbot)" "-"
74.7.242.0 - - [30/Jul/2026:04:17:12 +0200] "GET /?lokasie=/proc//execdomains&loknya=/proc/ HTTP/1.1" 200 3975 logesty-services.fr "http://logesty-services.fr/?loknya=/proc/" "Mozilla/5.0 AppleWebKit/537.36 (KHTML, like Gecko; compatible; GPTBot/1.4; +https://openai.com/gptbot)" "-"
74.7.242.0 - - [30/Jul/2026:04:17:26 +0200] "GET /?lokasie=/usr/sbin/ipmaddr&loknya=/usr/sbin HTTP/1.1" 200 3979 logesty-services.fr "http://logesty-services.fr/?loknya=/usr/sbin" "Mozilla/5.0 AppleWebKit/537.36 (KHTML, like Gecko; compatible; GPTBot/1.4; +https://openai.com/gptbot)" "-"
74.7.242.0 - - [30/Jul/2026:04:17:37 +0200] "GET /?lokasie=/proc/ide/drivers&loknya=/proc/ide HTTP/1.1" 200 4023 logesty-services.fr "http://logesty-services.fr/?loknya=/proc/ide" "Mozilla/5.0 AppleWebKit/537.36 (KHTML, like Gecko; compatible; GPTBot/1.4; +https://openai.com/gptbot)" "-"
66.249.64.0 - - [30/Jul/2026:04:17:46 +0200] "GET /?u=976481403 HTTP/1.1" 200 148966 logesty-services.fr "-" "Mozilla/5.0 (Linux; Android 6.0.1; Nexus 5X Build/MMB29P) AppleWebKit/537.36 (KHTML, like Gecko) Chrome/150.0.7871.186 Mobile Safari/537.36 (compatible; Googlebot/2.1; +http://www.google.com/bot.html)" "-"
74.7.242.0 - - [30/Jul/2026:04:17:48 +0200] "GET /?lokasie=/usr/sbin/modinfo&loknya=/usr/sbin HTTP/1.1" 200 3979 logesty-services.fr "http://logesty-services.fr/?loknya=/usr/sbin" "Mozilla/5.0 AppleWebKit/537.36 (KHTML, like Gecko; compatible; GPTBot/1.4; +https://openai.com/gptbot)" "-"
74.7.242.0 - - [30/Jul/2026:04:17:58 +0200] "GET /?lokasie=/usr/sbin/wipefs&loknya=/usr/sbin HTTP/1.1" 200 3978 logesty-services.fr "http://logesty-services.fr/?loknya=/usr/sbin" "Mozilla/5.0 AppleWebKit/537.36 (KHTML, like Gecko; compatible; GPTBot/1.4; +https://openai.com/gptbot)" "-"
74.7.242.0 - - [30/Jul/2026:04:18:07 +0200] "GET /?lokasie=/usr/sbin/mkswap&loknya=/usr/sbin HTTP/1.1" 200 3978 logesty-services.fr "http://logesty-services.fr/?loknya=/usr/sbin" "Mozilla/5.0 AppleWebKit/537.36 (KHTML, like Gecko; compatible; GPTBot/1.4; +https://openai.com/gptbot)" "-"
74.7.242.0 - - [30/Jul/2026:04:18:14 +0200] "GET /?lokasie=/usr/sbin/cytune&loknya=/usr/sbin HTTP/1.1" 429 267 logesty-services.fr "http://logesty-services.fr/?loknya=/usr/sbin" "Mozilla/5.0 AppleWebKit/537.36 (KHTML, like Gecko; compatible; GPTBot/1.4; +https://openai.com/gptbot)" "-"
74.7.242.0 - - [30/Jul/2026:04:18:21 +0200] "GET /?lokasie=/usr/sbin/tarcat&loknya=/usr/sbin HTTP/1.1" 429 267 logesty-services.fr "http://logesty-services.fr/?loknya=/usr/sbin" "Mozilla/5.0 AppleWebKit/537.36 (KHTML, like Gecko; compatible; GPTBot/1.4; +https://openai.com/gptbot)" "-"
2602:80d:1000:: - - [30/Jul/2026:04:18:21 +0200] "GET / HTTP/1.1" 200 83796 logesty-services.fr "-" "Mozilla/5.0 (compatible; CensysInspect/1.1; +https://about.censys.io/)" "-"
114.119.138.0 - - [30/Jul/2026:04:18:26 +0200] "GET /listing/b210-appartement-disneyland-paris-parking-et-wifi/?loknya=/homepages/19 HTTP/1.1" 200 11301 logesty-services.fr "https://logesty-services.fr/listing/b210-appartement-disneyland-paris-parking-et-wifi/?loknya=/homepages" "Mozilla/5.0 (Linux; Android 7.0;) AppleWebKit/537.36 (HTML, like Gecko) Mobile Safari/537.36 (compatible; PetalBot;+https://webmaster.petalsearch.com/site/petalbot)" "-"
2602:80d:1000:: - - [30/Jul/2026:04:18:30 +0200] "GET /favicon.ico HTTP/1.1" 200 83796 logesty-services.fr "-" "Mozilla/5.0 (compatible; CensysInspect/1.1; +https://about.censys.io/)" "-"
2602:80d:1000:: - - [30/Jul/2026:04:18:40 +0200] "GET / HTTP/1.1" 200 83796 logesty-services.fr "-" "Mozilla/5.0 (compatible; CensysInspect/1.1; +https://about.censys.io/)" "-"
74.7.242.0 - - [30/Jul/2026:04:18:41 +0200] "GET /?lokasie=/usr/sbin/nameif&loknya=/usr/sbin HTTP/1.1" 429 267 logesty-services.fr "http://logesty-services.fr/?loknya=/usr/sbin" "Mozilla/5.0 AppleWebKit/537.36 (KHTML, like Gecko; compatible; GPTBot/1.4; +https://openai.com/gptbot)" "-"
74.7.242.0 - - [30/Jul/2026:04:19:42 +0200] "GET /?lokasie=/usr/sbin/tunelp&loknya=/usr/sbin HTTP/1.1" 200 3978 logesty-services.fr "http://logesty-services.fr/?loknya=/usr/sbin" "Mozilla/5.0 AppleWebKit/537.36 (KHTML, like Gecko; compatible; GPTBot/1.4; +https://openai.com/gptbot)" "-"
172.81.133.0 - - [30/Jul/2026:04:20:00 +0200] "GET /author/stewartrancour/ HTTP/1.1" 200 83793 logesty-services.fr "https://logesty-services.fr/" "Mozilla/5.0 (iPhone; CPU iPhone OS 18_7 like Mac OS X) AppleWebKit/605.1.15 (KHTML, like Gecko) Version/26.5 Mobile/15E148 Safari/604.1" "-"
172.81.133.0 - - [30/Jul/2026:04:20:02 +0200] "GET /author/stewartrancour/?loknya=/homepages/43/d895481126/htdocs/clickandbuilds/LogestyServices/decouvrez-le-concept-innovant-de-logesty-service-des-logements-de-qualite-pour-vos-weekends-et-courts-sejours HTTP/1.1" 200 15884 logesty-services.fr "https://logesty-services.fr/author/stewartrancour/" "Mozilla/5.0 (iPhone; CPU iPhone OS 18_7 like Mac OS X) AppleWebKit/605.1.15 (KHTML, like Gecko) Version/26.5 Mobile/15E148 Safari/604.1" "-"
74.7.242.0 - - [30/Jul/2026:04:20:46 +0200] "GET /?lokasie=/usr/sbin/ifdown&loknya=/usr/sbin HTTP/1.1" 200 3978 logesty-services.fr "http://logesty-services.fr/?loknya=/usr/sbin" "Mozilla/5.0 AppleWebKit/537.36 (KHTML, like Gecko; compatible; GPTBot/1.4; +https://openai.com/gptbot)" "-"
66.249.64.0 - - [30/Jul/2026:04:20:49 +0200] "GET /?u=9062387509 HTTP/1.1" 200 155092 logesty-services.fr "-" "Mozilla/5.0 (Linux; Android 6.0.1; Nexus 5X Build/MMB29P) AppleWebKit/537.36 (KHTML, like Gecko) Chrome/150.0.7871.186 Mobile Safari/537.36 (compatible; Googlebot/2.1; +http://www.google.com/bot.html)" "-"
51.89.129.0 - - [30/Jul/2026:04:20:54 +0200] "GET /sitemap-hot-2966038.xml HTTP/1.1" 200 167013 logesty-services.fr "-" "Mozilla/5.0 (compatible; AhrefsBot/7.0; +http://ahrefs.com/robot/)" "-"
114.119.130.0 - - [30/Jul/2026:04:21:13 +0200] "GET /listing/appartement-paris-clichy/?lokasie=/homepages/43/d895481126/metadata.json&loknya=/homepages/43/d895481126 HTTP/1.1" 200 4076 logesty-services.fr "https://logesty-services.fr/listing/appartement-paris-clichy/?loknya=/homepages/43/d895481126" "Mozilla/5.0 (Linux; Android 7.0;) AppleWebKit/537.36 (HTML, like Gecko) Mobile Safari/537.36 (compatible; PetalBot;+https://webmaster.petalsearch.com/site/petalbot)" "-"
66.249.64.0 - - [30/Jul/2026:04:21:33 +0200] "GET /?u=3964288798 HTTP/1.1" 200 83792 logesty-services.fr "-" "Mozilla/5.0 (Linux; Android 6.0.1; Nexus 5X Build/MMB29P) AppleWebKit/537.36 (KHTML, like Gecko) Chrome/150.0.7871.186 Mobile Safari/537.36 (compatible; GoogleOther)" "-"
74.7.242.0 - - [30/Jul/2026:04:21:46 +0200] "GET /?lokasie=/usr/sbin/rmmod&loknya=/usr/sbin HTTP/1.1" 200 3977 logesty-services.fr "http://logesty-services.fr/?loknya=/usr/sbin" "Mozilla/5.0 AppleWebKit/537.36 (KHTML, like Gecko; compatible; GPTBot/1.4; +https://openai.com/gptbot)" "-"
66.249.64.0 - - [30/Jul/2026:04:21:49 +0200] "GET /?u=6572163405 HTTP/1.1" 200 156073 logesty-services.fr "-" "Mozilla/5.0 (Linux; Android 6.0.1; Nexus 5X Build/MMB29P) AppleWebKit/537.36 (KHTML, like Gecko) Chrome/150.0.7871.186 Mobile Safari/537.36 (compatible; Googlebot/2.1; +http://www.google.com/bot.html)" "-"
66.249.64.0 - - [30/Jul/2026:04:21:55 +0200] "GET /?u=7883985686 HTTP/1.1" 200 153088 logesty-services.fr "-" "Mozilla/5.0 (Linux; Android 6.0.1; Nexus 5X Build/MMB29P) AppleWebKit/537.36 (KHTML, like Gecko) Chrome/150.0.7871.186 Mobile Safari/537.36 (compatible; Googlebot/2.1; +http://www.google.com/bot.html)" "-"
74.7.242.0 - - [30/Jul/2026:04:22:37 +0200] "GET /?lokasie=/usr/sbin/getty&loknya=/usr/sbin HTTP/1.1" 200 3977 logesty-services.fr "http://logesty-services.fr/?loknya=/usr/sbin" "Mozilla/5.0 AppleWebKit/537.36 (KHTML, like Gecko; compatible; GPTBot/1.4; +https://openai.com/gptbot)" "-"
114.119.143.0 - - [30/Jul/2026:04:22:37 +0200] "GET /listing/appartement-f2-proche-disneyland-paris/?loknya=/homepages/43/d895481126/htdocs/clickandbuilds/LogestyServices/contact-logesty-service HTTP/1.1" 200 13562 logesty-services.fr "https://logesty-services.fr/listing/appartement-f2-proche-disneyland-paris/?loknya=/homepages/43/d895481126/htdocs/clickandbuilds/LogestyServices/" "Mozilla/5.0 (Linux; Android 7.0;) AppleWebKit/537.36 (HTML, like Gecko) Mobile Safari/537.36 (compatible; PetalBot;+https://webmaster.petalsearch.com/site/petalbot)" "-"
66.249.64.0 - - [30/Jul/2026:04:22:37 +0200] "GET /?u=2142399780 HTTP/1.1" 200 153400 logesty-services.fr "-" "Mozilla/5.0 (Linux; Android 6.0.1; Nexus 5X Build/MMB29P) AppleWebKit/537.36 (KHTML, like Gecko) Chrome/150.0.7871.186 Mobile Safari/537.36 (compatible; Googlebot/2.1; +http://www.google.com/bot.html)" "-"
43.153.123.0 - - [30/Jul/2026:04:22:46 +0200] "GET /?lokasie=/homepages/43/d895481126/htdocs/clickandbuilds/LogestyServices/author/.htaccess&loknya=/homepages/43/d895481126/htdocs/clickandbuilds/LogestyServices/author HTTP/1.1" 200 4600 logesty-services.fr "-" "Mozilla/5.0 (iPhone; CPU iPhone OS 13_2_3 like Mac OS X) AppleWebKit/605.1.15 (KHTML, like Gecko) Version/13.0.3 Mobile/15E148 Safari/604.1" "-"
74.7.242.0 - - [30/Jul/2026:04:23:23 +0200] "GET /?lokasie=/proc//kallsyms&loknya=/proc/ HTTP/1.1" 200 3506474 logesty-services.fr "http://logesty-services.fr/?loknya=/proc/" "Mozilla/5.0 AppleWebKit/537.36 (KHTML, like Gecko; compatible; GPTBot/1.4; +https://openai.com/gptbot)" "-"
114.119.138.0 - - [30/Jul/2026:04:24:00 +0200] "GET /listing/appartement-f2-proche-disneyland-paris/?loknya=/homepages/43/d895481126/htdocs/clickandbuilds/LogestyServices/city/argenteuil HTTP/1.1" 200 10231 logesty-services.fr "https://logesty-services.fr/listing/appartement-f2-proche-disneyland-paris/?loknya=/homepages/43/d895481126/htdocs/clickandbuilds/LogestyServices/city" "Mozilla/5.0 (Linux; Android 7.0;) AppleWebKit/537.36 (HTML, like Gecko) Mobile Safari/537.36 (compatible; PetalBot;+https://webmaster.petalsearch.com/site/petalbot)" "-"
74.7.242.0 - - [30/Jul/2026:04:24:03 +0200] "GET /?lokasie=/proc//zoneinfo&loknya=/proc/ HTTP/1.1" 200 54082 logesty-services.fr "http://logesty-services.fr/?loknya=/proc/" "Mozilla/5.0 AppleWebKit/537.36 (KHTML, like Gecko; compatible; GPTBot/1.4; +https://openai.com/gptbot)" "-"
74.7.242.0 - - [30/Jul/2026:04:24:39 +0200] "GET /?lokasie=/etc/cbi/hosts&loknya=/etc/cbi HTTP/1.1" 200 4170 logesty-services.fr "http://logesty-services.fr/?loknya=/etc/cbi" "Mozilla/5.0 AppleWebKit/537.36 (KHTML, like Gecko; compatible; GPTBot/1.4; +https://openai.com/gptbot)" "-"
45.74.3.0 - - [30/Jul/2026:04:24:51 +0200] "GET /author/lydiahallman3/ HTTP/1.1" 200 83789 logesty-services.fr "https://logesty-services.fr/author/lydiahallman3/" "Mozilla/5.0 (Windows NT 10.0; Win64; x64) AppleWebKit/537.36 (KHTML, like Gecko) Chrome/130.0.0.0 Safari/537.36 CCleaner/130.0.0.0" "-"
66.249.64.0 - - [30/Jul/2026:04:24:59 +0200] "GET /detail/139997065.shtm HTTP/1.1" 200 83792 logesty-services.fr "-" "Mozilla/5.0 (Linux; Android 6.0.1; Nexus 5X Build/MMB29P) AppleWebKit/537.36 (KHTML, like Gecko) Chrome/150.0.7871.186 Mobile Safari/537.36 (compatible; GoogleOther)" "-"
66.249.64.0 - - [30/Jul/2026:04:25:11 +0200] "GET /detail/558595757.shtm?lokasie=/homepages/43/d895481126/.htaccess&loknya=/homepages/43/d895481126 HTTP/1.1" 200 4070 logesty-services.fr "-" "Mozilla/5.0 (Linux; Android 6.0.1; Nexus 5X Build/MMB29P) AppleWebKit/537.36 (KHTML, like Gecko) Chrome/150.0.7871.186 Mobile Safari/537.36 (compatible; GoogleOther)" "-"
74.7.242.0 - - [30/Jul/2026:04:25:13 +0200] "GET /?lokasie=/proc//nuserproc&loknya=/proc/ HTTP/1.1" 200 3945 logesty-services.fr "http://logesty-services.fr/?loknya=/proc/" "Mozilla/5.0 AppleWebKit/537.36 (KHTML, like Gecko; compatible; GPTBot/1.4; +https://openai.com/gptbot)" "-"
114.119.133.0 - - [30/Jul/2026:04:25:24 +0200] "GET /listing/appartement-f2-proche-disneyland-paris/?loknya=/homepages/43/d720613819 HTTP/1.1" 200 22264 logesty-services.fr "https://logesty-services.fr/listing/appartement-f2-proche-disneyland-paris/?loknya=/homepages/43" "Mozilla/5.0 (Linux; Android 7.0;) AppleWebKit/537.36 (HTML, like Gecko) Mobile Safari/537.36 (compatible; PetalBot;+https://webmaster.petalsearch.com/site/petalbot)" "-"
74.7.242.0 - - [30/Jul/2026:04:25:42 +0200] "GET /?lokasie=/usr/sbin/raw&loknya=/usr/sbin HTTP/1.1" 200 3975 logesty-services.fr "http://logesty-services.fr/?loknya=/usr/sbin" "Mozilla/5.0 AppleWebKit/537.36 (KHTML, like Gecko; compatible; GPTBot/1.4; +https://openai.com/gptbot)" "-"
66.249.64.0 - - [30/Jul/2026:04:25:51 +0200] "GET /?u=3854410779 HTTP/1.1" 200 146903 logesty-services.fr "-" "Mozilla/5.0 (Linux; Android 6.0.1; Nexus 5X Build/MMB29P) AppleWebKit/537.36 (KHTML, like Gecko) Chrome/150.0.7871.186 Mobile Safari/537.36 (compatible; Googlebot/2.1; +http://www.google.com/bot.html)" "-"
