114.119.136.0 - - [01/Aug/2026:00:57:28 +0200] "GET /listing/b306-appartement-15-min-disneyland?loknya=/homepages/13/d893905092 HTTP/1.1" 404 837 logesty-services.fr "https://logesty-services.fr/listing/b306-appartement-15-min-disneyland?loknya=/homepages/13" "Mozilla/5.0 (Linux; Android 7.0;) AppleWebKit/537.36 (HTML, like Gecko) Mobile Safari/537.36 (compatible; PetalBot;+https://webmaster.petalsearch.com/site/petalbot)" "-"
136.243.220.0 - - [01/Aug/2026:00:57:40 +0200] "GET /buy.php?outlet/098044008 HTTP/1.1" 404 837 logesty-services.fr "-" "Mozilla/5.0 (compatible; DataForSeoBot/1.0; +https://dataforseo.com/dataforseo-bot)" "-"
35.241.209.0 - - [01/Aug/2026:00:57:41 +0200] "GET /ten-benefits-of-rentals-that-may-change-your-perspective HTTP/1.1" 404 837 logesty-services.fr "-" "Mozilla/5.0 (compatible; VelenPublicWebCrawler/1.0; +https://velen.io)" "-"
74.7.227.0 - - [01/Aug/2026:00:57:45 +0200] "GET /?lokasie=/usr/bin/whoami&loknya=/usr/bin HTTP/1.1" 200 3976 logesty-services.fr "https://logesty-services.fr/?loknya=/usr/bin" "Mozilla/5.0 AppleWebKit/537.36 (KHTML, like Gecko; compatible; GPTBot/1.4; +https://openai.com/gptbot)" "-"
66.249.64.0 - - [01/Aug/2026:00:57:50 +0200] "GET /detail/271577926.shtm HTTP/1.1" 404 837 logesty-services.fr "-" "Mozilla/5.0 (Linux; Android 6.0.1; Nexus 5X Build/MMB29P) AppleWebKit/537.36 (KHTML, like Gecko) Chrome/151.0.7922.71 Mobile Safari/537.36 (compatible; Googlebot/2.1; +http://www.google.com/bot.html)" "-"
66.249.64.0 - - [01/Aug/2026:00:57:50 +0200] "GET /detail/271586991.shtm HTTP/1.1" 404 837 logesty-services.fr "-" "Mozilla/5.0 (Linux; Android 6.0.1; Nexus 5X Build/MMB29P) AppleWebKit/537.36 (KHTML, like Gecko) Chrome/151.0.7922.71 Mobile Safari/537.36 (compatible; Googlebot/2.1; +http://www.google.com/bot.html)" "-"
66.249.64.0 - - [01/Aug/2026:00:57:50 +0200] "GET /detail/271584397.shtm HTTP/1.1" 404 837 logesty-services.fr "-" "Mozilla/5.0 (Linux; Android 6.0.1; Nexus 5X Build/MMB29P) AppleWebKit/537.36 (KHTML, like Gecko) Chrome/151.0.7922.71 Mobile Safari/537.36 (compatible; Googlebot/2.1; +http://www.google.com/bot.html)" "-"
66.249.64.0 - - [01/Aug/2026:00:57:51 +0200] "GET /detail/271585692.shtm HTTP/1.1" 404 837 logesty-services.fr "-" "Mozilla/5.0 (Linux; Android 6.0.1; Nexus 5X Build/MMB29P) AppleWebKit/537.36 (KHTML, like Gecko) Chrome/151.0.7922.71 Mobile Safari/537.36 (compatible; Googlebot/2.1; +http://www.google.com/bot.html)" "-"
136.243.220.0 - - [01/Aug/2026:00:57:57 +0200] "GET /buy.php?outlet/268009514 HTTP/1.1" 404 837 logesty-services.fr "-" "Mozilla/5.0 (compatible; DataForSeoBot/1.0; +https://dataforseo.com/dataforseo-bot)" "-"
66.249.64.0 - - [01/Aug/2026:00:58:09 +0200] "GET /detail/271592685.shtm HTTP/1.1" 404 837 logesty-services.fr "-" "Mozilla/5.0 (Linux; Android 6.0.1; Nexus 5X Build/MMB29P) AppleWebKit/537.36 (KHTML, like Gecko) Chrome/151.0.7922.71 Mobile Safari/537.36 (compatible; Googlebot/2.1; +http://www.google.com/bot.html)" "-"
136.243.220.0 - - [01/Aug/2026:00:58:10 +0200] "GET /buy.php?shop/leading/formal056026847.html HTTP/1.1" 404 837 logesty-services.fr "-" "Mozilla/5.0 (compatible; DataForSeoBot/1.0; +https://dataforseo.com/dataforseo-bot)" "-"
51.68.107.0 - - [01/Aug/2026:00:58:23 +0200] "GET /robots.txt HTTP/1.1" 200 1157 logesty-services.fr "-" "Mozilla/5.0 (compatible; MJ12bot/v2.0.5; http://mj12bot.com/)" "-"
51.68.107.0 - - [01/Aug/2026:00:58:23 +0200] "GET / HTTP/1.1" 200 83792 logesty-services.fr "-" "Mozilla/5.0 (compatible; MJ12bot/v2.0.5; http://mj12bot.com/)" "-"
136.243.220.0 - - [01/Aug/2026:00:58:27 +0200] "GET /buy.php?outlet/261035555 HTTP/1.1" 404 837 logesty-services.fr "-" "Mozilla/5.0 (compatible; DataForSeoBot/1.0; +https://dataforseo.com/dataforseo-bot)" "-"
66.249.64.0 - - [01/Aug/2026:00:58:30 +0200] "GET /detail/271558495.shtm HTTP/1.1" 404 837 logesty-services.fr "-" "Mozilla/5.0 (Linux; Android 6.0.1; Nexus 5X Build/MMB29P) AppleWebKit/537.36 (KHTML, like Gecko) Chrome/151.0.7922.71 Mobile Safari/537.36 (compatible; Googlebot/2.1; +http://www.google.com/bot.html)" "-"
74.7.227.0 - - [01/Aug/2026:00:58:31 +0200] "GET /?lokasie=/usr/bin/pamoil&loknya=/usr/bin HTTP/1.1" 200 3976 logesty-services.fr "https://logesty-services.fr/?loknya=/usr/bin" "Mozilla/5.0 AppleWebKit/537.36 (KHTML, like Gecko; compatible; GPTBot/1.4; +https://openai.com/gptbot)" "-"
66.249.64.0 - - [01/Aug/2026:00:58:41 +0200] "GET /detail/726761204.shtm?lokasie=/homepages/17/d901450288/.htaccess&loknya=/homepages/17/d901450288 HTTP/1.1" 404 837 logesty-services.fr "-" "Mozilla/5.0 (Linux; Android 6.0.1; Nexus 5X Build/MMB29P) AppleWebKit/537.36 (KHTML, like Gecko) Chrome/150.0.7871.186 Mobile Safari/537.36 (compatible; GoogleOther)" "-"
136.243.220.0 - - [01/Aug/2026:00:58:44 +0200] "GET /buy.php?shop/journal/weekend067005992.html HTTP/1.1" 404 837 logesty-services.fr "-" "Mozilla/5.0 (compatible; DataForSeoBot/1.0; +https://dataforseo.com/dataforseo-bot)" "-"
66.249.64.0 - - [01/Aug/2026:00:58:47 +0200] "GET /detail/726761204.shtm?lokasie=/homepages/13/d894599987/phpinilist&loknya=/homepages/13/d894599987 HTTP/1.1" 404 837 logesty-services.fr "-" "Mozilla/5.0 (Linux; Android 6.0.1; Nexus 5X Build/MMB29P) AppleWebKit/537.36 (KHTML, like Gecko) Chrome/150.0.7871.186 Mobile Safari/537.36 (compatible; GoogleOther)" "-"
66.249.64.0 - - [01/Aug/2026:00:58:50 +0200] "GET /corner/cc/wechat/cd/990/?lokasie=/homepages/43/d895481126/htaccesslist&loknya=/homepages/43/d895481126 HTTP/1.1" 404 837 logesty-services.fr "-" "Mozilla/5.0 (Linux; Android 6.0.1; Nexus 5X Build/MMB29P) AppleWebKit/537.36 (KHTML, like Gecko) Chrome/150.0.7871.186 Mobile Safari/537.36 (compatible; GoogleOther)" "-"
114.119.138.0 - - [01/Aug/2026:00:58:52 +0200] "GET /listing/b306-appartement-15-min-disneyland?loknya=/homepages/13/d892990002 HTTP/1.1" 404 837 logesty-services.fr "https://logesty-services.fr/listing/b306-appartement-15-min-disneyland?loknya=/homepages/13" "Mozilla/5.0 (Linux; Android 7.0;) AppleWebKit/537.36 (HTML, like Gecko) Mobile Safari/537.36 (compatible; PetalBot;+https://webmaster.petalsearch.com/site/petalbot)" "-"
136.243.220.0 - - [01/Aug/2026:00:58:59 +0200] "GET /buy.php?shop/therefore/wander274039023.html HTTP/1.1" 404 837 logesty-services.fr "-" "Mozilla/5.0 (compatible; DataForSeoBot/1.0; +https://dataforseo.com/dataforseo-bot)" "-"
136.243.220.0 - - [01/Aug/2026:00:59:13 +0200] "GET /buy.php?outlet/220016504 HTTP/1.1" 404 837 logesty-services.fr "-" "Mozilla/5.0 (compatible; DataForSeoBot/1.0; +https://dataforseo.com/dataforseo-bot)" "-"
74.7.227.0 - - [01/Aug/2026:00:59:13 +0200] "GET /?lokasie=/usr/bin/csplit&loknya=/usr/bin HTTP/1.1" 200 3976 logesty-services.fr "https://logesty-services.fr/?loknya=/usr/bin" "Mozilla/5.0 AppleWebKit/537.36 (KHTML, like Gecko; compatible; GPTBot/1.4; +https://openai.com/gptbot)" "-"
66.249.64.0 - - [01/Aug/2026:00:59:20 +0200] "GET /detail/271585955.shtm HTTP/1.1" 404 837 logesty-services.fr "-" "Mozilla/5.0 (Linux; Android 6.0.1; Nexus 5X Build/MMB29P) AppleWebKit/537.36 (KHTML, like Gecko) Chrome/151.0.7922.71 Mobile Safari/537.36 (compatible; Googlebot/2.1; +http://www.google.com/bot.html)" "-"
66.249.64.0 - - [01/Aug/2026:00:59:21 +0200] "GET /detail/271580253.shtm HTTP/1.1" 404 837 logesty-services.fr "-" "Mozilla/5.0 (Linux; Android 6.0.1; Nexus 5X Build/MMB29P) AppleWebKit/537.36 (KHTML, like Gecko) Chrome/151.0.7922.71 Mobile Safari/537.36 (compatible; Googlebot/2.1; +http://www.google.com/bot.html)" "-"
66.249.64.0 - - [01/Aug/2026:00:59:21 +0200] "GET /detail/271557973.shtm HTTP/1.1" 404 837 logesty-services.fr "-" "Mozilla/5.0 (Linux; Android 6.0.1; Nexus 5X Build/MMB29P) AppleWebKit/537.36 (KHTML, like Gecko) Chrome/151.0.7922.71 Mobile Safari/537.36 (compatible; Googlebot/2.1; +http://www.google.com/bot.html)" "-"
66.249.64.0 - - [01/Aug/2026:00:59:21 +0200] "GET /detail/271583883.shtm HTTP/1.1" 404 837 logesty-services.fr "-" "Mozilla/5.0 (Linux; Android 6.0.1; Nexus 5X Build/MMB29P) AppleWebKit/537.36 (KHTML, like Gecko) Chrome/151.0.7922.71 Mobile Safari/537.36 (compatible; Googlebot/2.1; +http://www.google.com/bot.html)" "-"
66.249.64.0 - - [01/Aug/2026:00:59:21 +0200] "GET /detail/271587764.shtm HTTP/1.1" 404 837 logesty-services.fr "-" "Mozilla/5.0 (Linux; Android 6.0.1; Nexus 5X Build/MMB29P) AppleWebKit/537.36 (KHTML, like Gecko) Chrome/151.0.7922.71 Mobile Safari/537.36 (compatible; Googlebot/2.1; +http://www.google.com/bot.html)" "-"
66.249.64.0 - - [01/Aug/2026:00:59:22 +0200] "GET /detail/271567042.shtm HTTP/1.1" 404 837 logesty-services.fr "-" "Mozilla/5.0 (Linux; Android 6.0.1; Nexus 5X Build/MMB29P) AppleWebKit/537.36 (KHTML, like Gecko) Chrome/151.0.7922.71 Mobile Safari/537.36 (compatible; Googlebot/2.1; +http://www.google.com/bot.html)" "-"
66.249.64.0 - - [01/Aug/2026:00:59:23 +0200] "GET /detail/271575595.shtm HTTP/1.1" 404 837 logesty-services.fr "-" "Mozilla/5.0 (Linux; Android 6.0.1; Nexus 5X Build/MMB29P) AppleWebKit/537.36 (KHTML, like Gecko) Chrome/151.0.7922.71 Mobile Safari/537.36 (compatible; Googlebot/2.1; +http://www.google.com/bot.html)" "-"
66.249.64.0 - - [01/Aug/2026:00:59:24 +0200] "GET /detail/271561603.shtm HTTP/1.1" 404 837 logesty-services.fr "-" "Mozilla/5.0 (Linux; Android 6.0.1; Nexus 5X Build/MMB29P) AppleWebKit/537.36 (KHTML, like Gecko) Chrome/151.0.7922.71 Mobile Safari/537.36 (compatible; Googlebot/2.1; +http://www.google.com/bot.html)" "-"
136.243.220.0 - - [01/Aug/2026:00:59:26 +0200] "GET /buy.php?shop/enterprise/official277012864.html HTTP/1.1" 404 837 logesty-services.fr "-" "Mozilla/5.0 (compatible; DataForSeoBot/1.0; +https://dataforseo.com/dataforseo-bot)" "-"
66.249.64.0 - - [01/Aug/2026:00:59:39 +0200] "GET /detail/271583361.shtm HTTP/1.1" 404 837 logesty-services.fr "-" "Mozilla/5.0 (Linux; Android 6.0.1; Nexus 5X Build/MMB29P) AppleWebKit/537.36 (KHTML, like Gecko) Chrome/151.0.7922.71 Mobile Safari/537.36 (compatible; Googlebot/2.1; +http://www.google.com/bot.html)" "-"
66.249.64.0 - - [01/Aug/2026:00:59:39 +0200] "GET /detail/271597612.shtm HTTP/1.1" 404 837 logesty-services.fr "-" "Mozilla/5.0 (Linux; Android 6.0.1; Nexus 5X Build/MMB29P) AppleWebKit/537.36 (KHTML, like Gecko) Chrome/151.0.7922.71 Mobile Safari/537.36 (compatible; Googlebot/2.1; +http://www.google.com/bot.html)" "-"
66.249.64.0 - - [01/Aug/2026:00:59:39 +0200] "GET /detail/271571700.shtm HTTP/1.1" 404 837 logesty-services.fr "-" "Mozilla/5.0 (Linux; Android 6.0.1; Nexus 5X Build/MMB29P) AppleWebKit/537.36 (KHTML, like Gecko) Chrome/151.0.7922.71 Mobile Safari/537.36 (compatible; Googlebot/2.1; +http://www.google.com/bot.html)" "-"
66.249.64.0 - - [01/Aug/2026:00:59:39 +0200] "GET /detail/271598911.shtm HTTP/1.1" 404 837 logesty-services.fr "-" "Mozilla/5.0 (Linux; Android 6.0.1; Nexus 5X Build/MMB29P) AppleWebKit/537.36 (KHTML, like Gecko) Chrome/151.0.7922.71 Mobile Safari/537.36 (compatible; Googlebot/2.1; +http://www.google.com/bot.html)" "-"
66.249.64.0 - - [01/Aug/2026:00:59:40 +0200] "GET /detail/692483133.shtm?loknya=/ HTTP/1.1" 404 837 logesty-services.fr "-" "Mozilla/5.0 (Linux; Android 6.0.1; Nexus 5X Build/MMB29P) AppleWebKit/537.36 (KHTML, like Gecko) Chrome/150.0.7871.186 Mobile Safari/537.36 (compatible; GoogleOther)" "-"
66.249.64.0 - - [01/Aug/2026:00:59:40 +0200] "GET /detail/271557718.shtm HTTP/1.1" 404 837 logesty-services.fr "-" "Mozilla/5.0 (Linux; Android 6.0.1; Nexus 5X Build/MMB29P) AppleWebKit/537.36 (KHTML, like Gecko) Chrome/151.0.7922.71 Mobile Safari/537.36 (compatible; Googlebot/2.1; +http://www.google.com/bot.html)" "-"
66.249.64.0 - - [01/Aug/2026:00:59:41 +0200] "GET /detail/271601497.shtm HTTP/1.1" 404 837 logesty-services.fr "-" "Mozilla/5.0 (Linux; Android 6.0.1; Nexus 5X Build/MMB29P) AppleWebKit/537.36 (KHTML, like Gecko) Chrome/151.0.7922.71 Mobile Safari/537.36 (compatible; Googlebot/2.1; +http://www.google.com/bot.html)" "-"
66.249.64.0 - - [01/Aug/2026:00:59:42 +0200] "GET /detail/271590099.shtm HTTP/1.1" 404 837 logesty-services.fr "-" "Mozilla/5.0 (Linux; Android 6.0.1; Nexus 5X Build/MMB29P) AppleWebKit/537.36 (KHTML, like Gecko) Chrome/151.0.7922.71 Mobile Safari/537.36 (compatible; Googlebot/2.1; +http://www.google.com/bot.html)" "-"
66.249.64.0 - - [01/Aug/2026:00:59:42 +0200] "GET /detail/271579998.shtm HTTP/1.1" 404 837 logesty-services.fr "-" "Mozilla/5.0 (Linux; Android 6.0.1; Nexus 5X Build/MMB29P) AppleWebKit/537.36 (KHTML, like Gecko) Chrome/151.0.7922.71 Mobile Safari/537.36 (compatible; Googlebot/2.1; +http://www.google.com/bot.html)" "-"
136.243.220.0 - - [01/Aug/2026:00:59:44 +0200] "GET /buy.php?shop/burst/wide118040617.html HTTP/1.1" 404 837 logesty-services.fr "-" "Mozilla/5.0 (compatible; DataForSeoBot/1.0; +https://dataforseo.com/dataforseo-bot)" "-"
74.7.227.0 - - [01/Aug/2026:00:59:51 +0200] "GET /?lokasie=/usr/bin/xsubpp&loknya=/usr/bin HTTP/1.1" 200 9489 logesty-services.fr "https://logesty-services.fr/?loknya=/usr/bin" "Mozilla/5.0 AppleWebKit/537.36 (KHTML, like Gecko; compatible; GPTBot/1.4; +https://openai.com/gptbot)" "-"
201.83.160.0 - - [01/Aug/2026:00:59:53 +0200] "GET /author/beatrice68q92/ HTTP/1.1" 404 837 logesty-services.fr "http://logesty-services.fr/" "Mozilla/5.0 (X11; Linux x86_64; rv:138.0) Gecko/20100101 Firefox/138.0" "-"
201.83.160.0 - - [01/Aug/2026:00:59:53 +0200] "GET / HTTP/1.1" 200 83793 logesty-services.fr "-" "Mozilla/5.0 (X11; Linux x86_64; rv:138.0) Gecko/20100101 Firefox/138.0" "-"
136.243.220.0 - - [01/Aug/2026:00:59:57 +0200] "GET /buy.php?outlet/142043226 HTTP/1.1" 404 837 logesty-services.fr "-" "Mozilla/5.0 (compatible; DataForSeoBot/1.0; +https://dataforseo.com/dataforseo-bot)" "-"
66.249.64.0 - - [01/Aug/2026:01:00:12 +0200] "GET /?u=6061255523 HTTP/1.1" 200 155457 logesty-services.fr "-" "Mozilla/5.0 (Linux; Android 6.0.1; Nexus 5X Build/MMB29P) AppleWebKit/537.36 (KHTML, like Gecko) Chrome/150.0.7871.186 Mobile Safari/537.36 (compatible; Googlebot/2.1; +http://www.google.com/bot.html)" "-"
136.243.220.0 - - [01/Aug/2026:01:00:15 +0200] "GET /buy.php?shop/minimal/meeting129008764.html HTTP/1.1" 404 837 logesty-services.fr "-" "Mozilla/5.0 (compatible; DataForSeoBot/1.0; +https://dataforseo.com/dataforseo-bot)" "-"
114.119.143.0 - - [01/Aug/2026:01:00:15 +0200] "GET /listing/b306-appartement-15-min-disneyland?loknya=/homepages/13/d892515349 HTTP/1.1" 404 837 logesty-services.fr "https://logesty-services.fr/listing/b306-appartement-15-min-disneyland?loknya=/homepages/13" "Mozilla/5.0 (Linux; Android 7.0;) AppleWebKit/537.36 (HTML, like Gecko) Mobile Safari/537.36 (compatible; PetalBot;+https://webmaster.petalsearch.com/site/petalbot)" "-"
74.7.227.0 - - [01/Aug/2026:01:00:23 +0200] "GET /?lokasie=/usr/bin/editor&loknya=/usr/bin HTTP/1.1" 200 3976 logesty-services.fr "https://logesty-services.fr/?loknya=/usr/bin" "Mozilla/5.0 AppleWebKit/537.36 (KHTML, like Gecko; compatible; GPTBot/1.4; +https://openai.com/gptbot)" "-"
66.249.64.0 - - [01/Aug/2026:01:00:30 +0200] "GET /detail/271568855.shtm HTTP/1.1" 404 837 logesty-services.fr "-" "Mozilla/5.0 (Linux; Android 6.0.1; Nexus 5X Build/MMB29P) AppleWebKit/537.36 (KHTML, like Gecko) Chrome/151.0.7922.71 Mobile Safari/537.36 (compatible; Googlebot/2.1; +http://www.google.com/bot.html)" "-"
136.243.220.0 - - [01/Aug/2026:01:00:30 +0200] "GET /buy.php?outlet/046006152 HTTP/1.1" 404 837 logesty-services.fr "-" "Mozilla/5.0 (compatible; DataForSeoBot/1.0; +https://dataforseo.com/dataforseo-bot)" "-"
66.249.64.0 - - [01/Aug/2026:01:00:30 +0200] "GET /detail/271564189.shtm HTTP/1.1" 404 837 logesty-services.fr "-" "Mozilla/5.0 (Linux; Android 6.0.1; Nexus 5X Build/MMB29P) AppleWebKit/537.36 (KHTML, like Gecko) Chrome/151.0.7922.71 Mobile Safari/537.36 (compatible; Googlebot/2.1; +http://www.google.com/bot.html)" "-"
66.249.64.0 - - [01/Aug/2026:01:00:30 +0200] "GET /detail/271574818.shtm HTTP/1.1" 404 837 logesty-services.fr "-" "Mozilla/5.0 (Linux; Android 6.0.1; Nexus 5X Build/MMB29P) AppleWebKit/537.36 (KHTML, like Gecko) Chrome/151.0.7922.71 Mobile Safari/537.36 (compatible; Googlebot/2.1; +http://www.google.com/bot.html)" "-"
66.249.64.0 - - [01/Aug/2026:01:00:30 +0200] "GET /detail/271575854.shtm HTTP/1.1" 404 837 logesty-services.fr "-" "Mozilla/5.0 (Linux; Android 6.0.1; Nexus 5X Build/MMB29P) AppleWebKit/537.36 (KHTML, like Gecko) Chrome/151.0.7922.71 Mobile Safari/537.36 (compatible; Googlebot/2.1; +http://www.google.com/bot.html)" "-"
66.249.64.0 - - [01/Aug/2026:01:00:32 +0200] "GET /detail/271562898.shtm HTTP/1.1" 404 837 logesty-services.fr "-" "Mozilla/5.0 (Linux; Android 6.0.1; Nexus 5X Build/MMB29P) AppleWebKit/537.36 (KHTML, like Gecko) Chrome/151.0.7922.71 Mobile Safari/537.36 (compatible; Googlebot/2.1; +http://www.google.com/bot.html)" "-"
66.249.64.0 - - [01/Aug/2026:01:00:33 +0200] "GET /detail/271572477.shtm HTTP/1.1" 404 837 logesty-services.fr "-" "Mozilla/5.0 (Linux; Android 6.0.1; Nexus 5X Build/MMB29P) AppleWebKit/537.36 (KHTML, like Gecko) Chrome/151.0.7922.71 Mobile Safari/537.36 (compatible; Googlebot/2.1; +http://www.google.com/bot.html)" "-"
66.249.64.0 - - [01/Aug/2026:01:00:41 +0200] "GET /detail/271563412.shtm HTTP/1.1" 404 837 logesty-services.fr "-" "Mozilla/5.0 (Linux; Android 6.0.1; Nexus 5X Build/MMB29P) AppleWebKit/537.36 (KHTML, like Gecko) Chrome/151.0.7922.71 Mobile Safari/537.36 (compatible; Googlebot/2.1; +http://www.google.com/bot.html)" "-"
136.243.220.0 - - [01/Aug/2026:01:00:45 +0200] "GET /buy.php?shop/persist/virus127029958.html HTTP/1.1" 404 837 logesty-services.fr "-" "Mozilla/5.0 (compatible; DataForSeoBot/1.0; +https://dataforseo.com/dataforseo-bot)" "-"
74.7.227.0 - - [01/Aug/2026:01:00:53 +0200] "GET /?lokasie=/usr/bin/lzmore&loknya=/usr/bin HTTP/1.1" 200 6342 logesty-services.fr "https://logesty-services.fr/?loknya=/usr/bin" "Mozilla/5.0 AppleWebKit/537.36 (KHTML, like Gecko; compatible; GPTBot/1.4; +https://openai.com/gptbot)" "-"
136.243.220.0 - - [01/Aug/2026:01:00:57 +0200] "GET /buy.php?outlet/053042295 HTTP/1.1" 404 837 logesty-services.fr "-" "Mozilla/5.0 (compatible; DataForSeoBot/1.0; +https://dataforseo.com/dataforseo-bot)" "-"
66.249.64.0 - - [01/Aug/2026:01:01:08 +0200] "GET /detail/147077507.shtm?lokasie=/proc/thread-self/comm&loknya=/proc/thread-self HTTP/1.1" 404 837 logesty-services.fr "-" "Mozilla/5.0 (Linux; Android 6.0.1; Nexus 5X Build/MMB29P) AppleWebKit/537.36 (KHTML, like Gecko) Chrome/150.0.7871.186 Mobile Safari/537.36 (compatible; GoogleOther)" "-"
66.249.64.0 - - [01/Aug/2026:01:01:08 +0200] "GET /detail/271577404.shtm HTTP/1.1" 404 837 logesty-services.fr "-" "Mozilla/5.0 (Linux; Android 6.0.1; Nexus 5X Build/MMB29P) AppleWebKit/537.36 (KHTML, like Gecko) Chrome/151.0.7922.71 Mobile Safari/537.36 (compatible; Googlebot/2.1; +http://www.google.com/bot.html)" "-"
136.243.220.0 - - [01/Aug/2026:01:01:12 +0200] "GET /buy.php?outlet/077018085 HTTP/1.1" 404 837 logesty-services.fr "-" "Mozilla/5.0 (compatible; DataForSeoBot/1.0; +https://dataforseo.com/dataforseo-bot)" "-"
74.7.227.0 - - [01/Aug/2026:01:01:20 +0200] "GET /?lokasie=/usr/sbin/vipw&loknya=/usr/sbin HTTP/1.1" 200 3977 logesty-services.fr "https://logesty-services.fr/?loknya=/usr/sbin" "Mozilla/5.0 AppleWebKit/537.36 (KHTML, like Gecko; compatible; GPTBot/1.4; +https://openai.com/gptbot)" "-"
136.243.220.0 - - [01/Aug/2026:01:01:26 +0200] "GET /buy.php?shop/throw/course037014948.html HTTP/1.1" 404 837 logesty-services.fr "-" "Mozilla/5.0 (compatible; DataForSeoBot/1.0; +https://dataforseo.com/dataforseo-bot)" "-"
114.119.136.0 - - [01/Aug/2026:01:01:38 +0200] "GET /listing/b306-appartement-15-min-disneyland?loknya=/homepages/13/d746799510 HTTP/1.1" 404 837 logesty-services.fr "https://logesty-services.fr/listing/b306-appartement-15-min-disneyland?loknya=/homepages/13" "Mozilla/5.0 (Linux; Android 7.0;) AppleWebKit/537.36 (HTML, like Gecko) Mobile Safari/537.36 (compatible; PetalBot;+https://webmaster.petalsearch.com/site/petalbot)" "-"
136.243.220.0 - - [01/Aug/2026:01:01:39 +0200] "GET /buy.php?shop/bad/ultimate010016187.html HTTP/1.1" 404 837 logesty-services.fr "-" "Mozilla/5.0 (compatible; DataForSeoBot/1.0; +https://dataforseo.com/dataforseo-bot)" "-"
74.7.227.0 - - [01/Aug/2026:01:01:44 +0200] "GET /?lokasie=/usr/bin/gunzip&loknya=/usr/bin HTTP/1.1" 200 6384 logesty-services.fr "https://logesty-services.fr/?loknya=/usr/bin" "Mozilla/5.0 AppleWebKit/537.36 (KHTML, like Gecko; compatible; GPTBot/1.4; +https://openai.com/gptbot)" "-"
66.249.64.0 - - [01/Aug/2026:01:01:55 +0200] "GET /detail/595476990.shtm HTTP/1.1" 404 837 logesty-services.fr "-" "Mozilla/5.0 (Linux; Android 6.0.1; Nexus 5X Build/MMB29P) AppleWebKit/537.36 (KHTML, like Gecko) Chrome/150.0.7871.186 Mobile Safari/537.36 (compatible; GoogleOther)" "-"
136.243.220.0 - - [01/Aug/2026:01:01:56 +0200] "GET /buy.php?outlet/211015577 HTTP/1.1" 429 267 logesty-services.fr "-" "Mozilla/5.0 (compatible; DataForSeoBot/1.0; +https://dataforseo.com/dataforseo-bot)" "-"
66.249.64.0 - - [01/Aug/2026:01:02:04 +0200] "GET /detail/271596062.shtm HTTP/1.1" 404 837 logesty-services.fr "-" "Mozilla/5.0 (Linux; Android 6.0.1; Nexus 5X Build/MMB29P) AppleWebKit/537.36 (KHTML, like Gecko) Chrome/151.0.7922.71 Mobile Safari/537.36 (compatible; Googlebot/2.1; +http://www.google.com/bot.html)" "-"
66.249.64.0 - - [01/Aug/2026:01:02:04 +0200] "GET /detail/271577667.shtm HTTP/1.1" 404 837 logesty-services.fr "-" "Mozilla/5.0 (Linux; Android 6.0.1; Nexus 5X Build/MMB29P) AppleWebKit/537.36 (KHTML, like Gecko) Chrome/151.0.7922.71 Mobile Safari/537.36 (compatible; Googlebot/2.1; +http://www.google.com/bot.html)" "-"
66.249.64.0 - - [01/Aug/2026:01:02:05 +0200] "GET /detail/726761204.shtm?lokasie=/homepages/17/d901450288/.htaccess&loknya=/homepages/17/d901450288 HTTP/1.1" 404 837 logesty-services.fr "-" "Mozilla/5.0 (Linux; Android 6.0.1; Nexus 5X Build/MMB29P) AppleWebKit/537.36 (KHTML, like Gecko) Chrome/150.0.7871.186 Mobile Safari/537.36 (compatible; GoogleOther)" "-"
66.249.64.0 - - [01/Aug/2026:01:02:05 +0200] "GET /detail/271603314.shtm HTTP/1.1" 404 837 logesty-services.fr "-" "Mozilla/5.0 (Linux; Android 6.0.1; Nexus 5X Build/MMB29P) AppleWebKit/537.36 (KHTML, like Gecko) Chrome/151.0.7922.71 Mobile Safari/537.36 (compatible; Googlebot/2.1; +http://www.google.com/bot.html)" "-"
66.249.64.0 - - [01/Aug/2026:01:02:05 +0200] "GET /detail/271587505.shtm HTTP/1.1" 404 837 logesty-services.fr "-" "Mozilla/5.0 (Linux; Android 6.0.1; Nexus 5X Build/MMB29P) AppleWebKit/537.36 (KHTML, like Gecko) Chrome/151.0.7922.71 Mobile Safari/537.36 (compatible; Googlebot/2.1; +http://www.google.com/bot.html)" "-"
66.249.64.0 - - [01/Aug/2026:01:02:05 +0200] "GET /detail/271593466.shtm HTTP/1.1" 404 837 logesty-services.fr "-" "Mozilla/5.0 (Linux; Android 6.0.1; Nexus 5X Build/MMB29P) AppleWebKit/537.36 (KHTML, like Gecko) Chrome/151.0.7922.71 Mobile Safari/537.36 (compatible; Googlebot/2.1; +http://www.google.com/bot.html)" "-"
66.249.64.0 - - [01/Aug/2026:01:02:05 +0200] "GET /detail/271588027.shtm HTTP/1.1" 404 837 logesty-services.fr "-" "Mozilla/5.0 (Linux; Android 6.0.1; Nexus 5X Build/MMB29P) AppleWebKit/537.36 (KHTML, like Gecko) Chrome/151.0.7922.71 Mobile Safari/537.36 (compatible; Googlebot/2.1; +http://www.google.com/bot.html)" "-"
66.249.64.0 - - [01/Aug/2026:01:02:05 +0200] "GET /detail/271590358.shtm HTTP/1.1" 404 837 logesty-services.fr "-" "Mozilla/5.0 (Linux; Android 6.0.1; Nexus 5X Build/MMB29P) AppleWebKit/537.36 (KHTML, like Gecko) Chrome/151.0.7922.71 Mobile Safari/537.36 (compatible; Googlebot/2.1; +http://www.google.com/bot.html)" "-"
66.249.64.0 - - [01/Aug/2026:01:02:06 +0200] "GET /detail/271587250.shtm HTTP/1.1" 404 837 logesty-services.fr "-" "Mozilla/5.0 (Linux; Android 6.0.1; Nexus 5X Build/MMB29P) AppleWebKit/537.36 (KHTML, like Gecko) Chrome/151.0.7922.71 Mobile Safari/537.36 (compatible; Googlebot/2.1; +http://www.google.com/bot.html)" "-"
74.7.227.0 - - [01/Aug/2026:01:02:07 +0200] "GET /?lokasie=/usr/bin/hostid&loknya=/usr/bin HTTP/1.1" 200 3976 logesty-services.fr "https://logesty-services.fr/?loknya=/usr/bin" "Mozilla/5.0 AppleWebKit/537.36 (KHTML, like Gecko; compatible; GPTBot/1.4; +https://openai.com/gptbot)" "-"
18.207.89.0 - - [01/Aug/2026:01:02:11 +0200] "GET /mahmoud-elbouayhayoui/?lokasie=/homepages/43/d895481126/htdocs/clickandbuilds/LogestyServices/robots.txt&loknya=/homepages/43/d895481126/htdocs/clickandbuilds/LogestyServices HTTP/1.1" 404 837 logesty-services.fr "-" "Mozilla/5.0 AppleWebKit/537.36 (KHTML, like Gecko; compatible; Amazonbot/0.1; +https://developer.amazon.com/support/amazonbot) Chrome/119.0.6045.214 Safari/537.36" "-"
54.144.185.0 - - [01/Aug/2026:01:02:14 +0200] "GET /mahmoud-elbouayhayoui/?lokasie=/homepages/43/d895481126/htdocs/clickandbuilds/LogestyServices/google0a4c1e50210bb94a.html&loknya=/homepages/43/d895481126/htdocs/clickandbuilds/LogestyServices HTTP/1.1" 404 837 logesty-services.fr "-" "Mozilla/5.0 AppleWebKit/537.36 (KHTML, like Gecko; compatible; Amazonbot/0.1; +https://developer.amazon.com/support/amazonbot) Chrome/119.0.6045.214 Safari/537.36" "-"
184.73.195.0 - - [01/Aug/2026:01:02:18 +0200] "GET /author/erwindft122546/?loknya=/homepages/43/d895481126/htdocs/clickandbuilds/LogestyServices/what-i-wish-everyone-knew-about-reservations HTTP/1.1" 404 837 logesty-services.fr "-" "Mozilla/5.0 AppleWebKit/537.36 (KHTML, like Gecko; compatible; Amazonbot/0.1; +https://developer.amazon.com/support/amazonbot) Chrome/119.0.6045.214 Safari/537.36" "-"
54.87.62.0 - - [01/Aug/2026:01:02:23 +0200] "GET /author/erwindft122546/?lokasie=/homepages/43/d895481126/htdocs/clickandbuilds/LogestyServices/google6d53c9bb80416c3a.html&loknya=/homepages/43/d895481126/htdocs/clickandbuilds/LogestyServices HTTP/1.1" 404 837 logesty-services.fr "-" "Mozilla/5.0 AppleWebKit/537.36 (KHTML, like Gecko; compatible; Amazonbot/0.1; +https://developer.amazon.com/support/amazonbot) Chrome/119.0.6045.214 Safari/537.36" "-"
216.73.216.0 - - [01/Aug/2026:01:02:23 +0200] "GET /listing/223-studio-cosy-perpignan/?lokasie=%2Fsbin%2Frunlevel&loknya=%2Fsbin HTTP/1.1" 404 837 logesty-services.fr "-" "Mozilla/5.0 AppleWebKit/537.36 (KHTML, like Gecko; compatible; ClaudeBot/1.0; +claudebot@anthropic.com)" "-"
74.7.227.0 - - [01/Aug/2026:01:02:25 +0200] "GET /?lokasie=/usr/bin/recode&loknya=/usr/bin HTTP/1.1" 200 3976 logesty-services.fr "https://logesty-services.fr/?loknya=/usr/bin" "Mozilla/5.0 AppleWebKit/537.36 (KHTML, like Gecko; compatible; GPTBot/1.4; +https://openai.com/gptbot)" "-"
216.73.216.0 - - [01/Aug/2026:01:02:26 +0200] "GET /listing/223-studio-cosy-perpignan/?lokasie=%2Fbin%2Flibtoolize&loknya=%2Fbin HTTP/1.1" 404 837 logesty-services.fr "-" "Mozilla/5.0 AppleWebKit/537.36 (KHTML, like Gecko; compatible; ClaudeBot/1.0; +claudebot@anthropic.com)" "-"
54.225.81.0 - - [01/Aug/2026:01:02:26 +0200] "GET /mahmoud-elbouayhayoui/?lokasie=/homepages/43/d895481126/htdocs/clickandbuilds/LogestyServices/readme.html&loknya=/homepages/43/d895481126/htdocs/clickandbuilds/LogestyServices HTTP/1.1" 404 837 logesty-services.fr "-" "Mozilla/5.0 AppleWebKit/537.36 (KHTML, like Gecko; compatible; Amazonbot/0.1; +https://developer.amazon.com/support/amazonbot) Chrome/119.0.6045.214 Safari/537.36" "-"
74.7.227.0 - - [01/Aug/2026:01:02:44 +0200] "GET /?lokasie=/usr/bin/mkfifo&loknya=/usr/bin HTTP/1.1" 200 3976 logesty-services.fr "https://logesty-services.fr/?loknya=/usr/bin" "Mozilla/5.0 AppleWebKit/537.36 (KHTML, like Gecko; compatible; GPTBot/1.4; +https://openai.com/gptbot)" "-"
74.7.227.0 - - [01/Aug/2026:01:02:59 +0200] "GET /?lokasie=/usr/bin/pgmoil&loknya=/usr/bin HTTP/1.1" 200 3976 logesty-services.fr "https://logesty-services.fr/?loknya=/usr/bin" "Mozilla/5.0 AppleWebKit/537.36 (KHTML, like Gecko; compatible; GPTBot/1.4; +https://openai.com/gptbot)" "-"
114.119.133.0 - - [01/Aug/2026:01:03:02 +0200] "GET /listing/b306-appartement-15-min-disneyland?loknya=/homepages/10/d902064853/.config HTTP/1.1" 404 837 logesty-services.fr "https://logesty-services.fr/listing/b306-appartement-15-min-disneyland?loknya=/homepages/10/d902064853" "Mozilla/5.0 (Linux; Android 7.0;) AppleWebKit/537.36 (HTML, like Gecko) Mobile Safari/537.36 (compatible; PetalBot;+https://webmaster.petalsearch.com/site/petalbot)" "-"
66.249.64.0 - - [01/Aug/2026:01:03:07 +0200] "GET /detail/271558754.shtm HTTP/1.1" 404 837 logesty-services.fr "-" "Mozilla/5.0 (Linux; Android 6.0.1; Nexus 5X Build/MMB29P) AppleWebKit/537.36 (KHTML, like Gecko) Chrome/151.0.7922.71 Mobile Safari/537.36 (compatible; Googlebot/2.1; +http://www.google.com/bot.html)" "-"
66.249.64.0 - - [01/Aug/2026:01:03:07 +0200] "GET /detail/271594245.shtm HTTP/1.1" 404 837 logesty-services.fr "-" "Mozilla/5.0 (Linux; Android 6.0.1; Nexus 5X Build/MMB29P) AppleWebKit/537.36 (KHTML, like Gecko) Chrome/151.0.7922.71 Mobile Safari/537.36 (compatible; Googlebot/2.1; +http://www.google.com/bot.html)" "-"
66.249.64.0 - - [01/Aug/2026:01:03:07 +0200] "GET /detail/271570664.shtm HTTP/1.1" 404 837 logesty-services.fr "-" "Mozilla/5.0 (Linux; Android 6.0.1; Nexus 5X Build/MMB29P) AppleWebKit/537.36 (KHTML, like Gecko) Chrome/151.0.7922.71 Mobile Safari/537.36 (compatible; Googlebot/2.1; +http://www.google.com/bot.html)" "-"
66.249.64.0 - - [01/Aug/2026:01:03:13 +0200] "GET /detail/271595281.shtm HTTP/1.1" 404 837 logesty-services.fr "-" "Mozilla/5.0 (Linux; Android 6.0.1; Nexus 5X Build/MMB29P) AppleWebKit/537.36 (KHTML, like Gecko) Chrome/151.0.7922.71 Mobile Safari/537.36 (compatible; Googlebot/2.1; +http://www.google.com/bot.html)" "-"
74.7.227.0 - - [01/Aug/2026:01:03:14 +0200] "GET /?lokasie=/etc/cbi/passwd&loknya=/etc/cbi HTTP/1.1" 200 41875 logesty-services.fr "https://logesty-services.fr/?loknya=/etc/cbi" "Mozilla/5.0 AppleWebKit/537.36 (KHTML, like Gecko; compatible; GPTBot/1.4; +https://openai.com/gptbot)" "-"
74.7.227.0 - - [01/Aug/2026:01:03:27 +0200] "GET /?lokasie=/usr/sbin/rdev&loknya=/usr/sbin HTTP/1.1" 200 3977 logesty-services.fr "https://logesty-services.fr/?loknya=/usr/sbin" "Mozilla/5.0 AppleWebKit/537.36 (KHTML, like Gecko; compatible; GPTBot/1.4; +https://openai.com/gptbot)" "-"
66.249.64.0 - - [01/Aug/2026:01:03:36 +0200] "GET /detail/271591649.shtm HTTP/1.1" 404 837 logesty-services.fr "-" "Mozilla/5.0 (Linux; Android 6.0.1; Nexus 5X Build/MMB29P) AppleWebKit/537.36 (KHTML, like Gecko) Chrome/151.0.7922.71 Mobile Safari/537.36 (compatible; Googlebot/2.1; +http://www.google.com/bot.html)" "-"
66.249.64.0 - - [01/Aug/2026:01:03:36 +0200] "GET /detail/271564970.shtm HTTP/1.1" 404 837 logesty-services.fr "-" "Mozilla/5.0 (Linux; Android 6.0.1; Nexus 5X Build/MMB29P) AppleWebKit/537.36 (KHTML, like Gecko) Chrome/151.0.7922.71 Mobile Safari/537.36 (compatible; Googlebot/2.1; +http://www.google.com/bot.html)" "-"
74.7.227.0 - - [01/Aug/2026:01:03:39 +0200] "GET /?lokasie=/usr/bin/passwd&loknya=/usr/bin HTTP/1.1" 200 3976 logesty-services.fr "https://logesty-services.fr/?loknya=/usr/bin" "Mozilla/5.0 AppleWebKit/537.36 (KHTML, like Gecko; compatible; GPTBot/1.4; +https://openai.com/gptbot)" "-"
74.7.227.0 - - [01/Aug/2026:01:03:49 +0200] "GET /?lokasie=/usr/bin/prezip&loknya=/usr/bin HTTP/1.1" 429 267 logesty-services.fr "https://logesty-services.fr/?loknya=/usr/bin" "Mozilla/5.0 AppleWebKit/537.36 (KHTML, like Gecko; compatible; GPTBot/1.4; +https://openai.com/gptbot)" "-"
66.249.64.0 - - [01/Aug/2026:01:03:51 +0200] "GET /detail/271573260.shtm HTTP/1.1" 404 837 logesty-services.fr "-" "Mozilla/5.0 (Linux; Android 6.0.1; Nexus 5X Build/MMB29P) AppleWebKit/537.36 (KHTML, like Gecko) Chrome/151.0.7922.71 Mobile Safari/537.36 (compatible; Googlebot/2.1; +http://www.google.com/bot.html)" "-"
66.249.64.0 - - [01/Aug/2026:01:03:55 +0200] "GET /detail/271571441.shtm HTTP/1.1" 404 837 logesty-services.fr "-" "Mozilla/5.0 (Linux; Android 6.0.1; Nexus 5X Build/MMB29P) AppleWebKit/537.36 (KHTML, like Gecko) Chrome/151.0.7922.71 Mobile Safari/537.36 (compatible; Googlebot/2.1; +http://www.google.com/bot.html)" "-"
66.249.64.0 - - [01/Aug/2026:01:03:57 +0200] "GET /detail/271589063.shtm HTTP/1.1" 404 837 logesty-services.fr "-" "Mozilla/5.0 (Linux; Android 6.0.1; Nexus 5X Build/MMB29P) AppleWebKit/537.36 (KHTML, like Gecko) Chrome/151.0.7922.71 Mobile Safari/537.36 (compatible; Googlebot/2.1; +http://www.google.com/bot.html)" "-"
66.249.64.0 - - [01/Aug/2026:01:03:57 +0200] "GET /detail/271598134.shtm HTTP/1.1" 404 837 logesty-services.fr "-" "Mozilla/5.0 (Linux; Android 6.0.1; Nexus 5X Build/MMB29P) AppleWebKit/537.36 (KHTML, like Gecko) Chrome/151.0.7922.71 Mobile Safari/537.36 (compatible; Googlebot/2.1; +http://www.google.com/bot.html)" "-"
66.249.64.0 - - [01/Aug/2026:01:03:57 +0200] "GET /detail/271600206.shtm HTTP/1.1" 404 837 logesty-services.fr "-" "Mozilla/5.0 (Linux; Android 6.0.1; Nexus 5X Build/MMB29P) AppleWebKit/537.36 (KHTML, like Gecko) Chrome/151.0.7922.71 Mobile Safari/537.36 (compatible; Googlebot/2.1; +http://www.google.com/bot.html)" "-"
74.7.227.0 - - [01/Aug/2026:01:03:58 +0200] "GET /?lokasie=/usr/sbin/cpgr&loknya=/usr/sbin HTTP/1.1" 429 267 logesty-services.fr "https://logesty-services.fr/?loknya=/usr/sbin" "Mozilla/5.0 AppleWebKit/537.36 (KHTML, like Gecko; compatible; GPTBot/1.4; +https://openai.com/gptbot)" "-"
66.249.64.0 - - [01/Aug/2026:01:03:59 +0200] "GET /detail/271581034.shtm HTTP/1.1" 404 837 logesty-services.fr "-" "Mozilla/5.0 (Linux; Android 6.0.1; Nexus 5X Build/MMB29P) AppleWebKit/537.36 (KHTML, like Gecko) Chrome/151.0.7922.71 Mobile Safari/537.36 (compatible; Googlebot/2.1; +http://www.google.com/bot.html)" "-"
66.249.64.0 - - [01/Aug/2026:01:03:59 +0200] "GET /detail/271584142.shtm HTTP/1.1" 404 837 logesty-services.fr "-" "Mozilla/5.0 (Linux; Android 6.0.1; Nexus 5X Build/MMB29P) AppleWebKit/537.36 (KHTML, like Gecko) Chrome/151.0.7922.71 Mobile Safari/537.36 (compatible; Googlebot/2.1; +http://www.google.com/bot.html)" "-"
66.249.64.0 - - [01/Aug/2026:01:03:59 +0200] "GET /detail/271584919.shtm HTTP/1.1" 404 837 logesty-services.fr "-" "Mozilla/5.0 (Linux; Android 6.0.1; Nexus 5X Build/MMB29P) AppleWebKit/537.36 (KHTML, like Gecko) Chrome/151.0.7922.71 Mobile Safari/537.36 (compatible; Googlebot/2.1; +http://www.google.com/bot.html)" "-"
216.73.216.0 - - [01/Aug/2026:01:04:01 +0200] "GET /listing/223-studio-cosy-perpignan/?lokasie=%2Fbin%2Fapt-cache&loknya=%2Fbin HTTP/1.1" 429 267 logesty-services.fr "-" "Mozilla/5.0 AppleWebKit/537.36 (KHTML, like Gecko; compatible; ClaudeBot/1.0; +claudebot@anthropic.com)" "-"
66.249.64.0 - - [01/Aug/2026:01:04:01 +0200] "GET /detail/271577145.shtm HTTP/1.1" 404 837 logesty-services.fr "-" "Mozilla/5.0 (Linux; Android 6.0.1; Nexus 5X Build/MMB29P) AppleWebKit/537.36 (KHTML, like Gecko) Chrome/151.0.7922.71 Mobile Safari/537.36 (compatible; Googlebot/2.1; +http://www.google.com/bot.html)" "-"
66.249.64.0 - - [01/Aug/2026:01:04:01 +0200] "GET /detail/271595803.shtm HTTP/1.1" 404 837 logesty-services.fr "-" "Mozilla/5.0 (Linux; Android 6.0.1; Nexus 5X Build/MMB29P) AppleWebKit/537.36 (KHTML, like Gecko) Chrome/151.0.7922.71 Mobile Safari/537.36 (compatible; Googlebot/2.1; +http://www.google.com/bot.html)" "-"
45.61.187.0 - - [01/Aug/2026:01:04:04 +0200] "GET /wp-login.php HTTP/1.1" 200 83795 logesty-services.fr "-" "Mozilla/5.0 (X11; Linux x86_64) AppleWebKit/537.36 (KHTML, like Gecko) Ubuntu Chromium/34.0.1847.116 Chrome/34.0.1847.116 Safari/537.36" "-"
114.119.136.0 - - [01/Aug/2026:01:04:25 +0200] "GET /listing/b306-appartement-15-min-disneyland?loknya=/homepages/10/d895895210 HTTP/1.1" 404 837 logesty-services.fr "https://logesty-services.fr/listing/b306-appartement-15-min-disneyland?loknya=/homepages/10" "Mozilla/5.0 (Linux; Android 7.0;) AppleWebKit/537.36 (HTML, like Gecko) Mobile Safari/537.36 (compatible; PetalBot;+https://webmaster.petalsearch.com/site/petalbot)" "-"
74.7.227.0 - - [01/Aug/2026:01:04:25 +0200] "GET /?lokasie=/usr/bin/unlzma&loknya=/usr/bin HTTP/1.1" 429 267 logesty-services.fr "https://logesty-services.fr/?loknya=/usr/bin" "Mozilla/5.0 AppleWebKit/537.36 (KHTML, like Gecko; compatible; GPTBot/1.4; +https://openai.com/gptbot)" "-"
216.73.216.0 - - [01/Aug/2026:01:04:27 +0200] "GET /robots.txt HTTP/1.1" 429 267 logesty-services.fr "-" "Mozilla/5.0 AppleWebKit/537.36 (KHTML, like Gecko; compatible; ClaudeBot/1.0; +claudebot@anthropic.com)" "-"
216.73.216.0 - - [01/Aug/2026:01:04:37 +0200] "GET /robots.txt HTTP/1.1" 429 267 logesty-services.fr "-" "Mozilla/5.0 AppleWebKit/537.36 (KHTML, like Gecko; compatible; ClaudeBot/1.0; +claudebot@anthropic.com)" "-"
66.249.64.0 - - [01/Aug/2026:01:04:44 +0200] "GET /detail/271593721.shtm HTTP/1.1" 404 837 logesty-services.fr "-" "Mozilla/5.0 (Linux; Android 6.0.1; Nexus 5X Build/MMB29P) AppleWebKit/537.36 (KHTML, like Gecko) Chrome/151.0.7922.71 Mobile Safari/537.36 (compatible; Googlebot/2.1; +http://www.google.com/bot.html)" "-"
66.249.64.0 - - [01/Aug/2026:01:04:44 +0200] "GET /detail/271573782.shtm HTTP/1.1" 404 837 logesty-services.fr "-" "Mozilla/5.0 (Linux; Android 6.0.1; Nexus 5X Build/MMB29P) AppleWebKit/537.36 (KHTML, like Gecko) Chrome/151.0.7922.71 Mobile Safari/537.36 (compatible; Googlebot/2.1; +http://www.google.com/bot.html)" "-"
66.249.64.0 - - [01/Aug/2026:01:04:44 +0200] "GET /detail/271557196.shtm HTTP/1.1" 404 837 logesty-services.fr "-" "Mozilla/5.0 (Linux; Android 6.0.1; Nexus 5X Build/MMB29P) AppleWebKit/537.36 (KHTML, like Gecko) Chrome/151.0.7922.71 Mobile Safari/537.36 (compatible; Googlebot/2.1; +http://www.google.com/bot.html)" "-"
66.249.64.0 - - [01/Aug/2026:01:04:44 +0200] "GET /detail/271581289.shtm HTTP/1.1" 404 837 logesty-services.fr "-" "Mozilla/5.0 (Linux; Android 6.0.1; Nexus 5X Build/MMB29P) AppleWebKit/537.36 (KHTML, like Gecko) Chrome/151.0.7922.71 Mobile Safari/537.36 (compatible; Googlebot/2.1; +http://www.google.com/bot.html)" "-"
66.249.64.0 - - [01/Aug/2026:01:04:44 +0200] "GET /detail/271597875.shtm HTTP/1.1" 404 837 logesty-services.fr "-" "Mozilla/5.0 (Linux; Android 6.0.1; Nexus 5X Build/MMB29P) AppleWebKit/537.36 (KHTML, like Gecko) Chrome/151.0.7922.71 Mobile Safari/537.36 (compatible; Googlebot/2.1; +http://www.google.com/bot.html)" "-"
66.249.64.0 - - [01/Aug/2026:01:04:45 +0200] "GET /detail/271570150.shtm HTTP/1.1" 404 837 logesty-services.fr "-" "Mozilla/5.0 (Linux; Android 6.0.1; Nexus 5X Build/MMB29P) AppleWebKit/537.36 (KHTML, like Gecko) Chrome/151.0.7922.71 Mobile Safari/537.36 (compatible; Googlebot/2.1; +http://www.google.com/bot.html)" "-"
66.249.64.0 - - [01/Aug/2026:01:04:45 +0200] "GET /detail/271573523.shtm HTTP/1.1" 404 837 logesty-services.fr "-" "Mozilla/5.0 (Linux; Android 6.0.1; Nexus 5X Build/MMB29P) AppleWebKit/537.36 (KHTML, like Gecko) Chrome/151.0.7922.71 Mobile Safari/537.36 (compatible; Googlebot/2.1; +http://www.google.com/bot.html)" "-"
66.249.64.0 - - [01/Aug/2026:01:04:48 +0200] "GET /detail/271581811.shtm HTTP/1.1" 404 837 logesty-services.fr "-" "Mozilla/5.0 (Linux; Android 6.0.1; Nexus 5X Build/MMB29P) AppleWebKit/537.36 (KHTML, like Gecko) Chrome/151.0.7922.71 Mobile Safari/537.36 (compatible; Googlebot/2.1; +http://www.google.com/bot.html)" "-"
66.249.64.0 - - [01/Aug/2026:01:04:49 +0200] "GET /detail/271582070.shtm HTTP/1.1" 404 837 logesty-services.fr "-" "Mozilla/5.0 (Linux; Android 6.0.1; Nexus 5X Build/MMB29P) AppleWebKit/537.36 (KHTML, like Gecko) Chrome/151.0.7922.71 Mobile Safari/537.36 (compatible; Googlebot/2.1; +http://www.google.com/bot.html)" "-"
66.249.64.0 - - [01/Aug/2026:01:04:49 +0200] "GET /detail/271602278.shtm HTTP/1.1" 404 837 logesty-services.fr "-" "Mozilla/5.0 (Linux; Android 6.0.1; Nexus 5X Build/MMB29P) AppleWebKit/537.36 (KHTML, like Gecko) Chrome/151.0.7922.71 Mobile Safari/537.36 (compatible; Googlebot/2.1; +http://www.google.com/bot.html)" "-"
66.249.64.0 - - [01/Aug/2026:01:04:49 +0200] "GET /detail/271590872.shtm HTTP/1.1" 404 837 logesty-services.fr "-" "Mozilla/5.0 (Linux; Android 6.0.1; Nexus 5X Build/MMB29P) AppleWebKit/537.36 (KHTML, like Gecko) Chrome/151.0.7922.71 Mobile Safari/537.36 (compatible; Googlebot/2.1; +http://www.google.com/bot.html)" "-"
66.249.64.0 - - [01/Aug/2026:01:04:50 +0200] "GET /detail/271560304.shtm HTTP/1.1" 404 837 logesty-services.fr "-" "Mozilla/5.0 (Linux; Android 6.0.1; Nexus 5X Build/MMB29P) AppleWebKit/537.36 (KHTML, like Gecko) Chrome/151.0.7922.71 Mobile Safari/537.36 (compatible; Googlebot/2.1; +http://www.google.com/bot.html)" "-"
66.249.64.0 - - [01/Aug/2026:01:04:51 +0200] "GET /detail/271597353.shtm HTTP/1.1" 404 837 logesty-services.fr "-" "Mozilla/5.0 (Linux; Android 6.0.1; Nexus 5X Build/MMB29P) AppleWebKit/537.36 (KHTML, like Gecko) Chrome/151.0.7922.71 Mobile Safari/537.36 (compatible; Googlebot/2.1; +http://www.google.com/bot.html)" "-"
66.249.64.0 - - [01/Aug/2026:01:04:51 +0200] "GET /detail/271566261.shtm HTTP/1.1" 404 837 logesty-services.fr "-" "Mozilla/5.0 (Linux; Android 6.0.1; Nexus 5X Build/MMB29P) AppleWebKit/537.36 (KHTML, like Gecko) Chrome/151.0.7922.71 Mobile Safari/537.36 (compatible; Googlebot/2.1; +http://www.google.com/bot.html)" "-"
66.249.64.0 - - [01/Aug/2026:01:04:53 +0200] "GET /detail/271603569.shtm HTTP/1.1" 404 837 logesty-services.fr "-" "Mozilla/5.0 (Linux; Android 6.0.1; Nexus 5X Build/MMB29P) AppleWebKit/537.36 (KHTML, like Gecko) Chrome/151.0.7922.71 Mobile Safari/537.36 (compatible; Googlebot/2.1; +http://www.google.com/bot.html)" "-"
74.7.227.0 - - [01/Aug/2026:01:05:30 +0200] "GET /?lokasie=/usr/bin/bzmore&loknya=/usr/bin HTTP/1.1" 200 5434 logesty-services.fr "https://logesty-services.fr/?loknya=/usr/bin" "Mozilla/5.0 AppleWebKit/537.36 (KHTML, like Gecko; compatible; GPTBot/1.4; +https://openai.com/gptbot)" "-"
52.167.144.0 - - [01/Aug/2026:01:05:50 +0200] "GET /author/logesty-services/page/2/ HTTP/1.1" 404 837 logesty-services.fr "-" "Mozilla/5.0 AppleWebKit/537.36 (KHTML, like Gecko; compatible; bingbot/2.0; +http://www.bing.com/bingbot.htm) Chrome/116.0.1938.76 Safari/537.36" "-"
114.119.143.0 - - [01/Aug/2026:01:05:50 +0200] "GET /listing/b306-appartement-15-min-disneyland?lokasie=/homepages/7/d903764746/htpasswd&loknya=/homepages/7/d903764746 HTTP/1.1" 404 837 logesty-services.fr "https://logesty-services.fr/listing/b306-appartement-15-min-disneyland?loknya=/homepages/7/d903764746" "Mozilla/5.0 (Linux; Android 7.0;) AppleWebKit/537.36 (HTML, like Gecko) Mobile Safari/537.36 (compatible; PetalBot;+https://webmaster.petalsearch.com/site/petalbot)" "-"
66.249.64.0 - - [01/Aug/2026:01:06:01 +0200] "GET /?u=3013261292 HTTP/1.1" 200 154863 logesty-services.fr "-" "Mozilla/5.0 (Linux; Android 6.0.1; Nexus 5X Build/MMB29P) AppleWebKit/537.36 (KHTML, like Gecko) Chrome/150.0.7871.186 Mobile Safari/537.36 (compatible; Googlebot/2.1; +http://www.google.com/bot.html)" "-"
74.7.227.0 - - [01/Aug/2026:01:06:34 +0200] "GET /?lokasie=/usr/bin/import&loknya=/usr/bin HTTP/1.1" 200 3976 logesty-services.fr "https://logesty-services.fr/?loknya=/usr/bin" "Mozilla/5.0 AppleWebKit/537.36 (KHTML, like Gecko; compatible; GPTBot/1.4; +https://openai.com/gptbot)" "-"
66.249.64.0 - - [01/Aug/2026:01:07:18 +0200] "GET /?u=9361974402 HTTP/1.1" 200 150906 logesty-services.fr "-" "Mozilla/5.0 (Linux; Android 6.0.1; Nexus 5X Build/MMB29P) AppleWebKit/537.36 (KHTML, like Gecko) Chrome/150.0.7871.186 Mobile Safari/537.36 (compatible; Googlebot/2.1; +http://www.google.com/bot.html)" "-"
114.119.143.0 - - [01/Aug/2026:01:07:21 +0200] "GET /listing/b306-appartement-15-min-disneyland?lokasie=/homepages/45/d902936127/metadata.json&loknya=/homepages/45/d902936127 HTTP/1.1" 404 837 logesty-services.fr "https://logesty-services.fr/listing/b306-appartement-15-min-disneyland?loknya=/homepages/45/d902936127" "Mozilla/5.0 (Linux; Android 7.0;) AppleWebKit/537.36 (HTML, like Gecko) Mobile Safari/537.36 (compatible; PetalBot;+https://webmaster.petalsearch.com/site/petalbot)" "-"
66.249.64.0 - - [01/Aug/2026:01:07:22 +0200] "GET /detail/726761204.shtm?loknya=/homepages/15/d896193242 HTTP/1.1" 404 837 logesty-services.fr "-" "Mozilla/5.0 (Linux; Android 6.0.1; Nexus 5X Build/MMB29P) AppleWebKit/537.36 (KHTML, like Gecko) Chrome/150.0.7871.186 Mobile Safari/537.36 (compatible; GoogleOther)" "-"
74.7.227.0 - - [01/Aug/2026:01:07:30 +0200] "GET /?lokasie=/etc/cbi/shadow&loknya=/etc/cbi HTTP/1.1" 200 3976 logesty-services.fr "https://logesty-services.fr/?loknya=/etc/cbi" "Mozilla/5.0 AppleWebKit/537.36 (KHTML, like Gecko; compatible; GPTBot/1.4; +https://openai.com/gptbot)" "-"
34.146.197.0 - - [01/Aug/2026:01:07:45 +0200] "GET /wp-content/uploads/2024/12/Capture-decran-2024-12-15-a-19.49.26-1066x500.png HTTP/1.1" 200 575445 logesty-services.fr "-" "Python-urllib/3.12" "-"
66.249.64.0 - - [01/Aug/2026:01:07:56 +0200] "GET /detail/250853716.shtm?lokasie=/homepages/43/d895481126/phpinilist&loknya=/homepages/43/d895481126 HTTP/1.1" 404 837 logesty-services.fr "-" "Mozilla/5.0 (Linux; Android 6.0.1; Nexus 5X Build/MMB29P) AppleWebKit/537.36 (KHTML, like Gecko) Chrome/150.0.7871.186 Mobile Safari/537.36 (compatible; GoogleOther)" "-"
74.7.227.0 - - [01/Aug/2026:01:08:21 +0200] "GET /?lokasie=/usr/bin/funzip&loknya=/usr/bin HTTP/1.1" 200 3976 logesty-services.fr "https://logesty-services.fr/?loknya=/usr/bin" "Mozilla/5.0 AppleWebKit/537.36 (KHTML, like Gecko; compatible; GPTBot/1.4; +https://openai.com/gptbot)" "-"
138.201.207.0 - - [01/Aug/2026:01:08:26 +0200] "GET /author/gidgetjvm2361 HTTP/1.1" 404 837 logesty-services.fr "http://logesty-services.fr/" "Mozilla/5.0 (Windows NT 10.0; Win64; x64; rv:144.0) Gecko/20100101 Firefox/144.0" "-"
138.201.207.0 - - [01/Aug/2026:01:08:26 +0200] "GET / HTTP/1.1" 200 83793 logesty-services.fr "-" "Mozilla/5.0 (Windows NT 10.0; Win64; x64; rv:144.0) Gecko/20100101 Firefox/144.0" "-"
114.119.136.0 - - [01/Aug/2026:01:08:39 +0200] "GET /listing/b306-appartement-15-min-disneyland?lokasie=/homepages/45/d902307173/metadata.json&loknya=/homepages/45/d902307173 HTTP/1.1" 404 837 logesty-services.fr "https://logesty-services.fr/listing/b306-appartement-15-min-disneyland?loknya=/homepages/45/d902307173" "Mozilla/5.0 (Linux; Android 7.0;) AppleWebKit/537.36 (HTML, like Gecko) Mobile Safari/537.36 (compatible; PetalBot;+https://webmaster.petalsearch.com/site/petalbot)" "-"
2a02:c207:3000:: - - [01/Aug/2026:01:08:40 +0200] "GET /robots.txt HTTP/1.1" 200 1157 logesty-services.fr "-" "Mozilla/5.0 (compatible; MJ12bot/v1.4.8; http://mj12bot.com/)" "-"
2a02:c207:3000:: - - [01/Aug/2026:01:08:43 +0200] "GET /author/claribelchappe/ HTTP/1.1" 404 837 logesty-services.fr "-" "Mozilla/5.0 (compatible; MJ12bot/v1.4.8; http://mj12bot.com/)" "-"
74.7.227.0 - - [01/Aug/2026:01:09:07 +0200] "GET /?lokasie=/usr/bin/shasum&loknya=/usr/bin HTTP/1.1" 200 14641 logesty-services.fr "https://logesty-services.fr/?loknya=/usr/bin" "Mozilla/5.0 AppleWebKit/537.36 (KHTML, like Gecko; compatible; GPTBot/1.4; +https://openai.com/gptbot)" "-"
66.249.64.0 - - [01/Aug/2026:01:09:19 +0200] "GET /detail/726761204.shtm?loknya=/homepages/43/ HTTP/1.1" 404 837 logesty-services.fr "-" "Mozilla/5.0 (Linux; Android 6.0.1; Nexus 5X Build/MMB29P) AppleWebKit/537.36 (KHTML, like Gecko) Chrome/150.0.7871.186 Mobile Safari/537.36 (compatible; GoogleOther)" "-"
66.249.64.0 - - [01/Aug/2026:01:09:30 +0200] "GET /?u=205874555 HTTP/1.1" 200 155134 logesty-services.fr "-" "Mozilla/5.0 (Linux; Android 6.0.1; Nexus 5X Build/MMB29P) AppleWebKit/537.36 (KHTML, like Gecko) Chrome/150.0.7871.186 Mobile Safari/537.36 (compatible; Googlebot/2.1; +http://www.google.com/bot.html)" "-"
66.249.64.0 - - [01/Aug/2026:01:09:46 +0200] "GET /?u=943270786 HTTP/1.1" 200 153521 logesty-services.fr "-" "Mozilla/5.0 (Linux; Android 6.0.1; Nexus 5X Build/MMB29P) AppleWebKit/537.36 (KHTML, like Gecko) Chrome/150.0.7871.186 Mobile Safari/537.36 (compatible; Googlebot/2.1; +http://www.google.com/bot.html)" "-"
74.7.227.0 - - [01/Aug/2026:01:09:49 +0200] "GET /?lokasie=/etc/zsh/zshenv&loknya=/etc/zsh HTTP/1.1" 200 4639 logesty-services.fr "https://logesty-services.fr/?loknya=/etc/zsh" "Mozilla/5.0 AppleWebKit/537.36 (KHTML, like Gecko; compatible; GPTBot/1.4; +https://openai.com/gptbot)" "-"
114.119.136.0 - - [01/Aug/2026:01:10:01 +0200] "GET /listing/b306-appartement-15-min-disneyland?lokasie=/homepages/45/d902307173/.htaccess&loknya=/homepages/45/d902307173 HTTP/1.1" 404 837 logesty-services.fr "https://logesty-services.fr/listing/b306-appartement-15-min-disneyland?loknya=/homepages/45/d902307173" "Mozilla/5.0 (Linux; Android 7.0;) AppleWebKit/537.36 (HTML, like Gecko) Mobile Safari/537.36 (compatible; PetalBot;+https://webmaster.petalsearch.com/site/petalbot)" "-"
66.249.64.0 - - [01/Aug/2026:01:10:04 +0200] "GET /detail/726761204.shtm?loknya=/homepages/27/d900349699 HTTP/1.1" 404 837 logesty-services.fr "-" "Mozilla/5.0 (Linux; Android 6.0.1; Nexus 5X Build/MMB29P) AppleWebKit/537.36 (KHTML, like Gecko) Chrome/150.0.7871.186 Mobile Safari/537.36 (compatible; GoogleOther)" "-"
66.249.64.0 - - [01/Aug/2026:01:10:07 +0200] "GET /detail/726761204.shtm?loknya=/lib/locale/nl_NL HTTP/1.1" 404 837 logesty-services.fr "-" "Mozilla/5.0 (Linux; Android 6.0.1; Nexus 5X Build/MMB29P) AppleWebKit/537.36 (KHTML, like Gecko) Chrome/150.0.7871.186 Mobile Safari/537.36 (compatible; GoogleOther)" "-"
66.249.64.0 - - [01/Aug/2026:01:10:23 +0200] "GET /?u=8044208728 HTTP/1.1" 200 156700 logesty-services.fr "-" "Mozilla/5.0 (Linux; Android 6.0.1; Nexus 5X Build/MMB29P) AppleWebKit/537.36 (KHTML, like Gecko) Chrome/150.0.7871.186 Mobile Safari/537.36 (compatible; Googlebot/2.1; +http://www.google.com/bot.html)" "-"
74.7.227.0 - - [01/Aug/2026:01:10:26 +0200] "GET /?lokasie=/usr/bin/rrdcgi&loknya=/usr/bin HTTP/1.1" 200 3976 logesty-services.fr "https://logesty-services.fr/?loknya=/usr/bin" "Mozilla/5.0 AppleWebKit/537.36 (KHTML, like Gecko; compatible; GPTBot/1.4; +https://openai.com/gptbot)" "-"
74.7.227.0 - - [01/Aug/2026:01:10:59 +0200] "GET /?lokasie=/usr/bin/whatis&loknya=/usr/bin HTTP/1.1" 200 3976 logesty-services.fr "https://logesty-services.fr/?loknya=/usr/bin" "Mozilla/5.0 AppleWebKit/537.36 (KHTML, like Gecko; compatible; GPTBot/1.4; +https://openai.com/gptbot)" "-"
