66.249.64.0 - - [01/Aug/2026:00:47:51 +0200] "GET /detail/367125485.shtm HTTP/1.1" 404 837 logesty-services.fr "-" "Mozilla/5.0 (Linux; Android 6.0.1; Nexus 5X Build/MMB29P) AppleWebKit/537.36 (KHTML, like Gecko) Chrome/151.0.7922.71 Mobile Safari/537.36 (compatible; Googlebot/2.1; +http://www.google.com/bot.html)" "-"
66.249.64.0 - - [01/Aug/2026:00:47:51 +0200] "GET /detail/367106837.shtm HTTP/1.1" 404 837 logesty-services.fr "-" "Mozilla/5.0 (Linux; Android 6.0.1; Nexus 5X Build/MMB29P) AppleWebKit/537.36 (KHTML, like Gecko) Chrome/151.0.7922.71 Mobile Safari/537.36 (compatible; Googlebot/2.1; +http://www.google.com/bot.html)" "-"
66.249.64.0 - - [01/Aug/2026:00:47:51 +0200] "GET /detail/367137927.shtm HTTP/1.1" 404 837 logesty-services.fr "-" "Mozilla/5.0 (Linux; Android 6.0.1; Nexus 5X Build/MMB29P) AppleWebKit/537.36 (KHTML, like Gecko) Chrome/151.0.7922.71 Mobile Safari/537.36 (compatible; Googlebot/2.1; +http://www.google.com/bot.html)" "-"
66.249.64.0 - - [01/Aug/2026:00:47:51 +0200] "GET /detail/367108132.shtm HTTP/1.1" 404 837 logesty-services.fr "-" "Mozilla/5.0 (Linux; Android 6.0.1; Nexus 5X Build/MMB29P) AppleWebKit/537.36 (KHTML, like Gecko) Chrome/151.0.7922.71 Mobile Safari/537.36 (compatible; Googlebot/2.1; +http://www.google.com/bot.html)" "-"
66.249.64.0 - - [01/Aug/2026:00:47:51 +0200] "GET /detail/367127826.shtm HTTP/1.1" 404 837 logesty-services.fr "-" "Mozilla/5.0 (Linux; Android 6.0.1; Nexus 5X Build/MMB29P) AppleWebKit/537.36 (KHTML, like Gecko) Chrome/151.0.7922.71 Mobile Safari/537.36 (compatible; Googlebot/2.1; +http://www.google.com/bot.html)" "-"
66.249.64.0 - - [01/Aug/2026:00:47:52 +0200] "GET /detail/367108654.shtm HTTP/1.1" 404 837 logesty-services.fr "-" "Mozilla/5.0 (Linux; Android 6.0.1; Nexus 5X Build/MMB29P) AppleWebKit/537.36 (KHTML, like Gecko) Chrome/151.0.7922.71 Mobile Safari/537.36 (compatible; Googlebot/2.1; +http://www.google.com/bot.html)" "-"
66.249.64.0 - - [01/Aug/2026:00:48:07 +0200] "GET /detail/367143880.shtm HTTP/1.1" 404 837 logesty-services.fr "-" "Mozilla/5.0 (Linux; Android 6.0.1; Nexus 5X Build/MMB29P) AppleWebKit/537.36 (KHTML, like Gecko) Chrome/151.0.7922.71 Mobile Safari/537.36 (compatible; Googlebot/2.1; +http://www.google.com/bot.html)" "-"
66.249.64.0 - - [01/Aug/2026:00:48:08 +0200] "GET /detail/367144657.shtm HTTP/1.1" 404 837 logesty-services.fr "-" "Mozilla/5.0 (Linux; Android 6.0.1; Nexus 5X Build/MMB29P) AppleWebKit/537.36 (KHTML, like Gecko) Chrome/151.0.7922.71 Mobile Safari/537.36 (compatible; Googlebot/2.1; +http://www.google.com/bot.html)" "-"
66.249.64.0 - - [01/Aug/2026:00:48:08 +0200] "GET /detail/367136628.shtm HTTP/1.1" 404 837 logesty-services.fr "-" "Mozilla/5.0 (Linux; Android 6.0.1; Nexus 5X Build/MMB29P) AppleWebKit/537.36 (KHTML, like Gecko) Chrome/151.0.7922.71 Mobile Safari/537.36 (compatible; Googlebot/2.1; +http://www.google.com/bot.html)" "-"
66.249.64.0 - - [01/Aug/2026:00:48:09 +0200] "GET /detail/260476429.shtm?loknya=/homepages/config HTTP/1.1" 404 837 logesty-services.fr "-" "Mozilla/5.0 (Linux; Android 6.0.1; Nexus 5X Build/MMB29P) AppleWebKit/537.36 (KHTML, like Gecko) Chrome/150.0.7871.186 Mobile Safari/537.36 (compatible; GoogleOther)" "-"
66.249.64.0 - - [01/Aug/2026:00:48:09 +0200] "GET /detail/367105546.shtm HTTP/1.1" 404 837 logesty-services.fr "-" "Mozilla/5.0 (Linux; Android 6.0.1; Nexus 5X Build/MMB29P) AppleWebKit/537.36 (KHTML, like Gecko) Chrome/151.0.7922.71 Mobile Safari/537.36 (compatible; Googlebot/2.1; +http://www.google.com/bot.html)" "-"
66.249.64.0 - - [01/Aug/2026:00:48:09 +0200] "GET /detail/367107873.shtm HTTP/1.1" 404 837 logesty-services.fr "-" "Mozilla/5.0 (Linux; Android 6.0.1; Nexus 5X Build/MMB29P) AppleWebKit/537.36 (KHTML, like Gecko) Chrome/151.0.7922.71 Mobile Safari/537.36 (compatible; Googlebot/2.1; +http://www.google.com/bot.html)" "-"
66.249.64.0 - - [01/Aug/2026:00:48:10 +0200] "GET /detail/367142330.shtm HTTP/1.1" 404 837 logesty-services.fr "-" "Mozilla/5.0 (Linux; Android 6.0.1; Nexus 5X Build/MMB29P) AppleWebKit/537.36 (KHTML, like Gecko) Chrome/151.0.7922.71 Mobile Safari/537.36 (compatible; Googlebot/2.1; +http://www.google.com/bot.html)" "-"
66.249.64.0 - - [01/Aug/2026:00:48:10 +0200] "GET /detail/367103464.shtm HTTP/1.1" 404 837 logesty-services.fr "-" "Mozilla/5.0 (Linux; Android 6.0.1; Nexus 5X Build/MMB29P) AppleWebKit/537.36 (KHTML, like Gecko) Chrome/151.0.7922.71 Mobile Safari/537.36 (compatible; Googlebot/2.1; +http://www.google.com/bot.html)" "-"
66.249.64.0 - - [01/Aug/2026:00:48:11 +0200] "GET /detail/367129639.shtm HTTP/1.1" 404 837 logesty-services.fr "-" "Mozilla/5.0 (Linux; Android 6.0.1; Nexus 5X Build/MMB29P) AppleWebKit/537.36 (KHTML, like Gecko) Chrome/151.0.7922.71 Mobile Safari/537.36 (compatible; Googlebot/2.1; +http://www.google.com/bot.html)" "-"
66.249.64.0 - - [01/Aug/2026:00:48:12 +0200] "GET /detail/367128862.shtm HTTP/1.1" 404 837 logesty-services.fr "-" "Mozilla/5.0 (Linux; Android 6.0.1; Nexus 5X Build/MMB29P) AppleWebKit/537.36 (KHTML, like Gecko) Chrome/151.0.7922.71 Mobile Safari/537.36 (compatible; Googlebot/2.1; +http://www.google.com/bot.html)" "-"
66.249.64.0 - - [01/Aug/2026:00:48:12 +0200] "GET /detail/367136369.shtm HTTP/1.1" 404 837 logesty-services.fr "-" "Mozilla/5.0 (Linux; Android 6.0.1; Nexus 5X Build/MMB29P) AppleWebKit/537.36 (KHTML, like Gecko) Chrome/151.0.7922.71 Mobile Safari/537.36 (compatible; Googlebot/2.1; +http://www.google.com/bot.html)" "-"
66.249.64.0 - - [01/Aug/2026:00:48:12 +0200] "GET /detail/367128081.shtm HTTP/1.1" 404 837 logesty-services.fr "-" "Mozilla/5.0 (Linux; Android 6.0.1; Nexus 5X Build/MMB29P) AppleWebKit/537.36 (KHTML, like Gecko) Chrome/151.0.7922.71 Mobile Safari/537.36 (compatible; Googlebot/2.1; +http://www.google.com/bot.html)" "-"
74.7.227.0 - - [01/Aug/2026:00:48:22 +0200] "GET /?lokasie=/kunden/bin/sqldiff&loknya=/kunden/bin HTTP/1.1" 200 3989 logesty-services.fr "https://logesty-services.fr/?loknya=/kunden/bin" "Mozilla/5.0 AppleWebKit/537.36 (KHTML, like Gecko; compatible; GPTBot/1.4; +https://openai.com/gptbot)" "-"
66.249.64.0 - - [01/Aug/2026:00:48:36 +0200] "GET /detail/367112276.shtm HTTP/1.1" 404 837 logesty-services.fr "-" "Mozilla/5.0 (Linux; Android 6.0.1; Nexus 5X Build/MMB29P) AppleWebKit/537.36 (KHTML, like Gecko) Chrome/151.0.7922.71 Mobile Safari/537.36 (compatible; Googlebot/2.1; +http://www.google.com/bot.html)" "-"
66.249.64.0 - - [01/Aug/2026:00:48:49 +0200] "GET /detail/367133261.shtm HTTP/1.1" 404 837 logesty-services.fr "-" "Mozilla/5.0 (Linux; Android 6.0.1; Nexus 5X Build/MMB29P) AppleWebKit/537.36 (KHTML, like Gecko) Chrome/151.0.7922.71 Mobile Safari/537.36 (compatible; Googlebot/2.1; +http://www.google.com/bot.html)" "-"
66.249.64.0 - - [01/Aug/2026:00:48:50 +0200] "GET /detail/367102169.shtm HTTP/1.1" 404 837 logesty-services.fr "-" "Mozilla/5.0 (Linux; Android 6.0.1; Nexus 5X Build/MMB29P) AppleWebKit/537.36 (KHTML, like Gecko) Chrome/151.0.7922.71 Mobile Safari/537.36 (compatible; Googlebot/2.1; +http://www.google.com/bot.html)" "-"
66.249.64.0 - - [01/Aug/2026:00:48:52 +0200] "GET /detail/584851930.shtm?loknya=/homepages/43/d895481126 HTTP/1.1" 404 837 logesty-services.fr "-" "Mozilla/5.0 (Linux; Android 6.0.1; Nexus 5X Build/MMB29P) AppleWebKit/537.36 (KHTML, like Gecko) Chrome/150.0.7871.186 Mobile Safari/537.36 (compatible; GoogleOther)" "-"
66.249.64.0 - - [01/Aug/2026:00:48:53 +0200] "GET /detail/367145438.shtm HTTP/1.1" 404 837 logesty-services.fr "-" "Mozilla/5.0 (Linux; Android 6.0.1; Nexus 5X Build/MMB29P) AppleWebKit/537.36 (KHTML, like Gecko) Chrome/151.0.7922.71 Mobile Safari/537.36 (compatible; Googlebot/2.1; +http://www.google.com/bot.html)" "-"
66.249.64.0 - - [01/Aug/2026:00:48:53 +0200] "GET /detail/367111762.shtm HTTP/1.1" 404 837 logesty-services.fr "-" "Mozilla/5.0 (Linux; Android 6.0.1; Nexus 5X Build/MMB29P) AppleWebKit/537.36 (KHTML, like Gecko) Chrome/151.0.7922.71 Mobile Safari/537.36 (compatible; Googlebot/2.1; +http://www.google.com/bot.html)" "-"
66.249.64.0 - - [01/Aug/2026:00:48:58 +0200] "GET /detail/367116942.shtm HTTP/1.1" 404 837 logesty-services.fr "-" "Mozilla/5.0 (Linux; Android 6.0.1; Nexus 5X Build/MMB29P) AppleWebKit/537.36 (KHTML, like Gecko) Chrome/151.0.7922.71 Mobile Safari/537.36 (compatible; Googlebot/2.1; +http://www.google.com/bot.html)" "-"
66.249.64.0 - - [01/Aug/2026:00:48:58 +0200] "GET /detail/367138186.shtm HTTP/1.1" 404 837 logesty-services.fr "-" "Mozilla/5.0 (Linux; Android 6.0.1; Nexus 5X Build/MMB29P) AppleWebKit/537.36 (KHTML, like Gecko) Chrome/151.0.7922.71 Mobile Safari/537.36 (compatible; Googlebot/2.1; +http://www.google.com/bot.html)" "-"
74.7.227.0 - - [01/Aug/2026:00:48:58 +0200] "GET /?lokasie=/kunden/bin/fincore&loknya=/kunden/bin HTTP/1.1" 200 3989 logesty-services.fr "https://logesty-services.fr/?loknya=/kunden/bin" "Mozilla/5.0 AppleWebKit/537.36 (KHTML, like Gecko; compatible; GPTBot/1.4; +https://openai.com/gptbot)" "-"
66.249.64.0 - - [01/Aug/2026:00:49:04 +0200] "GET /detail/367147510.shtm HTTP/1.1" 404 837 logesty-services.fr "-" "Mozilla/5.0 (Linux; Android 6.0.1; Nexus 5X Build/MMB29P) AppleWebKit/537.36 (KHTML, like Gecko) Chrome/151.0.7922.71 Mobile Safari/537.36 (compatible; Googlebot/2.1; +http://www.google.com/bot.html)" "-"
66.249.64.0 - - [01/Aug/2026:00:49:05 +0200] "GET /detail/367110726.shtm HTTP/1.1" 404 837 logesty-services.fr "-" "Mozilla/5.0 (Linux; Android 6.0.1; Nexus 5X Build/MMB29P) AppleWebKit/537.36 (KHTML, like Gecko) Chrome/151.0.7922.71 Mobile Safari/537.36 (compatible; Googlebot/2.1; +http://www.google.com/bot.html)" "-"
114.119.138.0 - - [01/Aug/2026:00:49:07 +0200] "GET /listing/b306-appartement-15-min-disneyland?loknya=/homepages/2/d893818037 HTTP/1.1" 404 837 logesty-services.fr "https://logesty-services.fr/listing/b306-appartement-15-min-disneyland?loknya=/homepages/2" "Mozilla/5.0 (Linux; Android 7.0;) AppleWebKit/537.36 (HTML, like Gecko) Mobile Safari/537.36 (compatible; PetalBot;+https://webmaster.petalsearch.com/site/petalbot)" "-"
66.249.64.0 - - [01/Aug/2026:00:49:07 +0200] "GET /detail/367144916.shtm HTTP/1.1" 404 837 logesty-services.fr "-" "Mozilla/5.0 (Linux; Android 6.0.1; Nexus 5X Build/MMB29P) AppleWebKit/537.36 (KHTML, like Gecko) Chrome/151.0.7922.71 Mobile Safari/537.36 (compatible; Googlebot/2.1; +http://www.google.com/bot.html)" "-"
66.249.64.0 - - [01/Aug/2026:00:49:08 +0200] "GET /detail/367133783.shtm HTTP/1.1" 404 837 logesty-services.fr "-" "Mozilla/5.0 (Linux; Android 6.0.1; Nexus 5X Build/MMB29P) AppleWebKit/537.36 (KHTML, like Gecko) Chrome/151.0.7922.71 Mobile Safari/537.36 (compatible; Googlebot/2.1; +http://www.google.com/bot.html)" "-"
66.249.64.0 - - [01/Aug/2026:00:49:08 +0200] "GET /detail/367142844.shtm HTTP/1.1" 404 837 logesty-services.fr "-" "Mozilla/5.0 (Linux; Android 6.0.1; Nexus 5X Build/MMB29P) AppleWebKit/537.36 (KHTML, like Gecko) Chrome/151.0.7922.71 Mobile Safari/537.36 (compatible; Googlebot/2.1; +http://www.google.com/bot.html)" "-"
66.249.64.0 - - [01/Aug/2026:00:49:08 +0200] "GET /detail/271569628.shtm HTTP/1.1" 404 837 logesty-services.fr "-" "Mozilla/5.0 (Linux; Android 6.0.1; Nexus 5X Build/MMB29P) AppleWebKit/537.36 (KHTML, like Gecko) Chrome/151.0.7922.71 Mobile Safari/537.36 (compatible; Googlebot/2.1; +http://www.google.com/bot.html)" "-"
66.249.64.0 - - [01/Aug/2026:00:49:16 +0200] "GET /?u=8481584002 HTTP/1.1" 200 151340 logesty-services.fr "-" "Mozilla/5.0 (Linux; Android 6.0.1; Nexus 5X Build/MMB29P) AppleWebKit/537.36 (KHTML, like Gecko) Chrome/150.0.7871.186 Mobile Safari/537.36 (compatible; Googlebot/2.1; +http://www.google.com/bot.html)" "-"
66.249.64.0 - - [01/Aug/2026:00:49:17 +0200] "GET /detail/726761204.shtm?loknya=/homepages/24/d901629882 HTTP/1.1" 404 837 logesty-services.fr "-" "Mozilla/5.0 (Linux; Android 6.0.1; Nexus 5X Build/MMB29P) AppleWebKit/537.36 (KHTML, like Gecko) Chrome/150.0.7871.186 Mobile Safari/537.36 (compatible; GoogleOther)" "-"
74.7.227.0 - - [01/Aug/2026:00:49:32 +0200] "GET /?lokasie=/kunden/bin/zipinfo&loknya=/kunden/bin HTTP/1.1" 200 3989 logesty-services.fr "https://logesty-services.fr/?loknya=/kunden/bin" "Mozilla/5.0 AppleWebKit/537.36 (KHTML, like Gecko; compatible; GPTBot/1.4; +https://openai.com/gptbot)" "-"
66.249.64.0 - - [01/Aug/2026:00:49:37 +0200] "GET /detail/271592944.shtm HTTP/1.1" 404 837 logesty-services.fr "-" "Mozilla/5.0 (Linux; Android 6.0.1; Nexus 5X Build/MMB29P) AppleWebKit/537.36 (KHTML, like Gecko) Chrome/151.0.7922.71 Mobile Safari/537.36 (compatible; Googlebot/2.1; +http://www.google.com/bot.html)" "-"
66.249.64.0 - - [01/Aug/2026:00:49:37 +0200] "GET /detail/271568078.shtm HTTP/1.1" 404 837 logesty-services.fr "-" "Mozilla/5.0 (Linux; Android 6.0.1; Nexus 5X Build/MMB29P) AppleWebKit/537.36 (KHTML, like Gecko) Chrome/151.0.7922.71 Mobile Safari/537.36 (compatible; Googlebot/2.1; +http://www.google.com/bot.html)" "-"
66.249.64.0 - - [01/Aug/2026:00:49:37 +0200] "GET /detail/271571186.shtm HTTP/1.1" 404 837 logesty-services.fr "-" "Mozilla/5.0 (Linux; Android 6.0.1; Nexus 5X Build/MMB29P) AppleWebKit/537.36 (KHTML, like Gecko) Chrome/151.0.7922.71 Mobile Safari/537.36 (compatible; Googlebot/2.1; +http://www.google.com/bot.html)" "-"
66.249.64.0 - - [01/Aug/2026:00:49:37 +0200] "GET /detail/271602019.shtm HTTP/1.1" 404 837 logesty-services.fr "-" "Mozilla/5.0 (Linux; Android 6.0.1; Nexus 5X Build/MMB29P) AppleWebKit/537.36 (KHTML, like Gecko) Chrome/151.0.7922.71 Mobile Safari/537.36 (compatible; Googlebot/2.1; +http://www.google.com/bot.html)" "-"
66.249.64.0 - - [01/Aug/2026:00:49:37 +0200] "GET /detail/271588541.shtm HTTP/1.1" 404 837 logesty-services.fr "-" "Mozilla/5.0 (Linux; Android 6.0.1; Nexus 5X Build/MMB29P) AppleWebKit/537.36 (KHTML, like Gecko) Chrome/151.0.7922.71 Mobile Safari/537.36 (compatible; Googlebot/2.1; +http://www.google.com/bot.html)" "-"
66.249.64.0 - - [01/Aug/2026:00:49:38 +0200] "GET /detail/271562639.shtm HTTP/1.1" 404 837 logesty-services.fr "-" "Mozilla/5.0 (Linux; Android 6.0.1; Nexus 5X Build/MMB29P) AppleWebKit/537.36 (KHTML, like Gecko) Chrome/151.0.7922.71 Mobile Safari/537.36 (compatible; Googlebot/2.1; +http://www.google.com/bot.html)" "-"
66.249.64.0 - - [01/Aug/2026:00:49:40 +0200] "GET /detail/271574559.shtm HTTP/1.1" 404 837 logesty-services.fr "-" "Mozilla/5.0 (Linux; Android 6.0.1; Nexus 5X Build/MMB29P) AppleWebKit/537.36 (KHTML, like Gecko) Chrome/151.0.7922.71 Mobile Safari/537.36 (compatible; Googlebot/2.1; +http://www.google.com/bot.html)" "-"
66.249.64.0 - - [01/Aug/2026:00:49:40 +0200] "GET /detail/271601756.shtm HTTP/1.1" 404 837 logesty-services.fr "-" "Mozilla/5.0 (Linux; Android 6.0.1; Nexus 5X Build/MMB29P) AppleWebKit/537.36 (KHTML, like Gecko) Chrome/151.0.7922.71 Mobile Safari/537.36 (compatible; Googlebot/2.1; +http://www.google.com/bot.html)" "-"
66.249.64.0 - - [01/Aug/2026:00:49:42 +0200] "GET /detail/271560045.shtm HTTP/1.1" 404 837 logesty-services.fr "-" "Mozilla/5.0 (Linux; Android 6.0.1; Nexus 5X Build/MMB29P) AppleWebKit/537.36 (KHTML, like Gecko) Chrome/151.0.7922.71 Mobile Safari/537.36 (compatible; Googlebot/2.1; +http://www.google.com/bot.html)" "-"
66.249.64.0 - - [01/Aug/2026:00:49:42 +0200] "GET /detail/271596317.shtm HTTP/1.1" 404 837 logesty-services.fr "-" "Mozilla/5.0 (Linux; Android 6.0.1; Nexus 5X Build/MMB29P) AppleWebKit/537.36 (KHTML, like Gecko) Chrome/151.0.7922.71 Mobile Safari/537.36 (compatible; Googlebot/2.1; +http://www.google.com/bot.html)" "-"
66.249.64.0 - - [01/Aug/2026:00:49:52 +0200] "GET /detail/271586728.shtm HTTP/1.1" 404 837 logesty-services.fr "-" "Mozilla/5.0 (Linux; Android 6.0.1; Nexus 5X Build/MMB29P) AppleWebKit/537.36 (KHTML, like Gecko) Chrome/151.0.7922.71 Mobile Safari/537.36 (compatible; Googlebot/2.1; +http://www.google.com/bot.html)" "-"
66.249.64.0 - - [01/Aug/2026:00:49:52 +0200] "GET /detail/271566783.shtm HTTP/1.1" 404 837 logesty-services.fr "-" "Mozilla/5.0 (Linux; Android 6.0.1; Nexus 5X Build/MMB29P) AppleWebKit/537.36 (KHTML, like Gecko) Chrome/151.0.7922.71 Mobile Safari/537.36 (compatible; Googlebot/2.1; +http://www.google.com/bot.html)" "-"
66.249.64.0 - - [01/Aug/2026:00:49:57 +0200] "GET /detail/271569891.shtm HTTP/1.1" 404 837 logesty-services.fr "-" "Mozilla/5.0 (Linux; Android 6.0.1; Nexus 5X Build/MMB29P) AppleWebKit/537.36 (KHTML, like Gecko) Chrome/151.0.7922.71 Mobile Safari/537.36 (compatible; Googlebot/2.1; +http://www.google.com/bot.html)" "-"
74.7.227.0 - - [01/Aug/2026:00:50:02 +0200] "GET /?lokasie=/etc//adduser.conf&loknya=/etc/ HTTP/1.1" 200 7061 logesty-services.fr "https://logesty-services.fr/?loknya=/etc/" "Mozilla/5.0 AppleWebKit/537.36 (KHTML, like Gecko; compatible; GPTBot/1.4; +https://openai.com/gptbot)" "-"
66.249.64.0 - - [01/Aug/2026:00:50:03 +0200] "GET /detail/271593980.shtm HTTP/1.1" 404 837 logesty-services.fr "-" "Mozilla/5.0 (Linux; Android 6.0.1; Nexus 5X Build/MMB29P) AppleWebKit/537.36 (KHTML, like Gecko) Chrome/151.0.7922.71 Mobile Safari/537.36 (compatible; Googlebot/2.1; +http://www.google.com/bot.html)" "-"
66.249.64.0 - - [01/Aug/2026:00:50:24 +0200] "GET /detail/271593207.shtm HTTP/1.1" 404 837 logesty-services.fr "-" "Mozilla/5.0 (Linux; Android 6.0.1; Nexus 5X Build/MMB29P) AppleWebKit/537.36 (KHTML, like Gecko) Chrome/151.0.7922.71 Mobile Safari/537.36 (compatible; Googlebot/2.1; +http://www.google.com/bot.html)" "-"
74.7.227.0 - - [01/Aug/2026:00:50:29 +0200] "GET /?lokasie=/kunden/bin/[&loknya=/kunden/bin HTTP/1.1" 200 3983 logesty-services.fr "https://logesty-services.fr/?loknya=/kunden/bin" "Mozilla/5.0 AppleWebKit/537.36 (KHTML, like Gecko; compatible; GPTBot/1.4; +https://openai.com/gptbot)" "-"
114.119.138.0 - - [01/Aug/2026:00:50:30 +0200] "GET /listing/b306-appartement-15-min-disneyland?loknya=/homepages/16/d903490181 HTTP/1.1" 404 837 logesty-services.fr "https://logesty-services.fr/listing/b306-appartement-15-min-disneyland?loknya=/homepages/16" "Mozilla/5.0 (Linux; Android 7.0;) AppleWebKit/537.36 (HTML, like Gecko) Mobile Safari/537.36 (compatible; PetalBot;+https://webmaster.petalsearch.com/site/petalbot)" "-"
40.77.167.0 - - [01/Aug/2026:00:50:38 +0200] "GET /sitemap.xml HTTP/1.1" 404 837 logesty-services.fr "-" "Mozilla/5.0 AppleWebKit/537.36 (KHTML, like Gecko; compatible; bingbot/2.0; +http://www.bing.com/bingbot.htm) Chrome/116.0.1938.76 Safari/537.36" "-"
66.249.64.0 - - [01/Aug/2026:00:50:39 +0200] "GET /detail/271570405.shtm HTTP/1.1" 404 837 logesty-services.fr "-" "Mozilla/5.0 (Linux; Android 6.0.1; Nexus 5X Build/MMB29P) AppleWebKit/537.36 (KHTML, like Gecko) Chrome/151.0.7922.71 Mobile Safari/537.36 (compatible; Googlebot/2.1; +http://www.google.com/bot.html)" "-"
66.249.64.0 - - [01/Aug/2026:00:50:48 +0200] "GET /?u=586731938 HTTP/1.1" 200 153890 logesty-services.fr "-" "Mozilla/5.0 (Linux; Android 6.0.1; Nexus 5X Build/MMB29P) AppleWebKit/537.36 (KHTML, like Gecko) Chrome/150.0.7871.186 Mobile Safari/537.36 (compatible; Googlebot/2.1; +http://www.google.com/bot.html)" "-"
74.7.227.0 - - [01/Aug/2026:00:50:54 +0200] "GET /?lokasie=/etc//nanorc&loknya=/etc/ HTTP/1.1" 200 14278 logesty-services.fr "https://logesty-services.fr/?loknya=/etc/" "Mozilla/5.0 AppleWebKit/537.36 (KHTML, like Gecko; compatible; GPTBot/1.4; +https://openai.com/gptbot)" "-"
66.249.64.0 - - [01/Aug/2026:00:50:56 +0200] "GET /detail/271559268.shtm HTTP/1.1" 404 837 logesty-services.fr "-" "Mozilla/5.0 (Linux; Android 6.0.1; Nexus 5X Build/MMB29P) AppleWebKit/537.36 (KHTML, like Gecko) Chrome/151.0.7922.71 Mobile Safari/537.36 (compatible; Googlebot/2.1; +http://www.google.com/bot.html)" "-"
74.7.227.0 - - [01/Aug/2026:00:51:16 +0200] "GET /?lokasie=/etc//shells&loknya=/etc/ HTTP/1.1" 200 4010 logesty-services.fr "https://logesty-services.fr/?loknya=/etc/" "Mozilla/5.0 AppleWebKit/537.36 (KHTML, like Gecko; compatible; GPTBot/1.4; +https://openai.com/gptbot)" "-"
66.249.64.0 - - [01/Aug/2026:00:51:20 +0200] "GET /detail/271599425.shtm HTTP/1.1" 404 837 logesty-services.fr "-" "Mozilla/5.0 (Linux; Android 6.0.1; Nexus 5X Build/MMB29P) AppleWebKit/537.36 (KHTML, like Gecko) Chrome/151.0.7922.71 Mobile Safari/537.36 (compatible; Googlebot/2.1; +http://www.google.com/bot.html)" "-"
74.7.227.0 - - [01/Aug/2026:00:51:36 +0200] "GET /?lokasie=/usr/bin/su&loknya=/usr/bin HTTP/1.1" 200 3972 logesty-services.fr "https://logesty-services.fr/?loknya=/usr/bin" "Mozilla/5.0 AppleWebKit/537.36 (KHTML, like Gecko; compatible; GPTBot/1.4; +https://openai.com/gptbot)" "-"
74.7.227.0 - - [01/Aug/2026:00:51:53 +0200] "GET /?lokasie=/usr/bin/ri&loknya=/usr/bin HTTP/1.1" 200 4524 logesty-services.fr "https://logesty-services.fr/?loknya=/usr/bin" "Mozilla/5.0 AppleWebKit/537.36 (KHTML, like Gecko; compatible; GPTBot/1.4; +https://openai.com/gptbot)" "-"
114.119.143.0 - - [01/Aug/2026:00:51:54 +0200] "GET /listing/b306-appartement-15-min-disneyland?loknya=/homepages/16/d901606092 HTTP/1.1" 404 837 logesty-services.fr "https://logesty-services.fr/listing/b306-appartement-15-min-disneyland?loknya=/homepages/16" "Mozilla/5.0 (Linux; Android 7.0;) AppleWebKit/537.36 (HTML, like Gecko) Mobile Safari/537.36 (compatible; PetalBot;+https://webmaster.petalsearch.com/site/petalbot)" "-"
66.249.64.0 - - [01/Aug/2026:00:51:58 +0200] "GET /detail/271567819.shtm HTTP/1.1" 404 837 logesty-services.fr "-" "Mozilla/5.0 (Linux; Android 6.0.1; Nexus 5X Build/MMB29P) AppleWebKit/537.36 (KHTML, like Gecko) Chrome/151.0.7922.71 Mobile Safari/537.36 (compatible; Googlebot/2.1; +http://www.google.com/bot.html)" "-"
2a03:2880:1800:: - - [01/Aug/2026:00:52:06 +0200] "GET /wp-content/uploads/2024/12/Capture-decran-2024-12-13-a-21.21.08-664x500.png HTTP/1.1" 200 561191 logesty-services.fr "-" "meta-externalagent/1.1 (+https://developers.facebook.com/docs/sharing/webmasters/crawler)" "-"
66.249.64.0 - - [01/Aug/2026:00:52:08 +0200] "GET /detail/545195256.shtm?loknya=/homepages/43/d895481126 HTTP/1.1" 404 837 logesty-services.fr "-" "Mozilla/5.0 (Linux; Android 6.0.1; Nexus 5X Build/MMB29P) AppleWebKit/537.36 (KHTML, like Gecko) Chrome/150.0.7871.186 Mobile Safari/537.36 (compatible; GoogleOther)" "-"
74.7.227.0 - - [01/Aug/2026:00:52:10 +0200] "GET /?lokasie=/proc//crypto&loknya=/proc/ HTTP/1.1" 200 7560 logesty-services.fr "https://logesty-services.fr/?loknya=/proc/" "Mozilla/5.0 AppleWebKit/537.36 (KHTML, like Gecko; compatible; GPTBot/1.4; +https://openai.com/gptbot)" "-"
66.249.64.0 - - [01/Aug/2026:00:52:11 +0200] "GET /detail/271591394.shtm HTTP/1.1" 404 837 logesty-services.fr "-" "Mozilla/5.0 (Linux; Android 6.0.1; Nexus 5X Build/MMB29P) AppleWebKit/537.36 (KHTML, like Gecko) Chrome/151.0.7922.71 Mobile Safari/537.36 (compatible; Googlebot/2.1; +http://www.google.com/bot.html)" "-"
66.249.64.0 - - [01/Aug/2026:00:52:16 +0200] "GET /detail/271573001.shtm HTTP/1.1" 404 837 logesty-services.fr "-" "Mozilla/5.0 (Linux; Android 6.0.1; Nexus 5X Build/MMB29P) AppleWebKit/537.36 (KHTML, like Gecko) Chrome/151.0.7922.71 Mobile Safari/537.36 (compatible; Googlebot/2.1; +http://www.google.com/bot.html)" "-"
178.20.44.0 - - [01/Aug/2026:00:52:17 +0200] "GET /author/virgieoldaker4/ HTTP/1.1" 404 837 logesty-services.fr "http://logesty-services.fr/author/virgieoldaker4/" "Mozilla/5.0 (Windows NT 10.0; Win64; x64) AppleWebKit/537.36 (KHTML, like Gecko) Chrome/129.0.0.0 Safari/537.36" "-"
178.20.44.0 - - [01/Aug/2026:00:52:17 +0200] "GET / HTTP/1.1" 200 83792 logesty-services.fr "http://logesty-services.fr/" "Mozilla/5.0 (Windows NT 10.0; Win64; x64) AppleWebKit/537.36 (KHTML, like Gecko) Chrome/129.0.0.0 Safari/537.36" "-"
178.20.44.0 - - [01/Aug/2026:00:52:18 +0200] "GET /?loknya=/homepages/43/d895481126/htdocs/clickandbuilds/LogestyServices/contact-logesty-service HTTP/1.1" 200 13561 logesty-services.fr "http://logesty-services.fr/?loknya=/homepages/43/d895481126/htdocs/clickandbuilds/LogestyServices/contact-logesty-service" "Mozilla/5.0 (Windows NT 10.0; Win64; x64) AppleWebKit/537.36 (KHTML, like Gecko) Chrome/129.0.0.0 Safari/537.36" "-"
74.7.227.0 - - [01/Aug/2026:00:52:23 +0200] "GET /?lokasie=/usr/bin/nl&loknya=/usr/bin HTTP/1.1" 200 3972 logesty-services.fr "https://logesty-services.fr/?loknya=/usr/bin" "Mozilla/5.0 AppleWebKit/537.36 (KHTML, like Gecko; compatible; GPTBot/1.4; +https://openai.com/gptbot)" "-"
66.249.64.0 - - [01/Aug/2026:00:52:29 +0200] "GET /detail/271579217.shtm HTTP/1.1" 404 837 logesty-services.fr "-" "Mozilla/5.0 (Linux; Android 6.0.1; Nexus 5X Build/MMB29P) AppleWebKit/537.36 (KHTML, like Gecko) Chrome/151.0.7922.71 Mobile Safari/537.36 (compatible; Googlebot/2.1; +http://www.google.com/bot.html)" "-"
66.249.64.0 - - [01/Aug/2026:00:52:31 +0200] "GET /detail/271572487.shtm HTTP/1.1" 404 837 logesty-services.fr "-" "Mozilla/5.0 (Linux; Android 6.0.1; Nexus 5X Build/MMB29P) AppleWebKit/537.36 (KHTML, like Gecko) Chrome/151.0.7922.71 Mobile Safari/537.36 (compatible; Googlebot/2.1; +http://www.google.com/bot.html)" "-"
66.249.64.0 - - [01/Aug/2026:00:52:32 +0200] "GET /detail/271569114.shtm HTTP/1.1" 404 837 logesty-services.fr "-" "Mozilla/5.0 (Linux; Android 6.0.1; Nexus 5X Build/MMB29P) AppleWebKit/537.36 (KHTML, like Gecko) Chrome/151.0.7922.71 Mobile Safari/537.36 (compatible; Googlebot/2.1; +http://www.google.com/bot.html)" "-"
66.249.64.0 - - [01/Aug/2026:00:52:35 +0200] "GET /detail/271598389.shtm HTTP/1.1" 404 837 logesty-services.fr "-" "Mozilla/5.0 (Linux; Android 6.0.1; Nexus 5X Build/MMB29P) AppleWebKit/537.36 (KHTML, like Gecko) Chrome/151.0.7922.71 Mobile Safari/537.36 (compatible; Googlebot/2.1; +http://www.google.com/bot.html)" "-"
66.249.64.0 - - [01/Aug/2026:00:52:35 +0200] "GET /detail/271563675.shtm HTTP/1.1" 404 837 logesty-services.fr "-" "Mozilla/5.0 (Linux; Android 6.0.1; Nexus 5X Build/MMB29P) AppleWebKit/537.36 (KHTML, like Gecko) Chrome/151.0.7922.71 Mobile Safari/537.36 (compatible; Googlebot/2.1; +http://www.google.com/bot.html)" "-"
66.249.64.0 - - [01/Aug/2026:00:52:35 +0200] "GET /detail/271586214.shtm HTTP/1.1" 404 837 logesty-services.fr "-" "Mozilla/5.0 (Linux; Android 6.0.1; Nexus 5X Build/MMB29P) AppleWebKit/537.36 (KHTML, like Gecko) Chrome/151.0.7922.71 Mobile Safari/537.36 (compatible; Googlebot/2.1; +http://www.google.com/bot.html)" "-"
66.249.64.0 - - [01/Aug/2026:00:52:36 +0200] "GET /detail/271599947.shtm HTTP/1.1" 404 837 logesty-services.fr "-" "Mozilla/5.0 (Linux; Android 6.0.1; Nexus 5X Build/MMB29P) AppleWebKit/537.36 (KHTML, like Gecko) Chrome/151.0.7922.71 Mobile Safari/537.36 (compatible; Googlebot/2.1; +http://www.google.com/bot.html)" "-"
66.249.64.0 - - [01/Aug/2026:00:52:36 +0200] "GET /detail/271591135.shtm HTTP/1.1" 404 837 logesty-services.fr "-" "Mozilla/5.0 (Linux; Android 6.0.1; Nexus 5X Build/MMB29P) AppleWebKit/537.36 (KHTML, like Gecko) Chrome/151.0.7922.71 Mobile Safari/537.36 (compatible; Googlebot/2.1; +http://www.google.com/bot.html)" "-"
74.7.227.0 - - [01/Aug/2026:00:52:36 +0200] "GET /?lokasie=/usr/bin/ls&loknya=/usr/bin HTTP/1.1" 200 3972 logesty-services.fr "https://logesty-services.fr/?loknya=/usr/bin" "Mozilla/5.0 AppleWebKit/537.36 (KHTML, like Gecko; compatible; GPTBot/1.4; +https://openai.com/gptbot)" "-"
66.249.64.0 - - [01/Aug/2026:00:52:37 +0200] "GET /detail/271558232.shtm HTTP/1.1" 404 837 logesty-services.fr "-" "Mozilla/5.0 (Linux; Android 6.0.1; Nexus 5X Build/MMB29P) AppleWebKit/537.36 (KHTML, like Gecko) Chrome/151.0.7922.71 Mobile Safari/537.36 (compatible; Googlebot/2.1; +http://www.google.com/bot.html)" "-"
66.249.64.0 - - [01/Aug/2026:00:52:38 +0200] "GET /detail/271560826.shtm HTTP/1.1" 404 837 logesty-services.fr "-" "Mozilla/5.0 (Linux; Android 6.0.1; Nexus 5X Build/MMB29P) AppleWebKit/537.36 (KHTML, like Gecko) Chrome/151.0.7922.71 Mobile Safari/537.36 (compatible; Googlebot/2.1; +http://www.google.com/bot.html)" "-"
66.249.64.0 - - [01/Aug/2026:00:52:38 +0200] "GET /detail/271583620.shtm HTTP/1.1" 404 837 logesty-services.fr "-" "Mozilla/5.0 (Linux; Android 6.0.1; Nexus 5X Build/MMB29P) AppleWebKit/537.36 (KHTML, like Gecko) Chrome/151.0.7922.71 Mobile Safari/537.36 (compatible; Googlebot/2.1; +http://www.google.com/bot.html)" "-"
66.249.64.0 - - [01/Aug/2026:00:52:38 +0200] "GET /detail/271567556.shtm HTTP/1.1" 404 837 logesty-services.fr "-" "Mozilla/5.0 (Linux; Android 6.0.1; Nexus 5X Build/MMB29P) AppleWebKit/537.36 (KHTML, like Gecko) Chrome/151.0.7922.71 Mobile Safari/537.36 (compatible; Googlebot/2.1; +http://www.google.com/bot.html)" "-"
66.249.64.0 - - [01/Aug/2026:00:52:39 +0200] "GET /?u=407995868 HTTP/1.1" 200 155668 logesty-services.fr "-" "Mozilla/5.0 (Linux; Android 6.0.1; Nexus 5X Build/MMB29P) AppleWebKit/537.36 (KHTML, like Gecko) Chrome/150.0.7871.186 Mobile Safari/537.36 (compatible; Googlebot/2.1; +http://www.google.com/bot.html)" "-"
66.249.64.0 - - [01/Aug/2026:00:52:40 +0200] "GET /detail/271557459.shtm HTTP/1.1" 404 837 logesty-services.fr "-" "Mozilla/5.0 (Linux; Android 6.0.1; Nexus 5X Build/MMB29P) AppleWebKit/537.36 (KHTML, like Gecko) Chrome/151.0.7922.71 Mobile Safari/537.36 (compatible; Googlebot/2.1; +http://www.google.com/bot.html)" "-"
66.249.64.0 - - [01/Aug/2026:00:52:40 +0200] "GET /detail/271563934.shtm HTTP/1.1" 404 837 logesty-services.fr "-" "Mozilla/5.0 (Linux; Android 6.0.1; Nexus 5X Build/MMB29P) AppleWebKit/537.36 (KHTML, like Gecko) Chrome/151.0.7922.71 Mobile Safari/537.36 (compatible; Googlebot/2.1; +http://www.google.com/bot.html)" "-"
66.249.64.0 - - [01/Aug/2026:00:52:40 +0200] "GET /detail/271580775.shtm HTTP/1.1" 404 837 logesty-services.fr "-" "Mozilla/5.0 (Linux; Android 6.0.1; Nexus 5X Build/MMB29P) AppleWebKit/537.36 (KHTML, like Gecko) Chrome/151.0.7922.71 Mobile Safari/537.36 (compatible; Googlebot/2.1; +http://www.google.com/bot.html)" "-"
66.249.64.0 - - [01/Aug/2026:00:52:40 +0200] "GET /detail/271559009.shtm HTTP/1.1" 404 837 logesty-services.fr "-" "Mozilla/5.0 (Linux; Android 6.0.1; Nexus 5X Build/MMB29P) AppleWebKit/537.36 (KHTML, like Gecko) Chrome/151.0.7922.71 Mobile Safari/537.36 (compatible; Googlebot/2.1; +http://www.google.com/bot.html)" "-"
66.249.64.0 - - [01/Aug/2026:00:52:40 +0200] "GET /detail/271567297.shtm HTTP/1.1" 404 837 logesty-services.fr "-" "Mozilla/5.0 (Linux; Android 6.0.1; Nexus 5X Build/MMB29P) AppleWebKit/537.36 (KHTML, like Gecko) Chrome/151.0.7922.71 Mobile Safari/537.36 (compatible; Googlebot/2.1; +http://www.google.com/bot.html)" "-"
66.249.64.0 - - [01/Aug/2026:00:52:40 +0200] "GET /detail/271561862.shtm HTTP/1.1" 404 837 logesty-services.fr "-" "Mozilla/5.0 (Linux; Android 6.0.1; Nexus 5X Build/MMB29P) AppleWebKit/537.36 (KHTML, like Gecko) Chrome/151.0.7922.71 Mobile Safari/537.36 (compatible; Googlebot/2.1; +http://www.google.com/bot.html)" "-"
66.249.64.0 - - [01/Aug/2026:00:52:41 +0200] "GET /detail/271562376.shtm HTTP/1.1" 404 837 logesty-services.fr "-" "Mozilla/5.0 (Linux; Android 6.0.1; Nexus 5X Build/MMB29P) AppleWebKit/537.36 (KHTML, like Gecko) Chrome/151.0.7922.71 Mobile Safari/537.36 (compatible; Googlebot/2.1; +http://www.google.com/bot.html)" "-"
66.249.64.0 - - [01/Aug/2026:00:52:44 +0200] "GET /detail/271572222.shtm HTTP/1.1" 404 837 logesty-services.fr "-" "Mozilla/5.0 (Linux; Android 6.0.1; Nexus 5X Build/MMB29P) AppleWebKit/537.36 (KHTML, like Gecko) Chrome/151.0.7922.71 Mobile Safari/537.36 (compatible; Googlebot/2.1; +http://www.google.com/bot.html)" "-"
66.249.64.0 - - [01/Aug/2026:00:52:44 +0200] "GET /detail/271566006.shtm HTTP/1.1" 404 837 logesty-services.fr "-" "Mozilla/5.0 (Linux; Android 6.0.1; Nexus 5X Build/MMB29P) AppleWebKit/537.36 (KHTML, like Gecko) Chrome/151.0.7922.71 Mobile Safari/537.36 (compatible; Googlebot/2.1; +http://www.google.com/bot.html)" "-"
66.249.64.0 - - [01/Aug/2026:00:52:44 +0200] "GET /detail/271575073.shtm HTTP/1.1" 404 837 logesty-services.fr "-" "Mozilla/5.0 (Linux; Android 6.0.1; Nexus 5X Build/MMB29P) AppleWebKit/537.36 (KHTML, like Gecko) Chrome/151.0.7922.71 Mobile Safari/537.36 (compatible; Googlebot/2.1; +http://www.google.com/bot.html)" "-"
66.249.64.0 - - [01/Aug/2026:00:52:45 +0200] "GET /detail/271561081.shtm HTTP/1.1" 404 837 logesty-services.fr "-" "Mozilla/5.0 (Linux; Android 6.0.1; Nexus 5X Build/MMB29P) AppleWebKit/537.36 (KHTML, like Gecko) Chrome/151.0.7922.71 Mobile Safari/537.36 (compatible; Googlebot/2.1; +http://www.google.com/bot.html)" "-"
66.249.64.0 - - [01/Aug/2026:00:52:48 +0200] "GET /detail/271578440.shtm HTTP/1.1" 404 837 logesty-services.fr "-" "Mozilla/5.0 (Linux; Android 6.0.1; Nexus 5X Build/MMB29P) AppleWebKit/537.36 (KHTML, like Gecko) Chrome/151.0.7922.71 Mobile Safari/537.36 (compatible; Googlebot/2.1; +http://www.google.com/bot.html)" "-"
66.249.64.0 - - [01/Aug/2026:00:52:48 +0200] "GET /detail/271599170.shtm HTTP/1.1" 404 837 logesty-services.fr "-" "Mozilla/5.0 (Linux; Android 6.0.1; Nexus 5X Build/MMB29P) AppleWebKit/537.36 (KHTML, like Gecko) Chrome/151.0.7922.71 Mobile Safari/537.36 (compatible; Googlebot/2.1; +http://www.google.com/bot.html)" "-"
74.7.227.0 - - [01/Aug/2026:00:52:48 +0200] "GET /?lokasie=/usr/bin/ar&loknya=/usr/bin HTTP/1.1" 200 3972 logesty-services.fr "https://logesty-services.fr/?loknya=/usr/bin" "Mozilla/5.0 AppleWebKit/537.36 (KHTML, like Gecko; compatible; GPTBot/1.4; +https://openai.com/gptbot)" "-"
66.249.64.0 - - [01/Aug/2026:00:52:49 +0200] "GET /detail/271568592.shtm HTTP/1.1" 404 837 logesty-services.fr "-" "Mozilla/5.0 (Linux; Android 6.0.1; Nexus 5X Build/MMB29P) AppleWebKit/537.36 (KHTML, like Gecko) Chrome/151.0.7922.71 Mobile Safari/537.36 (compatible; Googlebot/2.1; +http://www.google.com/bot.html)" "-"
66.249.64.0 - - [01/Aug/2026:00:52:49 +0200] "GET /detail/271560567.shtm HTTP/1.1" 404 837 logesty-services.fr "-" "Mozilla/5.0 (Linux; Android 6.0.1; Nexus 5X Build/MMB29P) AppleWebKit/537.36 (KHTML, like Gecko) Chrome/151.0.7922.71 Mobile Safari/537.36 (compatible; Googlebot/2.1; +http://www.google.com/bot.html)" "-"
74.7.227.0 - - [01/Aug/2026:00:52:58 +0200] "GET /?lokasie=/usr/bin/as&loknya=/usr/bin HTTP/1.1" 200 3972 logesty-services.fr "https://logesty-services.fr/?loknya=/usr/bin" "Mozilla/5.0 AppleWebKit/537.36 (KHTML, like Gecko; compatible; GPTBot/1.4; +https://openai.com/gptbot)" "-"
66.249.64.0 - - [01/Aug/2026:00:52:58 +0200] "GET /?u=6482832213 HTTP/1.1" 200 154801 logesty-services.fr "-" "Mozilla/5.0 (Linux; Android 6.0.1; Nexus 5X Build/MMB29P) AppleWebKit/537.36 (KHTML, like Gecko) Chrome/150.0.7871.186 Mobile Safari/537.36 (compatible; Googlebot/2.1; +http://www.google.com/bot.html)" "-"
74.7.227.0 - - [01/Aug/2026:00:53:08 +0200] "GET /?lokasie=/usr/bin/ln&loknya=/usr/bin HTTP/1.1" 200 3972 logesty-services.fr "https://logesty-services.fr/?loknya=/usr/bin" "Mozilla/5.0 AppleWebKit/537.36 (KHTML, like Gecko; compatible; GPTBot/1.4; +https://openai.com/gptbot)" "-"
74.7.227.0 - - [01/Aug/2026:00:53:16 +0200] "GET /?lokasie=/usr/bin/ab&loknya=/usr/bin HTTP/1.1" 200 3972 logesty-services.fr "https://logesty-services.fr/?loknya=/usr/bin" "Mozilla/5.0 AppleWebKit/537.36 (KHTML, like Gecko; compatible; GPTBot/1.4; +https://openai.com/gptbot)" "-"
114.119.136.0 - - [01/Aug/2026:00:53:17 +0200] "GET /listing/b306-appartement-15-min-disneyland?loknya=/homepages/16/d894983416 HTTP/1.1" 404 837 logesty-services.fr "https://logesty-services.fr/listing/b306-appartement-15-min-disneyland?loknya=/homepages/16" "Mozilla/5.0 (Linux; Android 7.0;) AppleWebKit/537.36 (HTML, like Gecko) Mobile Safari/537.36 (compatible; PetalBot;+https://webmaster.petalsearch.com/site/petalbot)" "-"
66.249.64.0 - - [01/Aug/2026:00:53:18 +0200] "GET /detail/271579476.shtm HTTP/1.1" 404 837 logesty-services.fr "-" "Mozilla/5.0 (Linux; Android 6.0.1; Nexus 5X Build/MMB29P) AppleWebKit/537.36 (KHTML, like Gecko) Chrome/151.0.7922.71 Mobile Safari/537.36 (compatible; Googlebot/2.1; +http://www.google.com/bot.html)" "-"
74.7.227.0 - - [01/Aug/2026:00:53:24 +0200] "GET /?lokasie=/usr/bin/ul&loknya=/usr/bin HTTP/1.1" 429 267 logesty-services.fr "https://logesty-services.fr/?loknya=/usr/bin" "Mozilla/5.0 AppleWebKit/537.36 (KHTML, like Gecko; compatible; GPTBot/1.4; +https://openai.com/gptbot)" "-"
74.7.227.0 - - [01/Aug/2026:00:53:31 +0200] "GET /?lokasie=/kunden/bin/bzip2recover&loknya=/kunden/bin HTTP/1.1" 429 267 logesty-services.fr "https://logesty-services.fr/?loknya=/kunden/bin" "Mozilla/5.0 AppleWebKit/537.36 (KHTML, like Gecko; compatible; GPTBot/1.4; +https://openai.com/gptbot)" "-"
66.249.64.0 - - [01/Aug/2026:00:53:34 +0200] "GET /detail/271576631.shtm HTTP/1.1" 404 837 logesty-services.fr "-" "Mozilla/5.0 (Linux; Android 6.0.1; Nexus 5X Build/MMB29P) AppleWebKit/537.36 (KHTML, like Gecko) Chrome/151.0.7922.71 Mobile Safari/537.36 (compatible; Googlebot/2.1; +http://www.google.com/bot.html)" "-"
66.249.64.0 - - [01/Aug/2026:00:53:39 +0200] "GET /detail/271588286.shtm HTTP/1.1" 404 837 logesty-services.fr "-" "Mozilla/5.0 (Linux; Android 6.0.1; Nexus 5X Build/MMB29P) AppleWebKit/537.36 (KHTML, like Gecko) Chrome/151.0.7922.71 Mobile Safari/537.36 (compatible; Googlebot/2.1; +http://www.google.com/bot.html)" "-"
66.249.64.0 - - [01/Aug/2026:00:53:42 +0200] "GET /detail/271589322.shtm HTTP/1.1" 404 837 logesty-services.fr "-" "Mozilla/5.0 (Linux; Android 6.0.1; Nexus 5X Build/MMB29P) AppleWebKit/537.36 (KHTML, like Gecko) Chrome/151.0.7922.71 Mobile Safari/537.36 (compatible; Googlebot/2.1; +http://www.google.com/bot.html)" "-"
66.249.64.0 - - [01/Aug/2026:00:53:43 +0200] "GET /detail/271598648.shtm HTTP/1.1" 404 837 logesty-services.fr "-" "Mozilla/5.0 (Linux; Android 6.0.1; Nexus 5X Build/MMB29P) AppleWebKit/537.36 (KHTML, like Gecko) Chrome/151.0.7922.71 Mobile Safari/537.36 (compatible; Googlebot/2.1; +http://www.google.com/bot.html)" "-"
66.249.64.0 - - [01/Aug/2026:00:53:46 +0200] "GET /detail/271600720.shtm HTTP/1.1" 404 837 logesty-services.fr "-" "Mozilla/5.0 (Linux; Android 6.0.1; Nexus 5X Build/MMB29P) AppleWebKit/537.36 (KHTML, like Gecko) Chrome/151.0.7922.71 Mobile Safari/537.36 (compatible; Googlebot/2.1; +http://www.google.com/bot.html)" "-"
66.249.64.0 - - [01/Aug/2026:00:53:47 +0200] "GET /detail/271565225.shtm HTTP/1.1" 404 837 logesty-services.fr "-" "Mozilla/5.0 (Linux; Android 6.0.1; Nexus 5X Build/MMB29P) AppleWebKit/537.36 (KHTML, like Gecko) Chrome/151.0.7922.71 Mobile Safari/537.36 (compatible; Googlebot/2.1; +http://www.google.com/bot.html)" "-"
66.249.64.0 - - [01/Aug/2026:00:53:47 +0200] "GET /detail/271589836.shtm HTTP/1.1" 404 837 logesty-services.fr "-" "Mozilla/5.0 (Linux; Android 6.0.1; Nexus 5X Build/MMB29P) AppleWebKit/537.36 (KHTML, like Gecko) Chrome/151.0.7922.71 Mobile Safari/537.36 (compatible; Googlebot/2.1; +http://www.google.com/bot.html)" "-"
74.7.227.0 - - [01/Aug/2026:00:53:52 +0200] "GET /?loknya=/homepages/33 HTTP/1.1" 429 267 logesty-services.fr "https://logesty-services.fr/?loknya=/homepages" "Mozilla/5.0 AppleWebKit/537.36 (KHTML, like Gecko; compatible; GPTBot/1.4; +https://openai.com/gptbot)" "-"
66.249.64.0 - - [01/Aug/2026:00:53:53 +0200] "GET /detail/271571963.shtm HTTP/1.1" 404 837 logesty-services.fr "-" "Mozilla/5.0 (Linux; Android 6.0.1; Nexus 5X Build/MMB29P) AppleWebKit/537.36 (KHTML, like Gecko) Chrome/151.0.7922.71 Mobile Safari/537.36 (compatible; Googlebot/2.1; +http://www.google.com/bot.html)" "-"
66.249.64.0 - - [01/Aug/2026:00:53:54 +0200] "GET /detail/271593990.shtm HTTP/1.1" 404 837 logesty-services.fr "-" "Mozilla/5.0 (Linux; Android 6.0.1; Nexus 5X Build/MMB29P) AppleWebKit/537.36 (KHTML, like Gecko) Chrome/151.0.7922.71 Mobile Safari/537.36 (compatible; Googlebot/2.1; +http://www.google.com/bot.html)" "-"
66.249.64.0 - - [01/Aug/2026:00:53:54 +0200] "GET /detail/271564711.shtm HTTP/1.1" 404 837 logesty-services.fr "-" "Mozilla/5.0 (Linux; Android 6.0.1; Nexus 5X Build/MMB29P) AppleWebKit/537.36 (KHTML, like Gecko) Chrome/151.0.7922.71 Mobile Safari/537.36 (compatible; Googlebot/2.1; +http://www.google.com/bot.html)" "-"
66.249.64.0 - - [01/Aug/2026:00:53:54 +0200] "GET /detail/271570927.shtm HTTP/1.1" 404 837 logesty-services.fr "-" "Mozilla/5.0 (Linux; Android 6.0.1; Nexus 5X Build/MMB29P) AppleWebKit/537.36 (KHTML, like Gecko) Chrome/151.0.7922.71 Mobile Safari/537.36 (compatible; Googlebot/2.1; +http://www.google.com/bot.html)" "-"
66.249.64.0 - - [01/Aug/2026:00:53:58 +0200] "GET /detail/271593731.shtm HTTP/1.1" 404 837 logesty-services.fr "-" "Mozilla/5.0 (Linux; Android 6.0.1; Nexus 5X Build/MMB29P) AppleWebKit/537.36 (KHTML, like Gecko) Chrome/151.0.7922.71 Mobile Safari/537.36 (compatible; Googlebot/2.1; +http://www.google.com/bot.html)" "-"
66.249.64.0 - - [01/Aug/2026:00:54:00 +0200] "GET /detail/271585433.shtm HTTP/1.1" 404 837 logesty-services.fr "-" "Mozilla/5.0 (Linux; Android 6.0.1; Nexus 5X Build/MMB29P) AppleWebKit/537.36 (KHTML, like Gecko) Chrome/151.0.7922.71 Mobile Safari/537.36 (compatible; Googlebot/2.1; +http://www.google.com/bot.html)" "-"
66.249.64.0 - - [01/Aug/2026:00:54:00 +0200] "GET /detail/271602533.shtm HTTP/1.1" 404 837 logesty-services.fr "-" "Mozilla/5.0 (Linux; Android 6.0.1; Nexus 5X Build/MMB29P) AppleWebKit/537.36 (KHTML, like Gecko) Chrome/151.0.7922.71 Mobile Safari/537.36 (compatible; Googlebot/2.1; +http://www.google.com/bot.html)" "-"
66.249.64.0 - - [01/Aug/2026:00:54:05 +0200] "GET /detail/271576109.shtm HTTP/1.1" 404 837 logesty-services.fr "-" "Mozilla/5.0 (Linux; Android 6.0.1; Nexus 5X Build/MMB29P) AppleWebKit/537.36 (KHTML, like Gecko) Chrome/151.0.7922.71 Mobile Safari/537.36 (compatible; Googlebot/2.1; +http://www.google.com/bot.html)" "-"
114.119.133.0 - - [01/Aug/2026:00:54:41 +0200] "GET /listing/b306-appartement-15-min-disneyland?loknya=/homepages/16/d894379701 HTTP/1.1" 404 837 logesty-services.fr "https://logesty-services.fr/listing/b306-appartement-15-min-disneyland?loknya=/homepages/16" "Mozilla/5.0 (Linux; Android 7.0;) AppleWebKit/537.36 (HTML, like Gecko) Mobile Safari/537.36 (compatible; PetalBot;+https://webmaster.petalsearch.com/site/petalbot)" "-"
74.7.227.0 - - [01/Aug/2026:00:54:54 +0200] "GET /?lokasie=/kunden/bin/db_replicate&loknya=/kunden/bin HTTP/1.1" 200 3994 logesty-services.fr "https://logesty-services.fr/?loknya=/kunden/bin" "Mozilla/5.0 AppleWebKit/537.36 (KHTML, like Gecko; compatible; GPTBot/1.4; +https://openai.com/gptbot)" "-"
66.249.64.0 - - [01/Aug/2026:00:55:31 +0200] "GET /detail/271596576.shtm HTTP/1.1" 404 837 logesty-services.fr "-" "Mozilla/5.0 (Linux; Android 6.0.1; Nexus 5X Build/MMB29P) AppleWebKit/537.36 (KHTML, like Gecko) Chrome/151.0.7922.71 Mobile Safari/537.36 (compatible; Googlebot/2.1; +http://www.google.com/bot.html)" "-"
17.246.15.0 - - [01/Aug/2026:00:55:58 +0200] "GET /robots.txt HTTP/1.1" 200 1157 logesty-services.fr "-" "Mozilla/5.0 (Macintosh; Intel Mac OS X 10_15_7) AppleWebKit/605.1.15 (KHTML, like Gecko) Version/17.4 Safari/605.1.15 (Applebot/0.1; +http://www.apple.com/go/applebot)" "-"
17.246.15.0 - - [01/Aug/2026:00:55:58 +0200] "GET /tag/national/?loknya=/ HTTP/1.1" 404 837 logesty-services.fr "-" "Mozilla/5.0 (Macintosh; Intel Mac OS X 10_15_7) AppleWebKit/605.1.15 (KHTML, like Gecko) Version/17.4 Safari/605.1.15 (Applebot/0.1; +http://www.apple.com/go/applebot)" "-"
74.7.227.0 - - [01/Aug/2026:00:56:00 +0200] "GET /?lokasie=/kunden/bin/mariadb-conv&loknya=/kunden/bin HTTP/1.1" 200 3994 logesty-services.fr "https://logesty-services.fr/?loknya=/kunden/bin" "Mozilla/5.0 AppleWebKit/537.36 (KHTML, like Gecko; compatible; GPTBot/1.4; +https://openai.com/gptbot)" "-"
66.249.64.0 - - [01/Aug/2026:00:56:04 +0200] "GET /detail/271565747.shtm HTTP/1.1" 404 837 logesty-services.fr "-" "Mozilla/5.0 (Linux; Android 6.0.1; Nexus 5X Build/MMB29P) AppleWebKit/537.36 (KHTML, like Gecko) Chrome/151.0.7922.71 Mobile Safari/537.36 (compatible; Googlebot/2.1; +http://www.google.com/bot.html)" "-"
114.119.133.0 - - [01/Aug/2026:00:56:04 +0200] "GET /listing/b306-appartement-15-min-disneyland?loknya=/homepages/13/d898478850 HTTP/1.1" 404 837 logesty-services.fr "https://logesty-services.fr/listing/b306-appartement-15-min-disneyland?loknya=/homepages/13" "Mozilla/5.0 (Linux; Android 7.0;) AppleWebKit/537.36 (HTML, like Gecko) Mobile Safari/537.36 (compatible; PetalBot;+https://webmaster.petalsearch.com/site/petalbot)" "-"
66.249.64.0 - - [01/Aug/2026:00:56:13 +0200] "GET /detail/271600983.shtm HTTP/1.1" 404 837 logesty-services.fr "-" "Mozilla/5.0 (Linux; Android 6.0.1; Nexus 5X Build/MMB29P) AppleWebKit/537.36 (KHTML, like Gecko) Chrome/151.0.7922.71 Mobile Safari/537.36 (compatible; Googlebot/2.1; +http://www.google.com/bot.html)" "-"
66.249.64.0 - - [01/Aug/2026:00:56:14 +0200] "GET /detail/271578962.shtm HTTP/1.1" 404 837 logesty-services.fr "-" "Mozilla/5.0 (Linux; Android 6.0.1; Nexus 5X Build/MMB29P) AppleWebKit/537.36 (KHTML, like Gecko) Chrome/151.0.7922.71 Mobile Safari/537.36 (compatible; Googlebot/2.1; +http://www.google.com/bot.html)" "-"
66.249.64.0 - - [01/Aug/2026:00:56:15 +0200] "GET /detail/271565484.shtm HTTP/1.1" 404 837 logesty-services.fr "-" "Mozilla/5.0 (Linux; Android 6.0.1; Nexus 5X Build/MMB29P) AppleWebKit/537.36 (KHTML, like Gecko) Chrome/151.0.7922.71 Mobile Safari/537.36 (compatible; Googlebot/2.1; +http://www.google.com/bot.html)" "-"
66.249.64.0 - - [01/Aug/2026:00:56:16 +0200] "GET /detail/271589577.shtm HTTP/1.1" 404 837 logesty-services.fr "-" "Mozilla/5.0 (Linux; Android 6.0.1; Nexus 5X Build/MMB29P) AppleWebKit/537.36 (KHTML, like Gecko) Chrome/151.0.7922.71 Mobile Safari/537.36 (compatible; Googlebot/2.1; +http://www.google.com/bot.html)" "-"
66.249.64.0 - - [01/Aug/2026:00:56:17 +0200] "GET /detail/271578703.shtm HTTP/1.1" 404 837 logesty-services.fr "-" "Mozilla/5.0 (Linux; Android 6.0.1; Nexus 5X Build/MMB29P) AppleWebKit/537.36 (KHTML, like Gecko) Chrome/151.0.7922.71 Mobile Safari/537.36 (compatible; Googlebot/2.1; +http://www.google.com/bot.html)" "-"
66.249.64.0 - - [01/Aug/2026:00:56:17 +0200] "GET /detail/271576890.shtm HTTP/1.1" 404 837 logesty-services.fr "-" "Mozilla/5.0 (Linux; Android 6.0.1; Nexus 5X Build/MMB29P) AppleWebKit/537.36 (KHTML, like Gecko) Chrome/151.0.7922.71 Mobile Safari/537.36 (compatible; Googlebot/2.1; +http://www.google.com/bot.html)" "-"
66.249.64.0 - - [01/Aug/2026:00:56:19 +0200] "GET /detail/271591908.shtm HTTP/1.1" 404 837 logesty-services.fr "-" "Mozilla/5.0 (Linux; Android 6.0.1; Nexus 5X Build/MMB29P) AppleWebKit/537.36 (KHTML, like Gecko) Chrome/151.0.7922.71 Mobile Safari/537.36 (compatible; Googlebot/2.1; +http://www.google.com/bot.html)" "-"
66.249.64.0 - - [01/Aug/2026:00:56:21 +0200] "GET /detail/271582325.shtm HTTP/1.1" 404 837 logesty-services.fr "-" "Mozilla/5.0 (Linux; Android 6.0.1; Nexus 5X Build/MMB29P) AppleWebKit/537.36 (KHTML, like Gecko) Chrome/151.0.7922.71 Mobile Safari/537.36 (compatible; Googlebot/2.1; +http://www.google.com/bot.html)" "-"
66.249.64.0 - - [01/Aug/2026:00:56:22 +0200] "GET /detail/271583106.shtm HTTP/1.1" 404 837 logesty-services.fr "-" "Mozilla/5.0 (Linux; Android 6.0.1; Nexus 5X Build/MMB29P) AppleWebKit/537.36 (KHTML, like Gecko) Chrome/151.0.7922.71 Mobile Safari/537.36 (compatible; Googlebot/2.1; +http://www.google.com/bot.html)" "-"
66.249.64.0 - - [01/Aug/2026:00:56:22 +0200] "GET /detail/271566520.shtm HTTP/1.1" 404 837 logesty-services.fr "-" "Mozilla/5.0 (Linux; Android 6.0.1; Nexus 5X Build/MMB29P) AppleWebKit/537.36 (KHTML, like Gecko) Chrome/151.0.7922.71 Mobile Safari/537.36 (compatible; Googlebot/2.1; +http://www.google.com/bot.html)" "-"
66.249.64.0 - - [01/Aug/2026:00:56:22 +0200] "GET /detail/271595540.shtm HTTP/1.1" 404 837 logesty-services.fr "-" "Mozilla/5.0 (Linux; Android 6.0.1; Nexus 5X Build/MMB29P) AppleWebKit/537.36 (KHTML, like Gecko) Chrome/151.0.7922.71 Mobile Safari/537.36 (compatible; Googlebot/2.1; +http://www.google.com/bot.html)" "-"
66.249.64.0 - - [01/Aug/2026:00:56:22 +0200] "GET /detail/271601242.shtm HTTP/1.1" 404 837 logesty-services.fr "-" "Mozilla/5.0 (Linux; Android 6.0.1; Nexus 5X Build/MMB29P) AppleWebKit/537.36 (KHTML, like Gecko) Chrome/151.0.7922.71 Mobile Safari/537.36 (compatible; Googlebot/2.1; +http://www.google.com/bot.html)" "-"
66.249.64.0 - - [01/Aug/2026:00:56:22 +0200] "GET /detail/271559531.shtm HTTP/1.1" 404 837 logesty-services.fr "-" "Mozilla/5.0 (Linux; Android 6.0.1; Nexus 5X Build/MMB29P) AppleWebKit/537.36 (KHTML, like Gecko) Chrome/151.0.7922.71 Mobile Safari/537.36 (compatible; Googlebot/2.1; +http://www.google.com/bot.html)" "-"
66.249.64.0 - - [01/Aug/2026:00:56:23 +0200] "GET /detail/271590613.shtm HTTP/1.1" 404 837 logesty-services.fr "-" "Mozilla/5.0 (Linux; Android 6.0.1; Nexus 5X Build/MMB29P) AppleWebKit/537.36 (KHTML, like Gecko) Chrome/151.0.7922.71 Mobile Safari/537.36 (compatible; Googlebot/2.1; +http://www.google.com/bot.html)" "-"
66.249.64.0 - - [01/Aug/2026:00:56:24 +0200] "GET /detail/271579739.shtm HTTP/1.1" 404 837 logesty-services.fr "-" "Mozilla/5.0 (Linux; Android 6.0.1; Nexus 5X Build/MMB29P) AppleWebKit/537.36 (KHTML, like Gecko) Chrome/151.0.7922.71 Mobile Safari/537.36 (compatible; Googlebot/2.1; +http://www.google.com/bot.html)" "-"
66.249.64.0 - - [01/Aug/2026:00:56:25 +0200] "GET /detail/271574296.shtm HTTP/1.1" 404 837 logesty-services.fr "-" "Mozilla/5.0 (Linux; Android 6.0.1; Nexus 5X Build/MMB29P) AppleWebKit/537.36 (KHTML, like Gecko) Chrome/151.0.7922.71 Mobile Safari/537.36 (compatible; Googlebot/2.1; +http://www.google.com/bot.html)" "-"
74.7.227.0 - - [01/Aug/2026:00:56:56 +0200] "GET /?lokasie=/usr/bin/netcat&loknya=/usr/bin HTTP/1.1" 200 3976 logesty-services.fr "https://logesty-services.fr/?loknya=/usr/bin" "Mozilla/5.0 AppleWebKit/537.36 (KHTML, like Gecko; compatible; GPTBot/1.4; +https://openai.com/gptbot)" "-"
136.243.220.0 - - [01/Aug/2026:00:57:26 +0200] "GET /buy.php?outlet/055032803 HTTP/1.1" 404 837 logesty-services.fr "-" "Mozilla/5.0 (compatible; DataForSeoBot/1.0; +https://dataforseo.com/dataforseo-bot)" "-"
