216.73.216.0 - - [01/Aug/2026:01:50:32 +0200] "GET /listing/studio-cosy-perpignan/%7B%7Bitem.imgSrc%7D%7D?lokasie=%2Fhomepages%2F45%2Fd901486459%2F.htaccess&loknya=%2Fhomepages%2F45%2Fd901486459 HTTP/1.1" 404 837 logesty-services.fr "-" "Mozilla/5.0 AppleWebKit/537.36 (KHTML, like Gecko; compatible; ClaudeBot/1.0; +claudebot@anthropic.com)" "-"
216.73.216.0 - - [01/Aug/2026:01:50:38 +0200] "GET /detail/298964.shtm?lokasie=%2Fbin%2Ftzselect&loknya=%2Fbin HTTP/1.1" 404 837 logesty-services.fr "-" "Mozilla/5.0 AppleWebKit/537.36 (KHTML, like Gecko; compatible; ClaudeBot/1.0; +claudebot@anthropic.com)" "-"
74.7.227.0 - - [01/Aug/2026:01:50:39 +0200] "GET /?lokasie=/kunden/bin/mogrify-im6&loknya=/kunden/bin HTTP/1.1" 200 3993 logesty-services.fr "https://logesty-services.fr/?loknya=/kunden/bin" "Mozilla/5.0 AppleWebKit/537.36 (KHTML, like Gecko; compatible; GPTBot/1.4; +https://openai.com/gptbot)" "-"
216.73.216.0 - - [01/Aug/2026:01:50:43 +0200] "GET /item/080005370?loknya=%2Fhomepages%2F43%2Fd895481126%2Fhtdocs%2Fclickandbuilds%2FLogestyServices%2Fcategory HTTP/1.1" 404 837 logesty-services.fr "-" "Mozilla/5.0 AppleWebKit/537.36 (KHTML, like Gecko; compatible; ClaudeBot/1.0; +claudebot@anthropic.com)" "-"
216.73.216.0 - - [01/Aug/2026:01:50:48 +0200] "GET /detail/618220406.shtm?loknya=%2Fhomepages%2F43%2Fd895481126%2Fhtdocs%2Fclickandbuilds HTTP/1.1" 404 837 logesty-services.fr "-" "Mozilla/5.0 AppleWebKit/537.36 (KHTML, like Gecko; compatible; ClaudeBot/1.0; +claudebot@anthropic.com)" "-"
216.73.216.0 - - [01/Aug/2026:01:50:53 +0200] "GET /detail/752043014.shtm?loknya=%2Fhomepages%2F43%2Fd895481126%2Fhtdocs%2Fclickandbuilds%2F HTTP/1.1" 404 837 logesty-services.fr "-" "Mozilla/5.0 AppleWebKit/537.36 (KHTML, like Gecko; compatible; ClaudeBot/1.0; +claudebot@anthropic.com)" "-"
66.249.64.0 - - [01/Aug/2026:01:50:53 +0200] "GET /?u=3554679684 HTTP/1.1" 200 154396 logesty-services.fr "-" "Mozilla/5.0 (Linux; Android 6.0.1; Nexus 5X Build/MMB29P) AppleWebKit/537.36 (KHTML, like Gecko) Chrome/150.0.7871.186 Mobile Safari/537.36 (compatible; Googlebot/2.1; +http://www.google.com/bot.html)" "-"
216.73.216.0 - - [01/Aug/2026:01:50:58 +0200] "GET /detail/502353040.shtm?loknya=%2Fhomepages%2F28 HTTP/1.1" 404 837 logesty-services.fr "-" "Mozilla/5.0 AppleWebKit/537.36 (KHTML, like Gecko; compatible; ClaudeBot/1.0; +claudebot@anthropic.com)" "-"
216.73.216.0 - - [01/Aug/2026:01:51:03 +0200] "GET /shop/initially/achieve235031118.html?loknya=%2Fhomepages%2F43%2Fd895481126%2Fhtdocs%2Fclickandbuilds%2FLogestyServices%2Ftag HTTP/1.1" 404 837 logesty-services.fr "-" "Mozilla/5.0 AppleWebKit/537.36 (KHTML, like Gecko; compatible; ClaudeBot/1.0; +claudebot@anthropic.com)" "-"
216.73.216.0 - - [01/Aug/2026:01:51:08 +0200] "GET /detail/340679.shtm?loknya=%2Fhomepages%2F43%2Fd895481126%2Fhtdocs%2Fclickandbuilds%2FLogestyServices%2Fwp-includes%2Fsodium_compat HTTP/1.1" 404 837 logesty-services.fr "-" "Mozilla/5.0 AppleWebKit/537.36 (KHTML, like Gecko; compatible; ClaudeBot/1.0; +claudebot@anthropic.com)" "-"
216.73.216.0 - - [01/Aug/2026:01:51:13 +0200] "GET /mypage/?loknya=%2Fhomepages%2F43%2Fd895481126%2Fhtdocs%2Fclickandbuilds%2FLogestyServices%2Fcity HTTP/1.1" 404 837 logesty-services.fr "-" "Mozilla/5.0 AppleWebKit/537.36 (KHTML, like Gecko; compatible; ClaudeBot/1.0; +claudebot@anthropic.com)" "-"
216.73.216.0 - - [01/Aug/2026:01:51:18 +0200] "GET /detail/756211223.shtm?loknya=%2Fhomepages%2F43%2Fd895481126%2Fhtdocs%2Fclickandbuilds%2FLogestyServices%2F.wp-cli HTTP/1.1" 404 837 logesty-services.fr "-" "Mozilla/5.0 AppleWebKit/537.36 (KHTML, like Gecko; compatible; ClaudeBot/1.0; +claudebot@anthropic.com)" "-"
216.73.216.0 - - [01/Aug/2026:01:51:23 +0200] "GET /shop/wow/hat038007779.html?loknya=%2Fhomepages%2F43%2Fd895481126%2Fhtdocs%2Fclickandbuilds%2FLogestyServices%2Fimages HTTP/1.1" 404 837 logesty-services.fr "-" "Mozilla/5.0 AppleWebKit/537.36 (KHTML, like Gecko; compatible; ClaudeBot/1.0; +claudebot@anthropic.com)" "-"
216.73.216.0 - - [01/Aug/2026:01:51:28 +0200] "GET /shop/fully/cancel077046220.html?loknya=%2Fhomepages%2F43%2Fd895481126%2Fhtdocs%2Fclickandbuilds%2FLogestyServices%2F251b67 HTTP/1.1" 404 837 logesty-services.fr "-" "Mozilla/5.0 AppleWebKit/537.36 (KHTML, like Gecko; compatible; ClaudeBot/1.0; +claudebot@anthropic.com)" "-"
216.73.216.0 - - [01/Aug/2026:01:51:33 +0200] "GET /item/074046188?loknya=%2Fhomepages%2F43%2Fd895481126%2Fhtdocs%2Fclickandbuilds%2FLogestyServices%2Fauthor HTTP/1.1" 429 267 logesty-services.fr "-" "Mozilla/5.0 AppleWebKit/537.36 (KHTML, like Gecko; compatible; ClaudeBot/1.0; +claudebot@anthropic.com)" "-"
216.73.216.0 - - [01/Aug/2026:01:51:38 +0200] "GET /item/195014887?loknya=%2Fhomepages%2F43%2Fd895481126%2Fhtdocs%2Fclickandbuilds%2FLogestyServices HTTP/1.1" 429 267 logesty-services.fr "-" "Mozilla/5.0 AppleWebKit/537.36 (KHTML, like Gecko; compatible; ClaudeBot/1.0; +claudebot@anthropic.com)" "-"
156.253.14.0 - - [01/Aug/2026:01:51:41 +0200] "GET /sxallsitemap.xml HTTP/1.1" 404 837 logesty-services.fr "-" "req/v3 (https://github.com/imroc/req)" "-"
156.253.14.0 - - [01/Aug/2026:01:51:41 +0200] "GET /allsitemap.xml HTTP/1.1" 404 837 logesty-services.fr "-" "req/v3 (https://github.com/imroc/req)" "-"
74.7.227.0 - - [01/Aug/2026:01:51:43 +0200] "GET /?lokasie=/kunden/bin/pbmtopi3&loknya=/kunden/bin HTTP/1.1" 429 267 logesty-services.fr "https://logesty-services.fr/?loknya=/kunden/bin" "Mozilla/5.0 AppleWebKit/537.36 (KHTML, like Gecko; compatible; GPTBot/1.4; +https://openai.com/gptbot)" "-"
216.73.216.0 - - [01/Aug/2026:01:51:43 +0200] "GET /item/128012012?loknya=%2Fhomepages%2F43%2Fd895481126%2Fhtdocs%2Fclickandbuilds%2FLogestyServices%2Fimages HTTP/1.1" 429 267 logesty-services.fr "-" "Mozilla/5.0 AppleWebKit/537.36 (KHTML, like Gecko; compatible; ClaudeBot/1.0; +claudebot@anthropic.com)" "-"
216.73.216.0 - - [01/Aug/2026:01:51:48 +0200] "GET /item/241032673?loknya=%2Fhomepages%2F43%2Fd895481126%2Fhtdocs%2Fclickandbuilds%2FLogestyServices%2Ftag HTTP/1.1" 429 267 logesty-services.fr "-" "Mozilla/5.0 AppleWebKit/537.36 (KHTML, like Gecko; compatible; ClaudeBot/1.0; +claudebot@anthropic.com)" "-"
216.73.216.0 - - [01/Aug/2026:01:51:53 +0200] "GET /item/299021773?loknya=%2Fhomepages%2F43%2Fd895481126%2Fhtdocs%2Fclickandbuilds%2FLogestyServices%2F.metadata HTTP/1.1" 429 267 logesty-services.fr "-" "Mozilla/5.0 AppleWebKit/537.36 (KHTML, like Gecko; compatible; ClaudeBot/1.0; +claudebot@anthropic.com)" "-"
114.119.138.0 - - [01/Aug/2026:01:51:54 +0200] "GET /the-castle-on-the-cliff-majestic-magic-manoir?lokasie=/sbin/sfdisk&loknya=/sbin HTTP/1.1" 404 837 logesty-services.fr "https://logesty-services.fr/the-castle-on-the-cliff-majestic-magic-manoir?loknya=/sbin" "Mozilla/5.0 (Linux; Android 7.0;) AppleWebKit/537.36 (HTML, like Gecko) Mobile Safari/537.36 (compatible; PetalBot;+https://webmaster.petalsearch.com/site/petalbot)" "-"
216.73.216.0 - - [01/Aug/2026:01:51:58 +0200] "GET /detail/254145.shtm?lokasie=%2Fbin%2Fchrt&loknya=%2Fbin HTTP/1.1" 429 267 logesty-services.fr "-" "Mozilla/5.0 AppleWebKit/537.36 (KHTML, like Gecko; compatible; ClaudeBot/1.0; +claudebot@anthropic.com)" "-"
198.244.168.0 - - [01/Aug/2026:01:51:59 +0200] "GET /?sitemapindex.xml HTTP/1.1" 200 11388 logesty-services.fr "-" "Mozilla/5.0 (compatible; AhrefsBot/7.0; +http://ahrefs.com/robot/)" "-"
216.73.216.0 - - [01/Aug/2026:01:52:03 +0200] "GET /item/274008162?loknya=%2Fhomepages%2F43%2Fd895481126%2Fhtdocs%2Fclickandbuilds%2FLogestyServices%2Fcategory HTTP/1.1" 429 267 logesty-services.fr "-" "Mozilla/5.0 AppleWebKit/537.36 (KHTML, like Gecko; compatible; ClaudeBot/1.0; +claudebot@anthropic.com)" "-"
51.89.129.0 - - [01/Aug/2026:01:52:04 +0200] "GET /sitemap-child-311.xml HTTP/1.1" 404 837 logesty-services.fr "-" "Mozilla/5.0 (compatible; AhrefsBot/7.0; +http://ahrefs.com/robot/)" "-"
216.73.216.0 - - [01/Aug/2026:01:52:08 +0200] "GET /detail/753111942.shtm?loknya=%2Fhomepages%2F25 HTTP/1.1" 429 267 logesty-services.fr "-" "Mozilla/5.0 AppleWebKit/537.36 (KHTML, like Gecko; compatible; ClaudeBot/1.0; +claudebot@anthropic.com)" "-"
216.73.216.0 - - [01/Aug/2026:01:52:13 +0200] "GET /shop/property/favor079021392.html?loknya=%2Fhomepages%2F43%2Fd895481126 HTTP/1.1" 429 267 logesty-services.fr "-" "Mozilla/5.0 AppleWebKit/537.36 (KHTML, like Gecko; compatible; ClaudeBot/1.0; +claudebot@anthropic.com)" "-"
51.89.129.0 - - [01/Aug/2026:01:52:18 +0200] "GET /sitemap-child-340.xml HTTP/1.1" 404 837 logesty-services.fr "-" "Mozilla/5.0 (compatible; AhrefsBot/7.0; +http://ahrefs.com/robot/)" "-"
216.73.216.0 - - [01/Aug/2026:01:52:18 +0200] "GET /shop/dialogue/college142037363.html?loknya=%2Fhomepages%2F43%2Fd895481126%2Fhtdocs%2Fclickandbuilds%2FLogestyServices%2Ftype HTTP/1.1" 429 267 logesty-services.fr "-" "Mozilla/5.0 AppleWebKit/537.36 (KHTML, like Gecko; compatible; ClaudeBot/1.0; +claudebot@anthropic.com)" "-"
216.73.216.0 - - [01/Aug/2026:01:52:23 +0200] "GET /shop/divine/facilitate217049988.html?loknya=%2Fhomepages%2F43%2Fd895481126 HTTP/1.1" 429 267 logesty-services.fr "-" "Mozilla/5.0 AppleWebKit/537.36 (KHTML, like Gecko; compatible; ClaudeBot/1.0; +claudebot@anthropic.com)" "-"
136.243.220.0 - - [01/Aug/2026:01:52:26 +0200] "GET /robots.txt HTTP/1.1" 200 1157 logesty-services.fr "-" "Mozilla/5.0 (compatible; DataForSeoBot/1.0; +https://dataforseo.com/dataforseo-bot)" "-"
216.73.216.0 - - [01/Aug/2026:01:52:28 +0200] "GET /item/233020113?loknya=%2Fhomepages%2F43%2Fd895481126%2Fhtdocs%2Fclickandbuilds%2FLogestyServices%2F.metadata HTTP/1.1" 429 267 logesty-services.fr "-" "Mozilla/5.0 AppleWebKit/537.36 (KHTML, like Gecko; compatible; ClaudeBot/1.0; +claudebot@anthropic.com)" "-"
136.243.220.0 - - [01/Aug/2026:01:52:29 +0200] "GET /sitemap.xml HTTP/1.1" 404 837 logesty-services.fr "-" "Mozilla/5.0 (compatible; DataForSeoBot/1.0; +https://dataforseo.com/dataforseo-bot)" "-"
51.89.129.0 - - [01/Aug/2026:01:52:30 +0200] "GET /sitemap-child-358.xml HTTP/1.1" 404 837 logesty-services.fr "-" "Mozilla/5.0 (compatible; AhrefsBot/7.0; +http://ahrefs.com/robot/)" "-"
32.193.46.0 - - [01/Aug/2026:01:52:31 +0200] "GET /robots.txt HTTP/1.1" 200 1157 logesty-services.fr "-" "Mozilla/5.0 (Macintosh; Intel Mac OS X 10_10_1) AppleWebKit/600.2.5 (KHTML, like Gecko) Version/8.0.2 Safari/600.2.5 (Gort)" "-"
136.243.220.0 - - [01/Aug/2026:01:52:32 +0200] "GET /sitemapindex.xml HTTP/1.1" 404 837 logesty-services.fr "-" "Mozilla/5.0 (compatible; DataForSeoBot/1.0; +https://dataforseo.com/dataforseo-bot)" "-"
216.73.216.0 - - [01/Aug/2026:01:52:33 +0200] "GET /item/091044601?loknya=%2Fhomepages%2F43%2Fd895481126%2Fhtdocs%2Fclickandbuilds%2FLogestyServices%2F.metadata HTTP/1.1" 404 837 logesty-services.fr "-" "Mozilla/5.0 AppleWebKit/537.36 (KHTML, like Gecko; compatible; ClaudeBot/1.0; +claudebot@anthropic.com)" "-"
51.195.215.0 - - [01/Aug/2026:01:52:35 +0200] "GET /sitemap-child-360.xml HTTP/1.1" 404 837 logesty-services.fr "-" "Mozilla/5.0 (compatible; AhrefsBot/7.0; +http://ahrefs.com/robot/)" "-"
136.243.220.0 - - [01/Aug/2026:01:52:36 +0200] "GET /sitemapmobileindex.xml HTTP/1.1" 404 837 logesty-services.fr "-" "Mozilla/5.0 (compatible; DataForSeoBot/1.0; +https://dataforseo.com/dataforseo-bot)" "-"
66.249.64.0 - - [01/Aug/2026:01:52:36 +0200] "GET /?u=488949802 HTTP/1.1" 200 154937 logesty-services.fr "-" "Mozilla/5.0 (Linux; Android 6.0.1; Nexus 5X Build/MMB29P) AppleWebKit/537.36 (KHTML, like Gecko) Chrome/150.0.7871.186 Mobile Safari/537.36 (compatible; Googlebot/2.1; +http://www.google.com/bot.html)" "-"
216.73.216.0 - - [01/Aug/2026:01:52:38 +0200] "GET /detail/110105.shtm?lokasie=%2Fbin%2Fpnmscale&loknya=%2Fbin HTTP/1.1" 404 837 logesty-services.fr "-" "Mozilla/5.0 AppleWebKit/537.36 (KHTML, like Gecko; compatible; ClaudeBot/1.0; +claudebot@anthropic.com)" "-"
74.7.227.0 - - [01/Aug/2026:01:52:41 +0200] "GET /?lokasie=/kunden/bin/pi3topbm&loknya=/kunden/bin HTTP/1.1" 200 3990 logesty-services.fr "https://logesty-services.fr/?loknya=/kunden/bin" "Mozilla/5.0 AppleWebKit/537.36 (KHTML, like Gecko; compatible; GPTBot/1.4; +https://openai.com/gptbot)" "-"
136.243.220.0 - - [01/Aug/2026:01:52:42 +0200] "GET /sitemap-hot-2996038.xml HTTP/1.1" 404 837 logesty-services.fr "-" "Mozilla/5.0 (compatible; DataForSeoBot/1.0; +https://dataforseo.com/dataforseo-bot)" "-"
216.73.216.0 - - [01/Aug/2026:01:52:43 +0200] "GET /shop/software/regularly107042704.html?loknya=%2Fhomepages%2F43%2Fd895481126%2Fhtdocs%2Fclickandbuilds%2FLogestyServices%2Flouer-un-logement HTTP/1.1" 404 837 logesty-services.fr "-" "Mozilla/5.0 AppleWebKit/537.36 (KHTML, like Gecko; compatible; ClaudeBot/1.0; +claudebot@anthropic.com)" "-"
136.243.220.0 - - [01/Aug/2026:01:52:45 +0200] "GET /sitemap-hot-2994038.xml HTTP/1.1" 404 837 logesty-services.fr "-" "Mozilla/5.0 (compatible; DataForSeoBot/1.0; +https://dataforseo.com/dataforseo-bot)" "-"
51.195.244.0 - - [01/Aug/2026:01:52:47 +0200] "GET /sitemap-child-414.xml HTTP/1.1" 404 837 logesty-services.fr "-" "Mozilla/5.0 (compatible; AhrefsBot/7.0; +http://ahrefs.com/robot/)" "-"
66.249.64.0 - - [01/Aug/2026:01:52:47 +0200] "GET /?u=433130316 HTTP/1.1" 200 149380 logesty-services.fr "-" "Mozilla/5.0 (Linux; Android 6.0.1; Nexus 5X Build/MMB29P) AppleWebKit/537.36 (KHTML, like Gecko) Chrome/150.0.7871.186 Mobile Safari/537.36 (compatible; Googlebot/2.1; +http://www.google.com/bot.html)" "-"
216.73.216.0 - - [01/Aug/2026:01:52:48 +0200] "GET /shop/privilege/rear241015654.html?lokasie=%2Fbin%2Fjmacs&loknya=%2Fbin HTTP/1.1" 404 837 logesty-services.fr "-" "Mozilla/5.0 AppleWebKit/537.36 (KHTML, like Gecko; compatible; ClaudeBot/1.0; +claudebot@anthropic.com)" "-"
136.243.220.0 - - [01/Aug/2026:01:52:51 +0200] "GET /sitemap-hot-2992038.xml HTTP/1.1" 404 837 logesty-services.fr "-" "Mozilla/5.0 (compatible; DataForSeoBot/1.0; +https://dataforseo.com/dataforseo-bot)" "-"
216.73.216.0 - - [01/Aug/2026:01:52:53 +0200] "GET /item/104017760?loknya=%2Fhomepages%2F43%2Fd895481126%2Fhtdocs%2Fclickandbuilds%2FLogestyServices%2Fcategory HTTP/1.1" 404 837 logesty-services.fr "-" "Mozilla/5.0 AppleWebKit/537.36 (KHTML, like Gecko; compatible; ClaudeBot/1.0; +claudebot@anthropic.com)" "-"
136.243.220.0 - - [01/Aug/2026:01:52:54 +0200] "GET /sitemap-hot-2990038.xml HTTP/1.1" 404 837 logesty-services.fr "-" "Mozilla/5.0 (compatible; DataForSeoBot/1.0; +https://dataforseo.com/dataforseo-bot)" "-"
136.243.220.0 - - [01/Aug/2026:01:52:56 +0200] "GET /sitemap-hot-2988038.xml HTTP/1.1" 404 837 logesty-services.fr "-" "Mozilla/5.0 (compatible; DataForSeoBot/1.0; +https://dataforseo.com/dataforseo-bot)" "-"
216.73.216.0 - - [01/Aug/2026:01:52:58 +0200] "GET /item/048012030?lokasie=%2Fhomepages%2F43%2Fd895481126%2Fhtdocs%2Fckhysfsd.php&loknya=%2Fhomepages%2F43%2Fd895481126%2Fhtdocs HTTP/1.1" 404 837 logesty-services.fr "-" "Mozilla/5.0 AppleWebKit/537.36 (KHTML, like Gecko; compatible; ClaudeBot/1.0; +claudebot@anthropic.com)" "-"
136.243.220.0 - - [01/Aug/2026:01:52:59 +0200] "GET /sitemap-hot-2986038.xml HTTP/1.1" 404 837 logesty-services.fr "-" "Mozilla/5.0 (compatible; DataForSeoBot/1.0; +https://dataforseo.com/dataforseo-bot)" "-"
136.243.220.0 - - [01/Aug/2026:01:53:01 +0200] "GET /sitemap-hot-2984038.xml HTTP/1.1" 404 837 logesty-services.fr "-" "Mozilla/5.0 (compatible; DataForSeoBot/1.0; +https://dataforseo.com/dataforseo-bot)" "-"
136.243.220.0 - - [01/Aug/2026:01:53:02 +0200] "GET /sitemap-hot-2982038.xml HTTP/1.1" 404 837 logesty-services.fr "-" "Mozilla/5.0 (compatible; DataForSeoBot/1.0; +https://dataforseo.com/dataforseo-bot)" "-"
216.73.216.0 - - [01/Aug/2026:01:53:03 +0200] "GET /item/085024319?loknya=%2Fhomepages%2F43%2Fd895481126%2Fhtdocs%2Fclickandbuilds%2FLogestyServices%2Fcategory HTTP/1.1" 404 837 logesty-services.fr "-" "Mozilla/5.0 AppleWebKit/537.36 (KHTML, like Gecko; compatible; ClaudeBot/1.0; +claudebot@anthropic.com)" "-"
136.243.220.0 - - [01/Aug/2026:01:53:07 +0200] "GET /sitemap-hot-2980038.xml HTTP/1.1" 404 837 logesty-services.fr "-" "Mozilla/5.0 (compatible; DataForSeoBot/1.0; +https://dataforseo.com/dataforseo-bot)" "-"
216.73.216.0 - - [01/Aug/2026:01:53:08 +0200] "GET /item/133015769?loknya=%2Fhomepages%2F43%2Fd895481126%2Fhtdocs%2Fclickandbuilds%2FLogestyServices%2Fecff6c HTTP/1.1" 404 837 logesty-services.fr "-" "Mozilla/5.0 AppleWebKit/537.36 (KHTML, like Gecko; compatible; ClaudeBot/1.0; +claudebot@anthropic.com)" "-"
136.243.220.0 - - [01/Aug/2026:01:53:12 +0200] "GET /sitemap-hot-2978038.xml HTTP/1.1" 404 837 logesty-services.fr "-" "Mozilla/5.0 (compatible; DataForSeoBot/1.0; +https://dataforseo.com/dataforseo-bot)" "-"
51.195.215.0 - - [01/Aug/2026:01:53:12 +0200] "GET /sitemap-child-491.xml HTTP/1.1" 429 267 logesty-services.fr "-" "Mozilla/5.0 (compatible; AhrefsBot/7.0; +http://ahrefs.com/robot/)" "-"
216.73.216.0 - - [01/Aug/2026:01:53:13 +0200] "GET /shop/desert/suggest005049938.html?loknya=%2Fhomepages%2F43%2Fd895481126%2Fhtdocs%2Fclickandbuilds%2FLogestyServices%2Fwp-content HTTP/1.1" 404 837 logesty-services.fr "-" "Mozilla/5.0 AppleWebKit/537.36 (KHTML, like Gecko; compatible; ClaudeBot/1.0; +claudebot@anthropic.com)" "-"
136.243.220.0 - - [01/Aug/2026:01:53:14 +0200] "GET /sitemap-hot-2976038.xml HTTP/1.1" 429 267 logesty-services.fr "-" "Mozilla/5.0 (compatible; DataForSeoBot/1.0; +https://dataforseo.com/dataforseo-bot)" "-"
136.243.220.0 - - [01/Aug/2026:01:53:16 +0200] "GET /sitemap-hot-2974038.xml HTTP/1.1" 429 267 logesty-services.fr "-" "Mozilla/5.0 (compatible; DataForSeoBot/1.0; +https://dataforseo.com/dataforseo-bot)" "-"
198.244.226.0 - - [01/Aug/2026:01:53:17 +0200] "GET /sitemap-child-504.xml HTTP/1.1" 429 267 logesty-services.fr "-" "Mozilla/5.0 (compatible; AhrefsBot/7.0; +http://ahrefs.com/robot/)" "-"
114.119.143.0 - - [01/Aug/2026:01:53:17 +0200] "GET /the-castle-on-the-cliff-majestic-magic-manoir?lokasie=/sbin/rmmod&loknya=/sbin HTTP/1.1" 404 837 logesty-services.fr "https://logesty-services.fr/the-castle-on-the-cliff-majestic-magic-manoir?loknya=/sbin" "Mozilla/5.0 (Linux; Android 7.0;) AppleWebKit/537.36 (HTML, like Gecko) Mobile Safari/537.36 (compatible; PetalBot;+https://webmaster.petalsearch.com/site/petalbot)" "-"
216.73.216.0 - - [01/Aug/2026:01:53:18 +0200] "GET /item/168023366?loknya=%2Fhomepages%2F43%2Fd895481126%2Fhtdocs%2Fclickandbuilds%2FLogestyServices%2Flisting HTTP/1.1" 404 837 logesty-services.fr "-" "Mozilla/5.0 AppleWebKit/537.36 (KHTML, like Gecko; compatible; ClaudeBot/1.0; +claudebot@anthropic.com)" "-"
136.243.220.0 - - [01/Aug/2026:01:53:19 +0200] "GET /sitemap-hot-2972038.xml HTTP/1.1" 429 267 logesty-services.fr "-" "Mozilla/5.0 (compatible; DataForSeoBot/1.0; +https://dataforseo.com/dataforseo-bot)" "-"
136.243.220.0 - - [01/Aug/2026:01:53:20 +0200] "GET /sitemap-hot-2970038.xml HTTP/1.1" 429 267 logesty-services.fr "-" "Mozilla/5.0 (compatible; DataForSeoBot/1.0; +https://dataforseo.com/dataforseo-bot)" "-"
54.38.147.0 - - [01/Aug/2026:01:53:20 +0200] "GET /sitemap-child-584.xml HTTP/1.1" 429 267 logesty-services.fr "-" "Mozilla/5.0 (compatible; AhrefsBot/7.0; +http://ahrefs.com/robot/)" "-"
136.243.220.0 - - [01/Aug/2026:01:53:21 +0200] "GET /sitemap-hot-2968038.xml HTTP/1.1" 429 267 logesty-services.fr "-" "Mozilla/5.0 (compatible; DataForSeoBot/1.0; +https://dataforseo.com/dataforseo-bot)" "-"
216.73.216.0 - - [01/Aug/2026:01:53:23 +0200] "GET /item/228022814?lokasie=%2Fhomepages%2F43%2Fd895481126%2Fhtdocs%2Findex.html&loknya=%2Fhomepages%2F43%2Fd895481126%2Fhtdocs HTTP/1.1" 404 837 logesty-services.fr "-" "Mozilla/5.0 AppleWebKit/537.36 (KHTML, like Gecko; compatible; ClaudeBot/1.0; +claudebot@anthropic.com)" "-"
136.243.220.0 - - [01/Aug/2026:01:53:25 +0200] "GET /sitemap-hot-2966038.xml HTTP/1.1" 429 267 logesty-services.fr "-" "Mozilla/5.0 (compatible; DataForSeoBot/1.0; +https://dataforseo.com/dataforseo-bot)" "-"
216.73.216.0 - - [01/Aug/2026:01:53:28 +0200] "GET /item/022004296?loknya=%2Fhomepages%2F43%2Fd895481126%2Fhtdocs%2Fclickandbuilds%2FLogestyServices%2Fecff6c HTTP/1.1" 404 837 logesty-services.fr "-" "Mozilla/5.0 AppleWebKit/537.36 (KHTML, like Gecko; compatible; ClaudeBot/1.0; +claudebot@anthropic.com)" "-"
198.244.242.0 - - [01/Aug/2026:01:53:31 +0200] "GET /sitemap-child-608.xml HTTP/1.1" 429 267 logesty-services.fr "-" "Mozilla/5.0 (compatible; AhrefsBot/7.0; +http://ahrefs.com/robot/)" "-"
216.73.216.0 - - [01/Aug/2026:01:53:33 +0200] "GET /item/292009616?loknya=%2Fhomepages%2F43%2Fd895481126%2Fhtdocs%2Fclickandbuilds%2FLogestyServices%2F.metadata HTTP/1.1" 404 837 logesty-services.fr "-" "Mozilla/5.0 AppleWebKit/537.36 (KHTML, like Gecko; compatible; ClaudeBot/1.0; +claudebot@anthropic.com)" "-"
198.244.226.0 - - [01/Aug/2026:01:53:38 +0200] "GET /sitemap-child-679.xml HTTP/1.1" 429 267 logesty-services.fr "-" "Mozilla/5.0 (compatible; AhrefsBot/7.0; +http://ahrefs.com/robot/)" "-"
216.73.216.0 - - [01/Aug/2026:01:53:38 +0200] "GET /detail/756151372.shtm?loknya=%2Fhomepages%2F43%2Fd895481126%2Fhtdocs%2Fclickandbuilds%2FLogestyServices%2Fwp-includes%2Fsitemaps%2Fproviders HTTP/1.1" 404 837 logesty-services.fr "-" "Mozilla/5.0 AppleWebKit/537.36 (KHTML, like Gecko; compatible; ClaudeBot/1.0; +claudebot@anthropic.com)" "-"
216.73.216.0 - - [01/Aug/2026:01:53:43 +0200] "GET /shop/wheat/transmit263026102.html?loknya=%2Fhomepages%2F43%2Fd895481126%2Fhtdocs%2Fclickandbuilds%2FLogestyServices HTTP/1.1" 404 837 logesty-services.fr "-" "Mozilla/5.0 AppleWebKit/537.36 (KHTML, like Gecko; compatible; ClaudeBot/1.0; +claudebot@anthropic.com)" "-"
74.7.227.0 - - [01/Aug/2026:01:53:46 +0200] "GET /?lokasie=/kunden/bin/ppm2tiff&loknya=/kunden/bin HTTP/1.1" 200 3990 logesty-services.fr "https://logesty-services.fr/?loknya=/kunden/bin" "Mozilla/5.0 AppleWebKit/537.36 (KHTML, like Gecko; compatible; GPTBot/1.4; +https://openai.com/gptbot)" "-"
216.73.216.0 - - [01/Aug/2026:01:53:48 +0200] "GET /detail/756596972.shtm?lokasie=%2Fbin%2Fzstdcat&loknya=%2Fbin HTTP/1.1" 404 837 logesty-services.fr "-" "Mozilla/5.0 AppleWebKit/537.36 (KHTML, like Gecko; compatible; ClaudeBot/1.0; +claudebot@anthropic.com)" "-"
51.195.183.0 - - [01/Aug/2026:01:53:49 +0200] "GET /sitemap-child-680.xml HTTP/1.1" 429 267 logesty-services.fr "-" "Mozilla/5.0 (compatible; AhrefsBot/7.0; +http://ahrefs.com/robot/)" "-"
216.73.216.0 - - [01/Aug/2026:01:53:53 +0200] "GET /item/178004302?loknya=%2Fhomepages%2F43%2Fd895481126%2Fhtdocs%2Fclickandbuilds%2FLogestyServices%2F HTTP/1.1" 404 837 logesty-services.fr "-" "Mozilla/5.0 AppleWebKit/537.36 (KHTML, like Gecko; compatible; ClaudeBot/1.0; +claudebot@anthropic.com)" "-"
198.244.240.0 - - [01/Aug/2026:01:53:53 +0200] "GET /sitemap-child-688.xml HTTP/1.1" 429 267 logesty-services.fr "-" "Mozilla/5.0 (compatible; AhrefsBot/7.0; +http://ahrefs.com/robot/)" "-"
216.73.216.0 - - [01/Aug/2026:01:53:58 +0200] "GET /detail/470852739.shtm?loknya=%2Fhomepages%2F34 HTTP/1.1" 404 837 logesty-services.fr "-" "Mozilla/5.0 AppleWebKit/537.36 (KHTML, like Gecko; compatible; ClaudeBot/1.0; +claudebot@anthropic.com)" "-"
51.195.215.0 - - [01/Aug/2026:01:54:00 +0200] "GET /sitemap-child-705.xml HTTP/1.1" 429 267 logesty-services.fr "-" "Mozilla/5.0 (compatible; AhrefsBot/7.0; +http://ahrefs.com/robot/)" "-"
216.73.216.0 - - [01/Aug/2026:01:54:04 +0200] "GET /shop/challenge/juice276035223.html?loknya=%2Fhomepages%2F43%2Fd895481126%2Fhtdocs%2Fclickandbuilds%2FLogestyServices%2Fpolitique-de-confidentialite HTTP/1.1" 429 267 logesty-services.fr "-" "Mozilla/5.0 AppleWebKit/537.36 (KHTML, like Gecko; compatible; ClaudeBot/1.0; +claudebot@anthropic.com)" "-"
51.195.215.0 - - [01/Aug/2026:01:54:09 +0200] "GET /sitemap-child-725.xml HTTP/1.1" 429 267 logesty-services.fr "-" "Mozilla/5.0 (compatible; AhrefsBot/7.0; +http://ahrefs.com/robot/)" "-"
216.73.216.0 - - [01/Aug/2026:01:54:10 +0200] "GET /item/228014484?lokasie=%2Fhomepages%2F43%2Fd895481126%2Fhtdocs%2Fclickandbuilds%2FLogestyServices%2Fgoogle3c362c4f736bc043.html&loknya=%2Fhomepages%2F43%2Fd895481126%2Fhtdocs%2Fclickandbuilds%2FLogestyServices HTTP/1.1" 429 267 logesty-services.fr "-" "Mozilla/5.0 AppleWebKit/537.36 (KHTML, like Gecko; compatible; ClaudeBot/1.0; +claudebot@anthropic.com)" "-"
54.38.147.0 - - [01/Aug/2026:01:54:13 +0200] "GET /sitemap-child-745.xml HTTP/1.1" 404 837 logesty-services.fr "-" "Mozilla/5.0 (compatible; AhrefsBot/7.0; +http://ahrefs.com/robot/)" "-"
216.73.216.0 - - [01/Aug/2026:01:54:14 +0200] "GET /shop/productive/fight113021620.html?lokasie=%2Fhomepages%2F43%2Fd895481126%2Fhtdocs%2Fclickandbuilds%2FLogestyServices%2Fxmlrpc.php&loknya=%2Fhomepages%2F43%2Fd895481126%2Fhtdocs%2Fclickandbuilds%2FLogestyServices HTTP/1.1" 429 267 logesty-services.fr "-" "Mozilla/5.0 AppleWebKit/537.36 (KHTML, like Gecko; compatible; ClaudeBot/1.0; +claudebot@anthropic.com)" "-"
216.73.216.0 - - [01/Aug/2026:01:54:19 +0200] "GET /detail/751201544.shtm?lokasie=%2Fbin%2Fmdatopbm&loknya=%2Fbin HTTP/1.1" 429 267 logesty-services.fr "-" "Mozilla/5.0 AppleWebKit/537.36 (KHTML, like Gecko; compatible; ClaudeBot/1.0; +claudebot@anthropic.com)" "-"
216.73.216.0 - - [01/Aug/2026:01:54:24 +0200] "GET /shop/retirement/promote256037049.html?loknya=%2Fhomepages%2F43%2Fd895481126%2Fhtdocs%2Fclickandbuilds%2FLogestyServices%2Fcontact-us-2 HTTP/1.1" 429 267 logesty-services.fr "-" "Mozilla/5.0 AppleWebKit/537.36 (KHTML, like Gecko; compatible; ClaudeBot/1.0; +claudebot@anthropic.com)" "-"
216.73.216.0 - - [01/Aug/2026:01:54:29 +0200] "GET /detail/752681101.shtm?lokasie=%2Fproc%2Fkallsyms&loknya=%2Fproc HTTP/1.1" 429 267 logesty-services.fr "-" "Mozilla/5.0 AppleWebKit/537.36 (KHTML, like Gecko; compatible; ClaudeBot/1.0; +claudebot@anthropic.com)" "-"
51.195.215.0 - - [01/Aug/2026:01:54:32 +0200] "GET /sitemap-child-748.xml HTTP/1.1" 404 837 logesty-services.fr "-" "Mozilla/5.0 (compatible; AhrefsBot/7.0; +http://ahrefs.com/robot/)" "-"
216.73.216.0 - - [01/Aug/2026:01:54:34 +0200] "GET /detail/751669165.shtm?lokasie=%2F%2FCBI_ID&loknya=%2F HTTP/1.1" 429 267 logesty-services.fr "-" "Mozilla/5.0 AppleWebKit/537.36 (KHTML, like Gecko; compatible; ClaudeBot/1.0; +claudebot@anthropic.com)" "-"
216.73.216.0 - - [01/Aug/2026:01:54:39 +0200] "GET /detail/752674885.shtm?lokasie=%2Fhomepages%2F43%2Fd895481126%2Fhtdocs%2Fclickandbuilds%2FLogestyServices%2Fwp-includes%2Fhttp.php&loknya=%2Fhomepages%2F43%2Fd895481126%2Fhtdocs%2Fclickandbuilds%2FLogestyServices%2Fwp-includes HTTP/1.1" 429 267 logesty-services.fr "-" "Mozilla/5.0 AppleWebKit/537.36 (KHTML, like Gecko; compatible; ClaudeBot/1.0; +claudebot@anthropic.com)" "-"
114.119.130.0 - - [01/Aug/2026:01:54:41 +0200] "GET /the-castle-on-the-cliff-majestic-magic-manoir?lokasie=/sbin/losetup&loknya=/sbin HTTP/1.1" 404 837 logesty-services.fr "https://logesty-services.fr/the-castle-on-the-cliff-majestic-magic-manoir?loknya=/sbin" "Mozilla/5.0 (Linux; Android 7.0;) AppleWebKit/537.36 (HTML, like Gecko) Mobile Safari/537.36 (compatible; PetalBot;+https://webmaster.petalsearch.com/site/petalbot)" "-"
74.7.227.0 - - [01/Aug/2026:01:54:44 +0200] "GET /?lokasie=/sbin/pam_getenv&loknya=/sbin HTTP/1.1" 429 267 logesty-services.fr "https://logesty-services.fr/?loknya=/sbin" "Mozilla/5.0 AppleWebKit/537.36 (KHTML, like Gecko; compatible; GPTBot/1.4; +https://openai.com/gptbot)" "-"
216.73.216.0 - - [01/Aug/2026:01:54:44 +0200] "GET /item/294008940?lokasie=%2Fhomepages%2F43%2Fd895481126%2Fhtdocs%2Fclickandbuilds%2FLogestyServices%2Fwp-activate.php&loknya=%2Fhomepages%2F43%2Fd895481126%2Fhtdocs%2Fclickandbuilds%2FLogestyServices HTTP/1.1" 429 267 logesty-services.fr "-" "Mozilla/5.0 AppleWebKit/537.36 (KHTML, like Gecko; compatible; ClaudeBot/1.0; +claudebot@anthropic.com)" "-"
216.73.216.0 - - [01/Aug/2026:01:54:49 +0200] "GET /detail/757245698.shtm?lokasie=%2Fbin%2Fpbmtonokia&loknya=%2Fbin HTTP/1.1" 429 267 logesty-services.fr "-" "Mozilla/5.0 AppleWebKit/537.36 (KHTML, like Gecko; compatible; ClaudeBot/1.0; +claudebot@anthropic.com)" "-"
51.195.215.0 - - [01/Aug/2026:01:54:54 +0200] "GET /sitemap-child-754.xml HTTP/1.1" 404 837 logesty-services.fr "-" "Mozilla/5.0 (compatible; AhrefsBot/7.0; +http://ahrefs.com/robot/)" "-"
188.214.152.0 - - [01/Aug/2026:01:54:54 +0200] "GET /author/kellieq5452006 HTTP/1.1" 404 837 logesty-services.fr "http://logesty-services.fr/" "Mozilla/5.0 (Windows NT 10.0; Win64; x64) AppleWebKit/537.36 (KHTML, like Gecko) Chrome/130.0.0.0 Safari/537.36" "-"
216.73.216.0 - - [01/Aug/2026:01:54:54 +0200] "GET /detail/752590945.shtm?lokasie=%2Fbin%2Fppmtowinicon&loknya=%2Fbin HTTP/1.1" 429 267 logesty-services.fr "-" "Mozilla/5.0 AppleWebKit/537.36 (KHTML, like Gecko; compatible; ClaudeBot/1.0; +claudebot@anthropic.com)" "-"
188.214.152.0 - - [01/Aug/2026:01:54:54 +0200] "GET / HTTP/1.1" 200 83794 logesty-services.fr "-" "Mozilla/5.0 (Windows NT 10.0; Win64; x64) AppleWebKit/537.36 (KHTML, like Gecko) Chrome/130.0.0.0 Safari/537.36" "-"
198.244.240.0 - - [01/Aug/2026:01:54:59 +0200] "GET /sitemap-child-769.xml HTTP/1.1" 404 837 logesty-services.fr "-" "Mozilla/5.0 (compatible; AhrefsBot/7.0; +http://ahrefs.com/robot/)" "-"
216.73.216.0 - - [01/Aug/2026:01:54:59 +0200] "GET /item/081023875?lokasie=%2Fhomepages%2F43%2Fd895481126%2Fhtdocs%2Fclickandbuilds%2FLogestyServices%2Fwp-mail.php&loknya=%2Fhomepages%2F43%2Fd895481126%2Fhtdocs%2Fclickandbuilds%2FLogestyServices HTTP/1.1" 429 267 logesty-services.fr "-" "Mozilla/5.0 AppleWebKit/537.36 (KHTML, like Gecko; compatible; ClaudeBot/1.0; +claudebot@anthropic.com)" "-"
216.73.216.0 - - [01/Aug/2026:01:55:04 +0200] "GET /item/082049822?lokasie=%2Fhomepages%2F43%2Fd895481126%2Fhtdocs%2Fclickandbuilds%2FLogestyServices%2Fgoogle3c362c4f736bc043.html&loknya=%2Fhomepages%2F43%2Fd895481126%2Fhtdocs%2Fclickandbuilds%2FLogestyServices HTTP/1.1" 404 837 logesty-services.fr "-" "Mozilla/5.0 AppleWebKit/537.36 (KHTML, like Gecko; compatible; ClaudeBot/1.0; +claudebot@anthropic.com)" "-"
216.73.216.0 - - [01/Aug/2026:01:55:09 +0200] "GET /shop/possibility/swing065043486.html?lokasie=%2Fhomepages%2F43%2Fd895481126%2Fhtdocs%2Fclickandbuilds%2FLogestyServices%2Fwp-mail.php&loknya=%2Fhomepages%2F43%2Fd895481126%2Fhtdocs%2Fclickandbuilds%2FLogestyServices HTTP/1.1" 404 837 logesty-services.fr "-" "Mozilla/5.0 AppleWebKit/537.36 (KHTML, like Gecko; compatible; ClaudeBot/1.0; +claudebot@anthropic.com)" "-"
198.244.183.0 - - [01/Aug/2026:01:55:13 +0200] "GET /sitemap-child-793.xml HTTP/1.1" 404 837 logesty-services.fr "-" "Mozilla/5.0 (compatible; AhrefsBot/7.0; +http://ahrefs.com/robot/)" "-"
216.73.216.0 - - [01/Aug/2026:01:55:14 +0200] "GET /item/058044976?lokasie=%2Fhomepages%2F43%2Fd895481126%2Fhtdocs%2Fclickandbuilds%2FLogestyServices%2Fwp-cron.php&loknya=%2Fhomepages%2F43%2Fd895481126%2Fhtdocs%2Fclickandbuilds%2FLogestyServices HTTP/1.1" 404 837 logesty-services.fr "-" "Mozilla/5.0 AppleWebKit/537.36 (KHTML, like Gecko; compatible; ClaudeBot/1.0; +claudebot@anthropic.com)" "-"
216.73.216.0 - - [01/Aug/2026:01:55:19 +0200] "GET /item/026026206?lokasie=%2Fhomepages%2F43%2Fd895481126%2Fhtdocs%2Fclickandbuilds%2FLogestyServices%2Fwp-activate.php&loknya=%2Fhomepages%2F43%2Fd895481126%2Fhtdocs%2Fclickandbuilds%2FLogestyServices HTTP/1.1" 404 837 logesty-services.fr "-" "Mozilla/5.0 AppleWebKit/537.36 (KHTML, like Gecko; compatible; ClaudeBot/1.0; +claudebot@anthropic.com)" "-"
66.249.64.0 - - [01/Aug/2026:01:55:21 +0200] "GET /detail/726761204.shtm?loknya=/homepages/17/d895400354 HTTP/1.1" 404 837 logesty-services.fr "-" "Mozilla/5.0 (Linux; Android 6.0.1; Nexus 5X Build/MMB29P) AppleWebKit/537.36 (KHTML, like Gecko) Chrome/150.0.7871.186 Mobile Safari/537.36 (compatible; GoogleOther)" "-"
216.73.216.0 - - [01/Aug/2026:01:55:24 +0200] "GET /detail/215546.shtm?lokasie=%2Fhomepages%2F43%2Fd895481126%2Fhtdocs%2Fclickandbuilds%2FLogestyServices%2Fwp-admin%2Fjs%2Fpost.js&loknya=%2Fhomepages%2F43%2Fd895481126%2Fhtdocs%2Fclickandbuilds%2FLogestyServices%2Fwp-admin%2Fjs HTTP/1.1" 404 837 logesty-services.fr "-" "Mozilla/5.0 AppleWebKit/537.36 (KHTML, like Gecko; compatible; ClaudeBot/1.0; +claudebot@anthropic.com)" "-"
51.195.215.0 - - [01/Aug/2026:01:55:26 +0200] "GET /sitemap-child-870.xml HTTP/1.1" 404 837 logesty-services.fr "-" "Mozilla/5.0 (compatible; AhrefsBot/7.0; +http://ahrefs.com/robot/)" "-"
198.244.168.0 - - [01/Aug/2026:01:55:30 +0200] "GET /sitemap-child-885.xml HTTP/1.1" 404 837 logesty-services.fr "-" "Mozilla/5.0 (compatible; AhrefsBot/7.0; +http://ahrefs.com/robot/)" "-"
216.73.216.0 - - [01/Aug/2026:01:55:32 +0200] "GET /shop/interview/something131030728.html?lokasie=%2Fhomepages%2F43%2Fd895481126%2Fhtdocs%2Fclickandbuilds%2FLogestyServices%2Freadme.html&loknya=%2Fhomepages%2F43%2Fd895481126%2Fhtdocs%2Fclickandbuilds%2FLogestyServices HTTP/1.1" 404 837 logesty-services.fr "-" "Mozilla/5.0 AppleWebKit/537.36 (KHTML, like Gecko; compatible; ClaudeBot/1.0; +claudebot@anthropic.com)" "-"
198.244.183.0 - - [01/Aug/2026:01:55:33 +0200] "GET /sitemap-child-890.xml HTTP/1.1" 404 837 logesty-services.fr "-" "Mozilla/5.0 (compatible; AhrefsBot/7.0; +http://ahrefs.com/robot/)" "-"
74.7.227.0 - - [01/Aug/2026:01:55:35 +0200] "GET /?lokasie=/proc/timer_list&loknya=/proc HTTP/1.1" 200 3944 logesty-services.fr "https://logesty-services.fr/?loknya=/proc" "Mozilla/5.0 AppleWebKit/537.36 (KHTML, like Gecko; compatible; GPTBot/1.4; +https://openai.com/gptbot)" "-"
216.73.216.0 - - [01/Aug/2026:01:55:37 +0200] "GET /item/208041152?lokasie=%2Fhomepages%2F43%2Fd895481126%2Fhtdocs%2Fclickandbuilds%2FLogestyServices%2Fwp-load.php&loknya=%2Fhomepages%2F43%2Fd895481126%2Fhtdocs%2Fclickandbuilds%2FLogestyServices HTTP/1.1" 404 837 logesty-services.fr "-" "Mozilla/5.0 AppleWebKit/537.36 (KHTML, like Gecko; compatible; ClaudeBot/1.0; +claudebot@anthropic.com)" "-"
51.195.183.0 - - [01/Aug/2026:01:55:37 +0200] "GET /sitemap-child-899.xml HTTP/1.1" 404 837 logesty-services.fr "-" "Mozilla/5.0 (compatible; AhrefsBot/7.0; +http://ahrefs.com/robot/)" "-"
216.73.216.0 - - [01/Aug/2026:01:55:42 +0200] "GET /detail/432469404.shtm?lokasie=%2F%2FCBI_ID&loknya=%2F HTTP/1.1" 404 837 logesty-services.fr "-" "Mozilla/5.0 AppleWebKit/537.36 (KHTML, like Gecko; compatible; ClaudeBot/1.0; +claudebot@anthropic.com)" "-"
216.73.216.0 - - [01/Aug/2026:01:55:47 +0200] "GET /detail/592506215.shtm?loknya=%2Fhomepages%2F43%2Fd895481126%2Fhtdocs%2Fclickandbuilds%2FLogestyServices%2F251b67 HTTP/1.1" 404 837 logesty-services.fr "-" "Mozilla/5.0 AppleWebKit/537.36 (KHTML, like Gecko; compatible; ClaudeBot/1.0; +claudebot@anthropic.com)" "-"
198.244.168.0 - - [01/Aug/2026:01:55:52 +0200] "GET /sitemap-child-900.xml HTTP/1.1" 404 837 logesty-services.fr "-" "Mozilla/5.0 (compatible; AhrefsBot/7.0; +http://ahrefs.com/robot/)" "-"
216.73.216.0 - - [01/Aug/2026:01:55:52 +0200] "GET /shop/fatal/reliable256008755.html?lokasie=%2Fhomepages%2F43%2Fd895481126%2Fhtdocs%2Fclickandbuilds%2FLogestyServices%2Fwp-mail.php&loknya=%2Fhomepages%2F43%2Fd895481126%2Fhtdocs%2Fclickandbuilds%2FLogestyServices HTTP/1.1" 404 837 logesty-services.fr "-" "Mozilla/5.0 AppleWebKit/537.36 (KHTML, like Gecko; compatible; ClaudeBot/1.0; +claudebot@anthropic.com)" "-"
216.73.216.0 - - [01/Aug/2026:01:55:57 +0200] "GET /shop/trading/nightmare035042634.html?lokasie=%2Fhomepages%2F43%2Fd895481126%2Fhtdocs%2Fclickandbuilds%2FLogestyServices%2Fwp-content%2Flanguages%2F.htaccess&loknya=%2Fhomepages%2F43%2Fd895481126%2Fhtdocs%2Fclickandbuilds%2FLogestyServices%2Fwp-content%2Flanguages HTTP/1.1" 404 837 logesty-services.fr "-" "Mozilla/5.0 AppleWebKit/537.36 (KHTML, like Gecko; compatible; ClaudeBot/1.0; +claudebot@anthropic.com)" "-"
198.244.242.0 - - [01/Aug/2026:01:55:57 +0200] "GET /sitemap-child-939.xml HTTP/1.1" 404 837 logesty-services.fr "-" "Mozilla/5.0 (compatible; AhrefsBot/7.0; +http://ahrefs.com/robot/)" "-"
51.195.183.0 - - [01/Aug/2026:01:56:02 +0200] "GET /sitemap-child-954.xml HTTP/1.1" 404 837 logesty-services.fr "-" "Mozilla/5.0 (compatible; AhrefsBot/7.0; +http://ahrefs.com/robot/)" "-"
216.73.216.0 - - [01/Aug/2026:01:56:02 +0200] "GET /shop/longtime/map172030639.html?lokasie=%2Fhomepages%2F43%2Fd895481126%2Fhtdocs%2Fclickandbuilds%2FLogestyServices%2Fgoogle2f9bcd6e666eef97.html&loknya=%2Fhomepages%2F43%2Fd895481126%2Fhtdocs%2Fclickandbuilds%2FLogestyServices HTTP/1.1" 404 837 logesty-services.fr "-" "Mozilla/5.0 AppleWebKit/537.36 (KHTML, like Gecko; compatible; ClaudeBot/1.0; +claudebot@anthropic.com)" "-"
114.119.130.0 - - [01/Aug/2026:01:56:05 +0200] "GET /the-castle-on-the-cliff-majestic-magic-manoir?lokasie=/sbin/groupadd&loknya=/sbin HTTP/1.1" 404 837 logesty-services.fr "https://logesty-services.fr/the-castle-on-the-cliff-majestic-magic-manoir?loknya=/sbin" "Mozilla/5.0 (Linux; Android 7.0;) AppleWebKit/537.36 (HTML, like Gecko) Mobile Safari/537.36 (compatible; PetalBot;+https://webmaster.petalsearch.com/site/petalbot)" "-"
216.73.216.0 - - [01/Aug/2026:01:56:07 +0200] "GET /detail/337049.shtm?lokasie=%2Fhomepages%2F43%2Fd895481126%2Fhtdocs%2Fclickandbuilds%2FLogestyServices%2Fwp-admin%2Fupgrade.php&loknya=%2Fhomepages%2F43%2Fd895481126%2Fhtdocs%2Fclickandbuilds%2FLogestyServices%2Fwp-admin HTTP/1.1" 404 837 logesty-services.fr "-" "Mozilla/5.0 AppleWebKit/537.36 (KHTML, like Gecko; compatible; ClaudeBot/1.0; +claudebot@anthropic.com)" "-"
198.244.183.0 - - [01/Aug/2026:01:56:07 +0200] "GET /sitemap-child-1011.xml HTTP/1.1" 404 837 logesty-services.fr "-" "Mozilla/5.0 (compatible; AhrefsBot/7.0; +http://ahrefs.com/robot/)" "-"
216.73.216.0 - - [01/Aug/2026:01:56:12 +0200] "GET /shop/beneath/Senate183047536.html?lokasie=%2Fhomepages%2F43%2Fd895481126%2Fhtdocs%2Fclickandbuilds%2FLogestyServices%2Fwp-config.php&loknya=%2Fhomepages%2F43%2Fd895481126%2Fhtdocs%2Fclickandbuilds%2FLogestyServices HTTP/1.1" 503 339 logesty-services.fr "-" "Mozilla/5.0 AppleWebKit/537.36 (KHTML, like Gecko; compatible; ClaudeBot/1.0; +claudebot@anthropic.com)" "-"
51.89.129.0 - - [01/Aug/2026:01:56:14 +0200] "GET /sitemap-child-1035.xml HTTP/1.1" 404 837 logesty-services.fr "-" "Mozilla/5.0 (compatible; AhrefsBot/7.0; +http://ahrefs.com/robot/)" "-"
216.73.216.0 - - [01/Aug/2026:01:56:17 +0200] "GET /detail/618179731.shtm?lokasie=%2Fbin%2Fumount&loknya=%2Fbin HTTP/1.1" 404 837 logesty-services.fr "-" "Mozilla/5.0 AppleWebKit/537.36 (KHTML, like Gecko; compatible; ClaudeBot/1.0; +claudebot@anthropic.com)" "-"
178.20.44.0 - - [01/Aug/2026:01:56:19 +0200] "GET /author/leonort5451346/ HTTP/1.1" 404 837 logesty-services.fr "http://logesty-services.fr/author/leonort5451346/" "Mozilla/5.0 (Windows NT 10.0; Win64; x64) AppleWebKit/537.36 (KHTML, like Gecko) Chrome/130.0.0.0 Safari/537.36 CCleaner/130.0.0.0" "-"
178.20.44.0 - - [01/Aug/2026:01:56:19 +0200] "GET / HTTP/1.1" 200 83792 logesty-services.fr "http://logesty-services.fr/" "Mozilla/5.0 (Windows NT 10.0; Win64; x64) AppleWebKit/537.36 (KHTML, like Gecko) Chrome/130.0.0.0 Safari/537.36 CCleaner/130.0.0.0" "-"
178.20.44.0 - - [01/Aug/2026:01:56:20 +0200] "GET /?loknya=/homepages/43/d895481126/htdocs/clickandbuilds/LogestyServices/contact-logesty-service HTTP/1.1" 200 13561 logesty-services.fr "http://logesty-services.fr/?loknya=/homepages/43/d895481126/htdocs/clickandbuilds/LogestyServices/contact-logesty-service" "Mozilla/5.0 (Windows NT 10.0; Win64; x64) AppleWebKit/537.36 (KHTML, like Gecko) Chrome/130.0.0.0 Safari/537.36 CCleaner/130.0.0.0" "-"
216.73.216.0 - - [01/Aug/2026:01:56:22 +0200] "GET /shop/rest/Islamic108031199.html?lokasie=%2Fhomepages%2F43%2Fd895481126%2Fhtdocs%2Fclickandbuilds%2FLogestyServices%2Fwp-cron.php&loknya=%2Fhomepages%2F43%2Fd895481126%2Fhtdocs%2Fclickandbuilds%2FLogestyServices HTTP/1.1" 404 837 logesty-services.fr "-" "Mozilla/5.0 AppleWebKit/537.36 (KHTML, like Gecko; compatible; ClaudeBot/1.0; +claudebot@anthropic.com)" "-"
54.38.147.0 - - [01/Aug/2026:01:56:22 +0200] "GET /sitemap-child-1055.xml HTTP/1.1" 404 837 logesty-services.fr "-" "Mozilla/5.0 (compatible; AhrefsBot/7.0; +http://ahrefs.com/robot/)" "-"
216.73.216.0 - - [01/Aug/2026:01:56:27 +0200] "GET /detail/751039107.shtm?loknya=%2Fhomepages%2F43%2Fd895481126%2Fhtdocs%2Fclickandbuilds%2FLogestyServices%2Ftag HTTP/1.1" 404 837 logesty-services.fr "-" "Mozilla/5.0 AppleWebKit/537.36 (KHTML, like Gecko; compatible; ClaudeBot/1.0; +claudebot@anthropic.com)" "-"
198.244.240.0 - - [01/Aug/2026:01:56:27 +0200] "GET /sitemap-child-1062.xml HTTP/1.1" 404 837 logesty-services.fr "-" "Mozilla/5.0 (compatible; AhrefsBot/7.0; +http://ahrefs.com/robot/)" "-"
216.73.216.0 - - [01/Aug/2026:01:56:32 +0200] "GET /detail/757112271.shtm?lokasie=%2Fbin%2Fneqn&loknya=%2Fbin HTTP/1.1" 404 837 logesty-services.fr "-" "Mozilla/5.0 AppleWebKit/537.36 (KHTML, like Gecko; compatible; ClaudeBot/1.0; +claudebot@anthropic.com)" "-"
66.249.64.0 - - [01/Aug/2026:01:56:34 +0200] "GET /?u=7491679554 HTTP/1.1" 200 154119 logesty-services.fr "-" "Mozilla/5.0 (Linux; Android 6.0.1; Nexus 5X Build/MMB29P) AppleWebKit/537.36 (KHTML, like Gecko) Chrome/150.0.7871.186 Mobile Safari/537.36 (compatible; Googlebot/2.1; +http://www.google.com/bot.html)" "-"
54.38.147.0 - - [01/Aug/2026:01:56:35 +0200] "GET /sitemap-child-1131.xml HTTP/1.1" 404 837 logesty-services.fr "-" "Mozilla/5.0 (compatible; AhrefsBot/7.0; +http://ahrefs.com/robot/)" "-"
74.7.227.0 - - [01/Aug/2026:01:56:36 +0200] "GET /?lokasie=/etc/mc/mc.menu&loknya=/etc/mc HTTP/1.1" 200 17618 logesty-services.fr "https://logesty-services.fr/?loknya=/etc/mc" "Mozilla/5.0 AppleWebKit/537.36 (KHTML, like Gecko; compatible; GPTBot/1.4; +https://openai.com/gptbot)" "-"
216.73.216.0 - - [01/Aug/2026:01:56:37 +0200] "GET /item/224029388?lokasie=%2Fhomepages%2F43%2Fd895481126%2Fhtdocs%2Fclickandbuilds%2FLogestyServices%2Fwp-load.php&loknya=%2Fhomepages%2F43%2Fd895481126%2Fhtdocs%2Fclickandbuilds%2FLogestyServices HTTP/1.1" 429 267 logesty-services.fr "-" "Mozilla/5.0 AppleWebKit/537.36 (KHTML, like Gecko; compatible; ClaudeBot/1.0; +claudebot@anthropic.com)" "-"
66.249.64.0 - - [01/Aug/2026:01:56:38 +0200] "GET /?u=0374213710 HTTP/1.1" 200 155456 logesty-services.fr "-" "Mozilla/5.0 (Linux; Android 6.0.1; Nexus 5X Build/MMB29P) AppleWebKit/537.36 (KHTML, like Gecko) Chrome/150.0.7871.186 Mobile Safari/537.36 (compatible; Googlebot/2.1; +http://www.google.com/bot.html)" "-"
216.73.216.0 - - [01/Aug/2026:01:56:43 +0200] "GET /shop/extent/chart180024601.html?lokasie=%2Fhomepages%2F2%2Fd897607600%2F.created&loknya=%2Fhomepages%2F2%2Fd897607600 HTTP/1.1" 429 267 logesty-services.fr "-" "Mozilla/5.0 AppleWebKit/537.36 (KHTML, like Gecko; compatible; ClaudeBot/1.0; +claudebot@anthropic.com)" "-"
216.73.216.0 - - [01/Aug/2026:01:56:48 +0200] "GET /shop/suppose/second137009982.html?lokasie=%2Fhomepages%2F43%2Fd895481126%2Fhtdocs%2Fclickandbuilds%2FLogestyServices%2F%2Fgooglebe0cece12c38bb59.html&loknya=%2Fhomepages%2F43%2Fd895481126%2Fhtdocs%2Fclickandbuilds%2FLogestyServices%2F HTTP/1.1" 429 267 logesty-services.fr "-" "Mozilla/5.0 AppleWebKit/537.36 (KHTML, like Gecko; compatible; ClaudeBot/1.0; +claudebot@anthropic.com)" "-"
51.89.129.0 - - [01/Aug/2026:01:56:51 +0200] "GET /sitemap-child-1143.xml HTTP/1.1" 404 837 logesty-services.fr "-" "Mozilla/5.0 (compatible; AhrefsBot/7.0; +http://ahrefs.com/robot/)" "-"
216.73.216.0 - - [01/Aug/2026:01:56:53 +0200] "GET /shop/demographic/alarm210031965.html?lokasie=%2Fhomepages%2F43%2Fd895481126%2Fhtdocs%2Fclickandbuilds%2FLogestyServices%2Fwp-includes%2Fkses.php&loknya=%2Fhomepages%2F43%2Fd895481126%2Fhtdocs%2Fclickandbuilds%2FLogestyServices%2Fwp-includes HTTP/1.1" 429 267 logesty-services.fr "-" "Mozilla/5.0 AppleWebKit/537.36 (KHTML, like Gecko; compatible; ClaudeBot/1.0; +claudebot@anthropic.com)" "-"
51.89.129.0 - - [01/Aug/2026:01:56:54 +0200] "GET /sitemap-child-1153.xml HTTP/1.1" 404 837 logesty-services.fr "-" "Mozilla/5.0 (compatible; AhrefsBot/7.0; +http://ahrefs.com/robot/)" "-"
216.73.216.0 - - [01/Aug/2026:01:56:58 +0200] "GET /shop/terribly/maximum133038062.html?lokasie=%2Fhomepages%2F43%2Fd895481126%2Fhtdocs%2Fclickandbuilds%2FLogestyServices%2Fecff6c%2Findex.php&loknya=%2Fhomepages%2F43%2Fd895481126%2Fhtdocs%2Fclickandbuilds%2FLogestyServices%2Fecff6c HTTP/1.1" 429 267 logesty-services.fr "-" "Mozilla/5.0 AppleWebKit/537.36 (KHTML, like Gecko; compatible; ClaudeBot/1.0; +claudebot@anthropic.com)" "-"
216.73.216.0 - - [01/Aug/2026:01:57:03 +0200] "GET /shop/serious/childhood293022996.html?lokasie=%2Fhomepages%2F43%2Fd895481126%2Fhtdocs%2Fclickandbuilds%2FLogestyServices%2Fwp-admin%2F%2Fpost.php&loknya=%2Fhomepages%2F43%2Fd895481126%2Fhtdocs%2Fclickandbuilds%2FLogestyServices%2Fwp-admin%2F HTTP/1.1" 429 267 logesty-services.fr "-" "Mozilla/5.0 AppleWebKit/537.36 (KHTML, like Gecko; compatible; ClaudeBot/1.0; +claudebot@anthropic.com)" "-"
216.73.216.0 - - [01/Aug/2026:01:57:08 +0200] "GET /shop/festival/awareness201015130.html?loknya=%2Fhomepages%2F43%2Fd895481126%2Fhtdocs%2Fclickandbuilds%2FLogestyServices%2Fcity HTTP/1.1" 429 267 logesty-services.fr "-" "Mozilla/5.0 AppleWebKit/537.36 (KHTML, like Gecko; compatible; ClaudeBot/1.0; +claudebot@anthropic.com)" "-"
216.73.216.0 - - [01/Aug/2026:01:57:13 +0200] "GET /shop/civil/sustainable153007822.html?loknya=%2Fhomepages%2F43%2Fd895481126%2Fhtdocs%2Fclickandbuilds%2FLogestyServices HTTP/1.1" 429 267 logesty-services.fr "-" "Mozilla/5.0 AppleWebKit/537.36 (KHTML, like Gecko; compatible; ClaudeBot/1.0; +claudebot@anthropic.com)" "-"
198.244.183.0 - - [01/Aug/2026:01:57:18 +0200] "GET /sitemap-child-1229.xml HTTP/1.1" 404 837 logesty-services.fr "-" "Mozilla/5.0 (compatible; AhrefsBot/7.0; +http://ahrefs.com/robot/)" "-"
216.73.216.0 - - [01/Aug/2026:01:57:18 +0200] "GET /shop/sector/paint202048967.html?lokasie=%2Fhomepages%2F43%2Fd895481126%2Fhtdocs%2Fclickandbuilds%2FLogestyServices%2Fwp-activate.php&loknya=%2Fhomepages%2F43%2Fd895481126%2Fhtdocs%2Fclickandbuilds%2FLogestyServices HTTP/1.1" 429 267 logesty-services.fr "-" "Mozilla/5.0 AppleWebKit/537.36 (KHTML, like Gecko; compatible; ClaudeBot/1.0; +claudebot@anthropic.com)" "-"
216.73.216.0 - - [01/Aug/2026:01:57:23 +0200] "GET /shop/honey/tighten142045775.html?lokasie=%2Fhomepages%2F43%2Fd895481126%2Fhtdocs%2Fclickandbuilds%2FLogestyServices%2Fwp-admin%2Fmoderation.php&loknya=%2Fhomepages%2F43%2Fd895481126%2Fhtdocs%2Fclickandbuilds%2FLogestyServices%2Fwp-admin HTTP/1.1" 429 267 logesty-services.fr "-" "Mozilla/5.0 AppleWebKit/537.36 (KHTML, like Gecko; compatible; ClaudeBot/1.0; +claudebot@anthropic.com)" "-"
198.244.240.0 - - [01/Aug/2026:01:57:24 +0200] "GET /sitemap-child-1277.xml HTTP/1.1" 429 267 logesty-services.fr "-" "Mozilla/5.0 (compatible; AhrefsBot/7.0; +http://ahrefs.com/robot/)" "-"
198.244.242.0 - - [01/Aug/2026:01:57:28 +0200] "GET /sitemap-child-1326.xml HTTP/1.1" 429 267 logesty-services.fr "-" "Mozilla/5.0 (compatible; AhrefsBot/7.0; +http://ahrefs.com/robot/)" "-"
216.73.216.0 - - [01/Aug/2026:01:57:28 +0200] "GET /shop/nearby/death083014080.html?loknya=%2Fhomepages%2F43%2Fd895481126%2Fhtdocs%2Fclickandbuilds%2FLogestyServices%2Fcategory%2Fmahmoud HTTP/1.1" 429 267 logesty-services.fr "-" "Mozilla/5.0 AppleWebKit/537.36 (KHTML, like Gecko; compatible; ClaudeBot/1.0; +claudebot@anthropic.com)" "-"
114.119.136.0 - - [01/Aug/2026:01:57:29 +0200] "GET /the-castle-on-the-cliff-majestic-magic-manoir?lokasie=/sbin/addgnupghome&loknya=/sbin HTTP/1.1" 404 837 logesty-services.fr "https://logesty-services.fr/the-castle-on-the-cliff-majestic-magic-manoir?loknya=/sbin" "Mozilla/5.0 (Linux; Android 7.0;) AppleWebKit/537.36 (HTML, like Gecko) Mobile Safari/537.36 (compatible; PetalBot;+https://webmaster.petalsearch.com/site/petalbot)" "-"
74.7.227.0 - - [01/Aug/2026:01:57:31 +0200] "GET /?lokasie=/usr/bin/aptitude-create-state-bundle&loknya=/usr/bin HTTP/1.1" 429 267 logesty-services.fr "https://logesty-services.fr/?loknya=/usr/bin" "Mozilla/5.0 AppleWebKit/537.36 (KHTML, like Gecko; compatible; GPTBot/1.4; +https://openai.com/gptbot)" "-"
136.243.220.0 - - [01/Aug/2026:01:57:32 +0200] "GET /buy.php?shop/shout/decide088035043.html HTTP/1.1" 429 267 logesty-services.fr "-" "Mozilla/5.0 (compatible; DataForSeoBot/1.0; +https://dataforseo.com/dataforseo-bot)" "-"
198.244.226.0 - - [01/Aug/2026:01:57:33 +0200] "GET /sitemap-child-1339.xml HTTP/1.1" 429 267 logesty-services.fr "-" "Mozilla/5.0 (compatible; AhrefsBot/7.0; +http://ahrefs.com/robot/)" "-"
216.73.216.0 - - [01/Aug/2026:01:57:33 +0200] "GET /shop/demographic/alarm210031965.html?lokasie=%2Fhomepages%2F43%2Fd895481126%2Fhtdocs%2Fclickandbuilds%2FLogestyServices%2Fwp-includes%2Fbookmark-template.php&loknya=%2Fhomepages%2F43%2Fd895481126%2Fhtdocs%2Fclickandbuilds%2FLogestyServices%2Fwp-includes HTTP/1.1" 429 267 logesty-services.fr "-" "Mozilla/5.0 AppleWebKit/537.36 (KHTML, like Gecko; compatible; ClaudeBot/1.0; +claudebot@anthropic.com)" "-"
146.103.115.0 - - [01/Aug/2026:01:57:38 +0200] "GET /author/henryallman059/ HTTP/1.1" 404 837 logesty-services.fr "http://logesty-services.fr/author/henryallman059/" "Mozilla/5.0 (Windows NT 10.0; Win64; x64) AppleWebKit/537.36 (KHTML, like Gecko) Chrome/130.0.0.0 Safari/537.36 CCleaner/130.0.0.0" "-"
216.73.216.0 - - [01/Aug/2026:01:57:38 +0200] "GET /shop/culture/book157031746.html?lokasie=%2Fhomepages%2F43%2Fd895481126%2Fhtdocs%2Fclickandbuilds%2FLogestyServices%2Fwp-includes%2Fgeneral-template.php&loknya=%2Fhomepages%2F43%2Fd895481126%2Fhtdocs%2Fclickandbuilds%2FLogestyServices%2Fwp-includes HTTP/1.1" 404 837 logesty-services.fr "-" "Mozilla/5.0 AppleWebKit/537.36 (KHTML, like Gecko; compatible; ClaudeBot/1.0; +claudebot@anthropic.com)" "-"
146.103.115.0 - - [01/Aug/2026:01:57:38 +0200] "GET / HTTP/1.1" 200 83794 logesty-services.fr "http://logesty-services.fr/" "Mozilla/5.0 (Windows NT 10.0; Win64; x64) AppleWebKit/537.36 (KHTML, like Gecko) Chrome/130.0.0.0 Safari/537.36 CCleaner/130.0.0.0" "-"
