136.243.220.0 - - [01/Aug/2026:05:27:24 +0200] "GET /buy.php?outlet/096028236 HTTP/1.1" 404 837 logesty-services.fr "-" "Mozilla/5.0 (compatible; DataForSeoBot/1.0; +https://dataforseo.com/dataforseo-bot)" "-"
216.73.216.0 - - [01/Aug/2026:05:27:26 +0200] "GET /shop/sad/vast241023662.html?loknya=%2Fhomepages%2F43%2Fd895481126%2Fhtdocs%2Fclickandbuilds%2FLogestyServices%2Fwp-includes%2Fcss HTTP/1.1" 404 837 logesty-services.fr "-" "Mozilla/5.0 AppleWebKit/537.36 (KHTML, like Gecko; compatible; ClaudeBot/1.0; +claudebot@anthropic.com)" "-"
216.73.216.0 - - [01/Aug/2026:05:27:31 +0200] "GET /shop/sad/vast241023662.html?loknya=%2Fhomepages%2F43%2Fd895481126%2Fhtdocs%2Fclickandbuilds%2FLogestyServices%2Fwp-includes%2Fphp-ai-client HTTP/1.1" 404 837 logesty-services.fr "-" "Mozilla/5.0 AppleWebKit/537.36 (KHTML, like Gecko; compatible; ClaudeBot/1.0; +claudebot@anthropic.com)" "-"
216.73.216.0 - - [01/Aug/2026:05:27:36 +0200] "GET /shop/medication/tunnel097041420.html?loknya=%2Fhomepages%2F43%2Fd895481126%2Fhtdocs%2Fclickandbuilds%2FLogestyServices%2Fwp-includes%2Fcss HTTP/1.1" 404 837 logesty-services.fr "-" "Mozilla/5.0 AppleWebKit/537.36 (KHTML, like Gecko; compatible; ClaudeBot/1.0; +claudebot@anthropic.com)" "-"
136.243.220.0 - - [01/Aug/2026:05:27:38 +0200] "GET /buy.php?outlet/032015052 HTTP/1.1" 404 837 logesty-services.fr "-" "Mozilla/5.0 (compatible; DataForSeoBot/1.0; +https://dataforseo.com/dataforseo-bot)" "-"
74.7.227.0 - - [01/Aug/2026:05:27:38 +0200] "GET /?lokasie=/kunden/bin/tiffdither&loknya=/kunden/bin HTTP/1.1" 200 3992 logesty-services.fr "https://logesty-services.fr/?loknya=/kunden/bin" "Mozilla/5.0 AppleWebKit/537.36 (KHTML, like Gecko; compatible; GPTBot/1.4; +https://openai.com/gptbot)" "-"
216.73.216.0 - - [01/Aug/2026:05:27:41 +0200] "GET /item/054014444?loknya=%2Fhomepages%2F43%2Fd895481126%2Fhtdocs%2Fclickandbuilds%2FLogestyServices%2Fwp-content%2Fcache HTTP/1.1" 404 837 logesty-services.fr "-" "Mozilla/5.0 AppleWebKit/537.36 (KHTML, like Gecko; compatible; ClaudeBot/1.0; +claudebot@anthropic.com)" "-"
216.73.216.0 - - [01/Aug/2026:05:27:46 +0200] "GET /shop/universe/leather267043220.html?loknya=%2Fhomepages%2F43%2Fd895481126%2Fhtdocs%2Fclickandbuilds%2FLogestyServices%2Fwp-includes%2FRequests%2Fsrc HTTP/1.1" 404 837 logesty-services.fr "-" "Mozilla/5.0 AppleWebKit/537.36 (KHTML, like Gecko; compatible; ClaudeBot/1.0; +claudebot@anthropic.com)" "-"
136.243.220.0 - - [01/Aug/2026:05:27:51 +0200] "GET /buy.php?outlet/244047062 HTTP/1.1" 404 837 logesty-services.fr "-" "Mozilla/5.0 (compatible; DataForSeoBot/1.0; +https://dataforseo.com/dataforseo-bot)" "-"
216.73.216.0 - - [01/Aug/2026:05:27:51 +0200] "GET /shop/rhetoric/seminar016018227.html?loknya=%2Fhomepages%2F43%2Fd895481126%2Fhtdocs%2Fclickandbuilds%2FLogestyServices%2Fwp-admin%2Fcss HTTP/1.1" 404 837 logesty-services.fr "-" "Mozilla/5.0 AppleWebKit/537.36 (KHTML, like Gecko; compatible; ClaudeBot/1.0; +claudebot@anthropic.com)" "-"
216.73.216.0 - - [01/Aug/2026:05:27:56 +0200] "GET /shop/medication/tunnel097041420.html?loknya=%2Fhomepages%2F43%2Fd895481126%2Fhtdocs%2Fclickandbuilds%2FLogestyServices%2Fwp-includes%2Fphp-ai-client HTTP/1.1" 404 837 logesty-services.fr "-" "Mozilla/5.0 AppleWebKit/537.36 (KHTML, like Gecko; compatible; ClaudeBot/1.0; +claudebot@anthropic.com)" "-"
216.73.216.0 - - [01/Aug/2026:05:28:01 +0200] "GET /item/256017430?loknya=%2Fhomepages%2F43%2Fd895481126%2Fhtdocs%2Fclickandbuilds%2FLogestyServices%2Fwp-content%2Fcache HTTP/1.1" 404 837 logesty-services.fr "-" "Mozilla/5.0 AppleWebKit/537.36 (KHTML, like Gecko; compatible; ClaudeBot/1.0; +claudebot@anthropic.com)" "-"
136.243.220.0 - - [01/Aug/2026:05:28:04 +0200] "GET /buy.php?outlet/182037812 HTTP/1.1" 404 837 logesty-services.fr "-" "Mozilla/5.0 (compatible; DataForSeoBot/1.0; +https://dataforseo.com/dataforseo-bot)" "-"
216.73.216.0 - - [01/Aug/2026:05:28:06 +0200] "GET /shop/publicity/lately101042674.html?loknya=%2Fhomepages%2F43%2Fd895481126%2Fhtdocs%2Fclickandbuilds%2FLogestyServices%2Fwp-includes%2Fblock-patterns HTTP/1.1" 404 837 logesty-services.fr "-" "Mozilla/5.0 AppleWebKit/537.36 (KHTML, like Gecko; compatible; ClaudeBot/1.0; +claudebot@anthropic.com)" "-"
216.73.216.0 - - [01/Aug/2026:05:28:11 +0200] "GET /shop/salt/ago152037043.html?loknya=%2Fhomepages%2F43%2Fd895481126%2Fhtdocs%2Fclickandbuilds%2FLogestyServices%2Fwp-includes%2Fcss HTTP/1.1" 404 837 logesty-services.fr "-" "Mozilla/5.0 AppleWebKit/537.36 (KHTML, like Gecko; compatible; ClaudeBot/1.0; +claudebot@anthropic.com)" "-"
114.119.130.0 - - [01/Aug/2026:05:28:14 +0200] "GET /listing/studio-cosy-centre-ville-gare/?loknya=/homepages/sclientMF HTTP/1.1" 404 837 logesty-services.fr "https://logesty-services.fr/listing/studio-cosy-centre-ville-gare/?loknya=/homepages" "Mozilla/5.0 (Linux; Android 7.0;) AppleWebKit/537.36 (HTML, like Gecko) Mobile Safari/537.36 (compatible; PetalBot;+https://webmaster.petalsearch.com/site/petalbot)" "-"
198.244.183.0 - - [01/Aug/2026:05:28:16 +0200] "GET /detail/757025996.shtm HTTP/1.1" 429 267 logesty-services.fr "-" "Mozilla/5.0 (compatible; AhrefsBot/7.0; +http://ahrefs.com/robot/)" "-"
216.73.216.0 - - [01/Aug/2026:05:28:16 +0200] "GET /detail/502335167.shtm?loknya=%2Fhomepages%2F HTTP/1.1" 404 837 logesty-services.fr "-" "Mozilla/5.0 AppleWebKit/537.36 (KHTML, like Gecko; compatible; ClaudeBot/1.0; +claudebot@anthropic.com)" "-"
136.243.220.0 - - [01/Aug/2026:05:28:19 +0200] "GET /buy.php?shop/look/shine177005402.html HTTP/1.1" 429 267 logesty-services.fr "-" "Mozilla/5.0 (compatible; DataForSeoBot/1.0; +https://dataforseo.com/dataforseo-bot)" "-"
216.73.216.0 - - [01/Aug/2026:05:28:21 +0200] "GET /shop/salt/ago152037043.html?loknya=%2Fhomepages%2F43%2Fd895481126%2Fhtdocs%2Fclickandbuilds%2FLogestyServices%2Fwp-includes%2Fphp-ai-client HTTP/1.1" 404 837 logesty-services.fr "-" "Mozilla/5.0 AppleWebKit/537.36 (KHTML, like Gecko; compatible; ClaudeBot/1.0; +claudebot@anthropic.com)" "-"
216.73.216.0 - - [01/Aug/2026:05:28:26 +0200] "GET /item/242048828?loknya=%2Fhomepages%2F43%2Fd895481126%2Fhtdocs%2Fclickandbuilds%2FLogestyServices%2Fwp-content%2Fcache HTTP/1.1" 404 837 logesty-services.fr "-" "Mozilla/5.0 AppleWebKit/537.36 (KHTML, like Gecko; compatible; ClaudeBot/1.0; +claudebot@anthropic.com)" "-"
216.73.216.0 - - [01/Aug/2026:05:28:31 +0200] "GET /shop/otherwise/even024039713.html?loknya=%2Fhomepages%2F43%2Fd895481126%2Fhtdocs%2Fclickandbuilds%2FLogestyServices%2Fwp-content%2Fuploads%2Fwpcf7_uploads HTTP/1.1" 404 837 logesty-services.fr "-" "Mozilla/5.0 AppleWebKit/537.36 (KHTML, like Gecko; compatible; ClaudeBot/1.0; +claudebot@anthropic.com)" "-"
216.73.216.0 - - [01/Aug/2026:05:28:36 +0200] "GET /shop/opponent/essay253004448.html?loknya=%2Fhomepages%2F43%2Fd895481126%2Fhtdocs%2Fclickandbuilds%2FLogestyServices%2Fwp-includes%2Frest-api HTTP/1.1" 404 837 logesty-services.fr "-" "Mozilla/5.0 AppleWebKit/537.36 (KHTML, like Gecko; compatible; ClaudeBot/1.0; +claudebot@anthropic.com)" "-"
216.73.216.0 - - [01/Aug/2026:05:28:41 +0200] "GET /shop/grave/ill293007064.html?loknya=%2Fhomepages%2F43%2Fd895481126%2Fhtdocs%2Fclickandbuilds%2FLogestyServices%2Fwp-includes%2Frest-api HTTP/1.1" 429 267 logesty-services.fr "-" "Mozilla/5.0 AppleWebKit/537.36 (KHTML, like Gecko; compatible; ClaudeBot/1.0; +claudebot@anthropic.com)" "-"
74.7.227.0 - - [01/Aug/2026:05:28:44 +0200] "GET /?lokasie=/kunden/bin/scriptlive&loknya=/kunden/bin HTTP/1.1" 429 267 logesty-services.fr "https://logesty-services.fr/?loknya=/kunden/bin" "Mozilla/5.0 AppleWebKit/537.36 (KHTML, like Gecko; compatible; GPTBot/1.4; +https://openai.com/gptbot)" "-"
216.73.216.0 - - [01/Aug/2026:05:28:46 +0200] "GET /item/241005779?loknya=%2Fhomepages%2F43%2Fd895481126%2Fhtdocs%2Fclickandbuilds%2FLogestyServices%2Fwp-content%2Fcache HTTP/1.1" 429 267 logesty-services.fr "-" "Mozilla/5.0 AppleWebKit/537.36 (KHTML, like Gecko; compatible; ClaudeBot/1.0; +claudebot@anthropic.com)" "-"
216.73.216.0 - - [01/Aug/2026:05:28:51 +0200] "GET /item/134046178?loknya=%2Fhomepages%2F43%2Fd895481126%2Fhtdocs%2Fclickandbuilds%2FLogestyServices%2Fwp-content%2Fcache HTTP/1.1" 429 267 logesty-services.fr "-" "Mozilla/5.0 AppleWebKit/537.36 (KHTML, like Gecko; compatible; ClaudeBot/1.0; +claudebot@anthropic.com)" "-"
216.73.216.0 - - [01/Aug/2026:05:28:56 +0200] "GET /detail/320041231.shtm?loknya=%2Fhomepages%2F43%2Fd895481126%2Fhtdocs%2Fclickandbuilds%2FLogestyServices%2Fwp-includes%2Fphp-compat HTTP/1.1" 429 267 logesty-services.fr "-" "Mozilla/5.0 AppleWebKit/537.36 (KHTML, like Gecko; compatible; ClaudeBot/1.0; +claudebot@anthropic.com)" "-"
216.73.216.0 - - [01/Aug/2026:05:29:03 +0200] "GET /detail/752529544.shtm?loknya=%2Fhomepages%2F0 HTTP/1.1" 429 267 logesty-services.fr "-" "Mozilla/5.0 AppleWebKit/537.36 (KHTML, like Gecko; compatible; ClaudeBot/1.0; +claudebot@anthropic.com)" "-"
216.73.216.0 - - [01/Aug/2026:05:29:08 +0200] "GET /detail/618253570.shtm?loknya=%2Fhomepages%2F0 HTTP/1.1" 429 267 logesty-services.fr "-" "Mozilla/5.0 AppleWebKit/537.36 (KHTML, like Gecko; compatible; ClaudeBot/1.0; +claudebot@anthropic.com)" "-"
216.73.216.0 - - [01/Aug/2026:05:29:13 +0200] "GET /shop/tragedy/sheet090046283.html?loknya=%2Fhomepages%2F43%2Fd895481126%2Fhtdocs%2Fclickandbuilds%2FLogestyServices%2Fwp-content%2Flanguages HTTP/1.1" 429 267 logesty-services.fr "-" "Mozilla/5.0 AppleWebKit/537.36 (KHTML, like Gecko; compatible; ClaudeBot/1.0; +claudebot@anthropic.com)" "-"
216.73.216.0 - - [01/Aug/2026:05:29:18 +0200] "GET /detail/756628327.shtm?loknya=%2Fhomepages%2F2 HTTP/1.1" 429 267 logesty-services.fr "-" "Mozilla/5.0 AppleWebKit/537.36 (KHTML, like Gecko; compatible; ClaudeBot/1.0; +claudebot@anthropic.com)" "-"
216.73.216.0 - - [01/Aug/2026:05:29:23 +0200] "GET /detail/556406087.shtm?loknya=%2Fhomepages%2F HTTP/1.1" 429 267 logesty-services.fr "-" "Mozilla/5.0 AppleWebKit/537.36 (KHTML, like Gecko; compatible; ClaudeBot/1.0; +claudebot@anthropic.com)" "-"
216.73.216.0 - - [01/Aug/2026:05:29:28 +0200] "GET /shop/medication/tunnel097041420.html?loknya=%2Fhomepages%2F43%2Fd895481126%2Fhtdocs%2Fclickandbuilds%2FLogestyServices%2Fwp-includes%2Fjs HTTP/1.1" 429 267 logesty-services.fr "-" "Mozilla/5.0 AppleWebKit/537.36 (KHTML, like Gecko; compatible; ClaudeBot/1.0; +claudebot@anthropic.com)" "-"
216.73.216.0 - - [01/Aug/2026:05:29:33 +0200] "GET /detail/470894964.shtm?loknya=%2Fhomepages%2F0 HTTP/1.1" 429 267 logesty-services.fr "-" "Mozilla/5.0 AppleWebKit/537.36 (KHTML, like Gecko; compatible; ClaudeBot/1.0; +claudebot@anthropic.com)" "-"
114.119.136.0 - - [01/Aug/2026:05:29:37 +0200] "GET /listing/studio-cosy-centre-ville-gare/?lokasie=/sbin/update-dictcommon-aspell&loknya=/sbin HTTP/1.1" 404 837 logesty-services.fr "https://logesty-services.fr/listing/studio-cosy-centre-ville-gare/?loknya=/sbin" "Mozilla/5.0 (Linux; Android 7.0;) AppleWebKit/537.36 (HTML, like Gecko) Mobile Safari/537.36 (compatible; PetalBot;+https://webmaster.petalsearch.com/site/petalbot)" "-"
216.73.216.0 - - [01/Aug/2026:05:29:38 +0200] "GET /detail/757073150.shtm?loknya=%2Fhomepages%2F2 HTTP/1.1" 429 267 logesty-services.fr "-" "Mozilla/5.0 AppleWebKit/537.36 (KHTML, like Gecko; compatible; ClaudeBot/1.0; +claudebot@anthropic.com)" "-"
74.7.227.0 - - [01/Aug/2026:05:29:42 +0200] "GET /?lokasie=/kunden/bin/etags.emacs&loknya=/kunden/bin HTTP/1.1" 200 3993 logesty-services.fr "https://logesty-services.fr/?loknya=/kunden/bin" "Mozilla/5.0 AppleWebKit/537.36 (KHTML, like Gecko; compatible; GPTBot/1.4; +https://openai.com/gptbot)" "-"
216.73.216.0 - - [01/Aug/2026:05:29:43 +0200] "GET /item/109033039?loknya=%2Fhomepages%2F43%2Fd895481126%2Fhtdocs%2Fclickandbuilds%2FLogestyServices%2Fwp-content%2Fuploads%2F2020 HTTP/1.1" 404 837 logesty-services.fr "-" "Mozilla/5.0 AppleWebKit/537.36 (KHTML, like Gecko; compatible; ClaudeBot/1.0; +claudebot@anthropic.com)" "-"
66.249.64.0 - - [01/Aug/2026:05:29:46 +0200] "GET /?u=6161835554 HTTP/1.1" 200 157984 logesty-services.fr "-" "Mozilla/5.0 (Linux; Android 6.0.1; Nexus 5X Build/MMB29P) AppleWebKit/537.36 (KHTML, like Gecko) Chrome/150.0.7871.186 Mobile Safari/537.36 (compatible; Googlebot/2.1; +http://www.google.com/bot.html)" "-"
216.73.216.0 - - [01/Aug/2026:05:29:48 +0200] "GET /detail/752529544.shtm?loknya=%2Fhomepages%2F8 HTTP/1.1" 404 837 logesty-services.fr "-" "Mozilla/5.0 AppleWebKit/537.36 (KHTML, like Gecko; compatible; ClaudeBot/1.0; +claudebot@anthropic.com)" "-"
216.73.216.0 - - [01/Aug/2026:05:29:53 +0200] "GET /detail/618253570.shtm?loknya=%2Fhomepages%2F8 HTTP/1.1" 404 837 logesty-services.fr "-" "Mozilla/5.0 AppleWebKit/537.36 (KHTML, like Gecko; compatible; ClaudeBot/1.0; +claudebot@anthropic.com)" "-"
216.73.216.0 - - [01/Aug/2026:05:30:00 +0200] "GET /shop/brown/world073044242.html?loknya=%2Fhomepages%2F17%2Fd900123196%2Fmanaged HTTP/1.1" 404 837 logesty-services.fr "-" "Mozilla/5.0 AppleWebKit/537.36 (KHTML, like Gecko; compatible; ClaudeBot/1.0; +claudebot@anthropic.com)" "-"
216.73.216.0 - - [01/Aug/2026:05:30:05 +0200] "GET /detail/752529544.shtm?loknya=%2Fhomepages%2F29 HTTP/1.1" 404 837 logesty-services.fr "-" "Mozilla/5.0 AppleWebKit/537.36 (KHTML, like Gecko; compatible; ClaudeBot/1.0; +claudebot@anthropic.com)" "-"
216.73.216.0 - - [01/Aug/2026:05:30:10 +0200] "GET /detail/618253570.shtm?loknya=%2Fhomepages%2F29 HTTP/1.1" 404 837 logesty-services.fr "-" "Mozilla/5.0 AppleWebKit/537.36 (KHTML, like Gecko; compatible; ClaudeBot/1.0; +claudebot@anthropic.com)" "-"
216.73.216.0 - - [01/Aug/2026:05:30:15 +0200] "GET /detail/556405310.shtm?loknya=%2Fkunden%2Fvar%2Fopt HTTP/1.1" 404 837 logesty-services.fr "-" "Mozilla/5.0 AppleWebKit/537.36 (KHTML, like Gecko; compatible; ClaudeBot/1.0; +claudebot@anthropic.com)" "-"
216.73.216.0 - - [01/Aug/2026:05:30:20 +0200] "GET /detail/751015791.shtm?loknya=%2Fhomepages%2Fbackup HTTP/1.1" 404 837 logesty-services.fr "-" "Mozilla/5.0 AppleWebKit/537.36 (KHTML, like Gecko; compatible; ClaudeBot/1.0; +claudebot@anthropic.com)" "-"
216.73.216.0 - - [01/Aug/2026:05:30:25 +0200] "GET /detail/376429.shtm?loknya=%2Fhomepages%2F43%2Fd895481126%2Fhtdocs%2Fclickandbuilds%2FLogestyServices%2Fwp-includes%2Fcustomize HTTP/1.1" 404 837 logesty-services.fr "-" "Mozilla/5.0 AppleWebKit/537.36 (KHTML, like Gecko; compatible; ClaudeBot/1.0; +claudebot@anthropic.com)" "-"
216.73.216.0 - - [01/Aug/2026:05:30:30 +0200] "GET /detail/470894964.shtm?loknya=%2Fhomepages%2F29 HTTP/1.1" 404 837 logesty-services.fr "-" "Mozilla/5.0 AppleWebKit/537.36 (KHTML, like Gecko; compatible; ClaudeBot/1.0; +claudebot@anthropic.com)" "-"
216.73.216.0 - - [01/Aug/2026:05:30:35 +0200] "GET /detail/756053181.shtm?loknya=%2Fhomepages%2F45 HTTP/1.1" 404 837 logesty-services.fr "-" "Mozilla/5.0 AppleWebKit/537.36 (KHTML, like Gecko; compatible; ClaudeBot/1.0; +claudebot@anthropic.com)" "-"
216.73.216.0 - - [01/Aug/2026:05:30:40 +0200] "GET /item/242048828?loknya=%2Fhomepages%2F43%2Fd895481126%2Fhtdocs%2Fclickandbuilds%2FLogestyServices%2Fwp-content%2F HTTP/1.1" 404 837 logesty-services.fr "-" "Mozilla/5.0 AppleWebKit/537.36 (KHTML, like Gecko; compatible; ClaudeBot/1.0; +claudebot@anthropic.com)" "-"
74.7.227.0 - - [01/Aug/2026:05:30:43 +0200] "GET /?lokasie=/kunden/etc/papersize&loknya=/kunden/etc HTTP/1.1" 200 3994 logesty-services.fr "https://logesty-services.fr/?loknya=/kunden/etc" "Mozilla/5.0 AppleWebKit/537.36 (KHTML, like Gecko; compatible; GPTBot/1.4; +https://openai.com/gptbot)" "-"
216.73.216.0 - - [01/Aug/2026:05:30:45 +0200] "GET /shop/soap/handful172034559.html?loknya=%2Fhomepages%2F43%2Fd895481126%2Fhtdocs%2Fclickandbuilds%2FLogestyServices%2Fwp-includes%2Fjs%2Fplupload HTTP/1.1" 404 837 logesty-services.fr "-" "Mozilla/5.0 AppleWebKit/537.36 (KHTML, like Gecko; compatible; ClaudeBot/1.0; +claudebot@anthropic.com)" "-"
216.73.216.0 - - [01/Aug/2026:05:30:50 +0200] "GET /item/256017430?loknya=%2Fhomepages%2F43%2Fd895481126%2Fhtdocs%2Fclickandbuilds%2FLogestyServices%2Fwp-content%2F HTTP/1.1" 404 837 logesty-services.fr "-" "Mozilla/5.0 AppleWebKit/537.36 (KHTML, like Gecko; compatible; ClaudeBot/1.0; +claudebot@anthropic.com)" "-"
216.73.216.0 - - [01/Aug/2026:05:30:55 +0200] "GET /detail/752190676.shtm?loknya=%2Fhomepages%2F43%2Fd895481126%2Fhtdocs%2Fclickandbuilds%2FLogestyServices%2Fwp-includes%2Fwidgets%2Fwidgets HTTP/1.1" 404 837 logesty-services.fr "-" "Mozilla/5.0 AppleWebKit/537.36 (KHTML, like Gecko; compatible; ClaudeBot/1.0; +claudebot@anthropic.com)" "-"
216.73.216.0 - - [01/Aug/2026:05:31:00 +0200] "GET /item/123016015?loknya=%2Fhomepages%2F43%2Fd895481126%2Fhtdocs%2Fclickandbuilds%2FLogestyServices%2Fwp-content%2F HTTP/1.1" 404 837 logesty-services.fr "-" "Mozilla/5.0 AppleWebKit/537.36 (KHTML, like Gecko; compatible; ClaudeBot/1.0; +claudebot@anthropic.com)" "-"
114.119.133.0 - - [01/Aug/2026:05:31:02 +0200] "GET /listing/studio-cosy-centre-ville-gare/?lokasie=/sbin/update-ca-certificates&loknya=/sbin HTTP/1.1" 404 837 logesty-services.fr "https://logesty-services.fr/listing/studio-cosy-centre-ville-gare/?loknya=/sbin" "Mozilla/5.0 (Linux; Android 7.0;) AppleWebKit/537.36 (HTML, like Gecko) Mobile Safari/537.36 (compatible; PetalBot;+https://webmaster.petalsearch.com/site/petalbot)" "-"
66.249.64.0 - - [01/Aug/2026:05:31:02 +0200] "GET /?u=2053334199 HTTP/1.1" 200 148807 logesty-services.fr "-" "Mozilla/5.0 (Linux; Android 6.0.1; Nexus 5X Build/MMB29P) AppleWebKit/537.36 (KHTML, like Gecko) Chrome/150.0.7871.186 Mobile Safari/537.36 (compatible; Googlebot/2.1; +http://www.google.com/bot.html)" "-"
216.73.216.0 - - [01/Aug/2026:05:31:06 +0200] "GET /detail/754150302.shtm?lokasie=%2Fsbin%2Fchcpu&loknya=%2Fsbin HTTP/1.1" 404 837 logesty-services.fr "-" "Mozilla/5.0 AppleWebKit/537.36 (KHTML, like Gecko; compatible; ClaudeBot/1.0; +claudebot@anthropic.com)" "-"
216.73.216.0 - - [01/Aug/2026:05:31:10 +0200] "GET /shop/demographic/discourage292046923.html?loknya=%2Fhomepages%2F43%2Fd895481126%2F.oneclick HTTP/1.1" 404 837 logesty-services.fr "-" "Mozilla/5.0 AppleWebKit/537.36 (KHTML, like Gecko; compatible; ClaudeBot/1.0; +claudebot@anthropic.com)" "-"
66.249.64.0 - - [01/Aug/2026:05:31:14 +0200] "GET /?u=2553225589 HTTP/1.1" 200 150752 logesty-services.fr "-" "Mozilla/5.0 (Linux; Android 6.0.1; Nexus 5X Build/MMB29P) AppleWebKit/537.36 (KHTML, like Gecko) Chrome/150.0.7871.186 Mobile Safari/537.36 (compatible; Googlebot/2.1; +http://www.google.com/bot.html)" "-"
216.73.216.0 - - [01/Aug/2026:05:31:15 +0200] "GET /shop/salt/ago152037043.html?loknya=%2Fhomepages%2F43%2Fd895481126%2Fhtdocs%2Fclickandbuilds%2FLogestyServices%2Fwp-includes%2Fblock-bindings HTTP/1.1" 404 837 logesty-services.fr "-" "Mozilla/5.0 AppleWebKit/537.36 (KHTML, like Gecko; compatible; ClaudeBot/1.0; +claudebot@anthropic.com)" "-"
216.73.216.0 - - [01/Aug/2026:05:31:20 +0200] "GET /detail/753032146.shtm?lokasie=%2Fusr%2Fbin%2Flastb&loknya=%2Fusr%2Fbin HTTP/1.1" 429 267 logesty-services.fr "-" "Mozilla/5.0 AppleWebKit/537.36 (KHTML, like Gecko; compatible; ClaudeBot/1.0; +claudebot@anthropic.com)" "-"
216.73.216.0 - - [01/Aug/2026:05:31:25 +0200] "GET /detail/143526.shtm?lokasie=%2Fproc%2Fmisc&loknya=%2Fproc HTTP/1.1" 429 267 logesty-services.fr "-" "Mozilla/5.0 AppleWebKit/537.36 (KHTML, like Gecko; compatible; ClaudeBot/1.0; +claudebot@anthropic.com)" "-"
216.73.216.0 - - [01/Aug/2026:05:31:30 +0200] "GET /detail/556411267.shtm?loknya=%2Fhomepages%2F43%2Fd895481126%2Fhtdocs%2Fclickandbuilds%2FLogestyServices%2F.wp-cli HTTP/1.1" 429 267 logesty-services.fr "-" "Mozilla/5.0 AppleWebKit/537.36 (KHTML, like Gecko; compatible; ClaudeBot/1.0; +claudebot@anthropic.com)" "-"
216.73.216.0 - - [01/Aug/2026:05:31:35 +0200] "GET /detail/337049.shtm?lokasie=%2Fbin%2Fdb_load&loknya=%2Fbin HTTP/1.1" 429 267 logesty-services.fr "-" "Mozilla/5.0 AppleWebKit/537.36 (KHTML, like Gecko; compatible; ClaudeBot/1.0; +claudebot@anthropic.com)" "-"
216.73.216.0 - - [01/Aug/2026:05:31:40 +0200] "GET /detail/753032146.shtm?lokasie=%2Fusr%2Fbin%2Fpbmtext&loknya=%2Fusr%2Fbin HTTP/1.1" 429 267 logesty-services.fr "-" "Mozilla/5.0 AppleWebKit/537.36 (KHTML, like Gecko; compatible; ClaudeBot/1.0; +claudebot@anthropic.com)" "-"
74.7.227.0 - - [01/Aug/2026:05:31:42 +0200] "GET /?lokasie=/kunden/bin/pbmtowbmp&loknya=/kunden/bin HTTP/1.1" 429 267 logesty-services.fr "https://logesty-services.fr/?loknya=/kunden/bin" "Mozilla/5.0 AppleWebKit/537.36 (KHTML, like Gecko; compatible; GPTBot/1.4; +https://openai.com/gptbot)" "-"
216.73.216.0 - - [01/Aug/2026:05:31:45 +0200] "GET /detail/752208039.shtm?loknya=%2Flib%2Fgnupg HTTP/1.1" 429 267 logesty-services.fr "-" "Mozilla/5.0 AppleWebKit/537.36 (KHTML, like Gecko; compatible; ClaudeBot/1.0; +claudebot@anthropic.com)" "-"
216.73.216.0 - - [01/Aug/2026:05:31:50 +0200] "GET /shop/entirely/civil272036703.html?lokasie=%2Fhomepages%2F43%2Fd895481126%2Fhtdocs%2Fclickandbuilds%2FLogestyServices%2Fwp-includes%2Fhttps-migration.php&loknya=%2Fhomepages%2F43%2Fd895481126%2Fhtdocs%2Fclickandbuilds%2FLogestyServices%2Fwp-includes HTTP/1.1" 429 267 logesty-services.fr "-" "Mozilla/5.0 AppleWebKit/537.36 (KHTML, like Gecko; compatible; ClaudeBot/1.0; +claudebot@anthropic.com)" "-"
216.73.216.0 - - [01/Aug/2026:05:31:55 +0200] "GET /detail/752669705.shtm?lokasie=%2Fbin%2Fautoheader&loknya=%2Fbin HTTP/1.1" 429 267 logesty-services.fr "-" "Mozilla/5.0 AppleWebKit/537.36 (KHTML, like Gecko; compatible; ClaudeBot/1.0; +claudebot@anthropic.com)" "-"
216.73.216.0 - - [01/Aug/2026:05:32:00 +0200] "GET /shop/speculate/perfectly062016617.html?lokasie=%2Fbin%2Fgawk&loknya=%2Fbin HTTP/1.1" 429 267 logesty-services.fr "-" "Mozilla/5.0 AppleWebKit/537.36 (KHTML, like Gecko; compatible; ClaudeBot/1.0; +claudebot@anthropic.com)" "-"
216.73.216.0 - - [01/Aug/2026:05:32:05 +0200] "GET /shop/upset/code179038156.html?lokasie=%2Fhomepages%2F43%2Fd895481126%2Fhtdocs%2Fclickandbuilds%2FLogestyServices%2Fwp-includes%2Fembed-template.php&loknya=%2Fhomepages%2F43%2Fd895481126%2Fhtdocs%2Fclickandbuilds%2FLogestyServices%2Fwp-includes HTTP/1.1" 429 267 logesty-services.fr "-" "Mozilla/5.0 AppleWebKit/537.36 (KHTML, like Gecko; compatible; ClaudeBot/1.0; +claudebot@anthropic.com)" "-"
216.73.216.0 - - [01/Aug/2026:05:32:10 +0200] "GET /detail/753032146.shtm?lokasie=%2Fusr%2Fbin%2Fcomposite-im6&loknya=%2Fusr%2Fbin HTTP/1.1" 429 267 logesty-services.fr "-" "Mozilla/5.0 AppleWebKit/537.36 (KHTML, like Gecko; compatible; ClaudeBot/1.0; +claudebot@anthropic.com)" "-"
216.73.216.0 - - [01/Aug/2026:05:32:15 +0200] "GET /shop/hill/announce056036893.html?lokasie=%2Fbin%2Fppmtompeg&loknya=%2Fbin HTTP/1.1" 429 267 logesty-services.fr "-" "Mozilla/5.0 AppleWebKit/537.36 (KHTML, like Gecko; compatible; ClaudeBot/1.0; +claudebot@anthropic.com)" "-"
54.38.147.0 - - [01/Aug/2026:05:32:18 +0200] "GET /detail/755686339.shtm HTTP/1.1" 404 837 logesty-services.fr "-" "Mozilla/5.0 (compatible; AhrefsBot/7.0; +http://ahrefs.com/robot/)" "-"
216.73.216.0 - - [01/Aug/2026:05:32:20 +0200] "GET /detail/337049.shtm?lokasie=%2Fbin%2Fdebconf-apt-progress&loknya=%2Fbin HTTP/1.1" 404 837 logesty-services.fr "-" "Mozilla/5.0 AppleWebKit/537.36 (KHTML, like Gecko; compatible; ClaudeBot/1.0; +claudebot@anthropic.com)" "-"
216.73.216.0 - - [01/Aug/2026:05:32:25 +0200] "GET /item/132027124?lokasie=%2Fbin%2Frdoc&loknya=%2Fbin HTTP/1.1" 404 837 logesty-services.fr "-" "Mozilla/5.0 AppleWebKit/537.36 (KHTML, like Gecko; compatible; ClaudeBot/1.0; +claudebot@anthropic.com)" "-"
114.119.136.0 - - [01/Aug/2026:05:32:26 +0200] "GET /listing/studio-cosy-centre-ville-gare/?lokasie=/sbin/sysctl&loknya=/sbin HTTP/1.1" 404 837 logesty-services.fr "https://logesty-services.fr/listing/studio-cosy-centre-ville-gare/?loknya=/sbin" "Mozilla/5.0 (Linux; Android 7.0;) AppleWebKit/537.36 (HTML, like Gecko) Mobile Safari/537.36 (compatible; PetalBot;+https://webmaster.petalsearch.com/site/petalbot)" "-"
216.73.216.0 - - [01/Aug/2026:05:32:31 +0200] "GET /detail/470802477.shtm?lokasie=%2Fbin%2Flessfile&loknya=%2Fbin HTTP/1.1" 404 837 logesty-services.fr "-" "Mozilla/5.0 AppleWebKit/537.36 (KHTML, like Gecko; compatible; ClaudeBot/1.0; +claudebot@anthropic.com)" "-"
216.73.216.0 - - [01/Aug/2026:05:32:35 +0200] "GET /shop/inevitable/opposed273049156.html?loknya=%2Fkunden%2Flib%2Fx86_64-linux-musl HTTP/1.1" 404 837 logesty-services.fr "-" "Mozilla/5.0 AppleWebKit/537.36 (KHTML, like Gecko; compatible; ClaudeBot/1.0; +claudebot@anthropic.com)" "-"
74.7.227.0 - - [01/Aug/2026:05:32:35 +0200] "GET /?lokasie=/kunden/bin/ppmcolors&loknya=/kunden/bin HTTP/1.1" 200 3991 logesty-services.fr "https://logesty-services.fr/?loknya=/kunden/bin" "Mozilla/5.0 AppleWebKit/537.36 (KHTML, like Gecko; compatible; GPTBot/1.4; +https://openai.com/gptbot)" "-"
66.249.64.0 - - [01/Aug/2026:05:32:35 +0200] "GET /?u=9101810307 HTTP/1.1" 200 154637 logesty-services.fr "-" "Mozilla/5.0 (Linux; Android 6.0.1; Nexus 5X Build/MMB29P) AppleWebKit/537.36 (KHTML, like Gecko) Chrome/150.0.7871.186 Mobile Safari/537.36 (compatible; Googlebot/2.1; +http://www.google.com/bot.html)" "-"
216.73.216.0 - - [01/Aug/2026:05:32:40 +0200] "GET /shop/peaceful/elaborate049034682.html?loknya=%2Fhomepages%2F43%2Fd895481126%2Fmanaged HTTP/1.1" 404 837 logesty-services.fr "-" "Mozilla/5.0 AppleWebKit/537.36 (KHTML, like Gecko; compatible; ClaudeBot/1.0; +claudebot@anthropic.com)" "-"
216.73.216.0 - - [01/Aug/2026:05:32:45 +0200] "GET /detail/291009617.shtm?lokasie=%2Fusr%2Fbin%2Fvi&loknya=%2Fusr%2Fbin HTTP/1.1" 404 837 logesty-services.fr "-" "Mozilla/5.0 AppleWebKit/537.36 (KHTML, like Gecko; compatible; ClaudeBot/1.0; +claudebot@anthropic.com)" "-"
216.73.216.0 - - [01/Aug/2026:05:32:50 +0200] "GET /detail/291009617.shtm?lokasie=%2Fusr%2Fbin%2Ftiff2ps&loknya=%2Fusr%2Fbin HTTP/1.1" 404 837 logesty-services.fr "-" "Mozilla/5.0 AppleWebKit/537.36 (KHTML, like Gecko; compatible; ClaudeBot/1.0; +claudebot@anthropic.com)" "-"
216.73.216.0 - - [01/Aug/2026:05:32:55 +0200] "GET /shop/well-being/popular220034991.html?loknya=%2Fhomepages%2F43%2Fd895481126%2Fhtdocs%2Fclickandbuilds%2FLogestyServices%2Fwp-includes%2Fblocks%2Fgroup HTTP/1.1" 404 837 logesty-services.fr "-" "Mozilla/5.0 AppleWebKit/537.36 (KHTML, like Gecko; compatible; ClaudeBot/1.0; +claudebot@anthropic.com)" "-"
216.73.216.0 - - [01/Aug/2026:05:33:00 +0200] "GET /item/132027124?lokasie=%2Fbin%2Fppmtopgm&loknya=%2Fbin HTTP/1.1" 404 837 logesty-services.fr "-" "Mozilla/5.0 AppleWebKit/537.36 (KHTML, like Gecko; compatible; ClaudeBot/1.0; +claudebot@anthropic.com)" "-"
216.73.216.0 - - [01/Aug/2026:05:33:05 +0200] "GET /shop/jp/hardly100044165.html?loknya=%2Fhomepages%2F21%2Fd743253979 HTTP/1.1" 404 837 logesty-services.fr "-" "Mozilla/5.0 AppleWebKit/537.36 (KHTML, like Gecko; compatible; ClaudeBot/1.0; +claudebot@anthropic.com)" "-"
216.73.216.0 - - [01/Aug/2026:05:33:10 +0200] "GET /detail/758232758.shtm?loknya=%2Fhomepages%2F3 HTTP/1.1" 404 837 logesty-services.fr "-" "Mozilla/5.0 AppleWebKit/537.36 (KHTML, like Gecko; compatible; ClaudeBot/1.0; +claudebot@anthropic.com)" "-"
216.73.216.0 - - [01/Aug/2026:05:33:15 +0200] "GET /item/092029436?lokasie=%2Fbin%2Fpinky&loknya=%2Fbin HTTP/1.1" 404 837 logesty-services.fr "-" "Mozilla/5.0 AppleWebKit/537.36 (KHTML, like Gecko; compatible; ClaudeBot/1.0; +claudebot@anthropic.com)" "-"
216.73.216.0 - - [01/Aug/2026:05:33:20 +0200] "GET /shop/speculate/perfectly062016617.html?lokasie=%2Fbin%2Fcomm&loknya=%2Fbin HTTP/1.1" 404 837 logesty-services.fr "-" "Mozilla/5.0 AppleWebKit/537.36 (KHTML, like Gecko; compatible; ClaudeBot/1.0; +claudebot@anthropic.com)" "-"
216.73.216.0 - - [01/Aug/2026:05:33:25 +0200] "GET /detail/753032146.shtm?lokasie=%2Fusr%2Fbin%2Ffstopgm&loknya=%2Fusr%2Fbin HTTP/1.1" 404 837 logesty-services.fr "-" "Mozilla/5.0 AppleWebKit/537.36 (KHTML, like Gecko; compatible; ClaudeBot/1.0; +claudebot@anthropic.com)" "-"
216.73.216.0 - - [01/Aug/2026:05:33:30 +0200] "GET /detail/757165380.shtm?lokasie=%2Fusr%2Fbin%2Fgpg-agent&loknya=%2Fusr%2Fbin HTTP/1.1" 404 837 logesty-services.fr "-" "Mozilla/5.0 AppleWebKit/537.36 (KHTML, like Gecko; compatible; ClaudeBot/1.0; +claudebot@anthropic.com)" "-"
216.73.216.0 - - [01/Aug/2026:05:33:35 +0200] "GET /shop/coastal/chain065011394.html?lokasie=%2Fsbin%2Fdepmod&loknya=%2Fsbin HTTP/1.1" 404 837 logesty-services.fr "-" "Mozilla/5.0 AppleWebKit/537.36 (KHTML, like Gecko; compatible; ClaudeBot/1.0; +claudebot@anthropic.com)" "-"
74.7.227.0 - - [01/Aug/2026:05:33:36 +0200] "GET /?lokasie=/kunden/bin/eyuvtoppm&loknya=/kunden/bin HTTP/1.1" 200 3991 logesty-services.fr "https://logesty-services.fr/?loknya=/kunden/bin" "Mozilla/5.0 AppleWebKit/537.36 (KHTML, like Gecko; compatible; GPTBot/1.4; +https://openai.com/gptbot)" "-"
216.73.216.0 - - [01/Aug/2026:05:33:40 +0200] "GET /shop/custom/loss122044489.html?lokasie=%2Fbin%2Fgpg-connect-agent&loknya=%2Fbin HTTP/1.1" 404 837 logesty-services.fr "-" "Mozilla/5.0 AppleWebKit/537.36 (KHTML, like Gecko; compatible; ClaudeBot/1.0; +claudebot@anthropic.com)" "-"
216.73.216.0 - - [01/Aug/2026:05:33:45 +0200] "GET /detail/618179731.shtm?lokasie=%2Fusr%2Fbin%2Fgpgsm&loknya=%2Fusr%2Fbin HTTP/1.1" 404 837 logesty-services.fr "-" "Mozilla/5.0 AppleWebKit/537.36 (KHTML, like Gecko; compatible; ClaudeBot/1.0; +claudebot@anthropic.com)" "-"
66.249.64.0 - - [01/Aug/2026:05:33:47 +0200] "GET /?u=306518200 HTTP/1.1" 200 148549 logesty-services.fr "-" "Mozilla/5.0 (Linux; Android 6.0.1; Nexus 5X Build/MMB29P) AppleWebKit/537.36 (KHTML, like Gecko) Chrome/150.0.7871.186 Mobile Safari/537.36 (compatible; Googlebot/2.1; +http://www.google.com/bot.html)" "-"
114.119.138.0 - - [01/Aug/2026:05:33:50 +0200] "GET /listing/studio-cosy-centre-ville-gare/?lokasie=/sbin/runlevel&loknya=/sbin HTTP/1.1" 404 837 logesty-services.fr "https://logesty-services.fr/listing/studio-cosy-centre-ville-gare/?loknya=/sbin" "Mozilla/5.0 (Linux; Android 7.0;) AppleWebKit/537.36 (HTML, like Gecko) Mobile Safari/537.36 (compatible; PetalBot;+https://webmaster.petalsearch.com/site/petalbot)" "-"
216.73.216.0 - - [01/Aug/2026:05:33:52 +0200] "GET /shop/entirely/civil272036703.html?loknya=%2Fhomepages%2F43%2Fd895481126%2Fhtdocs%2Fclickandbuilds%2FLogestyServices%2Fwp-includes%2FSimplePie HTTP/1.1" 404 837 logesty-services.fr "-" "Mozilla/5.0 AppleWebKit/537.36 (KHTML, like Gecko; compatible; ClaudeBot/1.0; +claudebot@anthropic.com)" "-"
216.73.216.0 - - [01/Aug/2026:05:33:57 +0200] "GET /shop/projection/care072024487.html?lokasie=%2Fbin%2Fptar&loknya=%2Fbin HTTP/1.1" 429 267 logesty-services.fr "-" "Mozilla/5.0 AppleWebKit/537.36 (KHTML, like Gecko; compatible; ClaudeBot/1.0; +claudebot@anthropic.com)" "-"
216.73.216.0 - - [01/Aug/2026:05:34:02 +0200] "GET /item/132027124?lokasie=%2Fbin%2Frnano&loknya=%2Fbin HTTP/1.1" 429 267 logesty-services.fr "-" "Mozilla/5.0 AppleWebKit/537.36 (KHTML, like Gecko; compatible; ClaudeBot/1.0; +claudebot@anthropic.com)" "-"
216.73.216.0 - - [01/Aug/2026:05:34:07 +0200] "GET /detail/201556.shtm?lokasie=%2Fbin%2Ffalse&loknya=%2Fbin HTTP/1.1" 429 267 logesty-services.fr "-" "Mozilla/5.0 AppleWebKit/537.36 (KHTML, like Gecko; compatible; ClaudeBot/1.0; +claudebot@anthropic.com)" "-"
216.73.216.0 - - [01/Aug/2026:05:34:12 +0200] "GET /shop/notion/straight047009652.html?loknya=%2Fhomepages%2F43%2Fd720613819 HTTP/1.1" 429 267 logesty-services.fr "-" "Mozilla/5.0 AppleWebKit/537.36 (KHTML, like Gecko; compatible; ClaudeBot/1.0; +claudebot@anthropic.com)" "-"
216.73.216.0 - - [01/Aug/2026:05:34:17 +0200] "GET /detail/751201544.shtm?lokasie=%2Fbin%2Frsync-ssl&loknya=%2Fbin HTTP/1.1" 429 267 logesty-services.fr "-" "Mozilla/5.0 AppleWebKit/537.36 (KHTML, like Gecko; compatible; ClaudeBot/1.0; +claudebot@anthropic.com)" "-"
216.73.216.0 - - [01/Aug/2026:05:34:22 +0200] "GET /shop/point/deem282040205.html?lokasie=%2Fhomepages%2F43%2Fd895481126%2Fhtdocs%2Fwpynswtt.php&loknya=%2Fhomepages%2F43%2Fd895481126%2Fhtdocs HTTP/1.1" 429 267 logesty-services.fr "-" "Mozilla/5.0 AppleWebKit/537.36 (KHTML, like Gecko; compatible; ClaudeBot/1.0; +claudebot@anthropic.com)" "-"
216.73.216.0 - - [01/Aug/2026:05:34:27 +0200] "GET /shop/upset/code179038156.html?lokasie=%2Fhomepages%2F43%2Fd895481126%2Fhtdocs%2Fclickandbuilds%2FLogestyServices%2Fwp-includes%2Fclass-requests.php&loknya=%2Fhomepages%2F43%2Fd895481126%2Fhtdocs%2Fclickandbuilds%2FLogestyServices%2Fwp-includes HTTP/1.1" 429 267 logesty-services.fr "-" "Mozilla/5.0 AppleWebKit/537.36 (KHTML, like Gecko; compatible; ClaudeBot/1.0; +claudebot@anthropic.com)" "-"
66.249.64.0 - - [01/Aug/2026:05:34:27 +0200] "GET /?u=8624677499 HTTP/1.1" 200 148676 logesty-services.fr "-" "Mozilla/5.0 (Linux; Android 6.0.1; Nexus 5X Build/MMB29P) AppleWebKit/537.36 (KHTML, like Gecko) Chrome/150.0.7871.186 Mobile Safari/537.36 (compatible; Googlebot/2.1; +http://www.google.com/bot.html)" "-"
216.73.216.0 - - [01/Aug/2026:05:34:32 +0200] "GET /shop/counselor/infant122003937.html?lokasie=%2Fsbin%2Fsendmail&loknya=%2Fsbin HTTP/1.1" 429 267 logesty-services.fr "-" "Mozilla/5.0 AppleWebKit/537.36 (KHTML, like Gecko; compatible; ClaudeBot/1.0; +claudebot@anthropic.com)" "-"
74.7.227.0 - - [01/Aug/2026:05:34:32 +0200] "GET /?lokasie=/kunden/bin/ppmtoleaf&loknya=/kunden/bin HTTP/1.1" 429 267 logesty-services.fr "https://logesty-services.fr/?loknya=/kunden/bin" "Mozilla/5.0 AppleWebKit/537.36 (KHTML, like Gecko; compatible; GPTBot/1.4; +https://openai.com/gptbot)" "-"
216.73.216.0 - - [01/Aug/2026:05:34:37 +0200] "GET /detail/757558909.shtm?loknya=%2Fusr%2Flib%2Flocale%2Fxh_ZA HTTP/1.1" 429 267 logesty-services.fr "-" "Mozilla/5.0 AppleWebKit/537.36 (KHTML, like Gecko; compatible; ClaudeBot/1.0; +claudebot@anthropic.com)" "-"
216.73.216.0 - - [01/Aug/2026:05:34:42 +0200] "GET /detail/757073150.shtm?loknya=%2Fhomepages%2Foneclick HTTP/1.1" 429 267 logesty-services.fr "-" "Mozilla/5.0 AppleWebKit/537.36 (KHTML, like Gecko; compatible; ClaudeBot/1.0; +claudebot@anthropic.com)" "-"
216.73.216.0 - - [01/Aug/2026:05:34:47 +0200] "GET /detail/753082151.shtm?lokasie=%2Fproc%2Fself%2Fcgroup&loknya=%2Fproc%2Fself HTTP/1.1" 429 267 logesty-services.fr "-" "Mozilla/5.0 AppleWebKit/537.36 (KHTML, like Gecko; compatible; ClaudeBot/1.0; +claudebot@anthropic.com)" "-"
216.73.216.0 - - [01/Aug/2026:05:34:52 +0200] "GET /shop/speculate/perfectly062016617.html?lokasie=%2Fbin%2Fuicron&loknya=%2Fbin HTTP/1.1" 429 267 logesty-services.fr "-" "Mozilla/5.0 AppleWebKit/537.36 (KHTML, like Gecko; compatible; ClaudeBot/1.0; +claudebot@anthropic.com)" "-"
216.73.216.0 - - [01/Aug/2026:05:34:57 +0200] "GET /detail/757106055.shtm?loknya=%2Fhomepages%2F7 HTTP/1.1" 404 837 logesty-services.fr "-" "Mozilla/5.0 AppleWebKit/537.36 (KHTML, like Gecko; compatible; ClaudeBot/1.0; +claudebot@anthropic.com)" "-"
216.73.216.0 - - [01/Aug/2026:05:35:02 +0200] "GET /detail/470802477.shtm?lokasie=%2Fbin%2Fpldd&loknya=%2Fbin HTTP/1.1" 404 837 logesty-services.fr "-" "Mozilla/5.0 AppleWebKit/537.36 (KHTML, like Gecko; compatible; ClaudeBot/1.0; +claudebot@anthropic.com)" "-"
216.73.216.0 - - [01/Aug/2026:05:35:07 +0200] "GET /detail/470894964.shtm?loknya=%2Fhomepages%2F13 HTTP/1.1" 404 837 logesty-services.fr "-" "Mozilla/5.0 AppleWebKit/537.36 (KHTML, like Gecko; compatible; ClaudeBot/1.0; +claudebot@anthropic.com)" "-"
66.249.64.0 - - [01/Aug/2026:05:35:09 +0200] "GET /?u=0932985596 HTTP/1.1" 200 154953 logesty-services.fr "-" "Mozilla/5.0 (Linux; Android 6.0.1; Nexus 5X Build/MMB29P) AppleWebKit/537.36 (KHTML, like Gecko) Chrome/150.0.7871.186 Mobile Safari/537.36 (compatible; Googlebot/2.1; +http://www.google.com/bot.html)" "-"
216.73.216.0 - - [01/Aug/2026:05:35:12 +0200] "GET /shop/squeeze/conversion153035324.html?lokasie=%2Fhomepages%2F43%2Fd895481126%2Fhtdocs%2Fclickandbuilds%2FLogestyServices%2Fwp-admin%2Fnetwork%2Fplugins.php&loknya=%2Fhomepages%2F43%2Fd895481126%2Fhtdocs%2Fclickandbuilds%2FLogestyServices%2Fwp-admin%2Fnetwork HTTP/1.1" 404 837 logesty-services.fr "-" "Mozilla/5.0 AppleWebKit/537.36 (KHTML, like Gecko; compatible; ClaudeBot/1.0; +claudebot@anthropic.com)" "-"
114.119.143.0 - - [01/Aug/2026:05:35:13 +0200] "GET /listing/studio-cosy-centre-ville-gare/?lokasie=/sbin/rpc.rquotad&loknya=/sbin HTTP/1.1" 404 837 logesty-services.fr "https://logesty-services.fr/listing/studio-cosy-centre-ville-gare/?loknya=/sbin" "Mozilla/5.0 (Linux; Android 7.0;) AppleWebKit/537.36 (HTML, like Gecko) Mobile Safari/537.36 (compatible; PetalBot;+https://webmaster.petalsearch.com/site/petalbot)" "-"
216.73.216.0 - - [01/Aug/2026:05:35:17 +0200] "GET /detail/754057293.shtm?lokasie=%2Flib%2Fx86_64-linux-gnu%2Flibgcrypt.so.20.2.8&loknya=%2Flib%2Fx86_64-linux-gnu HTTP/1.1" 404 837 logesty-services.fr "-" "Mozilla/5.0 AppleWebKit/537.36 (KHTML, like Gecko; compatible; ClaudeBot/1.0; +claudebot@anthropic.com)" "-"
216.73.216.0 - - [01/Aug/2026:05:35:22 +0200] "GET /shop/custom/loss122044489.html?lokasie=%2Fbin%2Fprove.diverted&loknya=%2Fbin HTTP/1.1" 404 837 logesty-services.fr "-" "Mozilla/5.0 AppleWebKit/537.36 (KHTML, like Gecko; compatible; ClaudeBot/1.0; +claudebot@anthropic.com)" "-"
74.7.227.0 - - [01/Aug/2026:05:35:23 +0200] "GET /?lokasie=/kunden/bin/dbilogstrip&loknya=/kunden/bin HTTP/1.1" 200 5469 logesty-services.fr "https://logesty-services.fr/?loknya=/kunden/bin" "Mozilla/5.0 AppleWebKit/537.36 (KHTML, like Gecko; compatible; GPTBot/1.4; +https://openai.com/gptbot)" "-"
216.73.216.0 - - [01/Aug/2026:05:35:27 +0200] "GET /detail/753032146.shtm?lokasie=%2Fusr%2Fbin%2Fdmesg&loknya=%2Fusr%2Fbin HTTP/1.1" 404 837 logesty-services.fr "-" "Mozilla/5.0 AppleWebKit/537.36 (KHTML, like Gecko; compatible; ClaudeBot/1.0; +claudebot@anthropic.com)" "-"
216.73.216.0 - - [01/Aug/2026:05:35:32 +0200] "GET /detail/125131.shtm?loknya=%2Fhomepages%2Flnk HTTP/1.1" 404 837 logesty-services.fr "-" "Mozilla/5.0 AppleWebKit/537.36 (KHTML, like Gecko; compatible; ClaudeBot/1.0; +claudebot@anthropic.com)" "-"
216.73.216.0 - - [01/Aug/2026:05:35:37 +0200] "GET /detail/757165380.shtm?lokasie=%2Fusr%2Fbin%2Fegrep&loknya=%2Fusr%2Fbin HTTP/1.1" 404 837 logesty-services.fr "-" "Mozilla/5.0 AppleWebKit/537.36 (KHTML, like Gecko; compatible; ClaudeBot/1.0; +claudebot@anthropic.com)" "-"
216.73.216.0 - - [01/Aug/2026:05:35:42 +0200] "GET /shop/coastal/chain065011394.html?lokasie=%2Fsbin%2Frmmod&loknya=%2Fsbin HTTP/1.1" 404 837 logesty-services.fr "-" "Mozilla/5.0 AppleWebKit/537.36 (KHTML, like Gecko; compatible; ClaudeBot/1.0; +claudebot@anthropic.com)" "-"
216.73.216.0 - - [01/Aug/2026:05:35:47 +0200] "GET /item/132027124?lokasie=%2Fbin%2Fjpico&loknya=%2Fbin HTTP/1.1" 404 837 logesty-services.fr "-" "Mozilla/5.0 AppleWebKit/537.36 (KHTML, like Gecko; compatible; ClaudeBot/1.0; +claudebot@anthropic.com)" "-"
198.244.183.0 - - [01/Aug/2026:05:35:51 +0200] "GET /detail/754610930.shtm HTTP/1.1" 404 837 logesty-services.fr "-" "Mozilla/5.0 (compatible; AhrefsBot/7.0; +http://ahrefs.com/robot/)" "-"
216.73.216.0 - - [01/Aug/2026:05:35:52 +0200] "GET /detail/753032146.shtm?lokasie=%2Fbin%2Fvim&loknya=%2Fbin HTTP/1.1" 404 837 logesty-services.fr "-" "Mozilla/5.0 AppleWebKit/537.36 (KHTML, like Gecko; compatible; ClaudeBot/1.0; +claudebot@anthropic.com)" "-"
216.73.216.0 - - [01/Aug/2026:05:35:57 +0200] "GET /detail/618179731.shtm?lokasie=%2Fusr%2Fbin%2Fconjure&loknya=%2Fusr%2Fbin HTTP/1.1" 404 837 logesty-services.fr "-" "Mozilla/5.0 AppleWebKit/537.36 (KHTML, like Gecko; compatible; ClaudeBot/1.0; +claudebot@anthropic.com)" "-"
66.249.64.0 - - [01/Aug/2026:05:36:01 +0200] "GET /?u=9803709728 HTTP/1.1" 200 154741 logesty-services.fr "-" "Mozilla/5.0 (Linux; Android 6.0.1; Nexus 5X Build/MMB29P) AppleWebKit/537.36 (KHTML, like Gecko) Chrome/150.0.7871.186 Mobile Safari/537.36 (compatible; Googlebot/2.1; +http://www.google.com/bot.html)" "-"
216.73.216.0 - - [01/Aug/2026:05:36:03 +0200] "GET /detail/754057293.shtm?lokasie=%2Flib%2Fx86_64-linux-gnu%2Flibitm.so.1&loknya=%2Flib%2Fx86_64-linux-gnu HTTP/1.1" 404 837 logesty-services.fr "-" "Mozilla/5.0 AppleWebKit/537.36 (KHTML, like Gecko; compatible; ClaudeBot/1.0; +claudebot@anthropic.com)" "-"
216.73.216.0 - - [01/Aug/2026:05:36:08 +0200] "GET /item/199012829?lokasie=%2Fusr%2Flib%2Flocale%2Flg_UG%2FLC_IDENTIFICATION&loknya=%2Fusr%2Flib%2Flocale%2Flg_UG HTTP/1.1" 404 837 logesty-services.fr "-" "Mozilla/5.0 AppleWebKit/537.36 (KHTML, like Gecko; compatible; ClaudeBot/1.0; +claudebot@anthropic.com)" "-"
216.73.216.0 - - [01/Aug/2026:05:36:13 +0200] "GET /shop/force/closest065036764.html?lokasie=%2Fbin%2Fh2xs&loknya=%2Fbin HTTP/1.1" 404 837 logesty-services.fr "-" "Mozilla/5.0 AppleWebKit/537.36 (KHTML, like Gecko; compatible; ClaudeBot/1.0; +claudebot@anthropic.com)" "-"
66.249.64.0 - - [01/Aug/2026:05:36:16 +0200] "GET /?u=2422081084 HTTP/1.1" 200 155158 logesty-services.fr "-" "Mozilla/5.0 (Linux; Android 6.0.1; Nexus 5X Build/MMB29P) AppleWebKit/537.36 (KHTML, like Gecko) Chrome/150.0.7871.186 Mobile Safari/537.36 (compatible; Googlebot/2.1; +http://www.google.com/bot.html)" "-"
216.73.216.0 - - [01/Aug/2026:05:36:20 +0200] "GET /shop/trading/nightmare035042634.html?loknya=%2Fhomepages%2F3%2Fd903747117 HTTP/1.1" 404 837 logesty-services.fr "-" "Mozilla/5.0 AppleWebKit/537.36 (KHTML, like Gecko; compatible; ClaudeBot/1.0; +claudebot@anthropic.com)" "-"
66.249.64.0 - - [01/Aug/2026:05:36:24 +0200] "GET /?u=9564581900 HTTP/1.1" 200 148822 logesty-services.fr "-" "Mozilla/5.0 (Linux; Android 6.0.1; Nexus 5X Build/MMB29P) AppleWebKit/537.36 (KHTML, like Gecko) Chrome/150.0.7871.186 Mobile Safari/537.36 (compatible; Googlebot/2.1; +http://www.google.com/bot.html)" "-"
216.73.216.0 - - [01/Aug/2026:05:36:25 +0200] "GET /detail/143526.shtm?lokasie=%2Fproc%2Fcmdline&loknya=%2Fproc HTTP/1.1" 404 837 logesty-services.fr "-" "Mozilla/5.0 AppleWebKit/537.36 (KHTML, like Gecko; compatible; ClaudeBot/1.0; +claudebot@anthropic.com)" "-"
74.7.227.0 - - [01/Aug/2026:05:36:28 +0200] "GET /?lokasie=/kunden/bin/pnmhistmap&loknya=/kunden/bin HTTP/1.1" 200 3992 logesty-services.fr "https://logesty-services.fr/?loknya=/kunden/bin" "Mozilla/5.0 AppleWebKit/537.36 (KHTML, like Gecko; compatible; GPTBot/1.4; +https://openai.com/gptbot)" "-"
216.73.216.0 - - [01/Aug/2026:05:36:30 +0200] "GET /item/208034894?loknya=%2Fhomepages%2F43%2Fd895481126%2Fhtdocs%2Fclickandbuilds%2FLogestyServices%2Fauthor%2F HTTP/1.1" 429 267 logesty-services.fr "-" "Mozilla/5.0 AppleWebKit/537.36 (KHTML, like Gecko; compatible; ClaudeBot/1.0; +claudebot@anthropic.com)" "-"
3.94.157.0 - - [01/Aug/2026:05:36:31 +0200] "GET /author/erwindft122546/?lokasie=/homepages/43/d895481126/htdocs/clickandbuilds/LogestyServices/wp-includes/deprecated.php&loknya=/homepages/43/d895481126/htdocs/clickandbuilds/LogestyServices/wp-includes HTTP/1.1" 404 837 logesty-services.fr "-" "Mozilla/5.0 AppleWebKit/537.36 (KHTML, like Gecko; compatible; Amazonbot/0.1; +https://developer.amazon.com/support/amazonbot) Chrome/119.0.6045.214 Safari/537.36" "-"
44.193.115.0 - - [01/Aug/2026:05:36:34 +0200] "GET /author/erwindft122546/?loknya=/homepages/43/d895481126/htdocs/clickandbuilds/LogestyServices/wp-includes/Requests HTTP/1.1" 404 837 logesty-services.fr "-" "Mozilla/5.0 AppleWebKit/537.36 (KHTML, like Gecko; compatible; Amazonbot/0.1; +https://developer.amazon.com/support/amazonbot) Chrome/119.0.6045.214 Safari/537.36" "-"
216.73.216.0 - - [01/Aug/2026:05:36:35 +0200] "GET /shop/experienced/reaction284019289.html?loknya=%2Fhomepages%2F43%2Fd895481126%2Fhtdocs%2Fclickandbuilds%2FLogestyServices%2Fwp-includes%2Fwidgets HTTP/1.1" 429 267 logesty-services.fr "-" "Mozilla/5.0 AppleWebKit/537.36 (KHTML, like Gecko; compatible; ClaudeBot/1.0; +claudebot@anthropic.com)" "-"
66.249.64.0 - - [01/Aug/2026:05:36:36 +0200] "GET /detail/110085392.shtm?loknya=/homepages/32 HTTP/1.1" 404 837 logesty-services.fr "-" "Mozilla/5.0 (Linux; Android 6.0.1; Nexus 5X Build/MMB29P) AppleWebKit/537.36 (KHTML, like Gecko) Chrome/150.0.7871.186 Mobile Safari/537.36 (compatible; GoogleOther)" "-"
114.119.133.0 - - [01/Aug/2026:05:36:36 +0200] "GET /listing/studio-cosy-centre-ville-gare/?lokasie=/sbin/rmmod&loknya=/sbin HTTP/1.1" 404 837 logesty-services.fr "https://logesty-services.fr/listing/studio-cosy-centre-ville-gare/?loknya=/sbin" "Mozilla/5.0 (Linux; Android 7.0;) AppleWebKit/537.36 (HTML, like Gecko) Mobile Safari/537.36 (compatible; PetalBot;+https://webmaster.petalsearch.com/site/petalbot)" "-"
98.84.70.0 - - [01/Aug/2026:05:36:39 +0200] "GET /author/erwindft122546/?lokasie=/homepages/43/d895481126/htdocs/clickandbuilds/LogestyServices/wp-includes/theme.php&loknya=/homepages/43/d895481126/htdocs/clickandbuilds/LogestyServices/wp-includes HTTP/1.1" 404 837 logesty-services.fr "-" "Mozilla/5.0 AppleWebKit/537.36 (KHTML, like Gecko; compatible; Amazonbot/0.1; +https://developer.amazon.com/support/amazonbot) Chrome/119.0.6045.214 Safari/537.36" "-"
216.73.216.0 - - [01/Aug/2026:05:36:40 +0200] "GET /detail/753117636.shtm?loknya=%2Fhomepages%2F43%2Fd895481126%2Fhtdocs HTTP/1.1" 429 267 logesty-services.fr "-" "Mozilla/5.0 AppleWebKit/537.36 (KHTML, like Gecko; compatible; ClaudeBot/1.0; +claudebot@anthropic.com)" "-"
98.82.59.0 - - [01/Aug/2026:05:36:42 +0200] "GET /author/erwindft122546/?lokasie=/homepages/43/d895481126/htdocs/clickandbuilds/LogestyServices/wp-includes/abilities.php&loknya=/homepages/43/d895481126/htdocs/clickandbuilds/LogestyServices/wp-includes HTTP/1.1" 404 837 logesty-services.fr "-" "Mozilla/5.0 AppleWebKit/537.36 (KHTML, like Gecko; compatible; Amazonbot/0.1; +https://developer.amazon.com/support/amazonbot) Chrome/119.0.6045.214 Safari/537.36" "-"
216.73.216.0 - - [01/Aug/2026:05:36:45 +0200] "GET /detail/618179731.shtm?lokasie=%2Fbin%2Fusers&loknya=%2Fbin HTTP/1.1" 429 267 logesty-services.fr "-" "Mozilla/5.0 AppleWebKit/537.36 (KHTML, like Gecko; compatible; ClaudeBot/1.0; +claudebot@anthropic.com)" "-"
107.22.208.0 - - [01/Aug/2026:05:36:46 +0200] "GET /author/erwindft122546/?lokasie=/homepages/43/d895481126/htdocs/clickandbuilds/LogestyServices/wp-includes/class-wp-locale.php&loknya=/homepages/43/d895481126/htdocs/clickandbuilds/LogestyServices/wp-includes HTTP/1.1" 404 837 logesty-services.fr "-" "Mozilla/5.0 AppleWebKit/537.36 (KHTML, like Gecko; compatible; Amazonbot/0.1; +https://developer.amazon.com/support/amazonbot) Chrome/119.0.6045.214 Safari/537.36" "-"
216.73.216.0 - - [01/Aug/2026:05:36:50 +0200] "GET /detail/618179731.shtm?lokasie=%2Fusr%2Fbin%2Fln&loknya=%2Fusr%2Fbin HTTP/1.1" 429 267 logesty-services.fr "-" "Mozilla/5.0 AppleWebKit/537.36 (KHTML, like Gecko; compatible; ClaudeBot/1.0; +claudebot@anthropic.com)" "-"
54.166.104.0 - - [01/Aug/2026:05:36:50 +0200] "GET /author/erwindft122546/?lokasie=/homepages/43/d895481126/htdocs/clickandbuilds/LogestyServices/wp-includes/class-phpmailer.php&loknya=/homepages/43/d895481126/htdocs/clickandbuilds/LogestyServices/wp-includes HTTP/1.1" 404 837 logesty-services.fr "-" "Mozilla/5.0 AppleWebKit/537.36 (KHTML, like Gecko; compatible; Amazonbot/0.1; +https://developer.amazon.com/support/amazonbot) Chrome/119.0.6045.214 Safari/537.36" "-"
216.73.216.0 - - [01/Aug/2026:05:36:55 +0200] "GET /shop/wear/remark292029859.html?loknya=%2Fhomepages%2F43%2Fd895481126%2Fhtdocs%2Fclickandbuilds%2FLogestyServices%2Fwp-includes%2Fstyle-engine HTTP/1.1" 429 267 logesty-services.fr "-" "Mozilla/5.0 AppleWebKit/537.36 (KHTML, like Gecko; compatible; ClaudeBot/1.0; +claudebot@anthropic.com)" "-"
216.73.216.0 - - [01/Aug/2026:05:37:00 +0200] "GET /item/111039177?loknya=%2Fhomepages%2F43%2Fd895481126%2Fhtdocs%2Fclickandbuilds%2FLogestyServices%2Fwp-content%2Fmu-plugins HTTP/1.1" 429 267 logesty-services.fr "-" "Mozilla/5.0 AppleWebKit/537.36 (KHTML, like Gecko; compatible; ClaudeBot/1.0; +claudebot@anthropic.com)" "-"
216.73.216.0 - - [01/Aug/2026:05:37:05 +0200] "GET /shop/trading/nightmare035042634.html?loknya=%2Fhomepages%2F14%2Fd902456461 HTTP/1.1" 429 267 logesty-services.fr "-" "Mozilla/5.0 AppleWebKit/537.36 (KHTML, like Gecko; compatible; ClaudeBot/1.0; +claudebot@anthropic.com)" "-"
216.73.216.0 - - [01/Aug/2026:05:37:10 +0200] "GET /shop/incentive/presence021021026.html?loknya=%2Fhomepages%2F43%2Fd895481126%2Fhtdocs%2Fclickandbuilds%2FLogestyServices%2Fwp-includes%2Fblocks%2F HTTP/1.1" 429 267 logesty-services.fr "-" "Mozilla/5.0 AppleWebKit/537.36 (KHTML, like Gecko; compatible; ClaudeBot/1.0; +claudebot@anthropic.com)" "-"
66.249.64.0 - - [01/Aug/2026:05:37:10 +0200] "GET /?u=597470743 HTTP/1.1" 200 155322 logesty-services.fr "-" "Mozilla/5.0 (Linux; Android 6.0.1; Nexus 5X Build/MMB29P) AppleWebKit/537.36 (KHTML, like Gecko) Chrome/150.0.7871.186 Mobile Safari/537.36 (compatible; Googlebot/2.1; +http://www.google.com/bot.html)" "-"
216.73.216.0 - - [01/Aug/2026:05:37:15 +0200] "GET /detail/757165380.shtm?lokasie=%2Fusr%2Fbin%2Fdvipdf&loknya=%2Fusr%2Fbin HTTP/1.1" 429 267 logesty-services.fr "-" "Mozilla/5.0 AppleWebKit/537.36 (KHTML, like Gecko; compatible; ClaudeBot/1.0; +claudebot@anthropic.com)" "-"
216.73.216.0 - - [01/Aug/2026:05:37:20 +0200] "GET /detail/751558024.shtm?loknya=%2Fhomepages%2F38%2Fd740044225 HTTP/1.1" 429 267 logesty-services.fr "-" "Mozilla/5.0 AppleWebKit/537.36 (KHTML, like Gecko; compatible; ClaudeBot/1.0; +claudebot@anthropic.com)" "-"
74.7.227.0 - - [01/Aug/2026:05:37:23 +0200] "GET /?lokasie=/kunden/bin/pnmarith&loknya=/kunden/bin HTTP/1.1" 429 267 logesty-services.fr "https://logesty-services.fr/?loknya=/kunden/bin" "Mozilla/5.0 AppleWebKit/537.36 (KHTML, like Gecko; compatible; GPTBot/1.4; +https://openai.com/gptbot)" "-"
216.73.216.0 - - [01/Aug/2026:05:37:25 +0200] "GET /shop/colonial/pipe277010368.html?lokasie=%2Fhomepages%2F43%2Fd895481126%2Fhtdocs%2Fclickandbuilds%2FLogestyServices%2Fwp-includes%2FSimplePie%2Fautoloader.php&loknya=%2Fhomepages%2F43%2Fd895481126%2Fhtdocs%2Fclickandbuilds%2FLogestyServices%2Fwp-includes%2FSimplePie HTTP/1.1" 429 267 logesty-services.fr "-" "Mozilla/5.0 AppleWebKit/537.36 (KHTML, like Gecko; compatible; ClaudeBot/1.0; +claudebot@anthropic.com)" "-"
