216.73.216.0 - - [01/Aug/2026:05:12:46 +0200] "GET /item/047013799?lokasie=%2Fhomepages%2F43%2Fd895481126%2Fhtdocs%2Fclickandbuilds%2FLogestyServices%2Fwp-signup.php&loknya=%2Fhomepages%2F43%2Fd895481126%2Fhtdocs%2Fclickandbuilds%2FLogestyServices HTTP/1.1" 404 837 logesty-services.fr "-" "Mozilla/5.0 AppleWebKit/537.36 (KHTML, like Gecko; compatible; ClaudeBot/1.0; +claudebot@anthropic.com)" "-"
114.119.138.0 - - [01/Aug/2026:05:12:51 +0200] "GET /listing/t2-proche-aeroprt-cdg-rer-parc-des-expositions?loknya=/homepages/43/d895481126/htdocs/clickandbuilds/LogestyServices/decouvrez-le-concept-innovant-de-logesty-service-des-logements-de-qualite-pour-vos-weekends-et-courts-sejours HTTP/1.1" 404 837 logesty-services.fr "https://logesty-services.fr/listing/t2-proche-aeroprt-cdg-rer-parc-des-expositions" "Mozilla/5.0 (Linux; Android 7.0;) AppleWebKit/537.36 (HTML, like Gecko) Mobile Safari/537.36 (compatible; PetalBot;+https://webmaster.petalsearch.com/site/petalbot)" "-"
216.73.216.0 - - [01/Aug/2026:05:12:51 +0200] "GET /item/077012419?lokasie=%2Fhomepages%2F43%2Fd895481126%2Fhtdocs%2Fclickandbuilds%2FLogestyServices%2Fcategory%2Fsyszqluc.php&loknya=%2Fhomepages%2F43%2Fd895481126%2Fhtdocs%2Fclickandbuilds%2FLogestyServices%2Fcategory HTTP/1.1" 404 837 logesty-services.fr "-" "Mozilla/5.0 AppleWebKit/537.36 (KHTML, like Gecko; compatible; ClaudeBot/1.0; +claudebot@anthropic.com)" "-"
136.243.220.0 - - [01/Aug/2026:05:12:56 +0200] "GET /buy.php?outlet/042024534 HTTP/1.1" 404 837 logesty-services.fr "-" "Mozilla/5.0 (compatible; DataForSeoBot/1.0; +https://dataforseo.com/dataforseo-bot)" "-"
216.73.216.0 - - [01/Aug/2026:05:12:56 +0200] "GET /item/052038080?loknya=%2Fhomepages%2F43%2Fd895481126%2Fhtdocs%2Fclickandbuilds%2FLogestyServices%2Fpolitique-de-confidentialite HTTP/1.1" 404 837 logesty-services.fr "-" "Mozilla/5.0 AppleWebKit/537.36 (KHTML, like Gecko; compatible; ClaudeBot/1.0; +claudebot@anthropic.com)" "-"
74.7.227.0 - - [01/Aug/2026:05:12:58 +0200] "GET /?lokasie=/kunden/bin/411toppm&loknya=/kunden/bin HTTP/1.1" 200 3990 logesty-services.fr "https://logesty-services.fr/?loknya=/kunden/bin" "Mozilla/5.0 AppleWebKit/537.36 (KHTML, like Gecko; compatible; GPTBot/1.4; +https://openai.com/gptbot)" "-"
216.73.216.0 - - [01/Aug/2026:05:13:01 +0200] "GET /detail/752681101.shtm?lokasie=%2Fbin%2Fgdtopng&loknya=%2Fbin HTTP/1.1" 404 837 logesty-services.fr "-" "Mozilla/5.0 AppleWebKit/537.36 (KHTML, like Gecko; compatible; ClaudeBot/1.0; +claudebot@anthropic.com)" "-"
66.249.64.0 - - [01/Aug/2026:05:13:03 +0200] "GET /?u=8013304296 HTTP/1.1" 200 147207 logesty-services.fr "-" "Mozilla/5.0 (Linux; Android 6.0.1; Nexus 5X Build/MMB29P) AppleWebKit/537.36 (KHTML, like Gecko) Chrome/150.0.7871.186 Mobile Safari/537.36 (compatible; Googlebot/2.1; +http://www.google.com/bot.html)" "-"
216.73.216.0 - - [01/Aug/2026:05:13:06 +0200] "GET /item/221025959?lokasie=%2Fkunden%2Fbin%2Fzcat&loknya=%2Fkunden%2Fbin HTTP/1.1" 404 837 logesty-services.fr "-" "Mozilla/5.0 AppleWebKit/537.36 (KHTML, like Gecko; compatible; ClaudeBot/1.0; +claudebot@anthropic.com)" "-"
136.243.220.0 - - [01/Aug/2026:05:13:10 +0200] "GET /buy.php?outlet/050026998 HTTP/1.1" 404 837 logesty-services.fr "-" "Mozilla/5.0 (compatible; DataForSeoBot/1.0; +https://dataforseo.com/dataforseo-bot)" "-"
216.73.216.0 - - [01/Aug/2026:05:13:11 +0200] "GET /detail/752590945.shtm?lokasie=%2Fbin%2Frcsmerge&loknya=%2Fbin HTTP/1.1" 404 837 logesty-services.fr "-" "Mozilla/5.0 AppleWebKit/537.36 (KHTML, like Gecko; compatible; ClaudeBot/1.0; +claudebot@anthropic.com)" "-"
17.241.219.0 - - [01/Aug/2026:05:13:13 +0200] "GET /robots.txt HTTP/1.1" 200 1157 logesty-services.fr "-" "Mozilla/5.0 (Macintosh; Intel Mac OS X 10_15_7) AppleWebKit/605.1.15 (KHTML, like Gecko) Version/17.4 Safari/605.1.15 (Applebot/0.1; +http://www.apple.com/go/applebot)" "-"
17.241.219.0 - - [01/Aug/2026:05:13:16 +0200] "GET /listing/studio-10-min-disneyland-paris-avec-parking/ HTTP/1.1" 403 603 logesty-services.fr "-" "Mozilla/5.0 (Macintosh; Intel Mac OS X 10_15_7) AppleWebKit/605.1.15 (KHTML, like Gecko) Version/17.4 Safari/605.1.15 (Applebot/0.1; +http://www.apple.com/go/applebot)" "-"
216.73.216.0 - - [01/Aug/2026:05:13:19 +0200] "GET /shop/helpful/temporary045042642.html?lokasie=%2Fhomepages%2F43%2Fd895481126%2Fhtdocs%2Fclickandbuilds%2FLogestyServices%2Fgoogle0a4c1e50210bb94a.html&loknya=%2Fhomepages%2F43%2Fd895481126%2Fhtdocs%2Fclickandbuilds%2FLogestyServices HTTP/1.1" 404 837 logesty-services.fr "-" "Mozilla/5.0 AppleWebKit/537.36 (KHTML, like Gecko; compatible; ClaudeBot/1.0; +claudebot@anthropic.com)" "-"
216.73.216.0 - - [01/Aug/2026:05:13:23 +0200] "GET /shop/wrist/diverse143037566.html?lokasie=%2Fhomepages%2F43%2Fd895481126%2Fhtdocs%2Fclickandbuilds%2FLogestyServices%2Fwp-mail.php&loknya=%2Fhomepages%2F43%2Fd895481126%2Fhtdocs%2Fclickandbuilds%2FLogestyServices HTTP/1.1" 404 837 logesty-services.fr "-" "Mozilla/5.0 AppleWebKit/537.36 (KHTML, like Gecko; compatible; ClaudeBot/1.0; +claudebot@anthropic.com)" "-"
136.243.220.0 - - [01/Aug/2026:05:13:27 +0200] "GET /buy.php?shop/choice/highly133034896.html HTTP/1.1" 404 837 logesty-services.fr "-" "Mozilla/5.0 (compatible; DataForSeoBot/1.0; +https://dataforseo.com/dataforseo-bot)" "-"
216.73.216.0 - - [01/Aug/2026:05:13:28 +0200] "GET /detail/756735320.shtm?loknya=%2Fhomepages%2F43%2Fd895481126%2Fhtdocs%2Fclickandbuilds%2FLogestyServices%2Fcontact-us-2 HTTP/1.1" 404 837 logesty-services.fr "-" "Mozilla/5.0 AppleWebKit/537.36 (KHTML, like Gecko; compatible; ClaudeBot/1.0; +claudebot@anthropic.com)" "-"
216.73.216.0 - - [01/Aug/2026:05:13:33 +0200] "GET /detail/115285.shtm?loknya=%2Fhomepages%2F43%2Fd895481126%2Fhtdocs%2Fclickandbuilds%2FLogestyServices%2Fconditions-de-service HTTP/1.1" 404 837 logesty-services.fr "-" "Mozilla/5.0 AppleWebKit/537.36 (KHTML, like Gecko; compatible; ClaudeBot/1.0; +claudebot@anthropic.com)" "-"
66.249.64.0 - - [01/Aug/2026:05:13:36 +0200] "GET /?u=3892346668 HTTP/1.1" 200 153378 logesty-services.fr "-" "Mozilla/5.0 (Linux; Android 6.0.1; Nexus 5X Build/MMB29P) AppleWebKit/537.36 (KHTML, like Gecko) Chrome/150.0.7871.186 Mobile Safari/537.36 (compatible; Googlebot/2.1; +http://www.google.com/bot.html)" "-"
216.73.216.0 - - [01/Aug/2026:05:13:38 +0200] "GET /item/221025959?lokasie=%2Fkunden%2Fbin%2Fpgmtofs&loknya=%2Fkunden%2Fbin HTTP/1.1" 404 837 logesty-services.fr "-" "Mozilla/5.0 AppleWebKit/537.36 (KHTML, like Gecko; compatible; ClaudeBot/1.0; +claudebot@anthropic.com)" "-"
136.243.220.0 - - [01/Aug/2026:05:13:43 +0200] "GET /buy.php?shop/spill/direct297001052.html HTTP/1.1" 429 267 logesty-services.fr "-" "Mozilla/5.0 (compatible; DataForSeoBot/1.0; +https://dataforseo.com/dataforseo-bot)" "-"
216.73.216.0 - - [01/Aug/2026:05:13:43 +0200] "GET /detail/757645702.shtm?loknya=%2Fhomepages%2F43%2Fd895481126%2Fhtdocs%2Fclickandbuilds%2FLogestyServices%2Fcity HTTP/1.1" 404 837 logesty-services.fr "-" "Mozilla/5.0 AppleWebKit/537.36 (KHTML, like Gecko; compatible; ClaudeBot/1.0; +claudebot@anthropic.com)" "-"
216.73.216.0 - - [01/Aug/2026:05:13:48 +0200] "GET /detail/754156259.shtm?lokasie=%2F%2FCBI_ID&loknya=%2F HTTP/1.1" 404 837 logesty-services.fr "-" "Mozilla/5.0 AppleWebKit/537.36 (KHTML, like Gecko; compatible; ClaudeBot/1.0; +claudebot@anthropic.com)" "-"
216.73.216.0 - - [01/Aug/2026:05:13:53 +0200] "GET /detail/754150302.shtm?lokasie=%2Fbin%2Fpalmtopnm&loknya=%2Fbin HTTP/1.1" 404 837 logesty-services.fr "-" "Mozilla/5.0 AppleWebKit/537.36 (KHTML, like Gecko; compatible; ClaudeBot/1.0; +claudebot@anthropic.com)" "-"
216.73.216.0 - - [01/Aug/2026:05:13:58 +0200] "GET /shop/index/violate033003540.html?lokasie=%2Fhomepages%2F43%2Fd895481126%2Fhtdocs%2Fclickandbuilds%2FLogestyServices%2Fgoogleed4cfc89eb09b6df.html&loknya=%2Fhomepages%2F43%2Fd895481126%2Fhtdocs%2Fclickandbuilds%2FLogestyServices HTTP/1.1" 429 267 logesty-services.fr "-" "Mozilla/5.0 AppleWebKit/537.36 (KHTML, like Gecko; compatible; ClaudeBot/1.0; +claudebot@anthropic.com)" "-"
66.249.64.0 - - [01/Aug/2026:05:14:00 +0200] "GET /?u=8842096927 HTTP/1.1" 200 158419 logesty-services.fr "-" "Mozilla/5.0 (Linux; Android 6.0.1; Nexus 5X Build/MMB29P) AppleWebKit/537.36 (KHTML, like Gecko) Chrome/150.0.7871.186 Mobile Safari/537.36 (compatible; Googlebot/2.1; +http://www.google.com/bot.html)" "-"
74.7.227.0 - - [01/Aug/2026:05:14:01 +0200] "GET /?lokasie=/kunden/bin/ps2pdf13&loknya=/kunden/bin HTTP/1.1" 429 267 logesty-services.fr "https://logesty-services.fr/?loknya=/kunden/bin" "Mozilla/5.0 AppleWebKit/537.36 (KHTML, like Gecko; compatible; GPTBot/1.4; +https://openai.com/gptbot)" "-"
216.73.216.0 - - [01/Aug/2026:05:14:03 +0200] "GET /shop/medication/tunnel097041420.html?lokasie=%2Fhomepages%2F43%2Fd895481126%2Fhtdocs%2Fclickandbuilds%2FLogestyServices%2Fwp-includes%2Fblock-i18n.json&loknya=%2Fhomepages%2F43%2Fd895481126%2Fhtdocs%2Fclickandbuilds%2FLogestyServices%2Fwp-includes HTTP/1.1" 429 267 logesty-services.fr "-" "Mozilla/5.0 AppleWebKit/537.36 (KHTML, like Gecko; compatible; ClaudeBot/1.0; +claudebot@anthropic.com)" "-"
216.73.216.0 - - [01/Aug/2026:05:14:08 +0200] "GET /detail/618065482.shtm?lokasie=%2Fhomepages%2F43%2Fd895481126%2Fhtdocs%2Fclickandbuilds%2FLogestyServices%2Fwp-includes%2Fjs%2Fzxcvbn-async.js&loknya=%2Fhomepages%2F43%2Fd895481126%2Fhtdocs%2Fclickandbuilds%2FLogestyServices%2Fwp-includes%2Fjs HTTP/1.1" 429 267 logesty-services.fr "-" "Mozilla/5.0 AppleWebKit/537.36 (KHTML, like Gecko; compatible; ClaudeBot/1.0; +claudebot@anthropic.com)" "-"
216.73.216.0 - - [01/Aug/2026:05:14:13 +0200] "GET /detail/752669705.shtm?lokasie=%2Fproc%2Firq%2F136%2Faffinity_hint&loknya=%2Fproc%2Firq%2F136 HTTP/1.1" 429 267 logesty-services.fr "-" "Mozilla/5.0 AppleWebKit/537.36 (KHTML, like Gecko; compatible; ClaudeBot/1.0; +claudebot@anthropic.com)" "-"
114.119.130.0 - - [01/Aug/2026:05:14:15 +0200] "GET /listing/t2-proche-aeroprt-cdg-rer-parc-des-expositions?loknya=/homepages/43/d895481126/htdocs/clickandbuilds/LogestyServices/ HTTP/1.1" 404 837 logesty-services.fr "https://logesty-services.fr/listing/t2-proche-aeroprt-cdg-rer-parc-des-expositions?loknya=/homepages/43/d895481126/htdocs/clickandbuilds/LogestyServices/author" "Mozilla/5.0 (Linux; Android 7.0;) AppleWebKit/537.36 (HTML, like Gecko) Mobile Safari/537.36 (compatible; PetalBot;+https://webmaster.petalsearch.com/site/petalbot)" "-"
216.73.216.0 - - [01/Aug/2026:05:14:18 +0200] "GET /detail/592379524.shtm?lokasie=%2Fbin%2Frgb3toppm&loknya=%2Fbin HTTP/1.1" 429 267 logesty-services.fr "-" "Mozilla/5.0 AppleWebKit/537.36 (KHTML, like Gecko; compatible; ClaudeBot/1.0; +claudebot@anthropic.com)" "-"
198.244.240.0 - - [01/Aug/2026:05:14:23 +0200] "GET /detail/751080818.shtm HTTP/1.1" 429 267 logesty-services.fr "-" "Mozilla/5.0 (compatible; AhrefsBot/7.0; +http://ahrefs.com/robot/)" "-"
216.73.216.0 - - [01/Aug/2026:05:14:23 +0200] "GET /item/094033556?loknya=%2Fhomepages%2F43%2Fd895481126%2Fhtdocs%2Fclickandbuilds%2FLogestyServices%2Fpolitique-de-confidentialite HTTP/1.1" 429 267 logesty-services.fr "-" "Mozilla/5.0 AppleWebKit/537.36 (KHTML, like Gecko; compatible; ClaudeBot/1.0; +claudebot@anthropic.com)" "-"
216.73.216.0 - - [01/Aug/2026:05:14:28 +0200] "GET /item/227015195?lokasie=%2Fhomepages%2F43%2Fd895481126%2Fhtdocs%2Fclickandbuilds%2FLogestyServices%2Fwp-cron.php&loknya=%2Fhomepages%2F43%2Fd895481126%2Fhtdocs%2Fclickandbuilds%2FLogestyServices HTTP/1.1" 429 267 logesty-services.fr "-" "Mozilla/5.0 AppleWebKit/537.36 (KHTML, like Gecko; compatible; ClaudeBot/1.0; +claudebot@anthropic.com)" "-"
216.73.216.0 - - [01/Aug/2026:05:14:33 +0200] "GET /item/073035997?loknya=%2Fhomepages%2F43%2Fd895481126%2Fhtdocs%2Fclickandbuilds%2FLogestyServices%2Fagence-immobilieere-numerique HTTP/1.1" 429 267 logesty-services.fr "-" "Mozilla/5.0 AppleWebKit/537.36 (KHTML, like Gecko; compatible; ClaudeBot/1.0; +claudebot@anthropic.com)" "-"
216.73.216.0 - - [01/Aug/2026:05:14:38 +0200] "GET /item/097048291?lokasie=%2Fhomepages%2F43%2Fd895481126%2Fhtdocs%2Fclickandbuilds%2FLogestyServices%2Fcategory%2Fsyszqluc.php&loknya=%2Fhomepages%2F43%2Fd895481126%2Fhtdocs%2Fclickandbuilds%2FLogestyServices%2Fcategory HTTP/1.1" 429 267 logesty-services.fr "-" "Mozilla/5.0 AppleWebKit/537.36 (KHTML, like Gecko; compatible; ClaudeBot/1.0; +claudebot@anthropic.com)" "-"
216.73.216.0 - - [01/Aug/2026:05:14:43 +0200] "GET /item/098030828?lokasie=%2Fhomepages%2F43%2Fd895481126%2Fhtdocs%2Fclickandbuilds%2FLogestyServices%2Fwp-login.php&loknya=%2Fhomepages%2F43%2Fd895481126%2Fhtdocs%2Fclickandbuilds%2FLogestyServices HTTP/1.1" 429 267 logesty-services.fr "-" "Mozilla/5.0 AppleWebKit/537.36 (KHTML, like Gecko; compatible; ClaudeBot/1.0; +claudebot@anthropic.com)" "-"
216.73.216.0 - - [01/Aug/2026:05:14:48 +0200] "GET /shop/equip/distract014000001.html?lokasie=%2Fhomepages%2F43%2Fd895481126%2Fhtdocs%2Fclickandbuilds%2FLogestyServices%2Fwp-blog-header.php&loknya=%2Fhomepages%2F43%2Fd895481126%2Fhtdocs%2Fclickandbuilds%2FLogestyServices HTTP/1.1" 429 267 logesty-services.fr "-" "Mozilla/5.0 AppleWebKit/537.36 (KHTML, like Gecko; compatible; ClaudeBot/1.0; +claudebot@anthropic.com)" "-"
216.73.216.0 - - [01/Aug/2026:05:14:53 +0200] "GET /detail/293671066.shtm?loknya=%2Fhomepages%2F43%2Fd895481126%2Fhtdocs%2Fclickandbuilds%2FLogestyServices%2Flocations-de-vacances-de-choix HTTP/1.1" 429 267 logesty-services.fr "-" "Mozilla/5.0 AppleWebKit/537.36 (KHTML, like Gecko; compatible; ClaudeBot/1.0; +claudebot@anthropic.com)" "-"
216.73.216.0 - - [01/Aug/2026:05:14:58 +0200] "GET /detail/320234499.shtm?loknya=%2Fhomepages%2F43%2Fd895481126%2Fhtdocs%2Fclickandbuilds%2FLogestyServices%2Fcontact-us-2 HTTP/1.1" 404 837 logesty-services.fr "-" "Mozilla/5.0 AppleWebKit/537.36 (KHTML, like Gecko; compatible; ClaudeBot/1.0; +claudebot@anthropic.com)" "-"
74.7.227.0 - - [01/Aug/2026:05:14:59 +0200] "GET /?lokasie=/kunden/bin/sha256sum&loknya=/kunden/bin HTTP/1.1" 200 3991 logesty-services.fr "https://logesty-services.fr/?loknya=/kunden/bin" "Mozilla/5.0 AppleWebKit/537.36 (KHTML, like Gecko; compatible; GPTBot/1.4; +https://openai.com/gptbot)" "-"
216.73.216.0 - - [01/Aug/2026:05:15:03 +0200] "GET /item/227008847?lokasie=%2Fhomepages%2F43%2Fd895481126%2Fhtdocs%2Fclickandbuilds%2FLogestyServices%2Fwp-blog-header.php&loknya=%2Fhomepages%2F43%2Fd895481126%2Fhtdocs%2Fclickandbuilds%2FLogestyServices HTTP/1.1" 404 837 logesty-services.fr "-" "Mozilla/5.0 AppleWebKit/537.36 (KHTML, like Gecko; compatible; ClaudeBot/1.0; +claudebot@anthropic.com)" "-"
216.73.216.0 - - [01/Aug/2026:05:15:08 +0200] "GET /detail/752599233.shtm?lokasie=%2Fbin%2Fpbmtoepson&loknya=%2Fbin HTTP/1.1" 404 837 logesty-services.fr "-" "Mozilla/5.0 AppleWebKit/537.36 (KHTML, like Gecko; compatible; ClaudeBot/1.0; +claudebot@anthropic.com)" "-"
216.73.216.0 - - [01/Aug/2026:05:15:13 +0200] "GET /item/071012459?loknya=%2Fhomepages%2F43%2Fd895481126%2Fhtdocs%2Fclickandbuilds%2FLogestyServices%2Fpolitique-de-confidentialite HTTP/1.1" 404 837 logesty-services.fr "-" "Mozilla/5.0 AppleWebKit/537.36 (KHTML, like Gecko; compatible; ClaudeBot/1.0; +claudebot@anthropic.com)" "-"
216.73.216.0 - - [01/Aug/2026:05:15:19 +0200] "GET /tag/washington/feed/?loknya=%2Fhomepages%2F24 HTTP/1.1" 404 837 logesty-services.fr "-" "Mozilla/5.0 AppleWebKit/537.36 (KHTML, like Gecko; compatible; ClaudeBot/1.0; +claudebot@anthropic.com)" "-"
216.73.216.0 - - [01/Aug/2026:05:15:22 +0200] "GET /item/013000829?lokasie=%2Fhomepages%2F43%2Fd895481126%2Fhtdocs%2Fclickandbuilds%2FLogestyServices%2Ffilefuns.php&loknya=%2Fhomepages%2F43%2Fd895481126%2Fhtdocs%2Fclickandbuilds%2FLogestyServices HTTP/1.1" 404 837 logesty-services.fr "-" "Mozilla/5.0 AppleWebKit/537.36 (KHTML, like Gecko; compatible; ClaudeBot/1.0; +claudebot@anthropic.com)" "-"
66.249.64.0 - - [01/Aug/2026:05:15:25 +0200] "GET /?u=3572058887 HTTP/1.1" 200 156485 logesty-services.fr "-" "Mozilla/5.0 (Linux; Android 6.0.1; Nexus 5X Build/MMB29P) AppleWebKit/537.36 (KHTML, like Gecko) Chrome/150.0.7871.186 Mobile Safari/537.36 (compatible; Googlebot/2.1; +http://www.google.com/bot.html)" "-"
216.73.216.0 - - [01/Aug/2026:05:15:27 +0200] "GET /item/188025530?lokasie=%2Fhomepages%2F43%2Fd895481126%2Fhtdocs%2Fclickandbuilds%2FLogestyServices%2Fwp-config.php&loknya=%2Fhomepages%2F43%2Fd895481126%2Fhtdocs%2Fclickandbuilds%2FLogestyServices HTTP/1.1" 503 339 logesty-services.fr "-" "Mozilla/5.0 AppleWebKit/537.36 (KHTML, like Gecko; compatible; ClaudeBot/1.0; +claudebot@anthropic.com)" "-"
51.195.244.0 - - [01/Aug/2026:05:15:31 +0200] "GET /detail/737664259.shtm HTTP/1.1" 404 837 logesty-services.fr "-" "Mozilla/5.0 (compatible; AhrefsBot/7.0; +http://ahrefs.com/robot/)" "-"
216.73.216.0 - - [01/Aug/2026:05:15:32 +0200] "GET /detail/264774.shtm?loknya=%2Fhomepages%2F43%2Fd895481126%2Fhtdocs%2Fclickandbuilds%2FLogestyServices%2Fconditions-de-service HTTP/1.1" 404 837 logesty-services.fr "-" "Mozilla/5.0 AppleWebKit/537.36 (KHTML, like Gecko; compatible; ClaudeBot/1.0; +claudebot@anthropic.com)" "-"
216.73.216.0 - - [01/Aug/2026:05:15:37 +0200] "GET /shop/gathering/witness249044492.html?lokasie=%2Fbin%2Fxzmore&loknya=%2Fbin HTTP/1.1" 404 837 logesty-services.fr "-" "Mozilla/5.0 AppleWebKit/537.36 (KHTML, like Gecko; compatible; ClaudeBot/1.0; +claudebot@anthropic.com)" "-"
114.119.133.0 - - [01/Aug/2026:05:15:38 +0200] "GET /listing/t2-proche-aeroprt-cdg-rer-parc-des-expositions/?loknya=/homepages/43/d895481126/htdocs/clickandbuilds/ HTTP/1.1" 404 837 logesty-services.fr "https://logesty-services.fr/listing/t2-proche-aeroprt-cdg-rer-parc-des-expositions/" "Mozilla/5.0 (Linux; Android 7.0;) AppleWebKit/537.36 (HTML, like Gecko) Mobile Safari/537.36 (compatible; PetalBot;+https://webmaster.petalsearch.com/site/petalbot)" "-"
43.229.135.0 - - [01/Aug/2026:05:15:41 +0200] "GET /author/kellieq5452006/ HTTP/1.1" 404 837 logesty-services.fr "http://logesty-services.fr/" "Mozilla/5.0 (Windows NT 10.0; Win64; x64) AppleWebKit/537.36 (KHTML, like Gecko) Chrome/122.0.0.0 Safari/537.36" "-"
43.229.135.0 - - [01/Aug/2026:05:15:41 +0200] "GET / HTTP/1.1" 200 83793 logesty-services.fr "-" "Mozilla/5.0 (Windows NT 10.0; Win64; x64) AppleWebKit/537.36 (KHTML, like Gecko) Chrome/122.0.0.0 Safari/537.36" "-"
216.73.216.0 - - [01/Aug/2026:05:15:42 +0200] "GET /item/130045246?lokasie=%2Fhomepages%2F43%2Fd895481126%2Fhtdocs%2Fclickandbuilds%2FLogestyServices%2Fgooglebe0cece12c38bb59.html&loknya=%2Fhomepages%2F43%2Fd895481126%2Fhtdocs%2Fclickandbuilds%2FLogestyServices HTTP/1.1" 404 837 logesty-services.fr "-" "Mozilla/5.0 AppleWebKit/537.36 (KHTML, like Gecko; compatible; ClaudeBot/1.0; +claudebot@anthropic.com)" "-"
66.249.64.0 - - [01/Aug/2026:05:15:44 +0200] "GET /?u=6423014301 HTTP/1.1" 200 154801 logesty-services.fr "-" "Mozilla/5.0 (Linux; Android 6.0.1; Nexus 5X Build/MMB29P) AppleWebKit/537.36 (KHTML, like Gecko) Chrome/150.0.7871.186 Mobile Safari/537.36 (compatible; Googlebot/2.1; +http://www.google.com/bot.html)" "-"
216.73.216.0 - - [01/Aug/2026:05:15:47 +0200] "GET /item/228008762?lokasie=%2Fhomepages%2F43%2Fd895481126%2Fhtdocs%2Fclickandbuilds%2FLogestyServices%2Fwp-blog-header.php&loknya=%2Fhomepages%2F43%2Fd895481126%2Fhtdocs%2Fclickandbuilds%2FLogestyServices HTTP/1.1" 404 837 logesty-services.fr "-" "Mozilla/5.0 AppleWebKit/537.36 (KHTML, like Gecko; compatible; ClaudeBot/1.0; +claudebot@anthropic.com)" "-"
216.73.216.0 - - [01/Aug/2026:05:15:52 +0200] "GET /item/070027812?lokasie=%2Fhomepages%2F43%2Fd895481126%2Fhtdocs%2Fclickandbuilds%2FLogestyServices%2Fwp-trackback.php&loknya=%2Fhomepages%2F43%2Fd895481126%2Fhtdocs%2Fclickandbuilds%2FLogestyServices HTTP/1.1" 404 837 logesty-services.fr "-" "Mozilla/5.0 AppleWebKit/537.36 (KHTML, like Gecko; compatible; ClaudeBot/1.0; +claudebot@anthropic.com)" "-"
216.73.216.0 - - [01/Aug/2026:05:15:57 +0200] "GET /listing/appartement-disneyland-paris-avec-parking-et-wifi/%7B%7Bitem.imgSrc%7D%7D?lokasie=%2Fhomepages%2F43%2Fd895481126%2Fhtdocs%2Fclickandbuilds%2FLogestyServices%2Fwp-includes%2Fclass-walker-comment.php&loknya=%2Fhomepages%2F43%2Fd895481126%2Fhtdocs%2Fclickandbuilds%2FLogestyServices%2Fwp-includes HTTP/1.1" 404 837 logesty-services.fr "-" "Mozilla/5.0 AppleWebKit/537.36 (KHTML, like Gecko; compatible; ClaudeBot/1.0; +claudebot@anthropic.com)" "-"
216.73.216.0 - - [01/Aug/2026:05:16:02 +0200] "GET /listing/studio-perpignan-cosy/%7B%7Bitem.imgSrc%7D%7D?lokasie=%2Fhomepages%2F20%2Fd900015475%2Fdistributor.lock&loknya=%2Fhomepages%2F20%2Fd900015475 HTTP/1.1" 404 837 logesty-services.fr "-" "Mozilla/5.0 AppleWebKit/537.36 (KHTML, like Gecko; compatible; ClaudeBot/1.0; +claudebot@anthropic.com)" "-"
74.7.227.0 - - [01/Aug/2026:05:16:04 +0200] "GET /?lokasie=/kunden/bin/pbmtox10bm&loknya=/kunden/bin HTTP/1.1" 200 3992 logesty-services.fr "https://logesty-services.fr/?loknya=/kunden/bin" "Mozilla/5.0 AppleWebKit/537.36 (KHTML, like Gecko; compatible; GPTBot/1.4; +https://openai.com/gptbot)" "-"
74.7.230.0 - - [01/Aug/2026:05:16:06 +0200] "GET /robots.txt HTTP/1.1" 200 1157 logesty-services.fr "-" "Mozilla/5.0 (Macintosh; Intel Mac OS X 10_15_7) AppleWebKit/537.36 (KHTML, like Gecko) Chrome/131.0.0.0 Safari/537.36; compatible; OAI-SearchBot/1.4; robots.txt; +https://openai.com/searchbot" "-"
216.73.216.0 - - [01/Aug/2026:05:16:08 +0200] "GET /item/032038706?loknya=%2Fhomepages%2F43%2Fd895481126%2Fhtdocs%2Fclickandbuilds%2FLogestyServices%2Fagence-immobilieere-numerique HTTP/1.1" 404 837 logesty-services.fr "-" "Mozilla/5.0 AppleWebKit/537.36 (KHTML, like Gecko; compatible; ClaudeBot/1.0; +claudebot@anthropic.com)" "-"
216.73.216.0 - - [01/Aug/2026:05:16:13 +0200] "GET /detail/618241128.shtm?loknya=%2Fhomepages%2F43%2Fd895481126%2Fhtdocs%2Fclickandbuilds%2FLogestyServices%2Fcity HTTP/1.1" 404 837 logesty-services.fr "-" "Mozilla/5.0 AppleWebKit/537.36 (KHTML, like Gecko; compatible; ClaudeBot/1.0; +claudebot@anthropic.com)" "-"
51.195.215.0 - - [01/Aug/2026:05:16:18 +0200] "GET /detail/712338925.shtm HTTP/1.1" 404 837 logesty-services.fr "-" "Mozilla/5.0 (compatible; AhrefsBot/7.0; +http://ahrefs.com/robot/)" "-"
216.73.216.0 - - [01/Aug/2026:05:16:18 +0200] "GET /detail/104660.shtm?lokasie=%2Fhomepages%2F43%2Fd895481126%2Fhtdocs%2Fclickandbuilds%2FLogestyServices%2Fwp-admin%2Ffreedoms.php&loknya=%2Fhomepages%2F43%2Fd895481126%2Fhtdocs%2Fclickandbuilds%2FLogestyServices%2Fwp-admin HTTP/1.1" 404 837 logesty-services.fr "-" "Mozilla/5.0 AppleWebKit/537.36 (KHTML, like Gecko; compatible; ClaudeBot/1.0; +claudebot@anthropic.com)" "-"
216.73.216.0 - - [01/Aug/2026:05:16:23 +0200] "GET /shop/where/wine119033386.html?lokasie=%2Fhomepages%2F43%2Fd895481126%2Fhtdocs%2Fclickandbuilds%2FLogestyServices%2F%2Fgoogle2f9bcd6e666eef97.html&loknya=%2Fhomepages%2F43%2Fd895481126%2Fhtdocs%2Fclickandbuilds%2FLogestyServices%2F HTTP/1.1" 429 267 logesty-services.fr "-" "Mozilla/5.0 AppleWebKit/537.36 (KHTML, like Gecko; compatible; ClaudeBot/1.0; +claudebot@anthropic.com)" "-"
66.249.64.0 - - [01/Aug/2026:05:16:25 +0200] "GET /?u=7683944296 HTTP/1.1" 200 157541 logesty-services.fr "-" "Mozilla/5.0 (Linux; Android 6.0.1; Nexus 5X Build/MMB29P) AppleWebKit/537.36 (KHTML, like Gecko) Chrome/150.0.7871.186 Mobile Safari/537.36 (compatible; Googlebot/2.1; +http://www.google.com/bot.html)" "-"
216.73.216.0 - - [01/Aug/2026:05:16:28 +0200] "GET /detail/757274449.shtm?lokasie=%2Fbin%2Fxzgrep&loknya=%2Fbin HTTP/1.1" 429 267 logesty-services.fr "-" "Mozilla/5.0 AppleWebKit/537.36 (KHTML, like Gecko; compatible; ClaudeBot/1.0; +claudebot@anthropic.com)" "-"
216.73.216.0 - - [01/Aug/2026:05:16:33 +0200] "GET /item/274008162?loknya=%2Fhomepages%2F43%2Fd895481126%2Fhtdocs%2Fclickandbuilds%2FLogestyServices%2Fpolitique-de-confidentialite HTTP/1.1" 429 267 logesty-services.fr "-" "Mozilla/5.0 AppleWebKit/537.36 (KHTML, like Gecko; compatible; ClaudeBot/1.0; +claudebot@anthropic.com)" "-"
216.73.216.0 - - [01/Aug/2026:05:16:38 +0200] "GET /shop/pilot/conscious233008438.html?loknya=%2Fhomepages%2F43%2Fd895481126%2Fhtdocs%2Fclickandbuilds%2FLogestyServices%2Fpolitique-de-confidentialite HTTP/1.1" 429 267 logesty-services.fr "-" "Mozilla/5.0 AppleWebKit/537.36 (KHTML, like Gecko; compatible; ClaudeBot/1.0; +claudebot@anthropic.com)" "-"
216.73.216.0 - - [01/Aug/2026:05:16:43 +0200] "GET /shop/diplomat/greet038015219.html?loknya=%2Fhomepages%2F43%2Fd895481126%2Fhtdocs%2Fclickandbuilds%2FLogestyServices%2Fconditions-de-service HTTP/1.1" 429 267 logesty-services.fr "-" "Mozilla/5.0 AppleWebKit/537.36 (KHTML, like Gecko; compatible; ClaudeBot/1.0; +claudebot@anthropic.com)" "-"
198.244.226.0 - - [01/Aug/2026:05:16:48 +0200] "GET /detail/659560526.shtm HTTP/1.1" 404 837 logesty-services.fr "-" "Mozilla/5.0 (compatible; AhrefsBot/7.0; +http://ahrefs.com/robot/)" "-"
216.73.216.0 - - [01/Aug/2026:05:16:48 +0200] "GET /shop/adviser/boss130041209.html?lokasie=%2Fhomepages%2F43%2Fd895481126%2Fhtdocs%2Fclickandbuilds%2FLogestyServices%2Fgoogle3c362c4f736bc043.html&loknya=%2Fhomepages%2F43%2Fd895481126%2Fhtdocs%2Fclickandbuilds%2FLogestyServices HTTP/1.1" 429 267 logesty-services.fr "-" "Mozilla/5.0 AppleWebKit/537.36 (KHTML, like Gecko; compatible; ClaudeBot/1.0; +claudebot@anthropic.com)" "-"
216.73.216.0 - - [01/Aug/2026:05:16:54 +0200] "GET /item/114011854?lokasie=%2Fhomepages%2F43%2Fd895481126%2Fhtdocs%2Fclickandbuilds%2FLogestyServices%2Fwp-trackback.php&loknya=%2Fhomepages%2F43%2Fd895481126%2Fhtdocs%2Fclickandbuilds%2FLogestyServices HTTP/1.1" 429 267 logesty-services.fr "-" "Mozilla/5.0 AppleWebKit/537.36 (KHTML, like Gecko; compatible; ClaudeBot/1.0; +claudebot@anthropic.com)" "-"
66.249.64.0 - - [01/Aug/2026:05:16:57 +0200] "GET /?u=4424589135 HTTP/1.1" 200 148366 logesty-services.fr "-" "Mozilla/5.0 (Linux; Android 6.0.1; Nexus 5X Build/MMB29P) AppleWebKit/537.36 (KHTML, like Gecko) Chrome/150.0.7871.186 Mobile Safari/537.36 (compatible; Googlebot/2.1; +http://www.google.com/bot.html)" "-"
216.73.216.0 - - [01/Aug/2026:05:16:59 +0200] "GET /shop/fully/American298025847.html?lokasie=%2Fhomepages%2F43%2Fd895481126%2Fhtdocs%2Fclickandbuilds%2FLogestyServices%2Findex.php&loknya=%2Fhomepages%2F43%2Fd895481126%2Fhtdocs%2Fclickandbuilds%2FLogestyServices HTTP/1.1" 429 267 logesty-services.fr "-" "Mozilla/5.0 AppleWebKit/537.36 (KHTML, like Gecko; compatible; ClaudeBot/1.0; +claudebot@anthropic.com)" "-"
74.7.227.0 - - [01/Aug/2026:05:17:01 +0200] "GET /?lokasie=/kunden/bin/ps2pdf14&loknya=/kunden/bin HTTP/1.1" 429 267 logesty-services.fr "https://logesty-services.fr/?loknya=/kunden/bin" "Mozilla/5.0 AppleWebKit/537.36 (KHTML, like Gecko; compatible; GPTBot/1.4; +https://openai.com/gptbot)" "-"
51.195.244.0 - - [01/Aug/2026:05:17:01 +0200] "GET /detail/594924389.shtm HTTP/1.1" 404 837 logesty-services.fr "-" "Mozilla/5.0 (compatible; AhrefsBot/7.0; +http://ahrefs.com/robot/)" "-"
216.73.216.0 - - [01/Aug/2026:05:17:04 +0200] "GET /item/020000582?lokasie=%2Fhomepages%2F43%2Fd895481126%2Fhtdocs%2Fclickandbuilds%2FLogestyServices%2Fgoogle8fc77db5da1ba31f.html&loknya=%2Fhomepages%2F43%2Fd895481126%2Fhtdocs%2Fclickandbuilds%2FLogestyServices HTTP/1.1" 429 267 logesty-services.fr "-" "Mozilla/5.0 AppleWebKit/537.36 (KHTML, like Gecko; compatible; ClaudeBot/1.0; +claudebot@anthropic.com)" "-"
114.119.133.0 - - [01/Aug/2026:05:17:05 +0200] "GET /listing/studio-cosy-centre-ville-gare?loknya=/homepages/43/d895481126/htdocs/clickandbuilds/LogestyServices/wp-includes/style-engine HTTP/1.1" 404 837 logesty-services.fr "https://logesty-services.fr/listing/studio-cosy-centre-ville-gare?loknya=/homepages/43/d895481126/htdocs/clickandbuilds/LogestyServices/wp-includes" "Mozilla/5.0 (Linux; Android 7.0;) AppleWebKit/537.36 (HTML, like Gecko) Mobile Safari/537.36 (compatible; PetalBot;+https://webmaster.petalsearch.com/site/petalbot)" "-"
198.244.168.0 - - [01/Aug/2026:05:17:07 +0200] "GET /detail/573508983.shtm HTTP/1.1" 404 837 logesty-services.fr "-" "Mozilla/5.0 (compatible; AhrefsBot/7.0; +http://ahrefs.com/robot/)" "-"
216.73.216.0 - - [01/Aug/2026:05:17:09 +0200] "GET /detail/254145.shtm?lokasie=%2Fbin%2Fanimate-im6.q16&loknya=%2Fbin HTTP/1.1" 429 267 logesty-services.fr "-" "Mozilla/5.0 AppleWebKit/537.36 (KHTML, like Gecko; compatible; ClaudeBot/1.0; +claudebot@anthropic.com)" "-"
216.73.216.0 - - [01/Aug/2026:05:17:14 +0200] "GET /shop/seven/realistic068012455.html?lokasie=%2Fhomepages%2F43%2Fd895481126%2Fhtdocs%2Fclickandbuilds%2FLogestyServices%2Fwp-login.php&loknya=%2Fhomepages%2F43%2Fd895481126%2Fhtdocs%2Fclickandbuilds%2FLogestyServices HTTP/1.1" 429 267 logesty-services.fr "-" "Mozilla/5.0 AppleWebKit/537.36 (KHTML, like Gecko; compatible; ClaudeBot/1.0; +claudebot@anthropic.com)" "-"
171.50.182.0 - - [01/Aug/2026:05:17:16 +0200] "GET /author/kellieq5452006/ HTTP/1.1" 404 837 logesty-services.fr "http://logesty-services.fr/" "Mozilla/5.0 (Windows NT 10.0; Win64; x64) AppleWebKit/537.36 (KHTML, like Gecko) Chrome/119.0.0.0 Safari/537.36" "-"
171.50.182.0 - - [01/Aug/2026:05:17:16 +0200] "GET / HTTP/1.1" 200 83792 logesty-services.fr "-" "Mozilla/5.0 (Windows NT 10.0; Win64; x64) AppleWebKit/537.36 (KHTML, like Gecko) Chrome/119.0.0.0 Safari/537.36" "-"
51.195.215.0 - - [01/Aug/2026:05:17:19 +0200] "GET /detail/53567280.shtm HTTP/1.1" 404 837 logesty-services.fr "-" "Mozilla/5.0 (compatible; AhrefsBot/7.0; +http://ahrefs.com/robot/)" "-"
216.73.216.0 - - [01/Aug/2026:05:17:19 +0200] "GET /detail/234844100.shtm?loknya=%2Fhomepages%2F43%2Fd895481126%2Fhtdocs%2Fclickandbuilds%2FLogestyServices%2Fcontact-us-2 HTTP/1.1" 429 267 logesty-services.fr "-" "Mozilla/5.0 AppleWebKit/537.36 (KHTML, like Gecko; compatible; ClaudeBot/1.0; +claudebot@anthropic.com)" "-"
216.73.216.0 - - [01/Aug/2026:05:17:24 +0200] "GET /detail/281574478.shtm?lokasie=%2Fhomepages%2F43%2Fd895481126%2Fhtdocs%2Fclickandbuilds%2FLogestyServices%2Fwp-content%2Fuploads%2F2023%2F.htaccess&loknya=%2Fhomepages%2F43%2Fd895481126%2Fhtdocs%2Fclickandbuilds%2FLogestyServices%2Fwp-content%2Fuploads%2F2023 HTTP/1.1" 404 837 logesty-services.fr "-" "Mozilla/5.0 AppleWebKit/537.36 (KHTML, like Gecko; compatible; ClaudeBot/1.0; +claudebot@anthropic.com)" "-"
51.195.244.0 - - [01/Aug/2026:05:17:27 +0200] "GET /detail/53403285.shtm HTTP/1.1" 404 837 logesty-services.fr "-" "Mozilla/5.0 (compatible; AhrefsBot/7.0; +http://ahrefs.com/robot/)" "-"
216.73.216.0 - - [01/Aug/2026:05:17:29 +0200] "GET /detail/752675666.shtm?lokasie=%2Fbin%2Fcmuwmtopbm&loknya=%2Fbin HTTP/1.1" 404 837 logesty-services.fr "-" "Mozilla/5.0 AppleWebKit/537.36 (KHTML, like Gecko; compatible; ClaudeBot/1.0; +claudebot@anthropic.com)" "-"
54.38.147.0 - - [01/Aug/2026:05:17:32 +0200] "GET /detail/526238440.shtm HTTP/1.1" 404 837 logesty-services.fr "-" "Mozilla/5.0 (compatible; AhrefsBot/7.0; +http://ahrefs.com/robot/)" "-"
216.73.216.0 - - [01/Aug/2026:05:17:34 +0200] "GET /item/258000478?loknya=%2Fhomepages%2F43%2Fd895481126%2Fhtdocs%2Fclickandbuilds%2FLogestyServices%2Fagence-immobilieere-numerique HTTP/1.1" 404 837 logesty-services.fr "-" "Mozilla/5.0 AppleWebKit/537.36 (KHTML, like Gecko; compatible; ClaudeBot/1.0; +claudebot@anthropic.com)" "-"
198.244.226.0 - - [01/Aug/2026:05:17:35 +0200] "GET /detail/526218495.shtm HTTP/1.1" 404 837 logesty-services.fr "-" "Mozilla/5.0 (compatible; AhrefsBot/7.0; +http://ahrefs.com/robot/)" "-"
198.244.240.0 - - [01/Aug/2026:05:17:38 +0200] "GET /detail/526215901.shtm HTTP/1.1" 404 837 logesty-services.fr "-" "Mozilla/5.0 (compatible; AhrefsBot/7.0; +http://ahrefs.com/robot/)" "-"
216.73.216.0 - - [01/Aug/2026:05:17:40 +0200] "GET /detail/752618405.shtm?lokasie=%2Fhomepages%2F43%2Fd895481126%2Fhtdocs%2Fclickandbuilds%2Fckhysfsd.php&loknya=%2Fhomepages%2F43%2Fd895481126%2Fhtdocs%2Fclickandbuilds HTTP/1.1" 404 837 logesty-services.fr "-" "Mozilla/5.0 AppleWebKit/537.36 (KHTML, like Gecko; compatible; ClaudeBot/1.0; +claudebot@anthropic.com)" "-"
198.244.183.0 - - [01/Aug/2026:05:17:41 +0200] "GET /detail/526212279.shtm HTTP/1.1" 404 837 logesty-services.fr "-" "Mozilla/5.0 (compatible; AhrefsBot/7.0; +http://ahrefs.com/robot/)" "-"
54.38.147.0 - - [01/Aug/2026:05:17:44 +0200] "GET /detail/526161503.shtm HTTP/1.1" 404 837 logesty-services.fr "-" "Mozilla/5.0 (compatible; AhrefsBot/7.0; +http://ahrefs.com/robot/)" "-"
216.73.216.0 - - [01/Aug/2026:05:17:45 +0200] "GET /item/192032142?lokasie=%2Fhomepages%2F43%2Fd895481126%2Fhtdocs%2Fclickandbuilds%2FLogestyServices%2Fwp-signup.php&loknya=%2Fhomepages%2F43%2Fd895481126%2Fhtdocs%2Fclickandbuilds%2FLogestyServices HTTP/1.1" 404 837 logesty-services.fr "-" "Mozilla/5.0 AppleWebKit/537.36 (KHTML, like Gecko; compatible; ClaudeBot/1.0; +claudebot@anthropic.com)" "-"
51.195.244.0 - - [01/Aug/2026:05:17:47 +0200] "GET /detail/440995727.shtm HTTP/1.1" 404 837 logesty-services.fr "-" "Mozilla/5.0 (compatible; AhrefsBot/7.0; +http://ahrefs.com/robot/)" "-"
216.73.216.0 - - [01/Aug/2026:05:17:50 +0200] "GET /detail/758236643.shtm?loknya=%2Fhomepages%2F43%2Fd895481126%2Fhtdocs%2Fclickandbuilds%2FLogestyServices%2Fcity HTTP/1.1" 404 837 logesty-services.fr "-" "Mozilla/5.0 AppleWebKit/537.36 (KHTML, like Gecko; compatible; ClaudeBot/1.0; +claudebot@anthropic.com)" "-"
198.244.183.0 - - [01/Aug/2026:05:17:50 +0200] "GET /detail/420212451.shtm HTTP/1.1" 404 837 logesty-services.fr "-" "Mozilla/5.0 (compatible; AhrefsBot/7.0; +http://ahrefs.com/robot/)" "-"
74.7.227.0 - - [01/Aug/2026:05:17:52 +0200] "GET /?lokasie=/kunden/bin/sha384sum&loknya=/kunden/bin HTTP/1.1" 200 3991 logesty-services.fr "https://logesty-services.fr/?loknya=/kunden/bin" "Mozilla/5.0 AppleWebKit/537.36 (KHTML, like Gecko; compatible; GPTBot/1.4; +https://openai.com/gptbot)" "-"
54.38.147.0 - - [01/Aug/2026:05:17:53 +0200] "GET /detail/40765496.shtm HTTP/1.1" 404 837 logesty-services.fr "-" "Mozilla/5.0 (compatible; AhrefsBot/7.0; +http://ahrefs.com/robot/)" "-"
216.73.216.0 - - [01/Aug/2026:05:17:55 +0200] "GET /shop/busy/lawmaker117039294.html?lokasie=%2Fhomepages%2F43%2Fd895481126%2Fhtdocs%2Fclickandbuilds%2Fjjblfgaw.php&loknya=%2Fhomepages%2F43%2Fd895481126%2Fhtdocs%2Fclickandbuilds HTTP/1.1" 404 837 logesty-services.fr "-" "Mozilla/5.0 AppleWebKit/537.36 (KHTML, like Gecko; compatible; ClaudeBot/1.0; +claudebot@anthropic.com)" "-"
216.73.216.0 - - [01/Aug/2026:05:18:00 +0200] "GET /item/005042399?lokasie=%2Fhomepages%2F43%2Fd895481126%2Fhtdocs%2Fclickandbuilds%2FLogestyServices%2Fwp-config.php&loknya=%2Fhomepages%2F43%2Fd895481126%2Fhtdocs%2Fclickandbuilds%2FLogestyServices HTTP/1.1" 503 339 logesty-services.fr "-" "Mozilla/5.0 AppleWebKit/537.36 (KHTML, like Gecko; compatible; ClaudeBot/1.0; +claudebot@anthropic.com)" "-"
216.73.216.0 - - [01/Aug/2026:05:18:05 +0200] "GET /shop/rally/trauma274031829.html?lokasie=%2Fhomepages%2F43%2Fd895481126%2Fhtdocs%2Fclickandbuilds%2FLogestyServices%2Fwp-settings.php&loknya=%2Fhomepages%2F43%2Fd895481126%2Fhtdocs%2Fclickandbuilds%2FLogestyServices HTTP/1.1" 404 837 logesty-services.fr "-" "Mozilla/5.0 AppleWebKit/537.36 (KHTML, like Gecko; compatible; ClaudeBot/1.0; +claudebot@anthropic.com)" "-"
198.244.168.0 - - [01/Aug/2026:05:18:05 +0200] "GET /detail/346011639.shtm HTTP/1.1" 404 837 logesty-services.fr "-" "Mozilla/5.0 (compatible; AhrefsBot/7.0; +http://ahrefs.com/robot/)" "-"
66.249.64.0 - - [01/Aug/2026:05:18:06 +0200] "GET /?u=5692101318 HTTP/1.1" 200 156414 logesty-services.fr "-" "Mozilla/5.0 (Linux; Android 6.0.1; Nexus 5X Build/MMB29P) AppleWebKit/537.36 (KHTML, like Gecko) Chrome/150.0.7871.186 Mobile Safari/537.36 (compatible; Googlebot/2.1; +http://www.google.com/bot.html)" "-"
51.195.244.0 - - [01/Aug/2026:05:18:08 +0200] "GET /detail/345942205.shtm HTTP/1.1" 404 837 logesty-services.fr "-" "Mozilla/5.0 (compatible; AhrefsBot/7.0; +http://ahrefs.com/robot/)" "-"
216.73.216.0 - - [01/Aug/2026:05:18:10 +0200] "GET /item/213029305?lokasie=%2Fhomepages%2F43%2Fd895481126%2Fhtdocs%2Fclickandbuilds%2FLogestyServices%2Fwp-config.php&loknya=%2Fhomepages%2F43%2Fd895481126%2Fhtdocs%2Fclickandbuilds%2FLogestyServices HTTP/1.1" 503 339 logesty-services.fr "-" "Mozilla/5.0 AppleWebKit/537.36 (KHTML, like Gecko; compatible; ClaudeBot/1.0; +claudebot@anthropic.com)" "-"
198.244.242.0 - - [01/Aug/2026:05:18:11 +0200] "GET /detail/345928482.shtm HTTP/1.1" 404 837 logesty-services.fr "-" "Mozilla/5.0 (compatible; AhrefsBot/7.0; +http://ahrefs.com/robot/)" "-"
54.38.147.0 - - [01/Aug/2026:05:18:14 +0200] "GET /detail/345917853.shtm HTTP/1.1" 404 837 logesty-services.fr "-" "Mozilla/5.0 (compatible; AhrefsBot/7.0; +http://ahrefs.com/robot/)" "-"
216.73.216.0 - - [01/Aug/2026:05:18:15 +0200] "GET /shop/resolution/president133008170.html?lokasie=%2Fhomepages%2F43%2Fd895481126%2Fhtdocs%2Fclickandbuilds%2FLogestyServices%2Fwp-activate.php&loknya=%2Fhomepages%2F43%2Fd895481126%2Fhtdocs%2Fclickandbuilds%2FLogestyServices HTTP/1.1" 404 837 logesty-services.fr "-" "Mozilla/5.0 AppleWebKit/537.36 (KHTML, like Gecko; compatible; ClaudeBot/1.0; +claudebot@anthropic.com)" "-"
198.244.226.0 - - [01/Aug/2026:05:18:18 +0200] "GET /detail/288562937.shtm HTTP/1.1" 404 837 logesty-services.fr "-" "Mozilla/5.0 (compatible; AhrefsBot/7.0; +http://ahrefs.com/robot/)" "-"
216.73.216.0 - - [01/Aug/2026:05:18:20 +0200] "GET /item/046012656?lokasie=%2Fhomepages%2F43%2Fd895481126%2Fhtdocs%2Fclickandbuilds%2FLogestyServices%2Fwp-cron.php&loknya=%2Fhomepages%2F43%2Fd895481126%2Fhtdocs%2Fclickandbuilds%2FLogestyServices HTTP/1.1" 404 837 logesty-services.fr "-" "Mozilla/5.0 AppleWebKit/537.36 (KHTML, like Gecko; compatible; ClaudeBot/1.0; +claudebot@anthropic.com)" "-"
66.249.64.0 - - [01/Aug/2026:05:18:20 +0200] "GET /?u=2591116529 HTTP/1.1" 200 155272 logesty-services.fr "-" "Mozilla/5.0 (Linux; Android 6.0.1; Nexus 5X Build/MMB29P) AppleWebKit/537.36 (KHTML, like Gecko) Chrome/150.0.7871.186 Mobile Safari/537.36 (compatible; Googlebot/2.1; +http://www.google.com/bot.html)" "-"
198.244.168.0 - - [01/Aug/2026:05:18:23 +0200] "GET /detail/272758768.shtm HTTP/1.1" 429 267 logesty-services.fr "-" "Mozilla/5.0 (compatible; AhrefsBot/7.0; +http://ahrefs.com/robot/)" "-"
216.73.216.0 - - [01/Aug/2026:05:18:25 +0200] "GET /detail/237304.shtm?lokasie=%2Fetc%2Fwgetrc&loknya=%2Fetc HTTP/1.1" 404 837 logesty-services.fr "-" "Mozilla/5.0 AppleWebKit/537.36 (KHTML, like Gecko; compatible; ClaudeBot/1.0; +claudebot@anthropic.com)" "-"
66.249.64.0 - - [01/Aug/2026:05:18:27 +0200] "GET /?u=5832562607 HTTP/1.1" 200 149950 logesty-services.fr "-" "Mozilla/5.0 (Linux; Android 6.0.1; Nexus 5X Build/MMB29P) AppleWebKit/537.36 (KHTML, like Gecko) Chrome/150.0.7871.186 Mobile Safari/537.36 (compatible; Googlebot/2.1; +http://www.google.com/bot.html)" "-"
114.119.130.0 - - [01/Aug/2026:05:18:28 +0200] "GET /listing/studio-cosy-centre-ville-gare?loknya=/homepages/43/d895481126/htdocs/clickandbuilds/LogestyServices/wp-includes/images/crystal HTTP/1.1" 404 837 logesty-services.fr "https://logesty-services.fr/listing/studio-cosy-centre-ville-gare?loknya=/homepages/43/d895481126/htdocs/clickandbuilds/LogestyServices/wp-includes/images" "Mozilla/5.0 (Linux; Android 7.0;) AppleWebKit/537.36 (HTML, like Gecko) Mobile Safari/537.36 (compatible; PetalBot;+https://webmaster.petalsearch.com/site/petalbot)" "-"
216.73.216.0 - - [01/Aug/2026:05:18:30 +0200] "GET /item/096017206?loknya=%2Fhomepages%2F43%2Fd895481126%2Fhtdocs%2Fclickandbuilds%2FLogestyServices%2Fpolitique-de-confidentialite HTTP/1.1" 404 837 logesty-services.fr "-" "Mozilla/5.0 AppleWebKit/537.36 (KHTML, like Gecko; compatible; ClaudeBot/1.0; +claudebot@anthropic.com)" "-"
51.89.129.0 - - [01/Aug/2026:05:18:30 +0200] "GET /detail/223538461.shtm HTTP/1.1" 429 267 logesty-services.fr "-" "Mozilla/5.0 (compatible; AhrefsBot/7.0; +http://ahrefs.com/robot/)" "-"
216.73.216.0 - - [01/Aug/2026:05:18:35 +0200] "GET /shop/cartoon/merit243022748.html?lokasie=%2Fhomepages%2F43%2Fd895481126%2Fhtdocs%2Fclickandbuilds%2FLogestyServices%2Fwp-config-sample.php&loknya=%2Fhomepages%2F43%2Fd895481126%2Fhtdocs%2Fclickandbuilds%2FLogestyServices HTTP/1.1" 404 837 logesty-services.fr "-" "Mozilla/5.0 AppleWebKit/537.36 (KHTML, like Gecko; compatible; ClaudeBot/1.0; +claudebot@anthropic.com)" "-"
51.89.129.0 - - [01/Aug/2026:05:18:36 +0200] "GET /detail/181222163.shtm HTTP/1.1" 429 267 logesty-services.fr "-" "Mozilla/5.0 (compatible; AhrefsBot/7.0; +http://ahrefs.com/robot/)" "-"
216.73.216.0 - - [01/Aug/2026:05:18:40 +0200] "GET /shop/technician/fishing291036504.html?loknya=%2Fhomepages%2F43%2Fd895481126%2Fhtdocs%2Fclickandbuilds%2FLogestyServices%2Fpolitique-de-confidentialite HTTP/1.1" 404 837 logesty-services.fr "-" "Mozilla/5.0 AppleWebKit/537.36 (KHTML, like Gecko; compatible; ClaudeBot/1.0; +claudebot@anthropic.com)" "-"
54.38.147.0 - - [01/Aug/2026:05:18:45 +0200] "GET /detail/153270106.shtm HTTP/1.1" 429 267 logesty-services.fr "-" "Mozilla/5.0 (compatible; AhrefsBot/7.0; +http://ahrefs.com/robot/)" "-"
216.73.216.0 - - [01/Aug/2026:05:18:45 +0200] "GET /detail/757594926.shtm?lokasie=%2Fbin%2Fznew&loknya=%2Fbin HTTP/1.1" 404 837 logesty-services.fr "-" "Mozilla/5.0 AppleWebKit/537.36 (KHTML, like Gecko; compatible; ClaudeBot/1.0; +claudebot@anthropic.com)" "-"
216.73.216.0 - - [01/Aug/2026:05:18:51 +0200] "GET /detail/756551376.shtm?loknya=%2Fhomepages%2F43%2Fd895481126%2Fhtdocs%2Fclickandbuilds%2FLogestyServices%2Fcontact-us-2 HTTP/1.1" 404 837 logesty-services.fr "-" "Mozilla/5.0 AppleWebKit/537.36 (KHTML, like Gecko; compatible; ClaudeBot/1.0; +claudebot@anthropic.com)" "-"
74.7.227.0 - - [01/Aug/2026:05:18:55 +0200] "GET /?lokasie=/kunden/bin/sha224sum&loknya=/kunden/bin HTTP/1.1" 200 3991 logesty-services.fr "https://logesty-services.fr/?loknya=/kunden/bin" "Mozilla/5.0 AppleWebKit/537.36 (KHTML, like Gecko; compatible; GPTBot/1.4; +https://openai.com/gptbot)" "-"
216.73.216.0 - - [01/Aug/2026:05:18:56 +0200] "GET /detail/756152671.shtm?lokasie=%2Fhomepages%2F43%2Fd895481126%2Fhtdocs%2Fclickandbuilds%2FLogestyServices%2Fwp-admin%2Fjjblfgaw.php&loknya=%2Fhomepages%2F43%2Fd895481126%2Fhtdocs%2Fclickandbuilds%2FLogestyServices%2Fwp-admin HTTP/1.1" 404 837 logesty-services.fr "-" "Mozilla/5.0 AppleWebKit/537.36 (KHTML, like Gecko; compatible; ClaudeBot/1.0; +claudebot@anthropic.com)" "-"
198.244.226.0 - - [01/Aug/2026:05:18:59 +0200] "GET /detail/153233312.shtm HTTP/1.1" 429 267 logesty-services.fr "-" "Mozilla/5.0 (compatible; AhrefsBot/7.0; +http://ahrefs.com/robot/)" "-"
216.73.216.0 - - [01/Aug/2026:05:19:01 +0200] "GET /shop/appear/courtroom065041790.html?lokasie=%2Fhomepages%2F43%2Fd895481126%2Fhtdocs%2Fclickandbuilds%2FLogestyServices%2Fwp-admin%2Foptions-head.php&loknya=%2Fhomepages%2F43%2Fd895481126%2Fhtdocs%2Fclickandbuilds%2FLogestyServices%2Fwp-admin HTTP/1.1" 429 267 logesty-services.fr "-" "Mozilla/5.0 AppleWebKit/537.36 (KHTML, like Gecko; compatible; ClaudeBot/1.0; +claudebot@anthropic.com)" "-"
216.73.216.0 - - [01/Aug/2026:05:19:06 +0200] "GET /shop/center/government282038713.html?lokasie=%2Fhomepages%2F43%2Fd895481126%2Fhtdocs%2Fclickandbuilds%2FLogestyServices%2Fwp-admin%2Fcredits.php&loknya=%2Fhomepages%2F43%2Fd895481126%2Fhtdocs%2Fclickandbuilds%2FLogestyServices%2Fwp-admin HTTP/1.1" 429 267 logesty-services.fr "-" "Mozilla/5.0 AppleWebKit/537.36 (KHTML, like Gecko; compatible; ClaudeBot/1.0; +claudebot@anthropic.com)" "-"
216.73.216.0 - - [01/Aug/2026:05:19:11 +0200] "GET /shop/focus/modify174003249.html?lokasie=%2Fhomepages%2F43%2Fd895481126%2Fhtdocs%2Fclickandbuilds%2FLogestyServices%2Fauthor%2Fjjblfgaw.php&loknya=%2Fhomepages%2F43%2Fd895481126%2Fhtdocs%2Fclickandbuilds%2FLogestyServices%2Fauthor HTTP/1.1" 429 267 logesty-services.fr "-" "Mozilla/5.0 AppleWebKit/537.36 (KHTML, like Gecko; compatible; ClaudeBot/1.0; +claudebot@anthropic.com)" "-"
216.73.216.0 - - [01/Aug/2026:05:19:16 +0200] "GET /shop/suppose/second137009982.html?lokasie=%2Fhomepages%2F43%2Fd892904962%2F.htaccess&loknya=%2Fhomepages%2F43%2Fd892904962 HTTP/1.1" 429 267 logesty-services.fr "-" "Mozilla/5.0 AppleWebKit/537.36 (KHTML, like Gecko; compatible; ClaudeBot/1.0; +claudebot@anthropic.com)" "-"
216.73.216.0 - - [01/Aug/2026:05:19:21 +0200] "GET /shop/serious/childhood293022996.html?lokasie=%2Fhomepages%2F43%2Fd895481126%2Fhtdocs%2Fclickandbuilds%2FLogestyServices%2Fwp-admin%2Flink-manager.php&loknya=%2Fhomepages%2F43%2Fd895481126%2Fhtdocs%2Fclickandbuilds%2FLogestyServices%2Fwp-admin HTTP/1.1" 429 267 logesty-services.fr "-" "Mozilla/5.0 AppleWebKit/537.36 (KHTML, like Gecko; compatible; ClaudeBot/1.0; +claudebot@anthropic.com)" "-"
216.73.216.0 - - [01/Aug/2026:05:19:26 +0200] "GET /shop/focus/modify174003249.html?lokasie=%2Fhomepages%2F43%2Fd895481126%2Fhtdocs%2Fclickandbuilds%2FLogestyServices%2Fgoogle0a4c1e50210bb94a.html&loknya=%2Fhomepages%2F43%2Fd895481126%2Fhtdocs%2Fclickandbuilds%2FLogestyServices HTTP/1.1" 429 267 logesty-services.fr "-" "Mozilla/5.0 AppleWebKit/537.36 (KHTML, like Gecko; compatible; ClaudeBot/1.0; +claudebot@anthropic.com)" "-"
51.195.244.0 - - [01/Aug/2026:05:19:30 +0200] "GET /detail/140261576.shtm HTTP/1.1" 404 837 logesty-services.fr "-" "Mozilla/5.0 (compatible; AhrefsBot/7.0; +http://ahrefs.com/robot/)" "-"
216.73.216.0 - - [01/Aug/2026:05:19:31 +0200] "GET /shop/adult/race125035040.html?lokasie=%2Fhomepages%2F43%2Fd895481126%2Fhtdocs%2Fclickandbuilds%2FLogestyServices%2Fwp-admin%2Fwidgets.php&loknya=%2Fhomepages%2F43%2Fd895481126%2Fhtdocs%2Fclickandbuilds%2FLogestyServices%2Fwp-admin HTTP/1.1" 429 267 logesty-services.fr "-" "Mozilla/5.0 AppleWebKit/537.36 (KHTML, like Gecko; compatible; ClaudeBot/1.0; +claudebot@anthropic.com)" "-"
66.249.64.0 - - [01/Aug/2026:05:19:31 +0200] "GET /?u=3042479761 HTTP/1.1" 200 150757 logesty-services.fr "-" "Mozilla/5.0 (Linux; Android 6.0.1; Nexus 5X Build/MMB29P) AppleWebKit/537.36 (KHTML, like Gecko) Chrome/150.0.7871.186 Mobile Safari/537.36 (compatible; Googlebot/2.1; +http://www.google.com/bot.html)" "-"
43.159.148.0 - - [01/Aug/2026:05:19:35 +0200] "GET / HTTP/1.1" 200 83793 logesty-services.fr "-" "Mozilla/5.0 (iPhone; CPU iPhone OS 13_2_3 like Mac OS X) AppleWebKit/605.1.15 (KHTML, like Gecko) Version/13.0.3 Mobile/15E148 Safari/604.1" "-"
216.73.216.0 - - [01/Aug/2026:05:19:36 +0200] "GET /shop/internal/interested016028013.html?lokasie=%2Fhomepages%2F43%2Fd895481126%2Fhtdocs%2Fclickandbuilds%2FLogestyServices%2Fgooglebe0cece12c38bb59.html&loknya=%2Fhomepages%2F43%2Fd895481126%2Fhtdocs%2Fclickandbuilds%2FLogestyServices HTTP/1.1" 429 267 logesty-services.fr "-" "Mozilla/5.0 AppleWebKit/537.36 (KHTML, like Gecko; compatible; ClaudeBot/1.0; +claudebot@anthropic.com)" "-"
216.73.216.0 - - [01/Aug/2026:05:19:41 +0200] "GET /shop/tension/invade236009767.html?lokasie=%2Fhomepages%2F43%2Fd895481126%2Fhtdocs%2Fclickandbuilds%2FLogestyServices%2Fwp-admin%2Fcontribute.php&loknya=%2Fhomepages%2F43%2Fd895481126%2Fhtdocs%2Fclickandbuilds%2FLogestyServices%2Fwp-admin HTTP/1.1" 429 267 logesty-services.fr "-" "Mozilla/5.0 AppleWebKit/537.36 (KHTML, like Gecko; compatible; ClaudeBot/1.0; +claudebot@anthropic.com)" "-"
216.73.216.0 - - [01/Aug/2026:05:19:46 +0200] "GET /shop/vaccine/available107000806.html?loknya=%2Fhomepages%2F43%2Fd895481126%2Fhtdocs%2Fclickandbuilds%2FLogestyServices%2Flouer-un-logement HTTP/1.1" 429 267 logesty-services.fr "-" "Mozilla/5.0 AppleWebKit/537.36 (KHTML, like Gecko; compatible; ClaudeBot/1.0; +claudebot@anthropic.com)" "-"
216.73.216.0 - - [01/Aug/2026:05:19:51 +0200] "GET /shop/hot/revenue159030424.html?lokasie=%2Fhomepages%2F43%2Fd895481126%2Fhtdocs%2Fclickandbuilds%2FLogestyServices%2Fwp-admin%2Fms-themes.php&loknya=%2Fhomepages%2F43%2Fd895481126%2Fhtdocs%2Fclickandbuilds%2FLogestyServices%2Fwp-admin HTTP/1.1" 429 267 logesty-services.fr "-" "Mozilla/5.0 AppleWebKit/537.36 (KHTML, like Gecko; compatible; ClaudeBot/1.0; +claudebot@anthropic.com)" "-"
114.119.136.0 - - [01/Aug/2026:05:19:52 +0200] "GET /listing/studio-cosy-centre-ville-gare?loknya=/homepages/43/d895481126/htdocs/clickandbuilds/LogestyServices/wp-content/mu-plugins HTTP/1.1" 404 837 logesty-services.fr "https://logesty-services.fr/listing/studio-cosy-centre-ville-gare?loknya=/homepages/43/d895481126/htdocs/clickandbuilds/LogestyServices/wp-content" "Mozilla/5.0 (Linux; Android 7.0;) AppleWebKit/537.36 (HTML, like Gecko) Mobile Safari/537.36 (compatible; PetalBot;+https://webmaster.petalsearch.com/site/petalbot)" "-"
74.7.227.0 - - [01/Aug/2026:05:19:53 +0200] "GET /?lokasie=/kunden/bin/ps2pdf12&loknya=/kunden/bin HTTP/1.1" 429 267 logesty-services.fr "https://logesty-services.fr/?loknya=/kunden/bin" "Mozilla/5.0 AppleWebKit/537.36 (KHTML, like Gecko; compatible; GPTBot/1.4; +https://openai.com/gptbot)" "-"
216.73.216.0 - - [01/Aug/2026:05:19:56 +0200] "GET /shop/although/occasionally134017653.html?lokasie=%2Fhomepages%2F43%2Fd895481126%2Fhtdocs%2Fclickandbuilds%2FLogestyServices%2Ffilefuns.php&loknya=%2Fhomepages%2F43%2Fd895481126%2Fhtdocs%2Fclickandbuilds%2FLogestyServices HTTP/1.1" 429 267 logesty-services.fr "-" "Mozilla/5.0 AppleWebKit/537.36 (KHTML, like Gecko; compatible; ClaudeBot/1.0; +claudebot@anthropic.com)" "-"
66.249.64.0 - - [01/Aug/2026:05:19:57 +0200] "GET /?u=724943392 HTTP/1.1" 200 149519 logesty-services.fr "-" "Mozilla/5.0 (Linux; Android 6.0.1; Nexus 5X Build/MMB29P) AppleWebKit/537.36 (KHTML, like Gecko) Chrome/150.0.7871.186 Mobile Safari/537.36 (compatible; Googlebot/2.1; +http://www.google.com/bot.html)" "-"
216.73.216.0 - - [01/Aug/2026:05:20:01 +0200] "GET /shop/adult/race125035040.html?lokasie=%2Fhomepages%2F43%2Fd895481126%2Fhtdocs%2Fclickandbuilds%2FLogestyServices%2Fwp-admin%2Fnetwork.php&loknya=%2Fhomepages%2F43%2Fd895481126%2Fhtdocs%2Fclickandbuilds%2FLogestyServices%2Fwp-admin HTTP/1.1" 404 837 logesty-services.fr "-" "Mozilla/5.0 AppleWebKit/537.36 (KHTML, like Gecko; compatible; ClaudeBot/1.0; +claudebot@anthropic.com)" "-"
