216.73.216.0 - - [01/Aug/2026:04:04:20 +0200] "GET /tag/washington/feed/?loknya=%2Fhomepages%2F43%2Fd895481126%2Fhtdocs%2Fclickandbuilds HTTP/1.1" 404 837 logesty-services.fr "-" "Mozilla/5.0 AppleWebKit/537.36 (KHTML, like Gecko; compatible; ClaudeBot/1.0; +claudebot@anthropic.com)" "-"
114.119.143.0 - - [01/Aug/2026:04:04:31 +0200] "GET /st_location/charmant-studio-dans-une-belle-residence-calme/?loknya=/homepages/43/d895481126/htdocs/clickandbuilds/LogestyServices/wp-includes/interactivity-api HTTP/1.1" 404 837 logesty-services.fr "https://logesty-services.fr/st_location/charmant-studio-dans-une-belle-residence-calme/?loknya=/homepages/43/d895481126/htdocs/clickandbuilds/LogestyServices/wp-includes" "Mozilla/5.0 (Linux; Android 7.0;) AppleWebKit/537.36 (HTML, like Gecko) Mobile Safari/537.36 (compatible; PetalBot;+https://webmaster.petalsearch.com/site/petalbot)" "-"
66.249.64.0 - - [01/Aug/2026:04:04:31 +0200] "GET /?u=66790845 HTTP/1.1" 200 153890 logesty-services.fr "-" "Mozilla/5.0 (Linux; Android 6.0.1; Nexus 5X Build/MMB29P) AppleWebKit/537.36 (KHTML, like Gecko) Chrome/150.0.7871.186 Mobile Safari/537.36 (compatible; Googlebot/2.1; +http://www.google.com/bot.html)" "-"
51.195.183.0 - - [01/Aug/2026:04:04:41 +0200] "GET /detail/258811.shtm HTTP/1.1" 404 837 logesty-services.fr "-" "Mozilla/5.0 (compatible; AhrefsBot/7.0; +http://ahrefs.com/robot/)" "-"
2a03:2880:200:: - - [01/Aug/2026:04:04:47 +0200] "GET /robots.txt HTTP/1.1" 206 1157 logesty-services.fr "-" "facebookexternalhit/1.1 (+http://www.facebook.com/externalhit_uatext.php)" "-"
74.7.227.0 - - [01/Aug/2026:04:04:52 +0200] "GET /?lokasie=/kunden/bin/pbmtobbnbg&loknya=/kunden/bin HTTP/1.1" 200 3992 logesty-services.fr "https://logesty-services.fr/?loknya=/kunden/bin" "Mozilla/5.0 AppleWebKit/537.36 (KHTML, like Gecko; compatible; GPTBot/1.4; +https://openai.com/gptbot)" "-"
74.7.227.0 - - [01/Aug/2026:04:05:30 +0200] "GET /?lokasie=/kunden/bin/zeisstopnm&loknya=/kunden/bin HTTP/1.1" 200 3992 logesty-services.fr "https://logesty-services.fr/?loknya=/kunden/bin" "Mozilla/5.0 AppleWebKit/537.36 (KHTML, like Gecko; compatible; GPTBot/1.4; +https://openai.com/gptbot)" "-"
114.119.138.0 - - [01/Aug/2026:04:05:52 +0200] "GET /st_location/charmant-studio-dans-une-belle-residence-calme/?loknya=/homepages/43/d895481126/htdocs/clickandbuilds/LogestyServices/wp-includes/blocks/post-featured-image HTTP/1.1" 404 837 logesty-services.fr "https://logesty-services.fr/st_location/charmant-studio-dans-une-belle-residence-calme/?loknya=/homepages/43/d895481126/htdocs/clickandbuilds/LogestyServices/wp-includes/blocks" "Mozilla/5.0 (Linux; Android 7.0;) AppleWebKit/537.36 (HTML, like Gecko) Mobile Safari/537.36 (compatible; PetalBot;+https://webmaster.petalsearch.com/site/petalbot)" "-"
74.7.227.0 - - [01/Aug/2026:04:06:04 +0200] "GET /?lokasie=/kunden/bin/emacsclient&loknya=/kunden/bin HTTP/1.1" 200 3993 logesty-services.fr "https://logesty-services.fr/?loknya=/kunden/bin" "Mozilla/5.0 AppleWebKit/537.36 (KHTML, like Gecko; compatible; GPTBot/1.4; +https://openai.com/gptbot)" "-"
66.249.64.0 - - [01/Aug/2026:04:06:07 +0200] "GET /?u=7404128214 HTTP/1.1" 200 151041 logesty-services.fr "-" "Mozilla/5.0 (Linux; Android 6.0.1; Nexus 5X Build/MMB29P) AppleWebKit/537.36 (KHTML, like Gecko) Chrome/150.0.7871.186 Mobile Safari/537.36 (compatible; Googlebot/2.1; +http://www.google.com/bot.html)" "-"
198.244.183.0 - - [01/Aug/2026:04:06:26 +0200] "GET /detail/236531.shtm HTTP/1.1" 404 837 logesty-services.fr "-" "Mozilla/5.0 (compatible; AhrefsBot/7.0; +http://ahrefs.com/robot/)" "-"
66.249.64.0 - - [01/Aug/2026:04:06:29 +0200] "GET /?u=1991712182 HTTP/1.1" 200 151303 logesty-services.fr "-" "Mozilla/5.0 (Linux; Android 6.0.1; Nexus 5X Build/MMB29P) AppleWebKit/537.36 (KHTML, like Gecko) Chrome/150.0.7871.186 Mobile Safari/537.36 (compatible; Googlebot/2.1; +http://www.google.com/bot.html)" "-"
74.7.227.0 - - [01/Aug/2026:04:06:33 +0200] "GET /?lokasie=/kunden/bin/tiffset&loknya=/kunden/bin HTTP/1.1" 200 3989 logesty-services.fr "https://logesty-services.fr/?loknya=/kunden/bin" "Mozilla/5.0 AppleWebKit/537.36 (KHTML, like Gecko; compatible; GPTBot/1.4; +https://openai.com/gptbot)" "-"
23.23.180.0 - - [01/Aug/2026:04:06:38 +0200] "GET /author/erwindft122546/?lokasie=/homepages/43/d895481126/htdocs/clickandbuilds/LogestyServices/wp-includes/widgets.php&loknya=/homepages/43/d895481126/htdocs/clickandbuilds/LogestyServices/wp-includes HTTP/1.1" 404 837 logesty-services.fr "-" "Mozilla/5.0 AppleWebKit/537.36 (KHTML, like Gecko; compatible; Amazonbot/0.1; +https://developer.amazon.com/support/amazonbot) Chrome/119.0.6045.214 Safari/537.36" "-"
74.7.227.0 - - [01/Aug/2026:04:07:01 +0200] "GET /?lokasie=/kunden/bin/pgmnoise&loknya=/kunden/bin HTTP/1.1" 200 3990 logesty-services.fr "https://logesty-services.fr/?loknya=/kunden/bin" "Mozilla/5.0 AppleWebKit/537.36 (KHTML, like Gecko; compatible; GPTBot/1.4; +https://openai.com/gptbot)" "-"
114.119.129.0 - - [01/Aug/2026:04:07:20 +0200] "GET /st_location/charmant-studio-dans-une-belle-residence-calme/?loknya=/homepages/43/d895481126/htdocs/clickandbuilds/LogestyServices/wp-includes/blocks/post-excerpt HTTP/1.1" 404 837 logesty-services.fr "https://logesty-services.fr/st_location/charmant-studio-dans-une-belle-residence-calme/?loknya=/homepages/43/d895481126/htdocs/clickandbuilds/LogestyServices/wp-includes/blocks" "Mozilla/5.0 (Linux; Android 7.0;) AppleWebKit/537.36 (HTML, like Gecko) Mobile Safari/537.36 (compatible; PetalBot;+https://webmaster.petalsearch.com/site/petalbot)" "-"
74.7.227.0 - - [01/Aug/2026:04:07:26 +0200] "GET /?lokasie=/kunden/bin/mysqldump&loknya=/kunden/bin HTTP/1.1" 200 3991 logesty-services.fr "https://logesty-services.fr/?loknya=/kunden/bin" "Mozilla/5.0 AppleWebKit/537.36 (KHTML, like Gecko; compatible; GPTBot/1.4; +https://openai.com/gptbot)" "-"
66.249.64.0 - - [01/Aug/2026:04:07:35 +0200] "GET /?u=0086006 HTTP/1.1" 200 150894 logesty-services.fr "-" "Mozilla/5.0 (Linux; Android 6.0.1; Nexus 5X Build/MMB29P) AppleWebKit/537.36 (KHTML, like Gecko) Chrome/150.0.7871.186 Mobile Safari/537.36 (compatible; Googlebot/2.1; +http://www.google.com/bot.html)" "-"
51.89.129.0 - - [01/Aug/2026:04:07:45 +0200] "GET /detail/231351.shtm HTTP/1.1" 404 837 logesty-services.fr "-" "Mozilla/5.0 (compatible; AhrefsBot/7.0; +http://ahrefs.com/robot/)" "-"
74.7.227.0 - - [01/Aug/2026:04:07:47 +0200] "GET /?lokasie=/kunden/bin/mdatopbm&loknya=/kunden/bin HTTP/1.1" 200 3990 logesty-services.fr "https://logesty-services.fr/?loknya=/kunden/bin" "Mozilla/5.0 AppleWebKit/537.36 (KHTML, like Gecko; compatible; GPTBot/1.4; +https://openai.com/gptbot)" "-"
74.7.227.0 - - [01/Aug/2026:04:08:06 +0200] "GET /?lokasie=/kunden/bin/pamdice&loknya=/kunden/bin HTTP/1.1" 200 3989 logesty-services.fr "https://logesty-services.fr/?loknya=/kunden/bin" "Mozilla/5.0 AppleWebKit/537.36 (KHTML, like Gecko; compatible; GPTBot/1.4; +https://openai.com/gptbot)" "-"
66.249.64.0 - - [01/Aug/2026:04:08:17 +0200] "GET /?u=1361515393 HTTP/1.1" 200 157655 logesty-services.fr "-" "Mozilla/5.0 (Linux; Android 6.0.1; Nexus 5X Build/MMB29P) AppleWebKit/537.36 (KHTML, like Gecko) Chrome/150.0.7871.186 Mobile Safari/537.36 (compatible; Googlebot/2.1; +http://www.google.com/bot.html)" "-"
74.7.227.0 - - [01/Aug/2026:04:08:24 +0200] "GET /?lokasie=/kunden/bin/pbmtomda&loknya=/kunden/bin HTTP/1.1" 200 3990 logesty-services.fr "https://logesty-services.fr/?loknya=/kunden/bin" "Mozilla/5.0 AppleWebKit/537.36 (KHTML, like Gecko; compatible; GPTBot/1.4; +https://openai.com/gptbot)" "-"
74.7.227.0 - - [01/Aug/2026:04:08:40 +0200] "GET /?lokasie=/kunden/bin/tiffsplit&loknya=/kunden/bin HTTP/1.1" 200 3991 logesty-services.fr "https://logesty-services.fr/?loknya=/kunden/bin" "Mozilla/5.0 AppleWebKit/537.36 (KHTML, like Gecko; compatible; GPTBot/1.4; +https://openai.com/gptbot)" "-"
74.7.227.0 - - [01/Aug/2026:04:08:55 +0200] "GET /?lokasie=/kunden/bin/sgitopnm&loknya=/kunden/bin HTTP/1.1" 200 3990 logesty-services.fr "https://logesty-services.fr/?loknya=/kunden/bin" "Mozilla/5.0 AppleWebKit/537.36 (KHTML, like Gecko; compatible; GPTBot/1.4; +https://openai.com/gptbot)" "-"
198.244.240.0 - - [01/Aug/2026:04:09:04 +0200] "GET /detail/345861.shtm HTTP/1.1" 404 837 logesty-services.fr "-" "Mozilla/5.0 (compatible; AhrefsBot/7.0; +http://ahrefs.com/robot/)" "-"
74.7.227.0 - - [01/Aug/2026:04:09:07 +0200] "GET /?lokasie=/kunden/bin/pbmtoepson&loknya=/kunden/bin HTTP/1.1" 200 3992 logesty-services.fr "https://logesty-services.fr/?loknya=/kunden/bin" "Mozilla/5.0 AppleWebKit/537.36 (KHTML, like Gecko; compatible; GPTBot/1.4; +https://openai.com/gptbot)" "-"
31.134.2.0 - - [01/Aug/2026:04:09:13 +0200] "GET /author/beatrice68q92/ HTTP/1.1" 404 837 logesty-services.fr "http://logesty-services.fr/" "Mozilla/5.0 (Macintosh; Intel Mac OS X 10_15_7) AppleWebKit/537.36 (KHTML, like Gecko) Chrome/146.0.0.0 Safari/537.36" "-"
31.134.2.0 - - [01/Aug/2026:04:09:14 +0200] "GET / HTTP/1.1" 200 83791 logesty-services.fr "-" "Mozilla/5.0 (Macintosh; Intel Mac OS X 10_15_7) AppleWebKit/537.36 (KHTML, like Gecko) Chrome/146.0.0.0 Safari/537.36" "-"
74.7.227.0 - - [01/Aug/2026:04:09:19 +0200] "GET /?lokasie=/kunden/etc/environment&loknya=/kunden/etc HTTP/1.1" 200 3993 logesty-services.fr "https://logesty-services.fr/?loknya=/kunden/etc" "Mozilla/5.0 AppleWebKit/537.36 (KHTML, like Gecko; compatible; GPTBot/1.4; +https://openai.com/gptbot)" "-"
31.134.2.0 - - [01/Aug/2026:04:09:20 +0200] "GET /author/beatrice68q92/?lokasie=/homepages/43/d895481126/htdocs/clickandbuilds/LogestyServices/wp-login.php&loknya=/homepages/43/d895481126/htdocs/clickandbuilds/LogestyServices HTTP/1.1" 404 837 logesty-services.fr "http://logesty-services.fr" "Mozilla/5.0 (Windows NT 6.3; Win64; x64) AppleWebKit/537.36 (KHTML, like Gecko) Chrome/103.0.0.0 Safari/537.36" "-"
52.167.144.0 - - [01/Aug/2026:04:09:21 +0200] "GET /?sitemap252.xml HTTP/1.1" 200 164310 logesty-services.fr "-" "Mozilla/5.0 AppleWebKit/537.36 (KHTML, like Gecko; compatible; bingbot/2.0; +http://www.bing.com/bingbot.htm) Chrome/116.0.1938.76 Safari/537.36" "-"
66.249.64.0 - - [01/Aug/2026:04:09:28 +0200] "GET /?u=1663500604 HTTP/1.1" 200 153811 logesty-services.fr "-" "Mozilla/5.0 (Linux; Android 6.0.1; Nexus 5X Build/MMB29P) AppleWebKit/537.36 (KHTML, like Gecko) Chrome/150.0.7871.186 Mobile Safari/537.36 (compatible; Googlebot/2.1; +http://www.google.com/bot.html)" "-"
74.7.227.0 - - [01/Aug/2026:04:09:29 +0200] "GET /?lokasie=/kunden/bin/ppmquant&loknya=/kunden/bin HTTP/1.1" 429 267 logesty-services.fr "https://logesty-services.fr/?loknya=/kunden/bin" "Mozilla/5.0 AppleWebKit/537.36 (KHTML, like Gecko; compatible; GPTBot/1.4; +https://openai.com/gptbot)" "-"
74.7.227.0 - - [01/Aug/2026:04:09:39 +0200] "GET /?lokasie=/kunden/bin/pnmnoraw&loknya=/kunden/bin HTTP/1.1" 429 267 logesty-services.fr "https://logesty-services.fr/?loknya=/kunden/bin" "Mozilla/5.0 AppleWebKit/537.36 (KHTML, like Gecko; compatible; GPTBot/1.4; +https://openai.com/gptbot)" "-"
66.249.64.0 - - [01/Aug/2026:04:09:53 +0200] "GET /?u=68217579 HTTP/1.1" 200 151772 logesty-services.fr "-" "Mozilla/5.0 (Linux; Android 6.0.1; Nexus 5X Build/MMB29P) AppleWebKit/537.36 (KHTML, like Gecko) Chrome/150.0.7871.186 Mobile Safari/537.36 (compatible; Googlebot/2.1; +http://www.google.com/bot.html)" "-"
114.119.136.0 - - [01/Aug/2026:04:10:06 +0200] "GET /st_location/charmant-studio-dans-une-belle-residence-calme/?loknya=/homepages/43/d895481126/htdocs/clickandbuilds/LogestyServices/wp-includes/assets HTTP/1.1" 404 837 logesty-services.fr "https://logesty-services.fr/st_location/charmant-studio-dans-une-belle-residence-calme/?loknya=/homepages/43/d895481126/htdocs/clickandbuilds/LogestyServices/wp-includes" "Mozilla/5.0 (Linux; Android 7.0;) AppleWebKit/537.36 (HTML, like Gecko) Mobile Safari/537.36 (compatible; PetalBot;+https://webmaster.petalsearch.com/site/petalbot)" "-"
74.7.227.0 - - [01/Aug/2026:04:10:07 +0200] "GET /?lokasie=/kunden/bin/pnmtorle&loknya=/kunden/bin HTTP/1.1" 429 267 logesty-services.fr "https://logesty-services.fr/?loknya=/kunden/bin" "Mozilla/5.0 AppleWebKit/537.36 (KHTML, like Gecko; compatible; GPTBot/1.4; +https://openai.com/gptbot)" "-"
198.244.183.0 - - [01/Aug/2026:04:10:24 +0200] "GET /detail/185492.shtm HTTP/1.1" 404 837 logesty-services.fr "-" "Mozilla/5.0 (compatible; AhrefsBot/7.0; +http://ahrefs.com/robot/)" "-"
66.249.64.0 - - [01/Aug/2026:04:10:24 +0200] "GET /?u=210199695 HTTP/1.1" 200 158098 logesty-services.fr "-" "Mozilla/5.0 (Linux; Android 6.0.1; Nexus 5X Build/MMB29P) AppleWebKit/537.36 (KHTML, like Gecko) Chrome/150.0.7871.186 Mobile Safari/537.36 (compatible; Googlebot/2.1; +http://www.google.com/bot.html)" "-"
216.73.216.0 - - [01/Aug/2026:04:10:28 +0200] "GET /robots.txt HTTP/1.1" 429 267 logesty-services.fr "-" "Mozilla/5.0 AppleWebKit/537.36 (KHTML, like Gecko; compatible; ClaudeBot/1.0; +claudebot@anthropic.com)" "-"
216.73.216.0 - - [01/Aug/2026:04:10:38 +0200] "GET /robots.txt HTTP/1.1" 200 1157 logesty-services.fr "-" "Mozilla/5.0 AppleWebKit/537.36 (KHTML, like Gecko; compatible; ClaudeBot/1.0; +claudebot@anthropic.com)" "-"
216.73.216.0 - - [01/Aug/2026:04:10:39 +0200] "GET /listing/223-studio-cosy-perpignan/?lokasie=%2Fbin%2Frealpath&loknya=%2Fbin HTTP/1.1" 404 837 logesty-services.fr "-" "Mozilla/5.0 AppleWebKit/537.36 (KHTML, like Gecko; compatible; ClaudeBot/1.0; +claudebot@anthropic.com)" "-"
216.73.216.0 - - [01/Aug/2026:04:10:45 +0200] "GET /listing/223-studio-cosy-perpignan/?lokasie=%2Fsbin%2Fe2undo&loknya=%2Fsbin HTTP/1.1" 404 837 logesty-services.fr "-" "Mozilla/5.0 AppleWebKit/537.36 (KHTML, like Gecko; compatible; ClaudeBot/1.0; +claudebot@anthropic.com)" "-"
216.73.216.0 - - [01/Aug/2026:04:10:48 +0200] "GET /listing/a4-14-studio-cosy-toulouse/?loknya=%2Fhomepages%2F43%2Fd895481126%2Fhtdocs%2Fclickandbuilds%2FLogestyServices%2Fwp-includes%2Frest-api HTTP/1.1" 301 417 logesty-services.fr "-" "Mozilla/5.0 AppleWebKit/537.36 (KHTML, like Gecko; compatible; ClaudeBot/1.0; +claudebot@anthropic.com)" "-"
216.73.216.0 - - [01/Aug/2026:04:10:48 +0200] "GET /listing/a4-11-studio-cosy-toulouse/?loknya=%2Fhomepages%2F43%2Fd895481126%2Fhtdocs%2Fclickandbuilds%2FLogestyServices%2Fwp-includes%2Frest-api HTTP/1.1" 403 603 logesty-services.fr "http://logesty-services.fr/listing/a4-14-studio-cosy-toulouse/?loknya=%2Fhomepages%2F43%2Fd895481126%2Fhtdocs%2Fclickandbuilds%2FLogestyServices%2Fwp-includes%2Frest-api" "Mozilla/5.0 AppleWebKit/537.36 (KHTML, like Gecko; compatible; ClaudeBot/1.0; +claudebot@anthropic.com)" "-"
74.7.227.0 - - [01/Aug/2026:04:11:09 +0200] "GET /?lokasie=/kunden/bin/pbmtoybm&loknya=/kunden/bin HTTP/1.1" 200 3990 logesty-services.fr "https://logesty-services.fr/?loknya=/kunden/bin" "Mozilla/5.0 AppleWebKit/537.36 (KHTML, like Gecko; compatible; GPTBot/1.4; +https://openai.com/gptbot)" "-"
66.249.64.0 - - [01/Aug/2026:04:11:25 +0200] "GET /?u=8182475629 HTTP/1.1" 200 155560 logesty-services.fr "-" "Mozilla/5.0 (Linux; Android 6.0.1; Nexus 5X Build/MMB29P) AppleWebKit/537.36 (KHTML, like Gecko) Chrome/150.0.7871.186 Mobile Safari/537.36 (compatible; Googlebot/2.1; +http://www.google.com/bot.html)" "-"
114.119.133.0 - - [01/Aug/2026:04:11:27 +0200] "GET /st_location/charmant-studio-dans-une-belle-residence-calme/?loknya=/homepages/43/d895481126/htdocs/clickandbuilds/LogestyServices/type/ HTTP/1.1" 404 837 logesty-services.fr "https://logesty-services.fr/st_location/charmant-studio-dans-une-belle-residence-calme/?loknya=/homepages/43/d895481126/htdocs/clickandbuilds/LogestyServices/type/studio" "Mozilla/5.0 (Linux; Android 7.0;) AppleWebKit/537.36 (HTML, like Gecko) Mobile Safari/537.36 (compatible; PetalBot;+https://webmaster.petalsearch.com/site/petalbot)" "-"
198.244.226.0 - - [01/Aug/2026:04:11:43 +0200] "GET /detail/346897.shtm HTTP/1.1" 404 837 logesty-services.fr "-" "Mozilla/5.0 (compatible; AhrefsBot/7.0; +http://ahrefs.com/robot/)" "-"
66.249.64.0 - - [01/Aug/2026:04:11:52 +0200] "GET /detail/527802206.shtm HTTP/1.1" 404 837 logesty-services.fr "-" "Mozilla/5.0 (Linux; Android 6.0.1; Nexus 5X Build/MMB29P) AppleWebKit/537.36 (KHTML, like Gecko) Chrome/151.0.7922.71 Mobile Safari/537.36 (compatible; Googlebot/2.1; +http://www.google.com/bot.html)" "-"
66.249.64.0 - - [01/Aug/2026:04:12:04 +0200] "GET /?u=8582775460 HTTP/1.1" 200 155246 logesty-services.fr "-" "Mozilla/5.0 (Linux; Android 6.0.1; Nexus 5X Build/MMB29P) AppleWebKit/537.36 (KHTML, like Gecko) Chrome/150.0.7871.186 Mobile Safari/537.36 (compatible; Googlebot/2.1; +http://www.google.com/bot.html)" "-"
74.7.227.0 - - [01/Aug/2026:04:12:11 +0200] "GET /?lokasie=/kunden/bin/pbmtoppa&loknya=/kunden/bin HTTP/1.1" 200 3990 logesty-services.fr "https://logesty-services.fr/?loknya=/kunden/bin" "Mozilla/5.0 AppleWebKit/537.36 (KHTML, like Gecko; compatible; GPTBot/1.4; +https://openai.com/gptbot)" "-"
66.249.64.0 - - [01/Aug/2026:04:12:40 +0200] "GET /?u=4464363762 HTTP/1.1" 200 153925 logesty-services.fr "-" "Mozilla/5.0 (Linux; Android 6.0.1; Nexus 5X Build/MMB29P) AppleWebKit/537.36 (KHTML, like Gecko) Chrome/150.0.7871.186 Mobile Safari/537.36 (compatible; Googlebot/2.1; +http://www.google.com/bot.html)" "-"
66.249.64.0 - - [01/Aug/2026:04:12:45 +0200] "GET /?u=5022922662 HTTP/1.1" 200 154945 logesty-services.fr "-" "Mozilla/5.0 (Linux; Android 6.0.1; Nexus 5X Build/MMB29P) AppleWebKit/537.36 (KHTML, like Gecko) Chrome/150.0.7871.186 Mobile Safari/537.36 (compatible; Googlebot/2.1; +http://www.google.com/bot.html)" "-"
114.119.130.0 - - [01/Aug/2026:04:12:50 +0200] "GET /seven-awesome-things-you-can-learn-from-booking/?loknya=/homepages/43/d895481126/htdocs/clickandbuilds/LogestyServices/wp-includes/sodium_compat/src HTTP/1.1" 404 837 logesty-services.fr "https://logesty-services.fr/seven-awesome-things-you-can-learn-from-booking/?loknya=/homepages/43/d895481126/htdocs/clickandbuilds/LogestyServices/wp-includes/sodium_compat/" "Mozilla/5.0 (Linux; Android 7.0;) AppleWebKit/537.36 (HTML, like Gecko) Mobile Safari/537.36 (compatible; PetalBot;+https://webmaster.petalsearch.com/site/petalbot)" "-"
51.89.129.0 - - [01/Aug/2026:04:13:05 +0200] "GET /detail/187827.shtm HTTP/1.1" 404 837 logesty-services.fr "-" "Mozilla/5.0 (compatible; AhrefsBot/7.0; +http://ahrefs.com/robot/)" "-"
74.7.227.0 - - [01/Aug/2026:04:13:08 +0200] "GET /?lokasie=/kunden/bin/tjbench&loknya=/kunden/bin HTTP/1.1" 200 3989 logesty-services.fr "https://logesty-services.fr/?loknya=/kunden/bin" "Mozilla/5.0 AppleWebKit/537.36 (KHTML, like Gecko; compatible; GPTBot/1.4; +https://openai.com/gptbot)" "-"
136.243.220.0 - - [01/Aug/2026:04:13:39 +0200] "GET /buy.php?outlet/141046559 HTTP/1.1" 404 837 logesty-services.fr "-" "Mozilla/5.0 (compatible; DataForSeoBot/1.0; +https://dataforseo.com/dataforseo-bot)" "-"
51.195.244.0 - - [01/Aug/2026:04:13:45 +0200] "GET /detail/179276.shtm HTTP/1.1" 404 837 logesty-services.fr "-" "Mozilla/5.0 (compatible; AhrefsBot/7.0; +http://ahrefs.com/robot/)" "-"
136.243.220.0 - - [01/Aug/2026:04:13:55 +0200] "GET /buy.php?shop/medical/tie019036696.html HTTP/1.1" 404 837 logesty-services.fr "-" "Mozilla/5.0 (compatible; DataForSeoBot/1.0; +https://dataforseo.com/dataforseo-bot)" "-"
74.7.227.0 - - [01/Aug/2026:04:13:58 +0200] "GET /?lokasie=/kunden/etc/quotatab&loknya=/kunden/etc HTTP/1.1" 200 4516 logesty-services.fr "https://logesty-services.fr/?loknya=/kunden/etc" "Mozilla/5.0 AppleWebKit/537.36 (KHTML, like Gecko; compatible; GPTBot/1.4; +https://openai.com/gptbot)" "-"
51.195.215.0 - - [01/Aug/2026:04:14:05 +0200] "GET /detail/309848.shtm HTTP/1.1" 404 837 logesty-services.fr "-" "Mozilla/5.0 (compatible; AhrefsBot/7.0; +http://ahrefs.com/robot/)" "-"
66.249.64.0 - - [01/Aug/2026:04:14:07 +0200] "GET /?u=6871748100 HTTP/1.1" 200 153309 logesty-services.fr "-" "Mozilla/5.0 (Linux; Android 6.0.1; Nexus 5X Build/MMB29P) AppleWebKit/537.36 (KHTML, like Gecko) Chrome/150.0.7871.186 Mobile Safari/537.36 (compatible; Googlebot/2.1; +http://www.google.com/bot.html)" "-"
66.249.64.0 - - [01/Aug/2026:04:14:10 +0200] "GET /detail/219223616.shtm HTTP/1.1" 404 837 logesty-services.fr "-" "Mozilla/5.0 (Linux; Android 6.0.1; Nexus 5X Build/MMB29P) AppleWebKit/537.36 (KHTML, like Gecko) Chrome/150.0.7871.186 Mobile Safari/537.36 (compatible; Googlebot/2.1; +http://www.google.com/bot.html)" "-"
136.243.220.0 - - [01/Aug/2026:04:14:11 +0200] "GET /buy.php?shop/density/bind217030706.html HTTP/1.1" 404 837 logesty-services.fr "-" "Mozilla/5.0 (compatible; DataForSeoBot/1.0; +https://dataforseo.com/dataforseo-bot)" "-"
114.119.130.0 - - [01/Aug/2026:04:14:15 +0200] "GET /seven-awesome-things-you-can-learn-from-booking/?loknya=/homepages/43/d895481126/htdocs/clickandbuilds/LogestyServices/wp-includes/js/swfupload HTTP/1.1" 404 837 logesty-services.fr "https://logesty-services.fr/seven-awesome-things-you-can-learn-from-booking/?loknya=/homepages/43/d895481126/htdocs/clickandbuilds/LogestyServices/wp-includes/js" "Mozilla/5.0 (Linux; Android 7.0;) AppleWebKit/537.36 (HTML, like Gecko) Mobile Safari/537.36 (compatible; PetalBot;+https://webmaster.petalsearch.com/site/petalbot)" "-"
51.195.215.0 - - [01/Aug/2026:04:14:15 +0200] "GET /detail/268659.shtm HTTP/1.1" 404 837 logesty-services.fr "-" "Mozilla/5.0 (compatible; AhrefsBot/7.0; +http://ahrefs.com/robot/)" "-"
51.195.183.0 - - [01/Aug/2026:04:14:20 +0200] "GET /detail/155187.shtm HTTP/1.1" 404 837 logesty-services.fr "-" "Mozilla/5.0 (compatible; AhrefsBot/7.0; +http://ahrefs.com/robot/)" "-"
54.38.147.0 - - [01/Aug/2026:04:14:23 +0200] "GET /detail/153115.shtm HTTP/1.1" 404 837 logesty-services.fr "-" "Mozilla/5.0 (compatible; AhrefsBot/7.0; +http://ahrefs.com/robot/)" "-"
136.243.220.0 - - [01/Aug/2026:04:14:24 +0200] "GET /buy.php?shop/magic/guilty080026513.html HTTP/1.1" 404 837 logesty-services.fr "-" "Mozilla/5.0 (compatible; DataForSeoBot/1.0; +https://dataforseo.com/dataforseo-bot)" "-"
198.244.240.0 - - [01/Aug/2026:04:14:26 +0200] "GET /detail/339380.shtm HTTP/1.1" 404 837 logesty-services.fr "-" "Mozilla/5.0 (compatible; AhrefsBot/7.0; +http://ahrefs.com/robot/)" "-"
51.195.183.0 - - [01/Aug/2026:04:14:29 +0200] "GET /detail/266846.shtm HTTP/1.1" 404 837 logesty-services.fr "-" "Mozilla/5.0 (compatible; AhrefsBot/7.0; +http://ahrefs.com/robot/)" "-"
54.38.147.0 - - [01/Aug/2026:04:14:35 +0200] "GET /detail/224358.shtm HTTP/1.1" 404 837 logesty-services.fr "-" "Mozilla/5.0 (compatible; AhrefsBot/7.0; +http://ahrefs.com/robot/)" "-"
51.195.244.0 - - [01/Aug/2026:04:14:36 +0200] "GET /detail/232646.shtm HTTP/1.1" 404 837 logesty-services.fr "-" "Mozilla/5.0 (compatible; AhrefsBot/7.0; +http://ahrefs.com/robot/)" "-"
136.243.220.0 - - [01/Aug/2026:04:14:36 +0200] "GET /buy.php?shop/criticize/blame115026966.html HTTP/1.1" 404 837 logesty-services.fr "-" "Mozilla/5.0 (compatible; DataForSeoBot/1.0; +https://dataforseo.com/dataforseo-bot)" "-"
198.244.240.0 - - [01/Aug/2026:04:14:38 +0200] "GET /detail/212693.shtm HTTP/1.1" 404 837 logesty-services.fr "-" "Mozilla/5.0 (compatible; AhrefsBot/7.0; +http://ahrefs.com/robot/)" "-"
51.195.215.0 - - [01/Aug/2026:04:14:41 +0200] "GET /detail/325139.shtm HTTP/1.1" 404 837 logesty-services.fr "-" "Mozilla/5.0 (compatible; AhrefsBot/7.0; +http://ahrefs.com/robot/)" "-"
66.249.64.0 - - [01/Aug/2026:04:14:41 +0200] "GET /?u=0072851795 HTTP/1.1" 200 157033 logesty-services.fr "-" "Mozilla/5.0 (Linux; Android 6.0.1; Nexus 5X Build/MMB29P) AppleWebKit/537.36 (KHTML, like Gecko) Chrome/150.0.7871.186 Mobile Safari/537.36 (compatible; Googlebot/2.1; +http://www.google.com/bot.html)" "-"
74.7.227.0 - - [01/Aug/2026:04:14:42 +0200] "GET /?lokasie=/kunden/bin/pnmpaste&loknya=/kunden/bin HTTP/1.1" 200 3990 logesty-services.fr "https://logesty-services.fr/?loknya=/kunden/bin" "Mozilla/5.0 AppleWebKit/537.36 (KHTML, like Gecko; compatible; GPTBot/1.4; +https://openai.com/gptbot)" "-"
198.244.168.0 - - [01/Aug/2026:04:14:44 +0200] "GET /detail/283946.shtm HTTP/1.1" 404 837 logesty-services.fr "-" "Mozilla/5.0 (compatible; AhrefsBot/7.0; +http://ahrefs.com/robot/)" "-"
51.195.244.0 - - [01/Aug/2026:04:14:47 +0200] "GET /detail/246116.shtm HTTP/1.1" 404 837 logesty-services.fr "-" "Mozilla/5.0 (compatible; AhrefsBot/7.0; +http://ahrefs.com/robot/)" "-"
136.243.220.0 - - [01/Aug/2026:04:14:49 +0200] "GET /buy.php?outlet/210022908 HTTP/1.1" 404 837 logesty-services.fr "-" "Mozilla/5.0 (compatible; DataForSeoBot/1.0; +https://dataforseo.com/dataforseo-bot)" "-"
198.244.240.0 - - [01/Aug/2026:04:14:59 +0200] "GET /detail/202855.shtm HTTP/1.1" 429 267 logesty-services.fr "-" "Mozilla/5.0 (compatible; AhrefsBot/7.0; +http://ahrefs.com/robot/)" "-"
51.195.183.0 - - [01/Aug/2026:04:15:02 +0200] "GET /detail/278756.shtm HTTP/1.1" 429 267 logesty-services.fr "-" "Mozilla/5.0 (compatible; AhrefsBot/7.0; +http://ahrefs.com/robot/)" "-"
51.195.183.0 - - [01/Aug/2026:04:15:05 +0200] "GET /detail/216325.shtm HTTP/1.1" 429 267 logesty-services.fr "-" "Mozilla/5.0 (compatible; AhrefsBot/7.0; +http://ahrefs.com/robot/)" "-"
136.243.220.0 - - [01/Aug/2026:04:15:07 +0200] "GET /buy.php?outlet/157010705 HTTP/1.1" 429 267 logesty-services.fr "-" "Mozilla/5.0 (compatible; DataForSeoBot/1.0; +https://dataforseo.com/dataforseo-bot)" "-"
54.38.147.0 - - [01/Aug/2026:04:15:08 +0200] "GET /detail/183683.shtm HTTP/1.1" 429 267 logesty-services.fr "-" "Mozilla/5.0 (compatible; AhrefsBot/7.0; +http://ahrefs.com/robot/)" "-"
66.249.64.0 - - [01/Aug/2026:04:15:09 +0200] "GET /?u=7241096784 HTTP/1.1" 200 151716 logesty-services.fr "-" "Mozilla/5.0 (Linux; Android 6.0.1; Nexus 5X Build/MMB29P) AppleWebKit/537.36 (KHTML, like Gecko) Chrome/150.0.7871.186 Mobile Safari/537.36 (compatible; Googlebot/2.1; +http://www.google.com/bot.html)" "-"
66.249.64.0 - - [01/Aug/2026:04:15:15 +0200] "GET /?u=1402717390 HTTP/1.1" 200 154562 logesty-services.fr "-" "Mozilla/5.0 (Linux; Android 6.0.1; Nexus 5X Build/MMB29P) AppleWebKit/537.36 (KHTML, like Gecko) Chrome/150.0.7871.186 Mobile Safari/537.36 (compatible; Googlebot/2.1; +http://www.google.com/bot.html)" "-"
74.7.227.0 - - [01/Aug/2026:04:15:24 +0200] "GET /?lokasie=/kunden/bin/pnmtotiff&loknya=/kunden/bin HTTP/1.1" 200 3991 logesty-services.fr "https://logesty-services.fr/?loknya=/kunden/bin" "Mozilla/5.0 AppleWebKit/537.36 (KHTML, like Gecko; compatible; GPTBot/1.4; +https://openai.com/gptbot)" "-"
198.244.226.0 - - [01/Aug/2026:04:15:26 +0200] "GET /detail/206222.shtm HTTP/1.1" 429 267 logesty-services.fr "-" "Mozilla/5.0 (compatible; AhrefsBot/7.0; +http://ahrefs.com/robot/)" "-"
114.119.136.0 - - [01/Aug/2026:04:15:44 +0200] "GET /seven-awesome-things-you-can-learn-from-booking/?loknya=/homepages/43/d895481126/htdocs/clickandbuilds/LogestyServices/city/argenteuil/argenteuil HTTP/1.1" 404 837 logesty-services.fr "https://logesty-services.fr/seven-awesome-things-you-can-learn-from-booking/?loknya=/homepages/43/d895481126/htdocs/clickandbuilds/LogestyServices/city/argenteuil" "Mozilla/5.0 (Linux; Android 7.0;) AppleWebKit/537.36 (HTML, like Gecko) Mobile Safari/537.36 (compatible; PetalBot;+https://webmaster.petalsearch.com/site/petalbot)" "-"
23.83.90.0 - - [01/Aug/2026:04:15:52 +0200] "GET /author/kellieq5452006 HTTP/1.1" 404 837 logesty-services.fr "http://logesty-services.fr/" "Mozilla/5.0 (Windows NT 10.0; Win64; x64) AppleWebKit/537.36 (KHTML, like Gecko) Chrome/109.0.0.0 Safari/537.36" "-"
23.83.90.0 - - [01/Aug/2026:04:15:56 +0200] "GET / HTTP/1.1" 200 83791 logesty-services.fr "-" "Mozilla/5.0 (Windows NT 10.0; Win64; x64) AppleWebKit/537.36 (KHTML, like Gecko) Chrome/109.0.0.0 Safari/537.36" "-"
74.7.227.0 - - [01/Aug/2026:04:16:01 +0200] "GET /?lokasie=/kunden/bin/sldtoppm&loknya=/kunden/bin HTTP/1.1" 200 3990 logesty-services.fr "https://logesty-services.fr/?loknya=/kunden/bin" "Mozilla/5.0 AppleWebKit/537.36 (KHTML, like Gecko; compatible; GPTBot/1.4; +https://openai.com/gptbot)" "-"
74.7.227.0 - - [01/Aug/2026:04:16:34 +0200] "GET /?lokasie=/kunden/bin/autoreconf&loknya=/kunden/bin HTTP/1.1" 200 25902 logesty-services.fr "https://logesty-services.fr/?loknya=/kunden/bin" "Mozilla/5.0 AppleWebKit/537.36 (KHTML, like Gecko; compatible; GPTBot/1.4; +https://openai.com/gptbot)" "-"
198.244.183.0 - - [01/Aug/2026:04:16:46 +0200] "GET /detail/370735.shtm HTTP/1.1" 404 837 logesty-services.fr "-" "Mozilla/5.0 (compatible; AhrefsBot/7.0; +http://ahrefs.com/robot/)" "-"
114.119.129.0 - - [01/Aug/2026:04:16:58 +0200] "GET /search-rental-half-map/page/3?loknya=/homepages/43/d895481126/htdocs/clickandbuilds/LogestyServices/wp-includes/blocks/search HTTP/1.1" 404 837 logesty-services.fr "https://logesty-services.fr/search-rental-half-map/page/3?loknya=/homepages/43/d895481126/htdocs/clickandbuilds/LogestyServices/wp-includes/blocks" "Mozilla/5.0 (Linux; Android 7.0;) AppleWebKit/537.36 (HTML, like Gecko) Mobile Safari/537.36 (compatible; PetalBot;+https://webmaster.petalsearch.com/site/petalbot)" "-"
74.7.227.0 - - [01/Aug/2026:04:17:04 +0200] "GET /?lokasie=/kunden/bin/pidwait&loknya=/kunden/bin HTTP/1.1" 200 3989 logesty-services.fr "https://logesty-services.fr/?loknya=/kunden/bin" "Mozilla/5.0 AppleWebKit/537.36 (KHTML, like Gecko; compatible; GPTBot/1.4; +https://openai.com/gptbot)" "-"
74.7.227.0 - - [01/Aug/2026:04:17:30 +0200] "GET /?lokasie=/kunden/bin/composite&loknya=/kunden/bin HTTP/1.1" 200 3991 logesty-services.fr "https://logesty-services.fr/?loknya=/kunden/bin" "Mozilla/5.0 AppleWebKit/537.36 (KHTML, like Gecko; compatible; GPTBot/1.4; +https://openai.com/gptbot)" "-"
2a02:c7c:ac00:: - - [01/Aug/2026:04:17:34 +0200] "GET /?u=7421918722 HTTP/1.1" 200 998 logesty-services.fr "android-app://com.google.android.googlequicksearchbox/" "Mozilla/5.0 (Linux; Android 10; K) AppleWebKit/537.36 (KHTML, like Gecko) Chrome/150.0.0.0 Mobile Safari/537.36" "-"
74.7.227.0 - - [01/Aug/2026:04:17:54 +0200] "GET /?lokasie=/kunden/bin/imgsize&loknya=/kunden/bin HTTP/1.1" 200 9101 logesty-services.fr "https://logesty-services.fr/?loknya=/kunden/bin" "Mozilla/5.0 AppleWebKit/537.36 (KHTML, like Gecko; compatible; GPTBot/1.4; +https://openai.com/gptbot)" "-"
66.249.64.0 - - [01/Aug/2026:04:17:59 +0200] "GET /?u=3271041315 HTTP/1.1" 200 155476 logesty-services.fr "-" "Mozilla/5.0 (Linux; Android 6.0.1; Nexus 5X Build/MMB29P) AppleWebKit/537.36 (KHTML, like Gecko) Chrome/150.0.7871.186 Mobile Safari/537.36 (compatible; Googlebot/2.1; +http://www.google.com/bot.html)" "-"
66.249.64.0 - - [01/Aug/2026:04:18:06 +0200] "GET /?u=485769785 HTTP/1.1" 200 156858 logesty-services.fr "-" "Mozilla/5.0 (Linux; Android 6.0.1; Nexus 5X Build/MMB29P) AppleWebKit/537.36 (KHTML, like Gecko) Chrome/150.0.7871.186 Mobile Safari/537.36 (compatible; Googlebot/2.1; +http://www.google.com/bot.html)" "-"
66.249.64.0 - - [01/Aug/2026:04:18:12 +0200] "GET /?u=746615367 HTTP/1.1" 200 154679 logesty-services.fr "-" "Mozilla/5.0 (Linux; Android 6.0.1; Nexus 5X Build/MMB29P) AppleWebKit/537.36 (KHTML, like Gecko) Chrome/150.0.7871.186 Mobile Safari/537.36 (compatible; Googlebot/2.1; +http://www.google.com/bot.html)" "-"
74.7.227.0 - - [01/Aug/2026:04:18:16 +0200] "GET /?lokasie=/kunden/bin/fitstopnm&loknya=/kunden/bin HTTP/1.1" 200 3991 logesty-services.fr "https://logesty-services.fr/?loknya=/kunden/bin" "Mozilla/5.0 AppleWebKit/537.36 (KHTML, like Gecko; compatible; GPTBot/1.4; +https://openai.com/gptbot)" "-"
66.249.64.0 - - [01/Aug/2026:04:18:17 +0200] "GET /?u=077888065 HTTP/1.1" 200 151395 logesty-services.fr "-" "Mozilla/5.0 (Linux; Android 6.0.1; Nexus 5X Build/MMB29P) AppleWebKit/537.36 (KHTML, like Gecko) Chrome/150.0.7871.186 Mobile Safari/537.36 (compatible; Googlebot/2.1; +http://www.google.com/bot.html)" "-"
74.7.227.0 - - [01/Aug/2026:04:18:36 +0200] "GET /?lokasie=/kunden/etc/hostname&loknya=/kunden/etc HTTP/1.1" 200 3998 logesty-services.fr "https://logesty-services.fr/?loknya=/kunden/etc" "Mozilla/5.0 AppleWebKit/537.36 (KHTML, like Gecko; compatible; GPTBot/1.4; +https://openai.com/gptbot)" "-"
66.249.64.0 - - [01/Aug/2026:04:18:37 +0200] "GET /?u=4422064711 HTTP/1.1" 200 148604 logesty-services.fr "-" "Mozilla/5.0 (Linux; Android 6.0.1; Nexus 5X Build/MMB29P) AppleWebKit/537.36 (KHTML, like Gecko) Chrome/150.0.7871.186 Mobile Safari/537.36 (compatible; Googlebot/2.1; +http://www.google.com/bot.html)" "-"
2a02:c7c:ac00:: - - [01/Aug/2026:04:18:37 +0200] "GET /?u=7421918722 HTTP/1.1" 200 998 logesty-services.fr "android-app://com.google.android.googlequicksearchbox/" "Mozilla/5.0 (Linux; Android 10; K) AppleWebKit/537.36 (KHTML, like Gecko) Chrome/150.0.0.0 Mobile Safari/537.36" "-"
74.7.227.0 - - [01/Aug/2026:04:18:53 +0200] "GET /?lokasie=/kunden/bin/pnmtoddif&loknya=/kunden/bin HTTP/1.1" 200 3991 logesty-services.fr "https://logesty-services.fr/?loknya=/kunden/bin" "Mozilla/5.0 AppleWebKit/537.36 (KHTML, like Gecko; compatible; GPTBot/1.4; +https://openai.com/gptbot)" "-"
74.7.227.0 - - [01/Aug/2026:04:19:08 +0200] "GET /?lokasie=/kunden/bin/tempfile&loknya=/kunden/bin HTTP/1.1" 200 3990 logesty-services.fr "https://logesty-services.fr/?loknya=/kunden/bin" "Mozilla/5.0 AppleWebKit/537.36 (KHTML, like Gecko; compatible; GPTBot/1.4; +https://openai.com/gptbot)" "-"
116.179.32.0 - - [01/Aug/2026:04:19:15 +0200] "GET /tag/rentals/ HTTP/1.1" 429 267 logesty-services.fr "-" "Mozilla/5.0 (compatible; Baiduspider/2.0; +http://www.baidu.com/search/spider.html)" "-"
74.7.227.0 - - [01/Aug/2026:04:19:23 +0200] "GET /?lokasie=/kunden/bin/ppmtoilbm&loknya=/kunden/bin HTTP/1.1" 200 3991 logesty-services.fr "https://logesty-services.fr/?loknya=/kunden/bin" "Mozilla/5.0 AppleWebKit/537.36 (KHTML, like Gecko; compatible; GPTBot/1.4; +https://openai.com/gptbot)" "-"
198.244.240.0 - - [01/Aug/2026:04:19:25 +0200] "GET /detail/356480.shtm HTTP/1.1" 404 837 logesty-services.fr "-" "Mozilla/5.0 (compatible; AhrefsBot/7.0; +http://ahrefs.com/robot/)" "-"
74.7.227.0 - - [01/Aug/2026:04:19:35 +0200] "GET /?lokasie=/kunden/bin/atktopbm&loknya=/kunden/bin HTTP/1.1" 200 3990 logesty-services.fr "https://logesty-services.fr/?loknya=/kunden/bin" "Mozilla/5.0 AppleWebKit/537.36 (KHTML, like Gecko; compatible; GPTBot/1.4; +https://openai.com/gptbot)" "-"
74.7.227.0 - - [01/Aug/2026:04:19:47 +0200] "GET /?lokasie=/kunden/bin/pnminvert&loknya=/kunden/bin HTTP/1.1" 200 3991 logesty-services.fr "https://logesty-services.fr/?loknya=/kunden/bin" "Mozilla/5.0 AppleWebKit/537.36 (KHTML, like Gecko; compatible; GPTBot/1.4; +https://openai.com/gptbot)" "-"
66.249.64.0 - - [01/Aug/2026:04:19:47 +0200] "GET /?u=0151269824 HTTP/1.1" 200 155637 logesty-services.fr "-" "Mozilla/5.0 (Linux; Android 6.0.1; Nexus 5X Build/MMB29P) AppleWebKit/537.36 (KHTML, like Gecko) Chrome/150.0.7871.186 Mobile Safari/537.36 (compatible; Googlebot/2.1; +http://www.google.com/bot.html)" "-"
114.119.136.0 - - [01/Aug/2026:04:19:48 +0200] "GET /st_location/charmant-studio-dans-une-belle-residence-calme/?loknya=/homepages/43/d895481126/htdocs/clickandbuilds/LogestyServices/wp-includes/blocks/button HTTP/1.1" 404 837 logesty-services.fr "https://logesty-services.fr/st_location/charmant-studio-dans-une-belle-residence-calme/?loknya=/homepages/43/d895481126/htdocs/clickandbuilds/LogestyServices/wp-includes/blocks" "Mozilla/5.0 (Linux; Android 7.0;) AppleWebKit/537.36 (HTML, like Gecko) Mobile Safari/537.36 (compatible; PetalBot;+https://webmaster.petalsearch.com/site/petalbot)" "-"
216.73.216.0 - - [01/Aug/2026:04:19:48 +0200] "GET /tag/washington/feed/?loknya=%2Fhomepages%2F43%2Fd895481126%2Fhtdocs%2Fclickandbuilds%2FLogestyServices%2Fwp-content%2Fwphb-cache HTTP/1.1" 404 837 logesty-services.fr "-" "Mozilla/5.0 AppleWebKit/537.36 (KHTML, like Gecko; compatible; ClaudeBot/1.0; +claudebot@anthropic.com)" "-"
74.7.227.0 - - [01/Aug/2026:04:19:57 +0200] "GET /?lokasie=/kunden/bin/pnmtopng&loknya=/kunden/bin HTTP/1.1" 200 3990 logesty-services.fr "https://logesty-services.fr/?loknya=/kunden/bin" "Mozilla/5.0 AppleWebKit/537.36 (KHTML, like Gecko; compatible; GPTBot/1.4; +https://openai.com/gptbot)" "-"
216.73.216.0 - - [01/Aug/2026:04:20:05 +0200] "GET /robots.txt HTTP/1.1" 200 1157 logesty-services.fr "-" "Mozilla/5.0 AppleWebKit/537.36 (KHTML, like Gecko; compatible; ClaudeBot/1.0; +claudebot@anthropic.com)" "-"
216.73.216.0 - - [01/Aug/2026:04:20:05 +0200] "GET /shop/illustrate/sympathy082047889.html?lokasie=%2Fhomepages%2F43%2Fd895481126%2Fhtdocs%2Fclickandbuilds%2FLogestyServices%2Fwp-admin%2Fnav-menus.php&loknya=%2Fhomepages%2F43%2Fd895481126%2Fhtdocs%2Fclickandbuilds%2FLogestyServices%2Fwp-admin HTTP/1.1" 429 267 logesty-services.fr "-" "Mozilla/5.0 AppleWebKit/537.36 (KHTML, like Gecko; compatible; ClaudeBot/1.0; +claudebot@anthropic.com)" "-"
74.7.227.0 - - [01/Aug/2026:04:20:06 +0200] "GET /?lokasie=/bin/gpg-connect-agent&loknya=/bin HTTP/1.1" 429 267 logesty-services.fr "https://logesty-services.fr/?loknya=/bin" "Mozilla/5.0 AppleWebKit/537.36 (KHTML, like Gecko; compatible; GPTBot/1.4; +https://openai.com/gptbot)" "-"
216.73.216.0 - - [01/Aug/2026:04:20:08 +0200] "GET /item/097015109?lokasie=%2Fhomepages%2F43%2Fd895481126%2Fhtdocs%2Fclickandbuilds%2FLogestyServices%2Fwp-mail.php&loknya=%2Fhomepages%2F43%2Fd895481126%2Fhtdocs%2Fclickandbuilds%2FLogestyServices HTTP/1.1" 429 267 logesty-services.fr "-" "Mozilla/5.0 AppleWebKit/537.36 (KHTML, like Gecko; compatible; ClaudeBot/1.0; +claudebot@anthropic.com)" "-"
216.73.216.0 - - [01/Aug/2026:04:20:11 +0200] "GET /item/096013970?lokasie=%2Fhomepages%2F43%2Fd895481126%2Fhtdocs%2Fclickandbuilds%2FLogestyServices%2Fwp-load.php&loknya=%2Fhomepages%2F43%2Fd895481126%2Fhtdocs%2Fclickandbuilds%2FLogestyServices HTTP/1.1" 429 267 logesty-services.fr "-" "Mozilla/5.0 AppleWebKit/537.36 (KHTML, like Gecko; compatible; ClaudeBot/1.0; +claudebot@anthropic.com)" "-"
216.73.216.0 - - [01/Aug/2026:04:20:14 +0200] "GET /detail/234797468.shtm?loknya=%2Fhomepages%2F43%2Fd895481126%2Fhtdocs%2Fclickandbuilds%2FLogestyServices%2F.tmb HTTP/1.1" 429 267 logesty-services.fr "-" "Mozilla/5.0 AppleWebKit/537.36 (KHTML, like Gecko; compatible; ClaudeBot/1.0; +claudebot@anthropic.com)" "-"
74.7.227.0 - - [01/Aug/2026:04:20:15 +0200] "GET /?lokasie=/sbin/split-logfile&loknya=/sbin HTTP/1.1" 429 267 logesty-services.fr "https://logesty-services.fr/?loknya=/sbin" "Mozilla/5.0 AppleWebKit/537.36 (KHTML, like Gecko; compatible; GPTBot/1.4; +https://openai.com/gptbot)" "-"
216.73.216.0 - - [01/Aug/2026:04:20:17 +0200] "GET /detail/618200712.shtm?loknya=%2Fhomepages%2F43%2Fd895481126%2Fhtdocs%2Fclickandbuilds%2FLogestyServices%2Flocations-de-vacances-de-choix HTTP/1.1" 429 267 logesty-services.fr "-" "Mozilla/5.0 AppleWebKit/537.36 (KHTML, like Gecko; compatible; ClaudeBot/1.0; +claudebot@anthropic.com)" "-"
216.73.216.0 - - [01/Aug/2026:04:20:22 +0200] "GET /listing/a4-14-studio-cosy-toulouse/?loknya=%2Fhomepages%2F43%2Fd895481126%2Fhtdocs%2Fclickandbuilds%2FLogestyServices%2Fwp-includes%2FSimplePie%2Flibrary HTTP/1.1" 429 267 logesty-services.fr "-" "Mozilla/5.0 AppleWebKit/537.36 (KHTML, like Gecko; compatible; ClaudeBot/1.0; +claudebot@anthropic.com)" "-"
66.249.64.0 - - [01/Aug/2026:04:20:37 +0200] "GET /?u=7522328965 HTTP/1.1" 200 157159 logesty-services.fr "-" "Mozilla/5.0 (Linux; Android 6.0.1; Nexus 5X Build/MMB29P) AppleWebKit/537.36 (KHTML, like Gecko) Chrome/150.0.7871.186 Mobile Safari/537.36 (compatible; Googlebot/2.1; +http://www.google.com/bot.html)" "-"
74.7.227.0 - - [01/Aug/2026:04:20:40 +0200] "GET /?lokasie=/etc//ethertypes&loknya=/etc/ HTTP/1.1" 429 267 logesty-services.fr "https://logesty-services.fr/?loknya=/etc/" "Mozilla/5.0 AppleWebKit/537.36 (KHTML, like Gecko; compatible; GPTBot/1.4; +https://openai.com/gptbot)" "-"
216.73.216.0 - - [01/Aug/2026:04:20:42 +0200] "GET /item/093040145?lokasie=%2Fhomepages%2F43%2Fd895481126%2Fhtdocs%2Fclickandbuilds%2FLogestyServices%2Fgoogle3c362c4f736bc043.html&loknya=%2Fhomepages%2F43%2Fd895481126%2Fhtdocs%2Fclickandbuilds%2FLogestyServices HTTP/1.1" 429 267 logesty-services.fr "-" "Mozilla/5.0 AppleWebKit/537.36 (KHTML, like Gecko; compatible; ClaudeBot/1.0; +claudebot@anthropic.com)" "-"
216.73.216.0 - - [01/Aug/2026:04:20:44 +0200] "GET /shop/role/manager138009513.html?lokasie=%2Fhomepages%2F43%2Fd895481126%2Fhtdocs%2Fclickandbuilds%2FLogestyServices%2Fwp-settings.php&loknya=%2Fhomepages%2F43%2Fd895481126%2Fhtdocs%2Fclickandbuilds%2FLogestyServices HTTP/1.1" 429 267 logesty-services.fr "-" "Mozilla/5.0 AppleWebKit/537.36 (KHTML, like Gecko; compatible; ClaudeBot/1.0; +claudebot@anthropic.com)" "-"
216.73.216.0 - - [01/Aug/2026:04:20:47 +0200] "GET /shop/proud/debris084023443.html?lokasie=%2Fhomepages%2F43%2Fd895481126%2Fhtdocs%2Fclickandbuilds%2FLogestyServices%2Fwp-admin%2F.htaccess&loknya=%2Fhomepages%2F43%2Fd895481126%2Fhtdocs%2Fclickandbuilds%2FLogestyServices%2Fwp-admin HTTP/1.1" 429 267 logesty-services.fr "-" "Mozilla/5.0 AppleWebKit/537.36 (KHTML, like Gecko; compatible; ClaudeBot/1.0; +claudebot@anthropic.com)" "-"
216.73.216.0 - - [01/Aug/2026:04:20:50 +0200] "GET /shop/smoke/administer066001261.html?lokasie=%2Fhomepages%2F43%2Fd895481126%2Fhtdocs%2Fclickandbuilds%2FLogestyServices%2Fxmlrpc.php&loknya=%2Fhomepages%2F43%2Fd895481126%2Fhtdocs%2Fclickandbuilds%2FLogestyServices HTTP/1.1" 429 267 logesty-services.fr "-" "Mozilla/5.0 AppleWebKit/537.36 (KHTML, like Gecko; compatible; ClaudeBot/1.0; +claudebot@anthropic.com)" "-"
216.73.216.0 - - [01/Aug/2026:04:20:53 +0200] "GET /item/199036471?lokasie=%2Fhomepages%2F43%2Fd895481126%2Fhtdocs%2Fclickandbuilds%2FLogestyServices%2F%2Fwp-blog-header.php&loknya=%2Fhomepages%2F43%2Fd895481126%2Fhtdocs%2Fclickandbuilds%2FLogestyServices%2F HTTP/1.1" 429 267 logesty-services.fr "-" "Mozilla/5.0 AppleWebKit/537.36 (KHTML, like Gecko; compatible; ClaudeBot/1.0; +claudebot@anthropic.com)" "-"
216.73.216.0 - - [01/Aug/2026:04:20:56 +0200] "GET /shop/depict/dancing038041605.html?loknya=%2Fhomepages%2F43%2Fd895481126%2Fhtdocs%2Fclickandbuilds%2FLogestyServices%2Fpolitique-de-confidentialite HTTP/1.1" 429 267 logesty-services.fr "-" "Mozilla/5.0 AppleWebKit/537.36 (KHTML, like Gecko; compatible; ClaudeBot/1.0; +claudebot@anthropic.com)" "-"
186.49.29.0 - - [01/Aug/2026:04:20:58 +0200] "GET /author/lydiahallman3/?username=shaunatallis&useremail=ja44btietje%40gmx.us&register_pass=m2BSbAh3BwS_4&register_pass_retype=m2BSbAh3BwS_4&term_condition=on&homey_register_security=2f07a891b1&_wp_http_referer=%2Fauthor%2Flydiahallman3%2F&action=homey_register HTTP/1.1" 404 837 logesty-services.fr "https://logesty-services.fr/" "Mozilla/5.0 (Windows NT 10.0; Win64; x64; rv:135.0) Gecko/20100101 Firefox/135.0" "-"
216.73.216.0 - - [01/Aug/2026:04:21:00 +0200] "GET /item/276001708?lokasie=%2Fhomepages%2F43%2Fd895481126%2Fhtdocs%2Fclickandbuilds%2FLogestyServices%2Fwp-load.php&loknya=%2Fhomepages%2F43%2Fd895481126%2Fhtdocs%2Fclickandbuilds%2FLogestyServices HTTP/1.1" 429 267 logesty-services.fr "-" "Mozilla/5.0 AppleWebKit/537.36 (KHTML, like Gecko; compatible; ClaudeBot/1.0; +claudebot@anthropic.com)" "-"
186.49.29.0 - - [01/Aug/2026:04:21:00 +0200] "GET / HTTP/1.1" 200 83792 logesty-services.fr "-" "Mozilla/5.0 (Windows NT 10.0; Win64; x64; rv:135.0) Gecko/20100101 Firefox/135.0" "-"
216.73.216.0 - - [01/Aug/2026:04:21:05 +0200] "GET /item/055043575?lokasie=%2Fhomepages%2F43%2Fd895481126%2Fhtdocs%2Fclickandbuilds%2FLogestyServices%2Fwp-settings.php&loknya=%2Fhomepages%2F43%2Fd895481126%2Fhtdocs%2Fclickandbuilds%2FLogestyServices HTTP/1.1" 404 837 logesty-services.fr "-" "Mozilla/5.0 AppleWebKit/537.36 (KHTML, like Gecko; compatible; ClaudeBot/1.0; +claudebot@anthropic.com)" "-"
216.73.216.0 - - [01/Aug/2026:04:21:10 +0200] "GET /item/134029920?lokasie=%2Fkunden%2Fbin%2Fcsh&loknya=%2Fkunden%2Fbin HTTP/1.1" 404 837 logesty-services.fr "-" "Mozilla/5.0 AppleWebKit/537.36 (KHTML, like Gecko; compatible; ClaudeBot/1.0; +claudebot@anthropic.com)" "-"
114.119.129.0 - - [01/Aug/2026:04:21:13 +0200] "GET /search-rental-half-map/page/2/?lokasie=/homepages/43/d895481126/htaccesslist&loknya=/homepages/43/d895481126 HTTP/1.1" 404 837 logesty-services.fr "https://logesty-services.fr/search-rental-half-map/page/2/?loknya=/homepages/43/d895481126" "Mozilla/5.0 (Linux; Android 7.0;) AppleWebKit/537.36 (HTML, like Gecko) Mobile Safari/537.36 (compatible; PetalBot;+https://webmaster.petalsearch.com/site/petalbot)" "-"
216.73.216.0 - - [01/Aug/2026:04:21:15 +0200] "GET /shop/justice/specifically031030438.html?loknya=%2Fhomepages%2F43%2Fd895481126%2Fhtdocs%2Fclickandbuilds%2FLogestyServices%2Fpolitique-de-confidentialite HTTP/1.1" 404 837 logesty-services.fr "-" "Mozilla/5.0 AppleWebKit/537.36 (KHTML, like Gecko; compatible; ClaudeBot/1.0; +claudebot@anthropic.com)" "-"
216.73.216.0 - - [01/Aug/2026:04:21:20 +0200] "GET /shop/gather/more213002812.html?lokasie=%2Fhomepages%2F43%2Fd895481126%2Fhtdocs%2Fclickandbuilds%2FLogestyServices%2Fwp-settings.php&loknya=%2Fhomepages%2F43%2Fd895481126%2Fhtdocs%2Fclickandbuilds%2FLogestyServices HTTP/1.1" 404 837 logesty-services.fr "-" "Mozilla/5.0 AppleWebKit/537.36 (KHTML, like Gecko; compatible; ClaudeBot/1.0; +claudebot@anthropic.com)" "-"
216.73.216.0 - - [01/Aug/2026:04:21:25 +0200] "GET /item/097016665?lokasie=%2Fhomepages%2F43%2Fd895481126%2Fhtdocs%2Fclickandbuilds%2FLogestyServices%2Fgoogle3c362c4f736bc043.html&loknya=%2Fhomepages%2F43%2Fd895481126%2Fhtdocs%2Fclickandbuilds%2FLogestyServices HTTP/1.1" 404 837 logesty-services.fr "-" "Mozilla/5.0 AppleWebKit/537.36 (KHTML, like Gecko; compatible; ClaudeBot/1.0; +claudebot@anthropic.com)" "-"
216.73.216.0 - - [01/Aug/2026:04:21:30 +0200] "GET /item/023045355?lokasie=%2Fhomepages%2F43%2Fd895481126%2Fhtdocs%2Fclickandbuilds%2FLogestyServices%2Fwp-login.php&loknya=%2Fhomepages%2F43%2Fd895481126%2Fhtdocs%2Fclickandbuilds%2FLogestyServices HTTP/1.1" 404 837 logesty-services.fr "-" "Mozilla/5.0 AppleWebKit/537.36 (KHTML, like Gecko; compatible; ClaudeBot/1.0; +claudebot@anthropic.com)" "-"
216.73.216.0 - - [01/Aug/2026:04:21:35 +0200] "GET /detail/246116.shtm?lokasie=%2Fhomepages%2F43%2Fd895481126%2Fhtdocs%2Fclickandbuilds%2FLogestyServices%2Fwp-admin%2Fuser%2F.htaccess&loknya=%2Fhomepages%2F43%2Fd895481126%2Fhtdocs%2Fclickandbuilds%2FLogestyServices%2Fwp-admin%2Fuser HTTP/1.1" 404 837 logesty-services.fr "-" "Mozilla/5.0 AppleWebKit/537.36 (KHTML, like Gecko; compatible; ClaudeBot/1.0; +claudebot@anthropic.com)" "-"
216.73.216.0 - - [01/Aug/2026:04:21:40 +0200] "GET /shop/connection/where157019742.html?lokasie=%2Fhomepages%2F43%2Fd895481126%2Fhtdocs%2Fclickandbuilds%2FLogestyServices%2Findex.php&loknya=%2Fhomepages%2F43%2Fd895481126%2Fhtdocs%2Fclickandbuilds%2FLogestyServices HTTP/1.1" 404 837 logesty-services.fr "-" "Mozilla/5.0 AppleWebKit/537.36 (KHTML, like Gecko; compatible; ClaudeBot/1.0; +claudebot@anthropic.com)" "-"
216.73.216.0 - - [01/Aug/2026:04:21:45 +0200] "GET /detail/618172479.shtm?lokasie=%2Fbin%2F411toppm&loknya=%2Fbin HTTP/1.1" 404 837 logesty-services.fr "-" "Mozilla/5.0 AppleWebKit/537.36 (KHTML, like Gecko; compatible; ClaudeBot/1.0; +claudebot@anthropic.com)" "-"
74.7.227.0 - - [01/Aug/2026:04:21:45 +0200] "GET /?lokasie=/etc//environment&loknya=/etc/ HTTP/1.1" 200 3943 logesty-services.fr "https://logesty-services.fr/?loknya=/etc/" "Mozilla/5.0 AppleWebKit/537.36 (KHTML, like Gecko; compatible; GPTBot/1.4; +https://openai.com/gptbot)" "-"
216.73.216.0 - - [01/Aug/2026:04:21:50 +0200] "GET /detail/502430250.shtm?loknya=%2Fhomepages%2F43%2Fd895481126%2Fhtdocs%2Fclickandbuilds%2FLogestyServices%2Fcategory HTTP/1.1" 404 837 logesty-services.fr "-" "Mozilla/5.0 AppleWebKit/537.36 (KHTML, like Gecko; compatible; ClaudeBot/1.0; +claudebot@anthropic.com)" "-"
216.73.216.0 - - [01/Aug/2026:04:21:55 +0200] "GET /detail/618046310.shtm?lokasie=%2Fhomepages%2F43%2Fd895481126%2Fhtdocs%2Fclickandbuilds%2F%2Fckhysfsd.php&loknya=%2Fhomepages%2F43%2Fd895481126%2Fhtdocs%2Fclickandbuilds%2F HTTP/1.1" 404 837 logesty-services.fr "-" "Mozilla/5.0 AppleWebKit/537.36 (KHTML, like Gecko; compatible; ClaudeBot/1.0; +claudebot@anthropic.com)" "-"
66.249.64.0 - - [01/Aug/2026:04:21:55 +0200] "GET /?u=1583736710 HTTP/1.1" 200 154871 logesty-services.fr "-" "Mozilla/5.0 (Linux; Android 6.0.1; Nexus 5X Build/MMB29P) AppleWebKit/537.36 (KHTML, like Gecko) Chrome/150.0.7871.186 Mobile Safari/537.36 (compatible; Googlebot/2.1; +http://www.google.com/bot.html)" "-"
216.73.216.0 - - [01/Aug/2026:04:22:00 +0200] "GET /shop/old/miracle087044810.html?lokasie=%2Fhomepages%2F43%2Fd895481126%2Fhtdocs%2Fclickandbuilds%2FLogestyServices%2Fwp-login.php&loknya=%2Fhomepages%2F43%2Fd895481126%2Fhtdocs%2Fclickandbuilds%2FLogestyServices HTTP/1.1" 404 837 logesty-services.fr "-" "Mozilla/5.0 AppleWebKit/537.36 (KHTML, like Gecko; compatible; ClaudeBot/1.0; +claudebot@anthropic.com)" "-"
216.73.216.0 - - [01/Aug/2026:04:22:05 +0200] "GET /shop/jurisdiction/creative218042103.html?lokasie=%2Fhomepages%2F43%2Fd895481126%2Fhtdocs%2Fclickandbuilds%2FLogestyServices%2Fwp-settings.php&loknya=%2Fhomepages%2F43%2Fd895481126%2Fhtdocs%2Fclickandbuilds%2FLogestyServices HTTP/1.1" 404 837 logesty-services.fr "-" "Mozilla/5.0 AppleWebKit/537.36 (KHTML, like Gecko; compatible; ClaudeBot/1.0; +claudebot@anthropic.com)" "-"
216.73.216.0 - - [01/Aug/2026:04:22:10 +0200] "GET /shop/grocery/would059030378.html?lokasie=%2Fhomepages%2F43%2Fd895481126%2Fhtdocs%2Fclickandbuilds%2FLogestyServices%2Fwp-settings.php&loknya=%2Fhomepages%2F43%2Fd895481126%2Fhtdocs%2Fclickandbuilds%2FLogestyServices HTTP/1.1" 404 837 logesty-services.fr "-" "Mozilla/5.0 AppleWebKit/537.36 (KHTML, like Gecko; compatible; ClaudeBot/1.0; +claudebot@anthropic.com)" "-"
216.73.216.0 - - [01/Aug/2026:04:22:15 +0200] "GET /detail/756596972.shtm?lokasie=%2Fbin%2Fyuvtoppm&loknya=%2Fbin HTTP/1.1" 404 837 logesty-services.fr "-" "Mozilla/5.0 AppleWebKit/537.36 (KHTML, like Gecko; compatible; ClaudeBot/1.0; +claudebot@anthropic.com)" "-"
51.89.129.0 - - [01/Aug/2026:04:22:18 +0200] "GET /detail/375915.shtm HTTP/1.1" 404 837 logesty-services.fr "-" "Mozilla/5.0 (compatible; AhrefsBot/7.0; +http://ahrefs.com/robot/)" "-"
